May 14 17:43:27.302140 np0000000786 neutron-periodic-workers[88628]: DEBUG cotyledon.oslo_config_glue [-] ovn.bfd_min_tx = 100 {{(pid=88628) log_opt_values /opt/stack/data/venv/lib/python3.12/site-packages/oslo_config/cfg.py:3006}}
May 14 17:43:27.302140 np0000000786 neutron-periodic-workers[88628]: DEBUG cotyledon.oslo_config_glue [-] ovn.bfd_mult = 3 {{(pid=88628) log_opt_values /opt/stack/data/venv/lib/python3.12/site-packages/oslo_config/cfg.py:3006}}
May 14 17:43:27.302394 np0000000786 neutron-periodic-workers[88628]: DEBUG cotyledon.oslo_config_glue [-] ovn.broadcast_arps_to_all_routers = True {{(pid=88628) log_opt_values /opt/stack/data/venv/lib/python3.12/site-packages/oslo_config/cfg.py:3006}}
May 14 17:43:27.302394 np0000000786 neutron-periodic-workers[88628]: DEBUG cotyledon.oslo_config_glue [-] ovn.dhcp_default_lease_time = 43200 {{(pid=88628) log_opt_values /opt/stack/data/venv/lib/python3.12/site-packages/oslo_config/cfg.py:3006}}
May 14 17:43:27.302394 np0000000786 neutron-periodic-workers[88628]: DEBUG cotyledon.oslo_config_glue [-] ovn.disable_ovn_dhcp_for_baremetal_ports = False {{(pid=88628) log_opt_values /opt/stack/data/venv/lib/python3.12/site-packages/oslo_config/cfg.py:3006}}
May 14 17:43:27.302394 np0000000786 neutron-periodic-workers[88628]: DEBUG cotyledon.oslo_config_glue [-] ovn.dns_records_ovn_owned = False {{(pid=88628) log_opt_values /opt/stack/data/venv/lib/python3.12/site-packages/oslo_config/cfg.py:3006}}
May 14 17:43:27.302394 np0000000786 neutron-periodic-workers[88628]: DEBUG cotyledon.oslo_config_glue [-] ovn.dns_servers = [] {{(pid=88628) log_opt_values /opt/stack/data/venv/lib/python3.12/site-packages/oslo_config/cfg.py:3006}}
May 14 17:43:27.302394 np0000000786 neutron-periodic-workers[88628]: DEBUG cotyledon.oslo_config_glue [-] ovn.enable_distributed_floating_ip = False {{(pid=88628) log_opt_values /opt/stack/data/venv/lib/python3.12/site-packages/oslo_config/cfg.py:3006}}
May 14 17:43:27.302394 np0000000786 neutron-periodic-workers[88628]: DEBUG cotyledon.oslo_config_glue [-] ovn.fdb_age_threshold = 300 {{(pid=88628) log_opt_values /opt/stack/data/venv/lib/python3.12/site-packages/oslo_config/cfg.py:3006}}
May 14 17:43:27.302394 np0000000786 neutron-periodic-workers[88628]: DEBUG cotyledon.oslo_config_glue [-] ovn.ha_failover_strategy = normal {{(pid=88628) log_opt_values /opt/stack/data/venv/lib/python3.12/site-packages/oslo_config/cfg.py:3006}}
May 14 17:43:27.302394 np0000000786 neutron-periodic-workers[88628]: DEBUG cotyledon.oslo_config_glue [-] ovn.live_migration_activation_strategy = rarp {{(pid=88628) log_opt_values /opt/stack/data/venv/lib/python3.12/site-packages/oslo_config/cfg.py:3006}}
May 14 17:43:27.302598 np0000000786 neutron-periodic-workers[88628]: DEBUG cotyledon.oslo_config_glue [-] ovn.localnet_learn_fdb = False {{(pid=88628) log_opt_values /opt/stack/data/venv/lib/python3.12/site-packages/oslo_config/cfg.py:3006}}
May 14 17:43:27.302598 np0000000786 neutron-periodic-workers[88628]: DEBUG cotyledon.oslo_config_glue [-] ovn.mac_binding_age_threshold = 300 {{(pid=88628) log_opt_values /opt/stack/data/venv/lib/python3.12/site-packages/oslo_config/cfg.py:3006}}
May 14 17:43:27.302598 np0000000786 neutron-periodic-workers[88628]: DEBUG cotyledon.oslo_config_glue [-] ovn.neutron_sync_mode = log {{(pid=88628) log_opt_values /opt/stack/data/venv/lib/python3.12/site-packages/oslo_config/cfg.py:3006}}
May 14 17:43:27.302598 np0000000786 neutron-periodic-workers[88628]: DEBUG cotyledon.oslo_config_glue [-] ovn.ovn_dhcp4_global_options = {} {{(pid=88628) log_opt_values /opt/stack/data/venv/lib/python3.12/site-packages/oslo_config/cfg.py:3006}}
May 14 17:43:27.302598 np0000000786 neutron-periodic-workers[88628]: DEBUG cotyledon.oslo_config_glue [-] ovn.ovn_dhcp6_global_options = {} {{(pid=88628) log_opt_values /opt/stack/data/venv/lib/python3.12/site-packages/oslo_config/cfg.py:3006}}
May 14 17:43:27.302598 np0000000786 neutron-periodic-workers[88628]: DEBUG cotyledon.oslo_config_glue [-] ovn.ovn_l3_scheduler = leastloaded {{(pid=88628) log_opt_values /opt/stack/data/venv/lib/python3.12/site-packages/oslo_config/cfg.py:3006}}
May 14 17:43:27.302598 np0000000786 neutron-periodic-workers[88628]: DEBUG cotyledon.oslo_config_glue [-] ovn.ovn_metadata_enabled = True {{(pid=88628) log_opt_values /opt/stack/data/venv/lib/python3.12/site-packages/oslo_config/cfg.py:3006}}
May 14 17:43:27.302598 np0000000786 neutron-periodic-workers[88628]: DEBUG cotyledon.oslo_config_glue [-] ovn.ovn_nb_ca_cert = /opt/stack/data/CA/int-ca/ca-chain.pem {{(pid=88628) log_opt_values /opt/stack/data/venv/lib/python3.12/site-packages/oslo_config/cfg.py:3006}}
May 14 17:43:27.302598 np0000000786 neutron-periodic-workers[88628]: DEBUG cotyledon.oslo_config_glue [-] ovn.ovn_nb_certificate = /opt/stack/data/CA/int-ca/devstack-cert.crt {{(pid=88628) log_opt_values /opt/stack/data/venv/lib/python3.12/site-packages/oslo_config/cfg.py:3006}}
May 14 17:43:27.302790 np0000000786 neutron-periodic-workers[88628]: DEBUG cotyledon.oslo_config_glue [-] ovn.ovn_nb_connection = ['ssl:10.4.3.98:6641'] {{(pid=88628) log_opt_values /opt/stack/data/venv/lib/python3.12/site-packages/oslo_config/cfg.py:3006}}
May 14 17:43:27.302790 np0000000786 neutron-periodic-workers[88628]: DEBUG cotyledon.oslo_config_glue [-] ovn.ovn_nb_private_key = /opt/stack/data/CA/int-ca/private/devstack-cert.key {{(pid=88628) log_opt_values /opt/stack/data/venv/lib/python3.12/site-packages/oslo_config/cfg.py:3006}}
May 14 17:43:27.302790 np0000000786 neutron-periodic-workers[88628]: DEBUG cotyledon.oslo_config_glue [-] ovn.ovn_router_indirect_snat = False {{(pid=88628) log_opt_values /opt/stack/data/venv/lib/python3.12/site-packages/oslo_config/cfg.py:3006}}
May 14 17:43:27.302790 np0000000786 neutron-periodic-workers[88628]: DEBUG cotyledon.oslo_config_glue [-] ovn.ovn_sb_ca_cert = /opt/stack/data/CA/int-ca/ca-chain.pem {{(pid=88628) log_opt_values /opt/stack/data/venv/lib/python3.12/site-packages/oslo_config/cfg.py:3006}}
May 14 17:43:27.302790 np0000000786 neutron-periodic-workers[88628]: DEBUG cotyledon.oslo_config_glue [-] ovn.ovn_sb_certificate = /opt/stack/data/CA/int-ca/devstack-cert.crt {{(pid=88628) log_opt_values /opt/stack/data/venv/lib/python3.12/site-packages/oslo_config/cfg.py:3006}}
May 14 17:43:27.302790 np0000000786 neutron-periodic-workers[88628]: DEBUG cotyledon.oslo_config_glue [-] ovn.ovn_sb_connection = ['ssl:10.4.3.98:6642'] {{(pid=88628) log_opt_values /opt/stack/data/venv/lib/python3.12/site-packages/oslo_config/cfg.py:3006}}
May 14 17:43:27.302790 np0000000786 neutron-periodic-workers[88628]: DEBUG cotyledon.oslo_config_glue [-] ovn.ovn_sb_private_key = /opt/stack/data/CA/int-ca/private/devstack-cert.key {{(pid=88628) log_opt_values /opt/stack/data/venv/lib/python3.12/site-packages/oslo_config/cfg.py:3006}}
May 14 17:43:27.302790 np0000000786 neutron-periodic-workers[88628]: DEBUG cotyledon.oslo_config_glue [-] ovn.ovs_create_tap = False {{(pid=88628) log_opt_values /opt/stack/data/venv/lib/python3.12/site-packages/oslo_config/cfg.py:3006}}
May 14 17:43:27.302950 np0000000786 neutron-periodic-workers[88628]: DEBUG cotyledon.oslo_config_glue [-] ovn.ovsdb_connection_timeout = 180 {{(pid=88628) log_opt_values /opt/stack/data/venv/lib/python3.12/site-packages/oslo_config/cfg.py:3006}}
May 14 17:43:27.302950 np0000000786 neutron-periodic-workers[88628]: DEBUG cotyledon.oslo_config_glue [-] ovn.ovsdb_log_level = INFO {{(pid=88628) log_opt_values /opt/stack/data/venv/lib/python3.12/site-packages/oslo_config/cfg.py:3006}}
May 14 17:43:27.302950 np0000000786 neutron-periodic-workers[88628]: DEBUG cotyledon.oslo_config_glue [-] ovn.ovsdb_probe_interval = 60000 {{(pid=88628) log_opt_values /opt/stack/data/venv/lib/python3.12/site-packages/oslo_config/cfg.py:3006}}
May 14 17:43:27.302950 np0000000786 neutron-periodic-workers[88628]: DEBUG cotyledon.oslo_config_glue [-] ovn.ovsdb_retry_max_interval = 180 {{(pid=88628) log_opt_values /opt/stack/data/venv/lib/python3.12/site-packages/oslo_config/cfg.py:3006}}
May 14 17:43:27.302950 np0000000786 neutron-periodic-workers[88628]: DEBUG cotyledon.oslo_config_glue [-] ovn.stateless_nat_enabled = False {{(pid=88628) log_opt_values /opt/stack/data/venv/lib/python3.12/site-packages/oslo_config/cfg.py:3006}}
May 14 17:43:27.302950 np0000000786 neutron-periodic-workers[88628]: DEBUG cotyledon.oslo_config_glue [-] ovn.vhost_sock_dir = /var/run/openvswitch {{(pid=88628) log_opt_values /opt/stack/data/venv/lib/python3.12/site-packages/oslo_config/cfg.py:3006}}
May 14 17:43:27.302950 np0000000786 neutron-periodic-workers[88628]: DEBUG cotyledon.oslo_config_glue [-] OVS.bridge_mac_table_size = 50000 {{(pid=88628) log_opt_values /opt/stack/data/venv/lib/python3.12/site-packages/oslo_config/cfg.py:3006}}
May 14 17:43:27.302950 np0000000786 neutron-periodic-workers[88628]: DEBUG cotyledon.oslo_config_glue [-] OVS.igmp_flood = False {{(pid=88628) log_opt_values /opt/stack/data/venv/lib/python3.12/site-packages/oslo_config/cfg.py:3006}}
May 14 17:43:27.302950 np0000000786 neutron-periodic-workers[88628]: DEBUG cotyledon.oslo_config_glue [-] OVS.igmp_flood_reports = True {{(pid=88628) log_opt_values /opt/stack/data/venv/lib/python3.12/site-packages/oslo_config/cfg.py:3006}}
May 14 17:43:27.303159 np0000000786 neutron-periodic-workers[88628]: DEBUG cotyledon.oslo_config_glue [-] OVS.igmp_flood_unregistered = False {{(pid=88628) log_opt_values /opt/stack/data/venv/lib/python3.12/site-packages/oslo_config/cfg.py:3006}}
May 14 17:43:27.303159 np0000000786 neutron-periodic-workers[88628]: DEBUG cotyledon.oslo_config_glue [-] OVS.igmp_snooping_enable = False {{(pid=88628) log_opt_values /opt/stack/data/venv/lib/python3.12/site-packages/oslo_config/cfg.py:3006}}
May 14 17:43:27.303159 np0000000786 neutron-periodic-workers[88628]: DEBUG cotyledon.oslo_config_glue [-] OVS.ovsdb_timeout = 10 {{(pid=88628) log_opt_values /opt/stack/data/venv/lib/python3.12/site-packages/oslo_config/cfg.py:3006}}
May 14 17:43:27.303159 np0000000786 neutron-periodic-workers[88628]: DEBUG cotyledon.oslo_config_glue [-] ovn_nb_global.fdb_removal_limit = 0 {{(pid=88628) log_opt_values /opt/stack/data/venv/lib/python3.12/site-packages/oslo_config/cfg.py:3006}}
May 14 17:43:27.303159 np0000000786 neutron-periodic-workers[88628]: DEBUG cotyledon.oslo_config_glue [-] ovn_nb_global.ignore_lsp_down = False {{(pid=88628) log_opt_values /opt/stack/data/venv/lib/python3.12/site-packages/oslo_config/cfg.py:3006}}
May 14 17:43:27.303159 np0000000786 neutron-periodic-workers[88628]: DEBUG cotyledon.oslo_config_glue [-] ovn_nb_global.mac_binding_removal_limit = 0 {{(pid=88628) log_opt_values /opt/stack/data/venv/lib/python3.12/site-packages/oslo_config/cfg.py:3006}}
May 14 17:43:27.303159 np0000000786 neutron-periodic-workers[88628]: DEBUG cotyledon.oslo_config_glue [-] ******************************************************************************** {{(pid=88628) log_opt_values /opt/stack/data/venv/lib/python3.12/site-packages/oslo_config/cfg.py:3013}}
May 14 17:43:27.303159 np0000000786 neutron-periodic-workers[88628]: DEBUG cotyledon._service_worker [-] Run service ServiceWrapper(0) [88628] {{(pid=88628) wait_forever /opt/stack/data/venv/lib/python3.12/site-packages/cotyledon/_service_worker.py:218}}
May 14 17:43:36.945134 np0000000786 neutron-periodic-workers[87632]: DEBUG dbcounter [-] [87632] Writing DB stats neutron:SELECT=4 {{(pid=87632) stat_writer /opt/stack/data/venv/lib/python3.12/site-packages/dbcounter.py:115}}
May 14 17:44:04.272944 np0000000786 neutron-periodic-workers[88608]: DEBUG oslo_db.sqlalchemy.engines [None req-d0294c94-a15f-4969-a43e-a8075de5bbf4 None None] Parent process 87632 forked (88608) with an open database connection, which is being discarded and recreated. {{(pid=88608) checkout /opt/stack/data/venv/lib/python3.12/site-packages/oslo_db/sqlalchemy/engines.py:402}}
May 14 17:44:04.281863 np0000000786 neutron-periodic-workers[88608]: DEBUG dbcounter [-] [88608] Writer thread running {{(pid=88608) stat_writer /opt/stack/data/venv/lib/python3.12/site-packages/dbcounter.py:102}}
May 14 17:44:04.291447 np0000000786 neutron-periodic-workers[88608]: DEBUG oslo.service.backend._threading.loopingcall [None req-d0294c94-a15f-4969-a43e-a8075de5bbf4 None None] Fixed interval looping call 'neutron.plugins.ml2.plugin.DhcpAgentSchedulerDbMixin.remove_networks_from_down_agents' sleeping for 36.98 seconds {{(pid=88608) _run_loop /opt/stack/data/venv/lib/python3.12/site-packages/oslo_service/backend/_threading/loopingcall.py:125}}
May 14 17:44:14.290105 np0000000786 neutron-periodic-workers[88608]: DEBUG dbcounter [-] [88608] Writing DB stats neutron:SELECT=3 {{(pid=88608) stat_writer /opt/stack/data/venv/lib/python3.12/site-packages/dbcounter.py:115}}
May 14 17:44:41.276887 np0000000786 neutron-periodic-workers[88608]: DEBUG oslo.service.backend._threading.loopingcall [None req-d0294c94-a15f-4969-a43e-a8075de5bbf4 None None] Fixed interval looping call 'neutron.plugins.ml2.plugin.DhcpAgentSchedulerDbMixin.remove_networks_from_down_agents' sleeping for 36.99 seconds {{(pid=88608) _run_loop /opt/stack/data/venv/lib/python3.12/site-packages/oslo_service/backend/_threading/loopingcall.py:125}}
May 14 17:44:41.311618 np0000000786 neutron-periodic-workers[88617]: DEBUG dbcounter [-] [88617] Writer thread running {{(pid=88617) stat_writer /opt/stack/data/venv/lib/python3.12/site-packages/dbcounter.py:102}}
May 14 17:44:41.315058 np0000000786 neutron-periodic-workers[88617]: DEBUG neutron.db.agents_db [None req-480df3cd-8d60-4b0e-9641-b6903afe4c30 None None] Agent healthcheck: found 0 active agents {{(pid=88617) agent_health_check /opt/stack/neutron/neutron/db/agents_db.py:322}}
May 14 17:44:41.315058 np0000000786 neutron-periodic-workers[88617]: DEBUG oslo.service.backend._threading.loopingcall [None req-480df3cd-8d60-4b0e-9641-b6903afe4c30 None None] Fixed interval looping call 'neutron.plugins.ml2.plugin.AgentDbMixin.agent_health_check' sleeping for 36.98 seconds {{(pid=88617) _run_loop /opt/stack/data/venv/lib/python3.12/site-packages/oslo_service/backend/_threading/loopingcall.py:125}}
May 14 17:44:51.276692 np0000000786 neutron-periodic-workers[88608]: DEBUG dbcounter [-] [88608] Writing DB stats neutron:SELECT=3 {{(pid=88608) stat_writer /opt/stack/data/venv/lib/python3.12/site-packages/dbcounter.py:115}}
May 14 17:44:51.313770 np0000000786 neutron-periodic-workers[88617]: DEBUG dbcounter [-] [88617] Writing DB stats neutron:SELECT=1 {{(pid=88617) stat_writer /opt/stack/data/venv/lib/python3.12/site-packages/dbcounter.py:115}}
May 14 17:45:18.273279 np0000000786 neutron-periodic-workers[88608]: DEBUG oslo.service.backend._threading.loopingcall [None req-d0294c94-a15f-4969-a43e-a8075de5bbf4 None None] Fixed interval looping call 'neutron.plugins.ml2.plugin.DhcpAgentSchedulerDbMixin.remove_networks_from_down_agents' sleeping for 36.99 seconds {{(pid=88608) _run_loop /opt/stack/data/venv/lib/python3.12/site-packages/oslo_service/backend/_threading/loopingcall.py:125}}
May 14 17:45:18.298226 np0000000786 neutron-periodic-workers[88617]: DEBUG neutron.db.agents_db [None req-480df3cd-8d60-4b0e-9641-b6903afe4c30 None None] Agent healthcheck: found 0 active agents {{(pid=88617) agent_health_check /opt/stack/neutron/neutron/db/agents_db.py:322}}
May 14 17:45:18.298226 np0000000786 neutron-periodic-workers[88617]: DEBUG oslo.service.backend._threading.loopingcall [None req-480df3cd-8d60-4b0e-9641-b6903afe4c30 None None] Fixed interval looping call 'neutron.plugins.ml2.plugin.AgentDbMixin.agent_health_check' sleeping for 37.00 seconds {{(pid=88617) _run_loop /opt/stack/data/venv/lib/python3.12/site-packages/oslo_service/backend/_threading/loopingcall.py:125}}
May 14 17:45:27.301039 np0000000786 neutron-periodic-workers[88620]: DEBUG dbcounter [-] [88620] Writer thread running {{(pid=88620) stat_writer /opt/stack/data/venv/lib/python3.12/site-packages/dbcounter.py:102}}
May 14 17:45:27.302435 np0000000786 neutron-periodic-workers[88620]: DEBUG oslo.service.backend._threading.loopingcall [None req-e1029963-ada8-44bc-9492-711c158f2500 None None] Fixed interval looping call 'neutron.db.quota.driver_nolock.DbQuotaNoLockDriver._remove_expired_reservations' sleeping for 119.99 seconds {{(pid=88620) _run_loop /opt/stack/data/venv/lib/python3.12/site-packages/oslo_service/backend/_threading/loopingcall.py:125}}
May 14 17:45:28.272941 np0000000786 neutron-periodic-workers[88608]: DEBUG dbcounter [-] [88608] Writing DB stats neutron:SELECT=3 {{(pid=88608) stat_writer /opt/stack/data/venv/lib/python3.12/site-packages/dbcounter.py:115}}
May 14 17:45:28.297300 np0000000786 neutron-periodic-workers[88617]: DEBUG dbcounter [-] [88617] Writing DB stats neutron:SELECT=1 {{(pid=88617) stat_writer /opt/stack/data/venv/lib/python3.12/site-packages/dbcounter.py:115}}
May 14 17:45:37.301456 np0000000786 neutron-periodic-workers[88620]: DEBUG dbcounter [-] [88620] Writing DB stats neutron:DELETE=1 {{(pid=88620) stat_writer /opt/stack/data/venv/lib/python3.12/site-packages/dbcounter.py:115}}
May 14 17:45:55.268257 np0000000786 neutron-periodic-workers[88608]: DEBUG oslo.service.backend._threading.loopingcall [None req-d0294c94-a15f-4969-a43e-a8075de5bbf4 None None] Fixed interval looping call 'neutron.plugins.ml2.plugin.DhcpAgentSchedulerDbMixin.remove_networks_from_down_agents' sleeping for 37.00 seconds {{(pid=88608) _run_loop /opt/stack/data/venv/lib/python3.12/site-packages/oslo_service/backend/_threading/loopingcall.py:125}}
May 14 17:45:55.302179 np0000000786 neutron-periodic-workers[88617]: DEBUG neutron.db.agents_db [None req-480df3cd-8d60-4b0e-9641-b6903afe4c30 None None] Agent healthcheck: found 0 active agents {{(pid=88617) agent_health_check /opt/stack/neutron/neutron/db/agents_db.py:322}}
May 14 17:45:55.302569 np0000000786 neutron-periodic-workers[88617]: DEBUG oslo.service.backend._threading.loopingcall [None req-480df3cd-8d60-4b0e-9641-b6903afe4c30 None None] Fixed interval looping call 'neutron.plugins.ml2.plugin.AgentDbMixin.agent_health_check' sleeping for 37.00 seconds {{(pid=88617) _run_loop /opt/stack/data/venv/lib/python3.12/site-packages/oslo_service/backend/_threading/loopingcall.py:125}}
May 14 17:46:05.267643 np0000000786 neutron-periodic-workers[88608]: DEBUG dbcounter [-] [88608] Writing DB stats neutron:SELECT=3 {{(pid=88608) stat_writer /opt/stack/data/venv/lib/python3.12/site-packages/dbcounter.py:115}}
May 14 17:46:05.300969 np0000000786 neutron-periodic-workers[88617]: DEBUG dbcounter [-] [88617] Writing DB stats neutron:SELECT=1 {{(pid=88617) stat_writer /opt/stack/data/venv/lib/python3.12/site-packages/dbcounter.py:115}}
May 14 17:46:14.331762 np0000000786 neutron-periodic-workers[88628]: DEBUG dbcounter [-] [88628] Writer thread running {{(pid=88628) stat_writer /opt/stack/data/venv/lib/python3.12/site-packages/dbcounter.py:102}}
May 14 17:46:14.344663 np0000000786 neutron-periodic-workers[88628]: DEBUG oslo.service.backend._threading.loopingcall [None req-99addcca-47c7-4fc9-af2f-3bafd7e49ecf None None] Fixed interval looping call 'neutron.services.ovn_l3.plugin.L3_NAT_dbonly_mixin._clean_garbage' sleeping for 299.96 seconds {{(pid=88628) _run_loop /opt/stack/data/venv/lib/python3.12/site-packages/oslo_service/backend/_threading/loopingcall.py:125}}
May 14 17:46:24.332293 np0000000786 neutron-periodic-workers[88628]: DEBUG dbcounter [-] [88628] Writing DB stats neutron:SELECT=1 {{(pid=88628) stat_writer /opt/stack/data/venv/lib/python3.12/site-packages/dbcounter.py:115}}
May 14 17:46:32.273816 np0000000786 neutron-periodic-workers[88608]: DEBUG oslo.service.backend._threading.loopingcall [None req-d0294c94-a15f-4969-a43e-a8075de5bbf4 None None] Fixed interval looping call 'neutron.plugins.ml2.plugin.DhcpAgentSchedulerDbMixin.remove_networks_from_down_agents' sleeping for 36.99 seconds {{(pid=88608) _run_loop /opt/stack/data/venv/lib/python3.12/site-packages/oslo_service/backend/_threading/loopingcall.py:125}}
May 14 17:46:32.306054 np0000000786 neutron-periodic-workers[88617]: DEBUG neutron.db.agents_db [None req-480df3cd-8d60-4b0e-9641-b6903afe4c30 None None] Agent healthcheck: found 0 active agents {{(pid=88617) agent_health_check /opt/stack/neutron/neutron/db/agents_db.py:322}}
May 14 17:46:32.306433 np0000000786 neutron-periodic-workers[88617]: DEBUG oslo.service.backend._threading.loopingcall [None req-480df3cd-8d60-4b0e-9641-b6903afe4c30 None None] Fixed interval looping call 'neutron.plugins.ml2.plugin.AgentDbMixin.agent_health_check' sleeping for 37.00 seconds {{(pid=88617) _run_loop /opt/stack/data/venv/lib/python3.12/site-packages/oslo_service/backend/_threading/loopingcall.py:125}}
May 14 17:46:42.273085 np0000000786 neutron-periodic-workers[88608]: DEBUG dbcounter [-] [88608] Writing DB stats neutron:SELECT=3 {{(pid=88608) stat_writer /opt/stack/data/venv/lib/python3.12/site-packages/dbcounter.py:115}}
May 14 17:46:42.305644 np0000000786 neutron-periodic-workers[88617]: DEBUG dbcounter [-] [88617] Writing DB stats neutron:SELECT=1 {{(pid=88617) stat_writer /opt/stack/data/venv/lib/python3.12/site-packages/dbcounter.py:115}}
May 14 17:47:09.276673 np0000000786 neutron-periodic-workers[88608]: DEBUG oslo.service.backend._threading.loopingcall [None req-d0294c94-a15f-4969-a43e-a8075de5bbf4 None None] Fixed interval looping call 'neutron.plugins.ml2.plugin.DhcpAgentSchedulerDbMixin.remove_networks_from_down_agents' sleeping for 36.99 seconds {{(pid=88608) _run_loop /opt/stack/data/venv/lib/python3.12/site-packages/oslo_service/backend/_threading/loopingcall.py:125}}
May 14 17:47:09.310129 np0000000786 neutron-periodic-workers[88617]: DEBUG neutron.db.agents_db [None req-480df3cd-8d60-4b0e-9641-b6903afe4c30 None None] Agent healthcheck: found 0 active agents {{(pid=88617) agent_health_check /opt/stack/neutron/neutron/db/agents_db.py:322}}
May 14 17:47:09.310688 np0000000786 neutron-periodic-workers[88617]: DEBUG oslo.service.backend._threading.loopingcall [None req-480df3cd-8d60-4b0e-9641-b6903afe4c30 None None] Fixed interval looping call 'neutron.plugins.ml2.plugin.AgentDbMixin.agent_health_check' sleeping for 37.00 seconds {{(pid=88617) _run_loop /opt/stack/data/venv/lib/python3.12/site-packages/oslo_service/backend/_threading/loopingcall.py:125}}
May 14 17:47:19.274510 np0000000786 neutron-periodic-workers[88608]: DEBUG dbcounter [-] [88608] Writing DB stats neutron:SELECT=3 {{(pid=88608) stat_writer /opt/stack/data/venv/lib/python3.12/site-packages/dbcounter.py:115}}
May 14 17:47:19.309047 np0000000786 neutron-periodic-workers[88617]: DEBUG dbcounter [-] [88617] Writing DB stats neutron:SELECT=1 {{(pid=88617) stat_writer /opt/stack/data/venv/lib/python3.12/site-packages/dbcounter.py:115}}
May 14 17:47:27.302947 np0000000786 neutron-periodic-workers[88620]: DEBUG oslo.service.backend._threading.loopingcall [None req-e1029963-ada8-44bc-9492-711c158f2500 None None] Fixed interval looping call 'neutron.db.quota.driver_nolock.DbQuotaNoLockDriver._remove_expired_reservations' sleeping for 119.99 seconds {{(pid=88620) _run_loop /opt/stack/data/venv/lib/python3.12/site-packages/oslo_service/backend/_threading/loopingcall.py:125}}
May 14 17:47:37.299316 np0000000786 neutron-periodic-workers[88620]: DEBUG dbcounter [-] [88620] Writing DB stats neutron:DELETE=1 {{(pid=88620) stat_writer /opt/stack/data/venv/lib/python3.12/site-packages/dbcounter.py:115}}
May 14 17:47:46.281610 np0000000786 neutron-periodic-workers[88608]: DEBUG oslo.service.backend._threading.loopingcall [None req-d0294c94-a15f-4969-a43e-a8075de5bbf4 None None] Fixed interval looping call 'neutron.plugins.ml2.plugin.DhcpAgentSchedulerDbMixin.remove_networks_from_down_agents' sleeping for 36.99 seconds {{(pid=88608) _run_loop /opt/stack/data/venv/lib/python3.12/site-packages/oslo_service/backend/_threading/loopingcall.py:125}}
May 14 17:47:46.318867 np0000000786 neutron-periodic-workers[88617]: DEBUG neutron.db.agents_db [None req-480df3cd-8d60-4b0e-9641-b6903afe4c30 None None] Agent healthcheck: found 0 active agents {{(pid=88617) agent_health_check /opt/stack/neutron/neutron/db/agents_db.py:322}}
May 14 17:47:46.319660 np0000000786 neutron-periodic-workers[88617]: DEBUG oslo.service.backend._threading.loopingcall [None req-480df3cd-8d60-4b0e-9641-b6903afe4c30 None None] Fixed interval looping call 'neutron.plugins.ml2.plugin.AgentDbMixin.agent_health_check' sleeping for 36.99 seconds {{(pid=88617) _run_loop /opt/stack/data/venv/lib/python3.12/site-packages/oslo_service/backend/_threading/loopingcall.py:125}}
May 14 17:47:56.279212 np0000000786 neutron-periodic-workers[88608]: DEBUG dbcounter [-] [88608] Writing DB stats neutron:SELECT=3 {{(pid=88608) stat_writer /opt/stack/data/venv/lib/python3.12/site-packages/dbcounter.py:115}}
May 14 17:47:56.315743 np0000000786 neutron-periodic-workers[88617]: DEBUG dbcounter [-] [88617] Writing DB stats neutron:SELECT=1 {{(pid=88617) stat_writer /opt/stack/data/venv/lib/python3.12/site-packages/dbcounter.py:115}}
May 14 17:48:23.284017 np0000000786 neutron-periodic-workers[88608]: DEBUG oslo.service.backend._threading.loopingcall [None req-d0294c94-a15f-4969-a43e-a8075de5bbf4 None None] Fixed interval looping call 'neutron.plugins.ml2.plugin.DhcpAgentSchedulerDbMixin.remove_networks_from_down_agents' sleeping for 36.99 seconds {{(pid=88608) _run_loop /opt/stack/data/venv/lib/python3.12/site-packages/oslo_service/backend/_threading/loopingcall.py:125}}
May 14 17:48:23.313495 np0000000786 neutron-periodic-workers[88617]: DEBUG neutron.db.agents_db [None req-480df3cd-8d60-4b0e-9641-b6903afe4c30 None None] Agent healthcheck: found 0 active agents {{(pid=88617) agent_health_check /opt/stack/neutron/neutron/db/agents_db.py:322}}
May 14 17:48:23.314015 np0000000786 neutron-periodic-workers[88617]: DEBUG oslo.service.backend._threading.loopingcall [None req-480df3cd-8d60-4b0e-9641-b6903afe4c30 None None] Fixed interval looping call 'neutron.plugins.ml2.plugin.AgentDbMixin.agent_health_check' sleeping for 37.00 seconds {{(pid=88617) _run_loop /opt/stack/data/venv/lib/python3.12/site-packages/oslo_service/backend/_threading/loopingcall.py:125}}
May 14 17:48:33.283052 np0000000786 neutron-periodic-workers[88608]: DEBUG dbcounter [-] [88608] Writing DB stats neutron:SELECT=3 {{(pid=88608) stat_writer /opt/stack/data/venv/lib/python3.12/site-packages/dbcounter.py:115}}
May 14 17:48:33.313049 np0000000786 neutron-periodic-workers[88617]: DEBUG dbcounter [-] [88617] Writing DB stats neutron:SELECT=1 {{(pid=88617) stat_writer /opt/stack/data/venv/lib/python3.12/site-packages/dbcounter.py:115}}
May 14 17:49:00.288597 np0000000786 neutron-periodic-workers[88608]: DEBUG oslo.service.backend._threading.loopingcall [None req-d0294c94-a15f-4969-a43e-a8075de5bbf4 None None] Fixed interval looping call 'neutron.plugins.ml2.plugin.DhcpAgentSchedulerDbMixin.remove_networks_from_down_agents' sleeping for 36.99 seconds {{(pid=88608) _run_loop /opt/stack/data/venv/lib/python3.12/site-packages/oslo_service/backend/_threading/loopingcall.py:125}}
May 14 17:49:00.320104 np0000000786 neutron-periodic-workers[88617]: DEBUG neutron.db.agents_db [None req-480df3cd-8d60-4b0e-9641-b6903afe4c30 None None] Agent healthcheck: found 0 active agents {{(pid=88617) agent_health_check /opt/stack/neutron/neutron/db/agents_db.py:322}}
May 14 17:49:00.320561 np0000000786 neutron-periodic-workers[88617]: DEBUG oslo.service.backend._threading.loopingcall [None req-480df3cd-8d60-4b0e-9641-b6903afe4c30 None None] Fixed interval looping call 'neutron.plugins.ml2.plugin.AgentDbMixin.agent_health_check' sleeping for 37.00 seconds {{(pid=88617) _run_loop /opt/stack/data/venv/lib/python3.12/site-packages/oslo_service/backend/_threading/loopingcall.py:125}}
May 14 17:49:10.285800 np0000000786 neutron-periodic-workers[88608]: DEBUG dbcounter [-] [88608] Writing DB stats neutron:SELECT=3 {{(pid=88608) stat_writer /opt/stack/data/venv/lib/python3.12/site-packages/dbcounter.py:115}}
May 14 17:49:10.318926 np0000000786 neutron-periodic-workers[88617]: DEBUG dbcounter [-] [88617] Writing DB stats neutron:SELECT=1 {{(pid=88617) stat_writer /opt/stack/data/venv/lib/python3.12/site-packages/dbcounter.py:115}}
May 14 17:49:27.295935 np0000000786 neutron-periodic-workers[88620]: DEBUG oslo.service.backend._threading.loopingcall [None req-e1029963-ada8-44bc-9492-711c158f2500 None None] Fixed interval looping call 'neutron.db.quota.driver_nolock.DbQuotaNoLockDriver._remove_expired_reservations' sleeping for 120.00 seconds {{(pid=88620) _run_loop /opt/stack/data/venv/lib/python3.12/site-packages/oslo_service/backend/_threading/loopingcall.py:125}}
May 14 17:49:37.291838 np0000000786 neutron-periodic-workers[88608]: DEBUG oslo.service.backend._threading.loopingcall [None req-d0294c94-a15f-4969-a43e-a8075de5bbf4 None None] Fixed interval looping call 'neutron.plugins.ml2.plugin.DhcpAgentSchedulerDbMixin.remove_networks_from_down_agents' sleeping for 36.99 seconds {{(pid=88608) _run_loop /opt/stack/data/venv/lib/python3.12/site-packages/oslo_service/backend/_threading/loopingcall.py:125}}
May 14 17:49:37.295638 np0000000786 neutron-periodic-workers[88620]: DEBUG dbcounter [-] [88620] Writing DB stats neutron:DELETE=1 {{(pid=88620) stat_writer /opt/stack/data/venv/lib/python3.12/site-packages/dbcounter.py:115}}
May 14 17:49:37.334987 np0000000786 neutron-periodic-workers[88617]: DEBUG neutron.db.agents_db [None req-480df3cd-8d60-4b0e-9641-b6903afe4c30 None None] Agent healthcheck: found 0 active agents {{(pid=88617) agent_health_check /opt/stack/neutron/neutron/db/agents_db.py:322}}
May 14 17:49:37.335499 np0000000786 neutron-periodic-workers[88617]: DEBUG oslo.service.backend._threading.loopingcall [None req-480df3cd-8d60-4b0e-9641-b6903afe4c30 None None] Fixed interval looping call 'neutron.plugins.ml2.plugin.AgentDbMixin.agent_health_check' sleeping for 36.99 seconds {{(pid=88617) _run_loop /opt/stack/data/venv/lib/python3.12/site-packages/oslo_service/backend/_threading/loopingcall.py:125}}
May 14 17:49:47.290403 np0000000786 neutron-periodic-workers[88608]: DEBUG dbcounter [-] [88608] Writing DB stats neutron:SELECT=3 {{(pid=88608) stat_writer /opt/stack/data/venv/lib/python3.12/site-packages/dbcounter.py:115}}
May 14 17:49:47.328195 np0000000786 neutron-periodic-workers[88617]: DEBUG dbcounter [-] [88617] Writing DB stats neutron:SELECT=1 {{(pid=88617) stat_writer /opt/stack/data/venv/lib/python3.12/site-packages/dbcounter.py:115}}
May 14 17:50:14.290723 np0000000786 neutron-periodic-workers[88608]: DEBUG oslo.service.backend._threading.loopingcall [None req-d0294c94-a15f-4969-a43e-a8075de5bbf4 None None] Fixed interval looping call 'neutron.plugins.ml2.plugin.DhcpAgentSchedulerDbMixin.remove_networks_from_down_agents' sleeping for 36.99 seconds {{(pid=88608) _run_loop /opt/stack/data/venv/lib/python3.12/site-packages/oslo_service/backend/_threading/loopingcall.py:125}}
May 14 17:50:14.331250 np0000000786 neutron-periodic-workers[88617]: DEBUG neutron.db.agents_db [None req-480df3cd-8d60-4b0e-9641-b6903afe4c30 None None] Agent healthcheck: found 0 active agents {{(pid=88617) agent_health_check /opt/stack/neutron/neutron/db/agents_db.py:322}}
May 14 17:50:14.331722 np0000000786 neutron-periodic-workers[88617]: DEBUG oslo.service.backend._threading.loopingcall [None req-480df3cd-8d60-4b0e-9641-b6903afe4c30 None None] Fixed interval looping call 'neutron.plugins.ml2.plugin.AgentDbMixin.agent_health_check' sleeping for 36.99 seconds {{(pid=88617) _run_loop /opt/stack/data/venv/lib/python3.12/site-packages/oslo_service/backend/_threading/loopingcall.py:125}}
May 14 17:50:24.290389 np0000000786 neutron-periodic-workers[88608]: DEBUG dbcounter [-] [88608] Writing DB stats neutron:SELECT=3 {{(pid=88608) stat_writer /opt/stack/data/venv/lib/python3.12/site-packages/dbcounter.py:115}}
May 14 17:50:24.328248 np0000000786 neutron-periodic-workers[88617]: DEBUG dbcounter [-] [88617] Writing DB stats neutron:SELECT=1 {{(pid=88617) stat_writer /opt/stack/data/venv/lib/python3.12/site-packages/dbcounter.py:115}}
May 14 17:50:51.300441 np0000000786 neutron-periodic-workers[88608]: DEBUG oslo.service.backend._threading.loopingcall [None req-d0294c94-a15f-4969-a43e-a8075de5bbf4 None None] Fixed interval looping call 'neutron.plugins.ml2.plugin.DhcpAgentSchedulerDbMixin.remove_networks_from_down_agents' sleeping for 36.98 seconds {{(pid=88608) _run_loop /opt/stack/data/venv/lib/python3.12/site-packages/oslo_service/backend/_threading/loopingcall.py:125}}
May 14 17:50:51.326843 np0000000786 neutron-periodic-workers[88617]: DEBUG neutron.db.agents_db [None req-480df3cd-8d60-4b0e-9641-b6903afe4c30 None None] Agent healthcheck: found 0 active agents {{(pid=88617) agent_health_check /opt/stack/neutron/neutron/db/agents_db.py:322}}
May 14 17:50:51.327560 np0000000786 neutron-periodic-workers[88617]: DEBUG oslo.service.backend._threading.loopingcall [None req-480df3cd-8d60-4b0e-9641-b6903afe4c30 None None] Fixed interval looping call 'neutron.plugins.ml2.plugin.AgentDbMixin.agent_health_check' sleeping for 36.99 seconds {{(pid=88617) _run_loop /opt/stack/data/venv/lib/python3.12/site-packages/oslo_service/backend/_threading/loopingcall.py:125}}
May 14 17:51:01.299068 np0000000786 neutron-periodic-workers[88608]: DEBUG dbcounter [-] [88608] Writing DB stats neutron:SELECT=3 {{(pid=88608) stat_writer /opt/stack/data/venv/lib/python3.12/site-packages/dbcounter.py:115}}
May 14 17:51:01.325123 np0000000786 neutron-periodic-workers[88617]: DEBUG dbcounter [-] [88617] Writing DB stats neutron:SELECT=1 {{(pid=88617) stat_writer /opt/stack/data/venv/lib/python3.12/site-packages/dbcounter.py:115}}
May 14 17:51:14.320413 np0000000786 neutron-periodic-workers[88628]: DEBUG oslo.service.backend._threading.loopingcall [None req-99addcca-47c7-4fc9-af2f-3bafd7e49ecf None None] Fixed interval looping call 'neutron.services.ovn_l3.plugin.L3_NAT_dbonly_mixin._clean_garbage' sleeping for 299.98 seconds {{(pid=88628) _run_loop /opt/stack/data/venv/lib/python3.12/site-packages/oslo_service/backend/_threading/loopingcall.py:125}}
May 14 17:51:24.308011 np0000000786 neutron-periodic-workers[88628]: DEBUG dbcounter [-] [88628] Writing DB stats neutron:SELECT=1 {{(pid=88628) stat_writer /opt/stack/data/venv/lib/python3.12/site-packages/dbcounter.py:115}}
May 14 17:51:27.311060 np0000000786 neutron-periodic-workers[88620]: DEBUG oslo.service.backend._threading.loopingcall [None req-e1029963-ada8-44bc-9492-711c158f2500 None None] Fixed interval looping call 'neutron.db.quota.driver_nolock.DbQuotaNoLockDriver._remove_expired_reservations' sleeping for 119.99 seconds {{(pid=88620) _run_loop /opt/stack/data/venv/lib/python3.12/site-packages/oslo_service/backend/_threading/loopingcall.py:125}}
May 14 17:51:28.293271 np0000000786 neutron-periodic-workers[88608]: DEBUG oslo.service.backend._threading.loopingcall [None req-d0294c94-a15f-4969-a43e-a8075de5bbf4 None None] Fixed interval looping call 'neutron.plugins.ml2.plugin.DhcpAgentSchedulerDbMixin.remove_networks_from_down_agents' sleeping for 36.99 seconds {{(pid=88608) _run_loop /opt/stack/data/venv/lib/python3.12/site-packages/oslo_service/backend/_threading/loopingcall.py:125}}
May 14 17:51:28.320378 np0000000786 neutron-periodic-workers[88617]: DEBUG neutron.db.agents_db [None req-480df3cd-8d60-4b0e-9641-b6903afe4c30 None None] Agent healthcheck: found 0 active agents {{(pid=88617) agent_health_check /opt/stack/neutron/neutron/db/agents_db.py:322}}
May 14 17:51:28.320917 np0000000786 neutron-periodic-workers[88617]: DEBUG oslo.service.backend._threading.loopingcall [None req-480df3cd-8d60-4b0e-9641-b6903afe4c30 None None] Fixed interval looping call 'neutron.plugins.ml2.plugin.AgentDbMixin.agent_health_check' sleeping for 37.00 seconds {{(pid=88617) _run_loop /opt/stack/data/venv/lib/python3.12/site-packages/oslo_service/backend/_threading/loopingcall.py:125}}
May 14 17:51:37.302636 np0000000786 neutron-periodic-workers[88620]: DEBUG dbcounter [-] [88620] Writing DB stats neutron:DELETE=1 {{(pid=88620) stat_writer /opt/stack/data/venv/lib/python3.12/site-packages/dbcounter.py:115}}
May 14 17:51:38.291852 np0000000786 neutron-periodic-workers[88608]: DEBUG dbcounter [-] [88608] Writing DB stats neutron:SELECT=3 {{(pid=88608) stat_writer /opt/stack/data/venv/lib/python3.12/site-packages/dbcounter.py:115}}
May 14 17:51:38.319667 np0000000786 neutron-periodic-workers[88617]: DEBUG dbcounter [-] [88617] Writing DB stats neutron:SELECT=1 {{(pid=88617) stat_writer /opt/stack/data/venv/lib/python3.12/site-packages/dbcounter.py:115}}
May 14 17:52:05.304131 np0000000786 neutron-periodic-workers[88608]: DEBUG oslo.service.backend._threading.loopingcall [None req-d0294c94-a15f-4969-a43e-a8075de5bbf4 None None] Fixed interval looping call 'neutron.plugins.ml2.plugin.DhcpAgentSchedulerDbMixin.remove_networks_from_down_agents' sleeping for 36.99 seconds {{(pid=88608) _run_loop /opt/stack/data/venv/lib/python3.12/site-packages/oslo_service/backend/_threading/loopingcall.py:125}}
May 14 17:52:05.326351 np0000000786 neutron-periodic-workers[88617]: DEBUG neutron.db.agents_db [None req-480df3cd-8d60-4b0e-9641-b6903afe4c30 None None] Agent healthcheck: found 0 active agents {{(pid=88617) agent_health_check /opt/stack/neutron/neutron/db/agents_db.py:322}}
May 14 17:52:05.326896 np0000000786 neutron-periodic-workers[88617]: DEBUG oslo.service.backend._threading.loopingcall [None req-480df3cd-8d60-4b0e-9641-b6903afe4c30 None None] Fixed interval looping call 'neutron.plugins.ml2.plugin.AgentDbMixin.agent_health_check' sleeping for 36.99 seconds {{(pid=88617) _run_loop /opt/stack/data/venv/lib/python3.12/site-packages/oslo_service/backend/_threading/loopingcall.py:125}}
May 14 17:52:15.304116 np0000000786 neutron-periodic-workers[88608]: DEBUG dbcounter [-] [88608] Writing DB stats neutron:SELECT=3 {{(pid=88608) stat_writer /opt/stack/data/venv/lib/python3.12/site-packages/dbcounter.py:115}}
May 14 17:52:15.325860 np0000000786 neutron-periodic-workers[88617]: DEBUG dbcounter [-] [88617] Writing DB stats neutron:SELECT=1 {{(pid=88617) stat_writer /opt/stack/data/venv/lib/python3.12/site-packages/dbcounter.py:115}}
May 14 17:52:42.300840 np0000000786 neutron-periodic-workers[88608]: DEBUG oslo.service.backend._threading.loopingcall [None req-d0294c94-a15f-4969-a43e-a8075de5bbf4 None None] Fixed interval looping call 'neutron.plugins.ml2.plugin.DhcpAgentSchedulerDbMixin.remove_networks_from_down_agents' sleeping for 36.99 seconds {{(pid=88608) _run_loop /opt/stack/data/venv/lib/python3.12/site-packages/oslo_service/backend/_threading/loopingcall.py:125}}
May 14 17:52:42.320832 np0000000786 neutron-periodic-workers[88617]: DEBUG neutron.db.agents_db [None req-480df3cd-8d60-4b0e-9641-b6903afe4c30 None None] Agent healthcheck: found 0 active agents {{(pid=88617) agent_health_check /opt/stack/neutron/neutron/db/agents_db.py:322}}
May 14 17:52:42.321464 np0000000786 neutron-periodic-workers[88617]: DEBUG oslo.service.backend._threading.loopingcall [None req-480df3cd-8d60-4b0e-9641-b6903afe4c30 None None] Fixed interval looping call 'neutron.plugins.ml2.plugin.AgentDbMixin.agent_health_check' sleeping for 37.00 seconds {{(pid=88617) _run_loop /opt/stack/data/venv/lib/python3.12/site-packages/oslo_service/backend/_threading/loopingcall.py:125}}
May 14 17:52:52.300511 np0000000786 neutron-periodic-workers[88608]: DEBUG dbcounter [-] [88608] Writing DB stats neutron:SELECT=3 {{(pid=88608) stat_writer /opt/stack/data/venv/lib/python3.12/site-packages/dbcounter.py:115}}
May 14 17:52:52.319979 np0000000786 neutron-periodic-workers[88617]: DEBUG dbcounter [-] [88617] Writing DB stats neutron:SELECT=1 {{(pid=88617) stat_writer /opt/stack/data/venv/lib/python3.12/site-packages/dbcounter.py:115}}
May 14 17:53:19.308408 np0000000786 neutron-periodic-workers[88608]: DEBUG oslo.service.backend._threading.loopingcall [None req-d0294c94-a15f-4969-a43e-a8075de5bbf4 None None] Fixed interval looping call 'neutron.plugins.ml2.plugin.DhcpAgentSchedulerDbMixin.remove_networks_from_down_agents' sleeping for 36.98 seconds {{(pid=88608) _run_loop /opt/stack/data/venv/lib/python3.12/site-packages/oslo_service/backend/_threading/loopingcall.py:125}}
May 14 17:53:19.329626 np0000000786 neutron-periodic-workers[88617]: DEBUG neutron.db.agents_db [None req-480df3cd-8d60-4b0e-9641-b6903afe4c30 None None] Agent healthcheck: found 0 active agents {{(pid=88617) agent_health_check /opt/stack/neutron/neutron/db/agents_db.py:322}}
May 14 17:53:19.330019 np0000000786 neutron-periodic-workers[88617]: DEBUG oslo.service.backend._threading.loopingcall [None req-480df3cd-8d60-4b0e-9641-b6903afe4c30 None None] Fixed interval looping call 'neutron.plugins.ml2.plugin.AgentDbMixin.agent_health_check' sleeping for 36.99 seconds {{(pid=88617) _run_loop /opt/stack/data/venv/lib/python3.12/site-packages/oslo_service/backend/_threading/loopingcall.py:125}}
May 14 17:53:27.304375 np0000000786 neutron-periodic-workers[88620]: DEBUG oslo.service.backend._threading.loopingcall [None req-e1029963-ada8-44bc-9492-711c158f2500 None None] Fixed interval looping call 'neutron.db.quota.driver_nolock.DbQuotaNoLockDriver._remove_expired_reservations' sleeping for 120.00 seconds {{(pid=88620) _run_loop /opt/stack/data/venv/lib/python3.12/site-packages/oslo_service/backend/_threading/loopingcall.py:125}}
May 14 17:53:29.304771 np0000000786 neutron-periodic-workers[88608]: DEBUG dbcounter [-] [88608] Writing DB stats neutron:SELECT=3 {{(pid=88608) stat_writer /opt/stack/data/venv/lib/python3.12/site-packages/dbcounter.py:115}}
May 14 17:53:29.324508 np0000000786 neutron-periodic-workers[88617]: DEBUG dbcounter [-] [88617] Writing DB stats neutron:SELECT=1 {{(pid=88617) stat_writer /opt/stack/data/venv/lib/python3.12/site-packages/dbcounter.py:115}}
May 14 17:53:37.303956 np0000000786 neutron-periodic-workers[88620]: DEBUG dbcounter [-] [88620] Writing DB stats neutron:DELETE=1 {{(pid=88620) stat_writer /opt/stack/data/venv/lib/python3.12/site-packages/dbcounter.py:115}}
May 14 17:53:56.297940 np0000000786 neutron-periodic-workers[88608]: DEBUG oslo.service.backend._threading.loopingcall [None req-d0294c94-a15f-4969-a43e-a8075de5bbf4 None None] Fixed interval looping call 'neutron.plugins.ml2.plugin.DhcpAgentSchedulerDbMixin.remove_networks_from_down_agents' sleeping for 36.99 seconds {{(pid=88608) _run_loop /opt/stack/data/venv/lib/python3.12/site-packages/oslo_service/backend/_threading/loopingcall.py:125}}
May 14 17:53:56.324914 np0000000786 neutron-periodic-workers[88617]: DEBUG neutron.db.agents_db [None req-480df3cd-8d60-4b0e-9641-b6903afe4c30 None None] Agent healthcheck: found 0 active agents {{(pid=88617) agent_health_check /opt/stack/neutron/neutron/db/agents_db.py:322}}
May 14 17:53:56.324914 np0000000786 neutron-periodic-workers[88617]: DEBUG oslo.service.backend._threading.loopingcall [None req-480df3cd-8d60-4b0e-9641-b6903afe4c30 None None] Fixed interval looping call 'neutron.plugins.ml2.plugin.AgentDbMixin.agent_health_check' sleeping for 37.00 seconds {{(pid=88617) _run_loop /opt/stack/data/venv/lib/python3.12/site-packages/oslo_service/backend/_threading/loopingcall.py:125}}
May 14 17:54:06.296602 np0000000786 neutron-periodic-workers[88608]: DEBUG dbcounter [-] [88608] Writing DB stats neutron:SELECT=3 {{(pid=88608) stat_writer /opt/stack/data/venv/lib/python3.12/site-packages/dbcounter.py:115}}
May 14 17:54:06.325125 np0000000786 neutron-periodic-workers[88617]: DEBUG dbcounter [-] [88617] Writing DB stats neutron:SELECT=1 {{(pid=88617) stat_writer /opt/stack/data/venv/lib/python3.12/site-packages/dbcounter.py:115}}
May 14 17:54:33.294455 np0000000786 neutron-periodic-workers[88608]: DEBUG oslo.service.backend._threading.loopingcall [None req-d0294c94-a15f-4969-a43e-a8075de5bbf4 None None] Fixed interval looping call 'neutron.plugins.ml2.plugin.DhcpAgentSchedulerDbMixin.remove_networks_from_down_agents' sleeping for 36.99 seconds {{(pid=88608) _run_loop /opt/stack/data/venv/lib/python3.12/site-packages/oslo_service/backend/_threading/loopingcall.py:125}}
May 14 17:54:33.327134 np0000000786 neutron-periodic-workers[88617]: DEBUG neutron.db.agents_db [None req-480df3cd-8d60-4b0e-9641-b6903afe4c30 None None] Agent healthcheck: found 0 active agents {{(pid=88617) agent_health_check /opt/stack/neutron/neutron/db/agents_db.py:322}}
May 14 17:54:33.327417 np0000000786 neutron-periodic-workers[88617]: DEBUG oslo.service.backend._threading.loopingcall [None req-480df3cd-8d60-4b0e-9641-b6903afe4c30 None None] Fixed interval looping call 'neutron.plugins.ml2.plugin.AgentDbMixin.agent_health_check' sleeping for 37.00 seconds {{(pid=88617) _run_loop /opt/stack/data/venv/lib/python3.12/site-packages/oslo_service/backend/_threading/loopingcall.py:125}}
May 14 17:54:43.293562 np0000000786 neutron-periodic-workers[88608]: DEBUG dbcounter [-] [88608] Writing DB stats neutron:SELECT=3 {{(pid=88608) stat_writer /opt/stack/data/venv/lib/python3.12/site-packages/dbcounter.py:115}}
May 14 17:54:43.326165 np0000000786 neutron-periodic-workers[88617]: DEBUG dbcounter [-] [88617] Writing DB stats neutron:SELECT=1 {{(pid=88617) stat_writer /opt/stack/data/venv/lib/python3.12/site-packages/dbcounter.py:115}}
May 14 17:55:10.291745 np0000000786 neutron-periodic-workers[88608]: DEBUG oslo.service.backend._threading.loopingcall [None req-d0294c94-a15f-4969-a43e-a8075de5bbf4 None None] Fixed interval looping call 'neutron.plugins.ml2.plugin.DhcpAgentSchedulerDbMixin.remove_networks_from_down_agents' sleeping for 36.99 seconds {{(pid=88608) _run_loop /opt/stack/data/venv/lib/python3.12/site-packages/oslo_service/backend/_threading/loopingcall.py:125}}
May 14 17:55:10.338666 np0000000786 neutron-periodic-workers[88617]: DEBUG neutron.db.agents_db [None req-480df3cd-8d60-4b0e-9641-b6903afe4c30 None None] Agent healthcheck: found 0 active agents {{(pid=88617) agent_health_check /opt/stack/neutron/neutron/db/agents_db.py:322}}
May 14 17:55:10.338666 np0000000786 neutron-periodic-workers[88617]: DEBUG oslo.service.backend._threading.loopingcall [None req-480df3cd-8d60-4b0e-9641-b6903afe4c30 None None] Fixed interval looping call 'neutron.plugins.ml2.plugin.AgentDbMixin.agent_health_check' sleeping for 36.99 seconds {{(pid=88617) _run_loop /opt/stack/data/venv/lib/python3.12/site-packages/oslo_service/backend/_threading/loopingcall.py:125}}
May 14 17:55:20.290631 np0000000786 neutron-periodic-workers[88608]: DEBUG dbcounter [-] [88608] Writing DB stats neutron:SELECT=3 {{(pid=88608) stat_writer /opt/stack/data/venv/lib/python3.12/site-packages/dbcounter.py:115}}
May 14 17:55:20.332276 np0000000786 neutron-periodic-workers[88617]: DEBUG dbcounter [-] [88617] Writing DB stats neutron:SELECT=1 {{(pid=88617) stat_writer /opt/stack/data/venv/lib/python3.12/site-packages/dbcounter.py:115}}
May 14 17:55:27.307113 np0000000786 neutron-periodic-workers[88620]: DEBUG oslo.service.backend._threading.loopingcall [None req-e1029963-ada8-44bc-9492-711c158f2500 None None] Fixed interval looping call 'neutron.db.quota.driver_nolock.DbQuotaNoLockDriver._remove_expired_reservations' sleeping for 120.00 seconds {{(pid=88620) _run_loop /opt/stack/data/venv/lib/python3.12/site-packages/oslo_service/backend/_threading/loopingcall.py:125}}
May 14 17:55:37.308037 np0000000786 neutron-periodic-workers[88620]: DEBUG dbcounter [-] [88620] Writing DB stats neutron:DELETE=1 {{(pid=88620) stat_writer /opt/stack/data/venv/lib/python3.12/site-packages/dbcounter.py:115}}
May 14 17:55:47.289104 np0000000786 neutron-periodic-workers[88608]: DEBUG oslo.service.backend._threading.loopingcall [None req-d0294c94-a15f-4969-a43e-a8075de5bbf4 None None] Fixed interval looping call 'neutron.plugins.ml2.plugin.DhcpAgentSchedulerDbMixin.remove_networks_from_down_agents' sleeping for 36.99 seconds {{(pid=88608) _run_loop /opt/stack/data/venv/lib/python3.12/site-packages/oslo_service/backend/_threading/loopingcall.py:125}}
May 14 17:55:47.331684 np0000000786 neutron-periodic-workers[88617]: DEBUG neutron.db.agents_db [None req-480df3cd-8d60-4b0e-9641-b6903afe4c30 None None] Agent healthcheck: found 0 active agents {{(pid=88617) agent_health_check /opt/stack/neutron/neutron/db/agents_db.py:322}}
May 14 17:55:47.331994 np0000000786 neutron-periodic-workers[88617]: DEBUG oslo.service.backend._threading.loopingcall [None req-480df3cd-8d60-4b0e-9641-b6903afe4c30 None None] Fixed interval looping call 'neutron.plugins.ml2.plugin.AgentDbMixin.agent_health_check' sleeping for 37.00 seconds {{(pid=88617) _run_loop /opt/stack/data/venv/lib/python3.12/site-packages/oslo_service/backend/_threading/loopingcall.py:125}}
May 14 17:55:57.288309 np0000000786 neutron-periodic-workers[88608]: DEBUG dbcounter [-] [88608] Writing DB stats neutron:SELECT=3 {{(pid=88608) stat_writer /opt/stack/data/venv/lib/python3.12/site-packages/dbcounter.py:115}}
May 14 17:55:57.331818 np0000000786 neutron-periodic-workers[88617]: DEBUG dbcounter [-] [88617] Writing DB stats neutron:SELECT=1 {{(pid=88617) stat_writer /opt/stack/data/venv/lib/python3.12/site-packages/dbcounter.py:115}}
May 14 17:56:14.307640 np0000000786 neutron-periodic-workers[88628]: DEBUG oslo.service.backend._threading.loopingcall [None req-99addcca-47c7-4fc9-af2f-3bafd7e49ecf None None] Fixed interval looping call 'neutron.services.ovn_l3.plugin.L3_NAT_dbonly_mixin._clean_garbage' sleeping for 299.99 seconds {{(pid=88628) _run_loop /opt/stack/data/venv/lib/python3.12/site-packages/oslo_service/backend/_threading/loopingcall.py:125}}
May 14 17:56:24.286836 np0000000786 neutron-periodic-workers[88608]: DEBUG oslo.service.backend._threading.loopingcall [None req-d0294c94-a15f-4969-a43e-a8075de5bbf4 None None] Fixed interval looping call 'neutron.plugins.ml2.plugin.DhcpAgentSchedulerDbMixin.remove_networks_from_down_agents' sleeping for 36.99 seconds {{(pid=88608) _run_loop /opt/stack/data/venv/lib/python3.12/site-packages/oslo_service/backend/_threading/loopingcall.py:125}}
