Jul 31 09:20:42.889588 np0000006200 nova-scheduler[96623]: DEBUG cotyledon.oslo_config_glue [-] workarounds.libvirt_disable_apic = False {{(pid=96623) log_opt_values /opt/stack/data/venv/lib/python3.12/site-packages/oslo_config/cfg.py:3253}}
Jul 31 09:20:42.889588 np0000006200 nova-scheduler[96623]: DEBUG cotyledon.oslo_config_glue [-] workarounds.never_download_image_if_on_rbd = False {{(pid=96623) log_opt_values /opt/stack/data/venv/lib/python3.12/site-packages/oslo_config/cfg.py:3253}}
Jul 31 09:20:42.889588 np0000006200 nova-scheduler[96623]: DEBUG cotyledon.oslo_config_glue [-] workarounds.qemu_monitor_announce_self_count = 3 {{(pid=96623) log_opt_values /opt/stack/data/venv/lib/python3.12/site-packages/oslo_config/cfg.py:3253}}
Jul 31 09:20:42.889588 np0000006200 nova-scheduler[96623]: DEBUG cotyledon.oslo_config_glue [-] workarounds.qemu_monitor_announce_self_interval = 1 {{(pid=96623) log_opt_values /opt/stack/data/venv/lib/python3.12/site-packages/oslo_config/cfg.py:3253}}
Jul 31 09:20:42.889588 np0000006200 nova-scheduler[96623]: DEBUG cotyledon.oslo_config_glue [-] workarounds.reserve_disk_resource_for_image_cache = False {{(pid=96623) log_opt_values /opt/stack/data/venv/lib/python3.12/site-packages/oslo_config/cfg.py:3253}}
Jul 31 09:20:42.889588 np0000006200 nova-scheduler[96623]: DEBUG cotyledon.oslo_config_glue [-] workarounds.skip_cpu_compare_at_startup = False {{(pid=96623) log_opt_values /opt/stack/data/venv/lib/python3.12/site-packages/oslo_config/cfg.py:3253}}
Jul 31 09:20:42.889588 np0000006200 nova-scheduler[96623]: DEBUG cotyledon.oslo_config_glue [-] workarounds.skip_cpu_compare_on_dest = False {{(pid=96623) log_opt_values /opt/stack/data/venv/lib/python3.12/site-packages/oslo_config/cfg.py:3253}}
Jul 31 09:20:42.889588 np0000006200 nova-scheduler[96623]: DEBUG cotyledon.oslo_config_glue [-] workarounds.skip_hypervisor_version_check_on_lm = False {{(pid=96623) log_opt_values /opt/stack/data/venv/lib/python3.12/site-packages/oslo_config/cfg.py:3253}}
Jul 31 09:20:42.889588 np0000006200 nova-scheduler[96623]: DEBUG cotyledon.oslo_config_glue [-] workarounds.skip_reserve_in_use_ironic_nodes = False {{(pid=96623) log_opt_values /opt/stack/data/venv/lib/python3.12/site-packages/oslo_config/cfg.py:3253}}
Jul 31 09:20:42.889850 np0000006200 nova-scheduler[96623]: DEBUG cotyledon.oslo_config_glue [-] workarounds.unified_limits_count_pcpu_as_vcpu = False {{(pid=96623) log_opt_values /opt/stack/data/venv/lib/python3.12/site-packages/oslo_config/cfg.py:3253}}
Jul 31 09:20:42.889850 np0000006200 nova-scheduler[96623]: DEBUG cotyledon.oslo_config_glue [-] workarounds.wait_for_vif_plugged_event_during_hard_reboot = [] {{(pid=96623) log_opt_values /opt/stack/data/venv/lib/python3.12/site-packages/oslo_config/cfg.py:3253}}
Jul 31 09:20:42.889850 np0000006200 nova-scheduler[96623]: DEBUG cotyledon.oslo_config_glue [-] wsgi.api_paste_config = /etc/nova/api-paste.ini {{(pid=96623) log_opt_values /opt/stack/data/venv/lib/python3.12/site-packages/oslo_config/cfg.py:3253}}
Jul 31 09:20:42.889850 np0000006200 nova-scheduler[96623]: DEBUG cotyledon.oslo_config_glue [-] wsgi.secure_proxy_ssl_header = None {{(pid=96623) log_opt_values /opt/stack/data/venv/lib/python3.12/site-packages/oslo_config/cfg.py:3253}}
Jul 31 09:20:42.889850 np0000006200 nova-scheduler[96623]: DEBUG cotyledon.oslo_config_glue [-] zvm.ca_file = None {{(pid=96623) log_opt_values /opt/stack/data/venv/lib/python3.12/site-packages/oslo_config/cfg.py:3253}}
Jul 31 09:20:42.889850 np0000006200 nova-scheduler[96623]: DEBUG cotyledon.oslo_config_glue [-] zvm.cloud_connector_url = None {{(pid=96623) log_opt_values /opt/stack/data/venv/lib/python3.12/site-packages/oslo_config/cfg.py:3253}}
Jul 31 09:20:42.889850 np0000006200 nova-scheduler[96623]: DEBUG cotyledon.oslo_config_glue [-] zvm.image_tmp_path = /opt/stack/data/nova/images {{(pid=96623) log_opt_values /opt/stack/data/venv/lib/python3.12/site-packages/oslo_config/cfg.py:3253}}
Jul 31 09:20:42.889850 np0000006200 nova-scheduler[96623]: DEBUG cotyledon.oslo_config_glue [-] zvm.reachable_timeout = 300 {{(pid=96623) log_opt_values /opt/stack/data/venv/lib/python3.12/site-packages/oslo_config/cfg.py:3253}}
Jul 31 09:20:42.889850 np0000006200 nova-scheduler[96623]: DEBUG cotyledon.oslo_config_glue [-] oslo_versionedobjects.fatal_exception_format_errors = False {{(pid=96623) log_opt_values /opt/stack/data/venv/lib/python3.12/site-packages/oslo_config/cfg.py:3253}}
Jul 31 09:20:42.890133 np0000006200 nova-scheduler[96618]: INFO dbcounter [None req-f84d9549-545b-4fe7-bdd8-61d71c1a9a9c None None] Registered counter for database nova_cell0
Jul 31 09:20:42.890191 np0000006200 nova-scheduler[96623]: DEBUG cotyledon.oslo_config_glue [-] oslo_middleware.http_basic_auth_user_file = /etc/htpasswd {{(pid=96623) log_opt_values /opt/stack/data/venv/lib/python3.12/site-packages/oslo_config/cfg.py:3253}}
Jul 31 09:20:42.890191 np0000006200 nova-scheduler[96623]: DEBUG cotyledon.oslo_config_glue [-] oslo_messaging_metrics.metrics_buffer_size = 1000 {{(pid=96623) log_opt_values /opt/stack/data/venv/lib/python3.12/site-packages/oslo_config/cfg.py:3253}}
Jul 31 09:20:42.890191 np0000006200 nova-scheduler[96623]: DEBUG cotyledon.oslo_config_glue [-] oslo_messaging_metrics.metrics_enabled = False {{(pid=96623) log_opt_values /opt/stack/data/venv/lib/python3.12/site-packages/oslo_config/cfg.py:3253}}
Jul 31 09:20:42.890191 np0000006200 nova-scheduler[96623]: DEBUG cotyledon.oslo_config_glue [-] oslo_messaging_metrics.metrics_process_name = {{(pid=96623) log_opt_values /opt/stack/data/venv/lib/python3.12/site-packages/oslo_config/cfg.py:3253}}
Jul 31 09:20:42.890191 np0000006200 nova-scheduler[96623]: DEBUG cotyledon.oslo_config_glue [-] oslo_messaging_metrics.metrics_socket_file = /var/tmp/metrics_collector.sock {{(pid=96623) log_opt_values /opt/stack/data/venv/lib/python3.12/site-packages/oslo_config/cfg.py:3253}}
Jul 31 09:20:42.890191 np0000006200 nova-scheduler[96623]: DEBUG cotyledon.oslo_config_glue [-] oslo_messaging_metrics.metrics_thread_stop_timeout = 10 {{(pid=96623) log_opt_values /opt/stack/data/venv/lib/python3.12/site-packages/oslo_config/cfg.py:3253}}
Jul 31 09:20:42.890191 np0000006200 nova-scheduler[96623]: DEBUG cotyledon.oslo_config_glue [-] profiler.connection_string = messaging:// {{(pid=96623) log_opt_values /opt/stack/data/venv/lib/python3.12/site-packages/oslo_config/cfg.py:3253}}
Jul 31 09:20:42.890191 np0000006200 nova-scheduler[96623]: DEBUG cotyledon.oslo_config_glue [-] profiler.enabled = False {{(pid=96623) log_opt_values /opt/stack/data/venv/lib/python3.12/site-packages/oslo_config/cfg.py:3253}}
Jul 31 09:20:42.890191 np0000006200 nova-scheduler[96623]: DEBUG cotyledon.oslo_config_glue [-] profiler.es_doc_type = notification {{(pid=96623) log_opt_values /opt/stack/data/venv/lib/python3.12/site-packages/oslo_config/cfg.py:3253}}
Jul 31 09:20:42.890506 np0000006200 nova-scheduler[96623]: DEBUG cotyledon.oslo_config_glue [-] profiler.es_scroll_size = 10000 {{(pid=96623) log_opt_values /opt/stack/data/venv/lib/python3.12/site-packages/oslo_config/cfg.py:3253}}
Jul 31 09:20:42.890506 np0000006200 nova-scheduler[96623]: DEBUG cotyledon.oslo_config_glue [-] profiler.es_scroll_time = 2m {{(pid=96623) log_opt_values /opt/stack/data/venv/lib/python3.12/site-packages/oslo_config/cfg.py:3253}}
Jul 31 09:20:42.890506 np0000006200 nova-scheduler[96623]: DEBUG cotyledon.oslo_config_glue [-] profiler.filter_error_trace = False {{(pid=96623) log_opt_values /opt/stack/data/venv/lib/python3.12/site-packages/oslo_config/cfg.py:3253}}
Jul 31 09:20:42.890506 np0000006200 nova-scheduler[96623]: DEBUG cotyledon.oslo_config_glue [-] profiler.hmac_keys = **** {{(pid=96623) log_opt_values /opt/stack/data/venv/lib/python3.12/site-packages/oslo_config/cfg.py:3253}}
Jul 31 09:20:42.890506 np0000006200 nova-scheduler[96623]: DEBUG cotyledon.oslo_config_glue [-] profiler.sentinel_service_name = mymaster {{(pid=96623) log_opt_values /opt/stack/data/venv/lib/python3.12/site-packages/oslo_config/cfg.py:3253}}
Jul 31 09:20:42.890506 np0000006200 nova-scheduler[96623]: DEBUG cotyledon.oslo_config_glue [-] profiler.socket_timeout = 0.1 {{(pid=96623) log_opt_values /opt/stack/data/venv/lib/python3.12/site-packages/oslo_config/cfg.py:3253}}
Jul 31 09:20:42.890506 np0000006200 nova-scheduler[96623]: DEBUG cotyledon.oslo_config_glue [-] profiler.trace_requests = False {{(pid=96623) log_opt_values /opt/stack/data/venv/lib/python3.12/site-packages/oslo_config/cfg.py:3253}}
Jul 31 09:20:42.890506 np0000006200 nova-scheduler[96623]: DEBUG cotyledon.oslo_config_glue [-] profiler.trace_sqlalchemy = False {{(pid=96623) log_opt_values /opt/stack/data/venv/lib/python3.12/site-packages/oslo_config/cfg.py:3253}}
Jul 31 09:20:42.890506 np0000006200 nova-scheduler[96623]: DEBUG cotyledon.oslo_config_glue [-] profiler_jaeger.process_tags = {} {{(pid=96623) log_opt_values /opt/stack/data/venv/lib/python3.12/site-packages/oslo_config/cfg.py:3253}}
Jul 31 09:20:42.890791 np0000006200 nova-scheduler[96623]: DEBUG cotyledon.oslo_config_glue [-] profiler_jaeger.service_name_prefix = None {{(pid=96623) log_opt_values /opt/stack/data/venv/lib/python3.12/site-packages/oslo_config/cfg.py:3253}}
Jul 31 09:20:42.890791 np0000006200 nova-scheduler[96623]: DEBUG cotyledon.oslo_config_glue [-] profiler_otlp.service_name_prefix = None {{(pid=96623) log_opt_values /opt/stack/data/venv/lib/python3.12/site-packages/oslo_config/cfg.py:3253}}
Jul 31 09:20:42.890791 np0000006200 nova-scheduler[96623]: DEBUG cotyledon.oslo_config_glue [-] oslo_messaging_rabbit.amqp_auto_delete = False {{(pid=96623) log_opt_values /opt/stack/data/venv/lib/python3.12/site-packages/oslo_config/cfg.py:3253}}
Jul 31 09:20:42.890791 np0000006200 nova-scheduler[96623]: DEBUG cotyledon.oslo_config_glue [-] oslo_messaging_rabbit.amqp_durable_queues = False {{(pid=96623) log_opt_values /opt/stack/data/venv/lib/python3.12/site-packages/oslo_config/cfg.py:3253}}
Jul 31 09:20:42.890791 np0000006200 nova-scheduler[96623]: DEBUG cotyledon.oslo_config_glue [-] oslo_messaging_rabbit.conn_pool_min_size = 2 {{(pid=96623) log_opt_values /opt/stack/data/venv/lib/python3.12/site-packages/oslo_config/cfg.py:3253}}
Jul 31 09:20:42.890791 np0000006200 nova-scheduler[96623]: DEBUG cotyledon.oslo_config_glue [-] oslo_messaging_rabbit.conn_pool_ttl = 1200 {{(pid=96623) log_opt_values /opt/stack/data/venv/lib/python3.12/site-packages/oslo_config/cfg.py:3253}}
Jul 31 09:20:42.890791 np0000006200 nova-scheduler[96623]: DEBUG cotyledon.oslo_config_glue [-] oslo_messaging_rabbit.direct_mandatory_flag = True {{(pid=96623) log_opt_values /opt/stack/data/venv/lib/python3.12/site-packages/oslo_config/cfg.py:3253}}
Jul 31 09:20:42.890791 np0000006200 nova-scheduler[96623]: DEBUG cotyledon.oslo_config_glue [-] oslo_messaging_rabbit.enable_cancel_on_failover = False {{(pid=96623) log_opt_values /opt/stack/data/venv/lib/python3.12/site-packages/oslo_config/cfg.py:3253}}
Jul 31 09:20:42.890791 np0000006200 nova-scheduler[96623]: DEBUG cotyledon.oslo_config_glue [-] oslo_messaging_rabbit.heartbeat_rate = 3 {{(pid=96623) log_opt_values /opt/stack/data/venv/lib/python3.12/site-packages/oslo_config/cfg.py:3253}}
Jul 31 09:20:42.891094 np0000006200 nova-scheduler[96623]: DEBUG cotyledon.oslo_config_glue [-] oslo_messaging_rabbit.heartbeat_timeout_threshold = 60 {{(pid=96623) log_opt_values /opt/stack/data/venv/lib/python3.12/site-packages/oslo_config/cfg.py:3253}}
Jul 31 09:20:42.891094 np0000006200 nova-scheduler[96623]: DEBUG cotyledon.oslo_config_glue [-] oslo_messaging_rabbit.hostname = np0000006200 {{(pid=96623) log_opt_values /opt/stack/data/venv/lib/python3.12/site-packages/oslo_config/cfg.py:3253}}
Jul 31 09:20:42.891094 np0000006200 nova-scheduler[96623]: DEBUG cotyledon.oslo_config_glue [-] oslo_messaging_rabbit.kombu_compression = None {{(pid=96623) log_opt_values /opt/stack/data/venv/lib/python3.12/site-packages/oslo_config/cfg.py:3253}}
Jul 31 09:20:42.891094 np0000006200 nova-scheduler[96623]: DEBUG cotyledon.oslo_config_glue [-] oslo_messaging_rabbit.kombu_failover_strategy = round-robin {{(pid=96623) log_opt_values /opt/stack/data/venv/lib/python3.12/site-packages/oslo_config/cfg.py:3253}}
Jul 31 09:20:42.891094 np0000006200 nova-scheduler[96623]: DEBUG cotyledon.oslo_config_glue [-] oslo_messaging_rabbit.kombu_missing_consumer_retry_timeout = 60 {{(pid=96623) log_opt_values /opt/stack/data/venv/lib/python3.12/site-packages/oslo_config/cfg.py:3253}}
Jul 31 09:20:42.891094 np0000006200 nova-scheduler[96623]: DEBUG cotyledon.oslo_config_glue [-] oslo_messaging_rabbit.kombu_reconnect_delay = 1.0 {{(pid=96623) log_opt_values /opt/stack/data/venv/lib/python3.12/site-packages/oslo_config/cfg.py:3253}}
Jul 31 09:20:42.891094 np0000006200 nova-scheduler[96623]: DEBUG cotyledon.oslo_config_glue [-] oslo_messaging_rabbit.kombu_reconnect_splay = 0.0 {{(pid=96623) log_opt_values /opt/stack/data/venv/lib/python3.12/site-packages/oslo_config/cfg.py:3253}}
Jul 31 09:20:42.891094 np0000006200 nova-scheduler[96623]: DEBUG cotyledon.oslo_config_glue [-] oslo_messaging_rabbit.processname = nova-scheduler {{(pid=96623) log_opt_values /opt/stack/data/venv/lib/python3.12/site-packages/oslo_config/cfg.py:3253}}
Jul 31 09:20:42.891094 np0000006200 nova-scheduler[96623]: DEBUG cotyledon.oslo_config_glue [-] oslo_messaging_rabbit.rabbit_ha_queues = False {{(pid=96623) log_opt_values /opt/stack/data/venv/lib/python3.12/site-packages/oslo_config/cfg.py:3253}}
Jul 31 09:20:42.891403 np0000006200 nova-scheduler[96623]: DEBUG cotyledon.oslo_config_glue [-] oslo_messaging_rabbit.rabbit_interval_max = 30 {{(pid=96623) log_opt_values /opt/stack/data/venv/lib/python3.12/site-packages/oslo_config/cfg.py:3253}}
Jul 31 09:20:42.891403 np0000006200 nova-scheduler[96623]: DEBUG cotyledon.oslo_config_glue [-] oslo_messaging_rabbit.rabbit_login_method = AMQPLAIN {{(pid=96623) log_opt_values /opt/stack/data/venv/lib/python3.12/site-packages/oslo_config/cfg.py:3253}}
Jul 31 09:20:42.891403 np0000006200 nova-scheduler[96623]: DEBUG cotyledon.oslo_config_glue [-] oslo_messaging_rabbit.rabbit_qos_prefetch_count = 0 {{(pid=96623) log_opt_values /opt/stack/data/venv/lib/python3.12/site-packages/oslo_config/cfg.py:3253}}
Jul 31 09:20:42.891403 np0000006200 nova-scheduler[96623]: DEBUG cotyledon.oslo_config_glue [-] oslo_messaging_rabbit.rabbit_quorum_delivery_limit = 0 {{(pid=96623) log_opt_values /opt/stack/data/venv/lib/python3.12/site-packages/oslo_config/cfg.py:3253}}
Jul 31 09:20:42.891403 np0000006200 nova-scheduler[96623]: DEBUG cotyledon.oslo_config_glue [-] oslo_messaging_rabbit.rabbit_quorum_max_memory_bytes = 0 {{(pid=96623) log_opt_values /opt/stack/data/venv/lib/python3.12/site-packages/oslo_config/cfg.py:3253}}
Jul 31 09:20:42.891403 np0000006200 nova-scheduler[96623]: DEBUG cotyledon.oslo_config_glue [-] oslo_messaging_rabbit.rabbit_quorum_max_memory_length = 0 {{(pid=96623) log_opt_values /opt/stack/data/venv/lib/python3.12/site-packages/oslo_config/cfg.py:3253}}
Jul 31 09:20:42.891403 np0000006200 nova-scheduler[96623]: DEBUG cotyledon.oslo_config_glue [-] oslo_messaging_rabbit.rabbit_quorum_queue = False {{(pid=96623) log_opt_values /opt/stack/data/venv/lib/python3.12/site-packages/oslo_config/cfg.py:3253}}
Jul 31 09:20:42.891403 np0000006200 nova-scheduler[96623]: DEBUG cotyledon.oslo_config_glue [-] oslo_messaging_rabbit.rabbit_retry_backoff = 2 {{(pid=96623) log_opt_values /opt/stack/data/venv/lib/python3.12/site-packages/oslo_config/cfg.py:3253}}
Jul 31 09:20:42.891403 np0000006200 nova-scheduler[96623]: DEBUG cotyledon.oslo_config_glue [-] oslo_messaging_rabbit.rabbit_retry_interval = 1 {{(pid=96623) log_opt_values /opt/stack/data/venv/lib/python3.12/site-packages/oslo_config/cfg.py:3253}}
Jul 31 09:20:42.891707 np0000006200 nova-scheduler[96623]: DEBUG cotyledon.oslo_config_glue [-] oslo_messaging_rabbit.rabbit_stream_fanout = False {{(pid=96623) log_opt_values /opt/stack/data/venv/lib/python3.12/site-packages/oslo_config/cfg.py:3253}}
Jul 31 09:20:42.891707 np0000006200 nova-scheduler[96623]: DEBUG cotyledon.oslo_config_glue [-] oslo_messaging_rabbit.rabbit_transient_queues_ttl = 1800 {{(pid=96623) log_opt_values /opt/stack/data/venv/lib/python3.12/site-packages/oslo_config/cfg.py:3253}}
Jul 31 09:20:42.891707 np0000006200 nova-scheduler[96623]: DEBUG cotyledon.oslo_config_glue [-] oslo_messaging_rabbit.rabbit_transient_quorum_queue = False {{(pid=96623) log_opt_values /opt/stack/data/venv/lib/python3.12/site-packages/oslo_config/cfg.py:3253}}
Jul 31 09:20:42.891707 np0000006200 nova-scheduler[96623]: DEBUG cotyledon.oslo_config_glue [-] oslo_messaging_rabbit.rpc_conn_pool_size = 30 {{(pid=96623) log_opt_values /opt/stack/data/venv/lib/python3.12/site-packages/oslo_config/cfg.py:3253}}
Jul 31 09:20:42.891707 np0000006200 nova-scheduler[96623]: DEBUG cotyledon.oslo_config_glue [-] oslo_messaging_rabbit.ssl = False {{(pid=96623) log_opt_values /opt/stack/data/venv/lib/python3.12/site-packages/oslo_config/cfg.py:3253}}
Jul 31 09:20:42.891707 np0000006200 nova-scheduler[96623]: DEBUG cotyledon.oslo_config_glue [-] oslo_messaging_rabbit.ssl_ca_file = {{(pid=96623) log_opt_values /opt/stack/data/venv/lib/python3.12/site-packages/oslo_config/cfg.py:3253}}
Jul 31 09:20:42.891707 np0000006200 nova-scheduler[96623]: DEBUG cotyledon.oslo_config_glue [-] oslo_messaging_rabbit.ssl_cert_file = {{(pid=96623) log_opt_values /opt/stack/data/venv/lib/python3.12/site-packages/oslo_config/cfg.py:3253}}
Jul 31 09:20:42.891707 np0000006200 nova-scheduler[96623]: DEBUG cotyledon.oslo_config_glue [-] oslo_messaging_rabbit.ssl_enforce_fips_mode = False {{(pid=96623) log_opt_values /opt/stack/data/venv/lib/python3.12/site-packages/oslo_config/cfg.py:3253}}
Jul 31 09:20:42.891707 np0000006200 nova-scheduler[96623]: DEBUG cotyledon.oslo_config_glue [-] oslo_messaging_rabbit.ssl_enforce_hostname_verification = True {{(pid=96623) log_opt_values /opt/stack/data/venv/lib/python3.12/site-packages/oslo_config/cfg.py:3253}}
Jul 31 09:20:42.891885 np0000006200 nova-scheduler[96623]: DEBUG cotyledon.oslo_config_glue [-] oslo_messaging_rabbit.ssl_key_file = {{(pid=96623) log_opt_values /opt/stack/data/venv/lib/python3.12/site-packages/oslo_config/cfg.py:3253}}
Jul 31 09:20:42.891885 np0000006200 nova-scheduler[96623]: DEBUG cotyledon.oslo_config_glue [-] oslo_messaging_rabbit.ssl_version = {{(pid=96623) log_opt_values /opt/stack/data/venv/lib/python3.12/site-packages/oslo_config/cfg.py:3253}}
Jul 31 09:20:42.891885 np0000006200 nova-scheduler[96623]: DEBUG cotyledon.oslo_config_glue [-] oslo_messaging_rabbit.use_queue_manager = False {{(pid=96623) log_opt_values /opt/stack/data/venv/lib/python3.12/site-packages/oslo_config/cfg.py:3253}}
Jul 31 09:20:42.891885 np0000006200 nova-scheduler[96623]: DEBUG cotyledon.oslo_config_glue [-] oslo_messaging_notifications.driver = ['messagingv2'] {{(pid=96623) log_opt_values /opt/stack/data/venv/lib/python3.12/site-packages/oslo_config/cfg.py:3253}}
Jul 31 09:20:42.891885 np0000006200 nova-scheduler[96623]: DEBUG cotyledon.oslo_config_glue [-] oslo_messaging_notifications.retry = -1 {{(pid=96623) log_opt_values /opt/stack/data/venv/lib/python3.12/site-packages/oslo_config/cfg.py:3253}}
Jul 31 09:20:42.891885 np0000006200 nova-scheduler[96623]: DEBUG cotyledon.oslo_config_glue [-] oslo_messaging_notifications.topics = ['notifications'] {{(pid=96623) log_opt_values /opt/stack/data/venv/lib/python3.12/site-packages/oslo_config/cfg.py:3253}}
Jul 31 09:20:42.891885 np0000006200 nova-scheduler[96623]: DEBUG cotyledon.oslo_config_glue [-] oslo_messaging_notifications.transport_url = **** {{(pid=96623) log_opt_values /opt/stack/data/venv/lib/python3.12/site-packages/oslo_config/cfg.py:3253}}
Jul 31 09:20:42.891885 np0000006200 nova-scheduler[96623]: DEBUG cotyledon.oslo_config_glue [-] oslo_limit.auth_section = None {{(pid=96623) log_opt_values /opt/stack/data/venv/lib/python3.12/site-packages/oslo_config/cfg.py:3253}}
Jul 31 09:20:42.891885 np0000006200 nova-scheduler[96623]: DEBUG cotyledon.oslo_config_glue [-] oslo_limit.auth_type = None {{(pid=96623) log_opt_values /opt/stack/data/venv/lib/python3.12/site-packages/oslo_config/cfg.py:3253}}
Jul 31 09:20:42.892188 np0000006200 nova-scheduler[96623]: DEBUG cotyledon.oslo_config_glue [-] oslo_limit.cafile = None {{(pid=96623) log_opt_values /opt/stack/data/venv/lib/python3.12/site-packages/oslo_config/cfg.py:3253}}
Jul 31 09:20:42.892188 np0000006200 nova-scheduler[96623]: DEBUG cotyledon.oslo_config_glue [-] oslo_limit.certfile = None {{(pid=96623) log_opt_values /opt/stack/data/venv/lib/python3.12/site-packages/oslo_config/cfg.py:3253}}
Jul 31 09:20:42.892188 np0000006200 nova-scheduler[96623]: DEBUG cotyledon.oslo_config_glue [-] oslo_limit.collect_timing = False {{(pid=96623) log_opt_values /opt/stack/data/venv/lib/python3.12/site-packages/oslo_config/cfg.py:3253}}
Jul 31 09:20:42.892188 np0000006200 nova-scheduler[96623]: DEBUG cotyledon.oslo_config_glue [-] oslo_limit.connect_retries = None {{(pid=96623) log_opt_values /opt/stack/data/venv/lib/python3.12/site-packages/oslo_config/cfg.py:3253}}
Jul 31 09:20:42.892188 np0000006200 nova-scheduler[96623]: DEBUG cotyledon.oslo_config_glue [-] oslo_limit.connect_retry_delay = None {{(pid=96623) log_opt_values /opt/stack/data/venv/lib/python3.12/site-packages/oslo_config/cfg.py:3253}}
Jul 31 09:20:42.892188 np0000006200 nova-scheduler[96623]: DEBUG cotyledon.oslo_config_glue [-] oslo_limit.endpoint_id = None {{(pid=96623) log_opt_values /opt/stack/data/venv/lib/python3.12/site-packages/oslo_config/cfg.py:3253}}
Jul 31 09:20:42.892188 np0000006200 nova-scheduler[96623]: DEBUG cotyledon.oslo_config_glue [-] oslo_limit.endpoint_interface = public {{(pid=96623) log_opt_values /opt/stack/data/venv/lib/python3.12/site-packages/oslo_config/cfg.py:3253}}
Jul 31 09:20:42.892188 np0000006200 nova-scheduler[96623]: DEBUG cotyledon.oslo_config_glue [-] oslo_limit.endpoint_override = None {{(pid=96623) log_opt_values /opt/stack/data/venv/lib/python3.12/site-packages/oslo_config/cfg.py:3253}}
Jul 31 09:20:42.892188 np0000006200 nova-scheduler[96623]: DEBUG cotyledon.oslo_config_glue [-] oslo_limit.endpoint_region_name = None {{(pid=96623) log_opt_values /opt/stack/data/venv/lib/python3.12/site-packages/oslo_config/cfg.py:3253}}
Jul 31 09:20:42.892441 np0000006200 nova-scheduler[96623]: DEBUG cotyledon.oslo_config_glue [-] oslo_limit.endpoint_service_name = None {{(pid=96623) log_opt_values /opt/stack/data/venv/lib/python3.12/site-packages/oslo_config/cfg.py:3253}}
Jul 31 09:20:42.892441 np0000006200 nova-scheduler[96623]: DEBUG cotyledon.oslo_config_glue [-] oslo_limit.endpoint_service_type = None {{(pid=96623) log_opt_values /opt/stack/data/venv/lib/python3.12/site-packages/oslo_config/cfg.py:3253}}
Jul 31 09:20:42.892441 np0000006200 nova-scheduler[96623]: DEBUG cotyledon.oslo_config_glue [-] oslo_limit.insecure = False {{(pid=96623) log_opt_values /opt/stack/data/venv/lib/python3.12/site-packages/oslo_config/cfg.py:3253}}
Jul 31 09:20:42.892441 np0000006200 nova-scheduler[96623]: DEBUG cotyledon.oslo_config_glue [-] oslo_limit.keyfile = None {{(pid=96623) log_opt_values /opt/stack/data/venv/lib/python3.12/site-packages/oslo_config/cfg.py:3253}}
Jul 31 09:20:42.892441 np0000006200 nova-scheduler[96623]: DEBUG cotyledon.oslo_config_glue [-] oslo_limit.max_version = None {{(pid=96623) log_opt_values /opt/stack/data/venv/lib/python3.12/site-packages/oslo_config/cfg.py:3253}}
Jul 31 09:20:42.892441 np0000006200 nova-scheduler[96623]: DEBUG cotyledon.oslo_config_glue [-] oslo_limit.min_version = None {{(pid=96623) log_opt_values /opt/stack/data/venv/lib/python3.12/site-packages/oslo_config/cfg.py:3253}}
Jul 31 09:20:42.892441 np0000006200 nova-scheduler[96623]: DEBUG cotyledon.oslo_config_glue [-] oslo_limit.region_name = None {{(pid=96623) log_opt_values /opt/stack/data/venv/lib/python3.12/site-packages/oslo_config/cfg.py:3253}}
Jul 31 09:20:42.892441 np0000006200 nova-scheduler[96623]: DEBUG cotyledon.oslo_config_glue [-] oslo_limit.retriable_status_codes = None {{(pid=96623) log_opt_values /opt/stack/data/venv/lib/python3.12/site-packages/oslo_config/cfg.py:3253}}
Jul 31 09:20:42.892441 np0000006200 nova-scheduler[96623]: DEBUG cotyledon.oslo_config_glue [-] oslo_limit.service_name = None {{(pid=96623) log_opt_values /opt/stack/data/venv/lib/python3.12/site-packages/oslo_config/cfg.py:3253}}
Jul 31 09:20:42.892660 np0000006200 nova-scheduler[96623]: DEBUG cotyledon.oslo_config_glue [-] oslo_limit.service_type = None {{(pid=96623) log_opt_values /opt/stack/data/venv/lib/python3.12/site-packages/oslo_config/cfg.py:3253}}
Jul 31 09:20:42.892660 np0000006200 nova-scheduler[96623]: DEBUG cotyledon.oslo_config_glue [-] oslo_limit.split_loggers = False {{(pid=96623) log_opt_values /opt/stack/data/venv/lib/python3.12/site-packages/oslo_config/cfg.py:3253}}
Jul 31 09:20:42.892660 np0000006200 nova-scheduler[96623]: DEBUG cotyledon.oslo_config_glue [-] oslo_limit.status_code_retries = None {{(pid=96623) log_opt_values /opt/stack/data/venv/lib/python3.12/site-packages/oslo_config/cfg.py:3253}}
Jul 31 09:20:42.892660 np0000006200 nova-scheduler[96623]: DEBUG cotyledon.oslo_config_glue [-] oslo_limit.status_code_retry_delay = None {{(pid=96623) log_opt_values /opt/stack/data/venv/lib/python3.12/site-packages/oslo_config/cfg.py:3253}}
Jul 31 09:20:42.892660 np0000006200 nova-scheduler[96623]: DEBUG cotyledon.oslo_config_glue [-] oslo_limit.timeout = None {{(pid=96623) log_opt_values /opt/stack/data/venv/lib/python3.12/site-packages/oslo_config/cfg.py:3253}}
Jul 31 09:20:42.892660 np0000006200 nova-scheduler[96623]: DEBUG cotyledon.oslo_config_glue [-] oslo_limit.valid_interfaces = None {{(pid=96623) log_opt_values /opt/stack/data/venv/lib/python3.12/site-packages/oslo_config/cfg.py:3253}}
Jul 31 09:20:42.892660 np0000006200 nova-scheduler[96623]: DEBUG cotyledon.oslo_config_glue [-] oslo_limit.version = None {{(pid=96623) log_opt_values /opt/stack/data/venv/lib/python3.12/site-packages/oslo_config/cfg.py:3253}}
Jul 31 09:20:42.892660 np0000006200 nova-scheduler[96623]: DEBUG cotyledon.oslo_config_glue [-] oslo_reports.file_event_handler = None {{(pid=96623) log_opt_values /opt/stack/data/venv/lib/python3.12/site-packages/oslo_config/cfg.py:3253}}
Jul 31 09:20:42.892660 np0000006200 nova-scheduler[96623]: DEBUG cotyledon.oslo_config_glue [-] oslo_reports.file_event_handler_interval = 1 {{(pid=96623) log_opt_values /opt/stack/data/venv/lib/python3.12/site-packages/oslo_config/cfg.py:3253}}
Jul 31 09:20:42.892925 np0000006200 nova-scheduler[96623]: DEBUG cotyledon.oslo_config_glue [-] oslo_reports.log_dir = None {{(pid=96623) log_opt_values /opt/stack/data/venv/lib/python3.12/site-packages/oslo_config/cfg.py:3253}}
Jul 31 09:20:42.892925 np0000006200 nova-scheduler[96623]: DEBUG cotyledon.oslo_config_glue [-] ******************************************************************************** {{(pid=96623) log_opt_values /opt/stack/data/venv/lib/python3.12/site-packages/oslo_config/cfg.py:3260}}
Jul 31 09:20:42.892925 np0000006200 nova-scheduler[96623]: DEBUG cotyledon._service_worker [-] Run service ServiceWrapper(3) [96623] {{(pid=96623) wait_forever /opt/stack/data/venv/lib/python3.12/site-packages/cotyledon/_service_worker.py:218}}
Jul 31 09:20:42.892925 np0000006200 nova-scheduler[96623]: INFO nova.service [-] Starting scheduler node (version 33.1.0)
Jul 31 09:20:42.892925 np0000006200 nova-scheduler[96623]: INFO dbcounter [None req-68e01082-55ec-4e54-8999-864bfe583a84 None None] Registered counter for database nova_cell0
Jul 31 09:20:42.893075 np0000006200 nova-scheduler[96604]: DEBUG oslo_db.sqlalchemy.engines [None req-a0b1f3a5-70a9-40c2-94d1-ba513d1994b0 None None] MySQL server mode set to STRICT_TRANS_TABLES,STRICT_ALL_TABLES,NO_ZERO_IN_DATE,NO_ZERO_DATE,ERROR_FOR_DIVISION_BY_ZERO,TRADITIONAL,NO_ENGINE_SUBSTITUTION {{(pid=96604) _check_effective_sql_mode /opt/stack/data/venv/lib/python3.12/site-packages/oslo_db/sqlalchemy/engines.py:325}}
Jul 31 09:20:42.893075 np0000006200 nova-scheduler[96604]: DEBUG dbcounter [-] [96604] Writer thread running {{(pid=96604) stat_writer /opt/stack/data/venv/lib/python3.12/site-packages/dbcounter.py:102}}
Jul 31 09:20:42.893138 np0000006200 nova-scheduler[96613]: DEBUG oslo_db.sqlalchemy.engines [None req-416f33d1-58b9-4129-8e88-b10fff3c6a86 None None] MySQL server mode set to STRICT_TRANS_TABLES,STRICT_ALL_TABLES,NO_ZERO_IN_DATE,NO_ZERO_DATE,ERROR_FOR_DIVISION_BY_ZERO,TRADITIONAL,NO_ENGINE_SUBSTITUTION {{(pid=96613) _check_effective_sql_mode /opt/stack/data/venv/lib/python3.12/site-packages/oslo_db/sqlalchemy/engines.py:325}}
Jul 31 09:20:42.893138 np0000006200 nova-scheduler[96613]: DEBUG dbcounter [-] [96613] Writer thread running {{(pid=96613) stat_writer /opt/stack/data/venv/lib/python3.12/site-packages/dbcounter.py:102}}
Jul 31 09:20:42.893310 np0000006200 nova-scheduler[96604]: DEBUG nova.service [None req-a0b1f3a5-70a9-40c2-94d1-ba513d1994b0 None None] Creating RPC server for service: nova-scheduler on topic: scheduler {{(pid=96604) start /opt/stack/nova/nova/service.py:196}}
Jul 31 09:20:42.893357 np0000006200 nova-scheduler[96623]: DEBUG oslo_db.sqlalchemy.engines [None req-68e01082-55ec-4e54-8999-864bfe583a84 None None] MySQL server mode set to STRICT_TRANS_TABLES,STRICT_ALL_TABLES,NO_ZERO_IN_DATE,NO_ZERO_DATE,ERROR_FOR_DIVISION_BY_ZERO,TRADITIONAL,NO_ENGINE_SUBSTITUTION {{(pid=96623) _check_effective_sql_mode /opt/stack/data/venv/lib/python3.12/site-packages/oslo_db/sqlalchemy/engines.py:325}}
Jul 31 09:20:42.894280 np0000006200 nova-scheduler[96613]: DEBUG nova.service [None req-416f33d1-58b9-4129-8e88-b10fff3c6a86 None None] Creating RPC server for service: nova-scheduler on topic: scheduler {{(pid=96613) start /opt/stack/nova/nova/service.py:196}}
Jul 31 09:20:42.897214 np0000006200 nova-scheduler[96618]: DEBUG oslo_db.sqlalchemy.engines [None req-f84d9549-545b-4fe7-bdd8-61d71c1a9a9c None None] MySQL server mode set to STRICT_TRANS_TABLES,STRICT_ALL_TABLES,NO_ZERO_IN_DATE,NO_ZERO_DATE,ERROR_FOR_DIVISION_BY_ZERO,TRADITIONAL,NO_ENGINE_SUBSTITUTION {{(pid=96618) _check_effective_sql_mode /opt/stack/data/venv/lib/python3.12/site-packages/oslo_db/sqlalchemy/engines.py:325}}
Jul 31 09:20:42.904863 np0000006200 nova-scheduler[96623]: DEBUG dbcounter [-] [96623] Writer thread running {{(pid=96623) stat_writer /opt/stack/data/venv/lib/python3.12/site-packages/dbcounter.py:102}}
Jul 31 09:20:42.913015 np0000006200 nova-scheduler[96623]: DEBUG nova.service [None req-68e01082-55ec-4e54-8999-864bfe583a84 None None] Creating RPC server for service: nova-scheduler on topic: scheduler {{(pid=96623) start /opt/stack/nova/nova/service.py:196}}
Jul 31 09:20:42.923013 np0000006200 nova-scheduler[96618]: DEBUG dbcounter [-] [96618] Writer thread running {{(pid=96618) stat_writer /opt/stack/data/venv/lib/python3.12/site-packages/dbcounter.py:102}}
Jul 31 09:20:42.926396 np0000006200 nova-scheduler[96618]: DEBUG nova.service [None req-f84d9549-545b-4fe7-bdd8-61d71c1a9a9c None None] Creating RPC server for service: nova-scheduler on topic: scheduler {{(pid=96618) start /opt/stack/nova/nova/service.py:196}}
Jul 31 09:20:42.929561 np0000006200 nova-scheduler[96604]: DEBUG nova.service [None req-a0b1f3a5-70a9-40c2-94d1-ba513d1994b0 None None] Join ServiceGroup membership for this service scheduler {{(pid=96604) start /opt/stack/nova/nova/service.py:222}}
Jul 31 09:20:42.929961 np0000006200 nova-scheduler[96604]: DEBUG nova.servicegroup.drivers.db [None req-a0b1f3a5-70a9-40c2-94d1-ba513d1994b0 None None] DB_Driver: join new ServiceGroup member np0000006200 to the scheduler group, service = {{(pid=96604) join /opt/stack/nova/nova/servicegroup/drivers/db.py:44}}
Jul 31 09:20:42.932688 np0000006200 nova-scheduler[96613]: DEBUG nova.service [None req-416f33d1-58b9-4129-8e88-b10fff3c6a86 None None] Join ServiceGroup membership for this service scheduler {{(pid=96613) start /opt/stack/nova/nova/service.py:222}}
Jul 31 09:20:42.933287 np0000006200 nova-scheduler[96613]: DEBUG nova.servicegroup.drivers.db [None req-416f33d1-58b9-4129-8e88-b10fff3c6a86 None None] DB_Driver: join new ServiceGroup member np0000006200 to the scheduler group, service = {{(pid=96613) join /opt/stack/nova/nova/servicegroup/drivers/db.py:44}}
Jul 31 09:20:42.938664 np0000006200 nova-scheduler[96623]: DEBUG nova.service [None req-68e01082-55ec-4e54-8999-864bfe583a84 None None] Join ServiceGroup membership for this service scheduler {{(pid=96623) start /opt/stack/nova/nova/service.py:222}}
Jul 31 09:20:42.939262 np0000006200 nova-scheduler[96623]: DEBUG nova.servicegroup.drivers.db [None req-68e01082-55ec-4e54-8999-864bfe583a84 None None] DB_Driver: join new ServiceGroup member np0000006200 to the scheduler group, service = {{(pid=96623) join /opt/stack/nova/nova/servicegroup/drivers/db.py:44}}
Jul 31 09:20:42.952136 np0000006200 nova-scheduler[96618]: DEBUG nova.service [None req-f84d9549-545b-4fe7-bdd8-61d71c1a9a9c None None] Join ServiceGroup membership for this service scheduler {{(pid=96618) start /opt/stack/nova/nova/service.py:222}}
Jul 31 09:20:42.952394 np0000006200 nova-scheduler[96618]: DEBUG nova.servicegroup.drivers.db [None req-f84d9549-545b-4fe7-bdd8-61d71c1a9a9c None None] DB_Driver: join new ServiceGroup member np0000006200 to the scheduler group, service = {{(pid=96618) join /opt/stack/nova/nova/servicegroup/drivers/db.py:44}}
Jul 31 09:20:45.941691 np0000006200 nova-scheduler[96623]: DEBUG oslo.service.backend._threading.loopingcall [None req-db4a1a9c-9664-4a53-ac50-47a89769984d None None] Dynamic interval looping call 'nova.service.Service.periodic_tasks' sleeping for 60.00 seconds {{(pid=96623) _run_loop /opt/stack/data/venv/lib/python3.12/site-packages/oslo_service/backend/_threading/loopingcall.py:125}}
Jul 31 09:20:47.948863 np0000006200 nova-scheduler[96604]: DEBUG oslo.service.backend._threading.loopingcall [-] Fixed interval looping call 'nova.servicegroup.drivers.db.DbDriver._report_state' sleeping for 119.99 seconds {{(pid=96604) _run_loop /opt/stack/data/venv/lib/python3.12/site-packages/oslo_service/backend/_threading/loopingcall.py:125}}
Jul 31 09:20:47.950467 np0000006200 nova-scheduler[96613]: DEBUG oslo.service.backend._threading.loopingcall [-] Fixed interval looping call 'nova.servicegroup.drivers.db.DbDriver._report_state' sleeping for 119.99 seconds {{(pid=96613) _run_loop /opt/stack/data/venv/lib/python3.12/site-packages/oslo_service/backend/_threading/loopingcall.py:125}}
Jul 31 09:20:47.957209 np0000006200 nova-scheduler[96623]: DEBUG oslo.service.backend._threading.loopingcall [-] Fixed interval looping call 'nova.servicegroup.drivers.db.DbDriver._report_state' sleeping for 119.99 seconds {{(pid=96623) _run_loop /opt/stack/data/venv/lib/python3.12/site-packages/oslo_service/backend/_threading/loopingcall.py:125}}
Jul 31 09:20:47.964036 np0000006200 nova-scheduler[96618]: DEBUG oslo.service.backend._threading.loopingcall [-] Fixed interval looping call 'nova.servicegroup.drivers.db.DbDriver._report_state' sleeping for 119.99 seconds {{(pid=96618) _run_loop /opt/stack/data/venv/lib/python3.12/site-packages/oslo_service/backend/_threading/loopingcall.py:125}}
Jul 31 09:20:51.408979 np0000006200 nova-scheduler[95494]: DEBUG dbcounter [-] [95494] Writing DB stats nova_api:SELECT=3 {{(pid=95494) stat_writer /opt/stack/data/venv/lib/python3.12/site-packages/dbcounter.py:115}}
Jul 31 09:20:51.562135 np0000006200 nova-scheduler[95494]: DEBUG dbcounter [-] [95494] Writing DB stats nova_cell0:SELECT=1 {{(pid=95494) stat_writer /opt/stack/data/venv/lib/python3.12/site-packages/dbcounter.py:115}}
Jul 31 09:20:51.562723 np0000006200 nova-scheduler[95494]: DEBUG dbcounter [-] [95494] Writing DB stats nova_cell1:SELECT=1 {{(pid=95494) stat_writer /opt/stack/data/venv/lib/python3.12/site-packages/dbcounter.py:115}}
Jul 31 09:20:53.954925 np0000006200 nova-scheduler[96618]: DEBUG oslo.service.backend._threading.loopingcall [None req-96f3e98d-8924-4c12-b15b-fd2adee4e680 None None] Dynamic interval looping call 'nova.service.Service.periodic_tasks' sleeping for 60.00 seconds {{(pid=96618) _run_loop /opt/stack/data/venv/lib/python3.12/site-packages/oslo_service/backend/_threading/loopingcall.py:125}}
Jul 31 09:20:57.941703 np0000006200 nova-scheduler[96604]: DEBUG dbcounter [-] [96604] Writing DB stats nova_cell0:SELECT=4,nova_cell0:INSERT=1,nova_cell0:UPDATE=1 {{(pid=96604) stat_writer /opt/stack/data/venv/lib/python3.12/site-packages/dbcounter.py:115}}
Jul 31 09:20:57.948469 np0000006200 nova-scheduler[96613]: DEBUG dbcounter [-] [96613] Writing DB stats nova_cell0:SELECT=5,nova_cell0:INSERT=1,nova_cell0:UPDATE=1 {{(pid=96613) stat_writer /opt/stack/data/venv/lib/python3.12/site-packages/dbcounter.py:115}}
Jul 31 09:20:57.951602 np0000006200 nova-scheduler[96623]: DEBUG dbcounter [-] [96623] Writing DB stats nova_cell0:SELECT=3 {{(pid=96623) stat_writer /opt/stack/data/venv/lib/python3.12/site-packages/dbcounter.py:115}}
Jul 31 09:20:57.961184 np0000006200 nova-scheduler[96618]: DEBUG dbcounter [-] [96618] Writing DB stats nova_cell0:SELECT=3 {{(pid=96618) stat_writer /opt/stack/data/venv/lib/python3.12/site-packages/dbcounter.py:115}}
Jul 31 09:20:58.934529 np0000006200 nova-scheduler[96604]: DEBUG oslo.service.backend._threading.loopingcall [None req-716a51e4-957d-4153-8efa-7afbe55508a6 None None] Dynamic interval looping call 'nova.service.Service.periodic_tasks' sleeping for 60.00 seconds {{(pid=96604) _run_loop /opt/stack/data/venv/lib/python3.12/site-packages/oslo_service/backend/_threading/loopingcall.py:125}}
Jul 31 09:21:30.937711 np0000006200 nova-scheduler[96613]: DEBUG oslo.service.backend._threading.loopingcall [None req-1a658043-e65f-481a-b27f-a421e2affcd1 None None] Dynamic interval looping call 'nova.service.Service.periodic_tasks' sleeping for 60.00 seconds {{(pid=96613) _run_loop /opt/stack/data/venv/lib/python3.12/site-packages/oslo_service/backend/_threading/loopingcall.py:125}}
Jul 31 09:21:45.942320 np0000006200 nova-scheduler[96623]: DEBUG oslo.service.backend._threading.loopingcall [None req-db4a1a9c-9664-4a53-ac50-47a89769984d None None] Dynamic interval looping call 'nova.service.Service.periodic_tasks' sleeping for 60.00 seconds {{(pid=96623) _run_loop /opt/stack/data/venv/lib/python3.12/site-packages/oslo_service/backend/_threading/loopingcall.py:125}}
Jul 31 09:21:53.955342 np0000006200 nova-scheduler[96618]: DEBUG oslo.service.backend._threading.loopingcall [None req-96f3e98d-8924-4c12-b15b-fd2adee4e680 None None] Dynamic interval looping call 'nova.service.Service.periodic_tasks' sleeping for 60.00 seconds {{(pid=96618) _run_loop /opt/stack/data/venv/lib/python3.12/site-packages/oslo_service/backend/_threading/loopingcall.py:125}}
Jul 31 09:21:58.935153 np0000006200 nova-scheduler[96604]: DEBUG oslo.service.backend._threading.loopingcall [None req-716a51e4-957d-4153-8efa-7afbe55508a6 None None] Dynamic interval looping call 'nova.service.Service.periodic_tasks' sleeping for 60.00 seconds {{(pid=96604) _run_loop /opt/stack/data/venv/lib/python3.12/site-packages/oslo_service/backend/_threading/loopingcall.py:125}}
Jul 31 09:22:30.938205 np0000006200 nova-scheduler[96613]: DEBUG oslo.service.backend._threading.loopingcall [None req-1a658043-e65f-481a-b27f-a421e2affcd1 None None] Dynamic interval looping call 'nova.service.Service.periodic_tasks' sleeping for 60.00 seconds {{(pid=96613) _run_loop /opt/stack/data/venv/lib/python3.12/site-packages/oslo_service/backend/_threading/loopingcall.py:125}}
Jul 31 09:22:45.942880 np0000006200 nova-scheduler[96623]: DEBUG oslo.service.backend._threading.loopingcall [None req-db4a1a9c-9664-4a53-ac50-47a89769984d None None] Dynamic interval looping call 'nova.service.Service.periodic_tasks' sleeping for 60.00 seconds {{(pid=96623) _run_loop /opt/stack/data/venv/lib/python3.12/site-packages/oslo_service/backend/_threading/loopingcall.py:125}}
Jul 31 09:22:47.950115 np0000006200 nova-scheduler[96604]: DEBUG oslo.service.backend._threading.loopingcall [-] Fixed interval looping call 'nova.servicegroup.drivers.db.DbDriver._report_state' sleeping for 119.99 seconds {{(pid=96604) _run_loop /opt/stack/data/venv/lib/python3.12/site-packages/oslo_service/backend/_threading/loopingcall.py:125}}
Jul 31 09:22:47.950793 np0000006200 nova-scheduler[96623]: DEBUG oslo.service.backend._threading.loopingcall [-] Fixed interval looping call 'nova.servicegroup.drivers.db.DbDriver._report_state' sleeping for 120.00 seconds {{(pid=96623) _run_loop /opt/stack/data/venv/lib/python3.12/site-packages/oslo_service/backend/_threading/loopingcall.py:125}}
Jul 31 09:22:47.952382 np0000006200 nova-scheduler[96613]: DEBUG oslo.service.backend._threading.loopingcall [-] Fixed interval looping call 'nova.servicegroup.drivers.db.DbDriver._report_state' sleeping for 119.99 seconds {{(pid=96613) _run_loop /opt/stack/data/venv/lib/python3.12/site-packages/oslo_service/backend/_threading/loopingcall.py:125}}
Jul 31 09:22:47.958131 np0000006200 nova-scheduler[96618]: DEBUG oslo.service.backend._threading.loopingcall [-] Fixed interval looping call 'nova.servicegroup.drivers.db.DbDriver._report_state' sleeping for 120.00 seconds {{(pid=96618) _run_loop /opt/stack/data/venv/lib/python3.12/site-packages/oslo_service/backend/_threading/loopingcall.py:125}}
Jul 31 09:22:53.955995 np0000006200 nova-scheduler[96618]: DEBUG oslo.service.backend._threading.loopingcall [None req-96f3e98d-8924-4c12-b15b-fd2adee4e680 None None] Dynamic interval looping call 'nova.service.Service.periodic_tasks' sleeping for 60.00 seconds {{(pid=96618) _run_loop /opt/stack/data/venv/lib/python3.12/site-packages/oslo_service/backend/_threading/loopingcall.py:125}}
Jul 31 09:22:57.943390 np0000006200 nova-scheduler[96604]: DEBUG dbcounter [-] [96604] Writing DB stats nova_cell0:SELECT=1,nova_cell0:UPDATE=1 {{(pid=96604) stat_writer /opt/stack/data/venv/lib/python3.12/site-packages/dbcounter.py:115}}
Jul 31 09:22:57.944547 np0000006200 nova-scheduler[96613]: DEBUG dbcounter [-] [96613] Writing DB stats nova_cell0:SELECT=1,nova_cell0:UPDATE=1 {{(pid=96613) stat_writer /opt/stack/data/venv/lib/python3.12/site-packages/dbcounter.py:115}}
Jul 31 09:22:57.948838 np0000006200 nova-scheduler[96623]: DEBUG dbcounter [-] [96623] Writing DB stats nova_cell0:SELECT=1 {{(pid=96623) stat_writer /opt/stack/data/venv/lib/python3.12/site-packages/dbcounter.py:115}}
Jul 31 09:22:57.956904 np0000006200 nova-scheduler[96618]: DEBUG dbcounter [-] [96618] Writing DB stats nova_cell0:SELECT=1 {{(pid=96618) stat_writer /opt/stack/data/venv/lib/python3.12/site-packages/dbcounter.py:115}}
Jul 31 09:22:58.935611 np0000006200 nova-scheduler[96604]: DEBUG oslo.service.backend._threading.loopingcall [None req-716a51e4-957d-4153-8efa-7afbe55508a6 None None] Dynamic interval looping call 'nova.service.Service.periodic_tasks' sleeping for 60.00 seconds {{(pid=96604) _run_loop /opt/stack/data/venv/lib/python3.12/site-packages/oslo_service/backend/_threading/loopingcall.py:125}}
Jul 31 09:23:13.053392 np0000006200 nova-scheduler[96604]: DEBUG nova.scheduler.manager [None req-ab5b226d-c2e2-459a-9d71-ea3a077c7dff tempest-DeleteServersTestJSON-1848174461 tempest-DeleteServersTestJSON-1848174461-project-member] Starting to schedule for instances: ['e436a096-a239-444c-bbdd-c4aa8a7f0262'] {{(pid=96604) select_destinations /opt/stack/nova/nova/scheduler/manager.py:209}}
Jul 31 09:23:13.054456 np0000006200 nova-scheduler[96604]: DEBUG nova.scheduler.request_filter [None req-ab5b226d-c2e2-459a-9d71-ea3a077c7dff tempest-DeleteServersTestJSON-1848174461 tempest-DeleteServersTestJSON-1848174461-project-member] compute_status_filter request filter added forbidden trait COMPUTE_STATUS_DISABLED {{(pid=96604) compute_status_filter /opt/stack/nova/nova/scheduler/request_filter.py:253}}
Jul 31 09:23:13.054581 np0000006200 nova-scheduler[96604]: DEBUG nova.scheduler.request_filter [None req-ab5b226d-c2e2-459a-9d71-ea3a077c7dff tempest-DeleteServersTestJSON-1848174461 tempest-DeleteServersTestJSON-1848174461-project-member] Request filter 'compute_status_filter' took 0.0 seconds {{(pid=96604) wrapper /opt/stack/nova/nova/scheduler/request_filter.py:46}}
Jul 31 09:23:13.055464 np0000006200 nova-scheduler[96604]: DEBUG nova.scheduler.request_filter [None req-ab5b226d-c2e2-459a-9d71-ea3a077c7dff tempest-DeleteServersTestJSON-1848174461 tempest-DeleteServersTestJSON-1848174461-project-member] Request filter 'accelerators_filter' took 0.0 seconds {{(pid=96604) wrapper /opt/stack/nova/nova/scheduler/request_filter.py:46}}
Jul 31 09:23:13.055683 np0000006200 nova-scheduler[96604]: DEBUG nova.scheduler.request_filter [None req-ab5b226d-c2e2-459a-9d71-ea3a077c7dff tempest-DeleteServersTestJSON-1848174461 tempest-DeleteServersTestJSON-1848174461-project-member] Request filter 'packed_virtqueue_filter' took 0.0 seconds {{(pid=96604) wrapper /opt/stack/nova/nova/scheduler/request_filter.py:46}}
Jul 31 09:23:13.057549 np0000006200 nova-scheduler[96604]: DEBUG nova.scheduler.request_filter [None req-ab5b226d-c2e2-459a-9d71-ea3a077c7dff tempest-DeleteServersTestJSON-1848174461 tempest-DeleteServersTestJSON-1848174461-project-member] Request filter 'remote_managed_ports_filter' took 0.0 seconds {{(pid=96604) wrapper /opt/stack/nova/nova/scheduler/request_filter.py:46}}
Jul 31 09:23:13.057549 np0000006200 nova-scheduler[96604]: DEBUG nova.scheduler.request_filter [None req-ab5b226d-c2e2-459a-9d71-ea3a077c7dff tempest-DeleteServersTestJSON-1848174461 tempest-DeleteServersTestJSON-1848174461-project-member] ephemeral_encryption_filter skipped {{(pid=96604) ephemeral_encryption_filter /opt/stack/nova/nova/scheduler/request_filter.py:426}}
Jul 31 09:23:13.057549 np0000006200 nova-scheduler[96604]: DEBUG nova.scheduler.request_filter [None req-ab5b226d-c2e2-459a-9d71-ea3a077c7dff tempest-DeleteServersTestJSON-1848174461 tempest-DeleteServersTestJSON-1848174461-project-member] virtio_sound_filter skipped {{(pid=96604) virtio_sound_filter /opt/stack/nova/nova/scheduler/request_filter.py:460}}
Jul 31 09:23:13.057549 np0000006200 nova-scheduler[96604]: DEBUG nova.scheduler.request_filter [None req-ab5b226d-c2e2-459a-9d71-ea3a077c7dff tempest-DeleteServersTestJSON-1848174461 tempest-DeleteServersTestJSON-1848174461-project-member] tpm_secret_security_filter skipped {{(pid=96604) tpm_secret_security_filter /opt/stack/nova/nova/scheduler/request_filter.py:477}}
Jul 31 09:23:13.660511 np0000006200 nova-scheduler[96604]: INFO nova.utils [None req-ab5b226d-c2e2-459a-9d71-ea3a077c7dff tempest-DeleteServersTestJSON-1848174461 tempest-DeleteServersTestJSON-1848174461-project-member] The cell worker thread pool ForkProcess-1.cell_worker is initialized
Jul 31 09:23:13.660888 np0000006200 nova-scheduler[96604]: DEBUG oslo_concurrency.lockutils [None req-ab5b226d-c2e2-459a-9d71-ea3a077c7dff tempest-DeleteServersTestJSON-1848174461 tempest-DeleteServersTestJSON-1848174461-project-member] Acquiring lock "ef6ad5f4-5ffe-4b32-b44a-c1a266cf99b1" by "nova.context.set_target_cell..get_or_set_cached_cell_and_set_connections" {{(pid=96604) inner /opt/stack/data/venv/lib/python3.12/site-packages/oslo_concurrency/lockutils.py:512}}
Jul 31 09:23:13.661112 np0000006200 nova-scheduler[96604]: DEBUG oslo_concurrency.lockutils [None req-ab5b226d-c2e2-459a-9d71-ea3a077c7dff tempest-DeleteServersTestJSON-1848174461 tempest-DeleteServersTestJSON-1848174461-project-member] Lock "ef6ad5f4-5ffe-4b32-b44a-c1a266cf99b1" acquired by "nova.context.set_target_cell..get_or_set_cached_cell_and_set_connections" :: waited 0.000s {{(pid=96604) inner /opt/stack/data/venv/lib/python3.12/site-packages/oslo_concurrency/lockutils.py:525}}
Jul 31 09:23:13.662763 np0000006200 nova-scheduler[96604]: DEBUG oslo_concurrency.lockutils [None req-ab5b226d-c2e2-459a-9d71-ea3a077c7dff tempest-DeleteServersTestJSON-1848174461 tempest-DeleteServersTestJSON-1848174461-project-member] Lock "ef6ad5f4-5ffe-4b32-b44a-c1a266cf99b1" "released" by "nova.context.set_target_cell..get_or_set_cached_cell_and_set_connections" :: held 0.001s {{(pid=96604) inner /opt/stack/data/venv/lib/python3.12/site-packages/oslo_concurrency/lockutils.py:544}}
Jul 31 09:23:13.664870 np0000006200 nova-scheduler[96604]: INFO dbcounter [None req-ab5b226d-c2e2-459a-9d71-ea3a077c7dff tempest-DeleteServersTestJSON-1848174461 tempest-DeleteServersTestJSON-1848174461-project-member] Registered counter for database nova_cell1
Jul 31 09:23:13.713429 np0000006200 nova-scheduler[96604]: DEBUG oslo_db.sqlalchemy.engines [None req-ab5b226d-c2e2-459a-9d71-ea3a077c7dff tempest-DeleteServersTestJSON-1848174461 tempest-DeleteServersTestJSON-1848174461-project-member] MySQL server mode set to STRICT_TRANS_TABLES,STRICT_ALL_TABLES,NO_ZERO_IN_DATE,NO_ZERO_DATE,ERROR_FOR_DIVISION_BY_ZERO,TRADITIONAL,NO_ENGINE_SUBSTITUTION {{(pid=96604) _check_effective_sql_mode /opt/stack/data/venv/lib/python3.12/site-packages/oslo_db/sqlalchemy/engines.py:325}}
Jul 31 09:23:13.722574 np0000006200 nova-scheduler[96604]: DEBUG dbcounter [-] [96604] Writer thread running {{(pid=96604) stat_writer /opt/stack/data/venv/lib/python3.12/site-packages/dbcounter.py:102}}
Jul 31 09:23:13.737713 np0000006200 nova-scheduler[96604]: DEBUG oslo_db.sqlalchemy.engines [None req-ab5b226d-c2e2-459a-9d71-ea3a077c7dff tempest-DeleteServersTestJSON-1848174461 tempest-DeleteServersTestJSON-1848174461-project-member] Parent process 95494 forked (96604) with an open database connection, which is being discarded and recreated. {{(pid=96604) checkout /opt/stack/data/venv/lib/python3.12/site-packages/oslo_db/sqlalchemy/engines.py:402}}
Jul 31 09:23:13.789229 np0000006200 nova-scheduler[96604]: DEBUG dbcounter [-] [96604] Writer thread running {{(pid=96604) stat_writer /opt/stack/data/venv/lib/python3.12/site-packages/dbcounter.py:102}}
