Aug 25 11:41:03.698500 np0000008081 nova-scheduler[96608]: DEBUG cotyledon.oslo_config_glue [-] workarounds.enable_numa_live_migration = False {{(pid=96608) log_opt_values /opt/stack/data/venv/lib/python3.12/site-packages/oslo_config/cfg.py:3560}}
Aug 25 11:41:03.698705 np0000008081 nova-scheduler[96602]: DEBUG oslo_db.sqlalchemy.engines [None req-7c5f5ffb-1d92-42b2-bd85-1a9eb01966df None None] MySQL server mode set to STRICT_TRANS_TABLES,STRICT_ALL_TABLES,NO_ZERO_IN_DATE,NO_ZERO_DATE,ERROR_FOR_DIVISION_BY_ZERO,TRADITIONAL,NO_ENGINE_SUBSTITUTION {{(pid=96602) _check_effective_sql_mode /opt/stack/data/venv/lib/python3.12/site-packages/oslo_db/sqlalchemy/engines.py:325}}
Aug 25 11:41:03.698751 np0000008081 nova-scheduler[96608]: DEBUG cotyledon.oslo_config_glue [-] workarounds.enable_qemu_monitor_announce_self = False {{(pid=96608) log_opt_values /opt/stack/data/venv/lib/python3.12/site-packages/oslo_config/cfg.py:3560}}
Aug 25 11:41:03.698751 np0000008081 nova-scheduler[96608]: DEBUG cotyledon.oslo_config_glue [-] workarounds.ensure_libvirt_rbd_instance_dir_cleanup = False {{(pid=96608) log_opt_values /opt/stack/data/venv/lib/python3.12/site-packages/oslo_config/cfg.py:3560}}
Aug 25 11:41:03.698751 np0000008081 nova-scheduler[96608]: DEBUG cotyledon.oslo_config_glue [-] workarounds.handle_virt_lifecycle_events = True {{(pid=96608) log_opt_values /opt/stack/data/venv/lib/python3.12/site-packages/oslo_config/cfg.py:3560}}
Aug 25 11:41:03.698751 np0000008081 nova-scheduler[96608]: DEBUG cotyledon.oslo_config_glue [-] workarounds.libvirt_disable_apic = False {{(pid=96608) log_opt_values /opt/stack/data/venv/lib/python3.12/site-packages/oslo_config/cfg.py:3560}}
Aug 25 11:41:03.698751 np0000008081 nova-scheduler[96608]: DEBUG cotyledon.oslo_config_glue [-] workarounds.never_download_image_if_on_rbd = False {{(pid=96608) log_opt_values /opt/stack/data/venv/lib/python3.12/site-packages/oslo_config/cfg.py:3560}}
Aug 25 11:41:03.698751 np0000008081 nova-scheduler[96608]: DEBUG cotyledon.oslo_config_glue [-] workarounds.qemu_monitor_announce_self_count = 3 {{(pid=96608) log_opt_values /opt/stack/data/venv/lib/python3.12/site-packages/oslo_config/cfg.py:3560}}
Aug 25 11:41:03.698751 np0000008081 nova-scheduler[96608]: DEBUG cotyledon.oslo_config_glue [-] workarounds.qemu_monitor_announce_self_interval = 1 {{(pid=96608) log_opt_values /opt/stack/data/venv/lib/python3.12/site-packages/oslo_config/cfg.py:3560}}
Aug 25 11:41:03.698751 np0000008081 nova-scheduler[96608]: DEBUG cotyledon.oslo_config_glue [-] workarounds.reserve_disk_resource_for_image_cache = False {{(pid=96608) log_opt_values /opt/stack/data/venv/lib/python3.12/site-packages/oslo_config/cfg.py:3560}}
Aug 25 11:41:03.698751 np0000008081 nova-scheduler[96608]: DEBUG cotyledon.oslo_config_glue [-] workarounds.skip_cpu_compare_at_startup = False {{(pid=96608) log_opt_values /opt/stack/data/venv/lib/python3.12/site-packages/oslo_config/cfg.py:3560}}
Aug 25 11:41:03.699041 np0000008081 nova-scheduler[96608]: DEBUG cotyledon.oslo_config_glue [-] workarounds.skip_cpu_compare_on_dest = False {{(pid=96608) log_opt_values /opt/stack/data/venv/lib/python3.12/site-packages/oslo_config/cfg.py:3560}}
Aug 25 11:41:03.699041 np0000008081 nova-scheduler[96608]: DEBUG cotyledon.oslo_config_glue [-] workarounds.skip_hypervisor_version_check_on_lm = False {{(pid=96608) log_opt_values /opt/stack/data/venv/lib/python3.12/site-packages/oslo_config/cfg.py:3560}}
Aug 25 11:41:03.699041 np0000008081 nova-scheduler[96608]: DEBUG cotyledon.oslo_config_glue [-] workarounds.skip_reserve_in_use_ironic_nodes = False {{(pid=96608) log_opt_values /opt/stack/data/venv/lib/python3.12/site-packages/oslo_config/cfg.py:3560}}
Aug 25 11:41:03.699041 np0000008081 nova-scheduler[96608]: DEBUG cotyledon.oslo_config_glue [-] workarounds.unified_limits_count_pcpu_as_vcpu = False {{(pid=96608) log_opt_values /opt/stack/data/venv/lib/python3.12/site-packages/oslo_config/cfg.py:3560}}
Aug 25 11:41:03.699041 np0000008081 nova-scheduler[96608]: DEBUG cotyledon.oslo_config_glue [-] workarounds.wait_for_vif_plugged_event_during_hard_reboot = [] {{(pid=96608) log_opt_values /opt/stack/data/venv/lib/python3.12/site-packages/oslo_config/cfg.py:3560}}
Aug 25 11:41:03.699041 np0000008081 nova-scheduler[96608]: DEBUG cotyledon.oslo_config_glue [-] wsgi.api_paste_config = /etc/nova/api-paste.ini {{(pid=96608) log_opt_values /opt/stack/data/venv/lib/python3.12/site-packages/oslo_config/cfg.py:3560}}
Aug 25 11:41:03.699041 np0000008081 nova-scheduler[96608]: DEBUG cotyledon.oslo_config_glue [-] wsgi.secure_proxy_ssl_header = None {{(pid=96608) log_opt_values /opt/stack/data/venv/lib/python3.12/site-packages/oslo_config/cfg.py:3560}}
Aug 25 11:41:03.699041 np0000008081 nova-scheduler[96608]: DEBUG cotyledon.oslo_config_glue [-] zvm.ca_file = None {{(pid=96608) log_opt_values /opt/stack/data/venv/lib/python3.12/site-packages/oslo_config/cfg.py:3560}}
Aug 25 11:41:03.699041 np0000008081 nova-scheduler[96608]: DEBUG cotyledon.oslo_config_glue [-] zvm.cloud_connector_url = None {{(pid=96608) log_opt_values /opt/stack/data/venv/lib/python3.12/site-packages/oslo_config/cfg.py:3560}}
Aug 25 11:41:03.699300 np0000008081 nova-scheduler[96608]: DEBUG cotyledon.oslo_config_glue [-] zvm.image_tmp_path = /opt/stack/data/nova/images {{(pid=96608) log_opt_values /opt/stack/data/venv/lib/python3.12/site-packages/oslo_config/cfg.py:3560}}
Aug 25 11:41:03.699300 np0000008081 nova-scheduler[96608]: DEBUG cotyledon.oslo_config_glue [-] zvm.reachable_timeout = 300 {{(pid=96608) log_opt_values /opt/stack/data/venv/lib/python3.12/site-packages/oslo_config/cfg.py:3560}}
Aug 25 11:41:03.699300 np0000008081 nova-scheduler[96608]: DEBUG cotyledon.oslo_config_glue [-] oslo_versionedobjects.fatal_exception_format_errors = False {{(pid=96608) log_opt_values /opt/stack/data/venv/lib/python3.12/site-packages/oslo_config/cfg.py:3560}}
Aug 25 11:41:03.699300 np0000008081 nova-scheduler[96608]: DEBUG cotyledon.oslo_config_glue [-] oslo_middleware.http_basic_auth_user_file = /etc/htpasswd {{(pid=96608) log_opt_values /opt/stack/data/venv/lib/python3.12/site-packages/oslo_config/cfg.py:3560}}
Aug 25 11:41:03.699300 np0000008081 nova-scheduler[96608]: DEBUG cotyledon.oslo_config_glue [-] oslo_messaging_metrics.metrics_buffer_size = 1000 {{(pid=96608) log_opt_values /opt/stack/data/venv/lib/python3.12/site-packages/oslo_config/cfg.py:3560}}
Aug 25 11:41:03.699300 np0000008081 nova-scheduler[96608]: DEBUG cotyledon.oslo_config_glue [-] oslo_messaging_metrics.metrics_enabled = False {{(pid=96608) log_opt_values /opt/stack/data/venv/lib/python3.12/site-packages/oslo_config/cfg.py:3560}}
Aug 25 11:41:03.699300 np0000008081 nova-scheduler[96608]: DEBUG cotyledon.oslo_config_glue [-] oslo_messaging_metrics.metrics_process_name = {{(pid=96608) log_opt_values /opt/stack/data/venv/lib/python3.12/site-packages/oslo_config/cfg.py:3560}}
Aug 25 11:41:03.699300 np0000008081 nova-scheduler[96608]: DEBUG cotyledon.oslo_config_glue [-] oslo_messaging_metrics.metrics_socket_file = /var/tmp/metrics_collector.sock {{(pid=96608) log_opt_values /opt/stack/data/venv/lib/python3.12/site-packages/oslo_config/cfg.py:3560}}
Aug 25 11:41:03.699521 np0000008081 nova-scheduler[96608]: DEBUG cotyledon.oslo_config_glue [-] oslo_messaging_metrics.metrics_thread_stop_timeout = 10 {{(pid=96608) log_opt_values /opt/stack/data/venv/lib/python3.12/site-packages/oslo_config/cfg.py:3560}}
Aug 25 11:41:03.699521 np0000008081 nova-scheduler[96608]: DEBUG cotyledon.oslo_config_glue [-] profiler.connection_string = messaging:// {{(pid=96608) log_opt_values /opt/stack/data/venv/lib/python3.12/site-packages/oslo_config/cfg.py:3560}}
Aug 25 11:41:03.699521 np0000008081 nova-scheduler[96608]: DEBUG cotyledon.oslo_config_glue [-] profiler.enabled = False {{(pid=96608) log_opt_values /opt/stack/data/venv/lib/python3.12/site-packages/oslo_config/cfg.py:3560}}
Aug 25 11:41:03.699521 np0000008081 nova-scheduler[96608]: DEBUG cotyledon.oslo_config_glue [-] profiler.es_doc_type = notification {{(pid=96608) log_opt_values /opt/stack/data/venv/lib/python3.12/site-packages/oslo_config/cfg.py:3560}}
Aug 25 11:41:03.699521 np0000008081 nova-scheduler[96608]: DEBUG cotyledon.oslo_config_glue [-] profiler.es_scroll_size = 10000 {{(pid=96608) log_opt_values /opt/stack/data/venv/lib/python3.12/site-packages/oslo_config/cfg.py:3560}}
Aug 25 11:41:03.699521 np0000008081 nova-scheduler[96608]: DEBUG cotyledon.oslo_config_glue [-] profiler.es_scroll_time = 2m {{(pid=96608) log_opt_values /opt/stack/data/venv/lib/python3.12/site-packages/oslo_config/cfg.py:3560}}
Aug 25 11:41:03.699521 np0000008081 nova-scheduler[96608]: DEBUG cotyledon.oslo_config_glue [-] profiler.filter_error_trace = False {{(pid=96608) log_opt_values /opt/stack/data/venv/lib/python3.12/site-packages/oslo_config/cfg.py:3560}}
Aug 25 11:41:03.699521 np0000008081 nova-scheduler[96608]: DEBUG cotyledon.oslo_config_glue [-] profiler.hmac_keys = **** {{(pid=96608) log_opt_values /opt/stack/data/venv/lib/python3.12/site-packages/oslo_config/cfg.py:3560}}
Aug 25 11:41:03.699521 np0000008081 nova-scheduler[96608]: DEBUG cotyledon.oslo_config_glue [-] profiler.sentinel_service_name = mymaster {{(pid=96608) log_opt_values /opt/stack/data/venv/lib/python3.12/site-packages/oslo_config/cfg.py:3560}}
Aug 25 11:41:03.699805 np0000008081 nova-scheduler[96608]: DEBUG cotyledon.oslo_config_glue [-] profiler.socket_timeout = 0.1 {{(pid=96608) log_opt_values /opt/stack/data/venv/lib/python3.12/site-packages/oslo_config/cfg.py:3560}}
Aug 25 11:41:03.699805 np0000008081 nova-scheduler[96608]: DEBUG cotyledon.oslo_config_glue [-] profiler.trace_requests = False {{(pid=96608) log_opt_values /opt/stack/data/venv/lib/python3.12/site-packages/oslo_config/cfg.py:3560}}
Aug 25 11:41:03.699805 np0000008081 nova-scheduler[96608]: DEBUG cotyledon.oslo_config_glue [-] profiler.trace_sqlalchemy = False {{(pid=96608) log_opt_values /opt/stack/data/venv/lib/python3.12/site-packages/oslo_config/cfg.py:3560}}
Aug 25 11:41:03.699805 np0000008081 nova-scheduler[96608]: DEBUG cotyledon.oslo_config_glue [-] profiler_jaeger.process_tags = {} {{(pid=96608) log_opt_values /opt/stack/data/venv/lib/python3.12/site-packages/oslo_config/cfg.py:3560}}
Aug 25 11:41:03.699805 np0000008081 nova-scheduler[96608]: DEBUG cotyledon.oslo_config_glue [-] profiler_jaeger.service_name_prefix = None {{(pid=96608) log_opt_values /opt/stack/data/venv/lib/python3.12/site-packages/oslo_config/cfg.py:3560}}
Aug 25 11:41:03.699805 np0000008081 nova-scheduler[96608]: DEBUG cotyledon.oslo_config_glue [-] profiler_otlp.service_name_prefix = None {{(pid=96608) log_opt_values /opt/stack/data/venv/lib/python3.12/site-packages/oslo_config/cfg.py:3560}}
Aug 25 11:41:03.699805 np0000008081 nova-scheduler[96608]: DEBUG cotyledon.oslo_config_glue [-] oslo_messaging_rabbit.amqp_auto_delete = False {{(pid=96608) log_opt_values /opt/stack/data/venv/lib/python3.12/site-packages/oslo_config/cfg.py:3560}}
Aug 25 11:41:03.699805 np0000008081 nova-scheduler[96608]: DEBUG cotyledon.oslo_config_glue [-] oslo_messaging_rabbit.amqp_durable_queues = False {{(pid=96608) log_opt_values /opt/stack/data/venv/lib/python3.12/site-packages/oslo_config/cfg.py:3560}}
Aug 25 11:41:03.699805 np0000008081 nova-scheduler[96608]: DEBUG cotyledon.oslo_config_glue [-] oslo_messaging_rabbit.conn_pool_min_size = 2 {{(pid=96608) log_opt_values /opt/stack/data/venv/lib/python3.12/site-packages/oslo_config/cfg.py:3560}}
Aug 25 11:41:03.700065 np0000008081 nova-scheduler[96608]: DEBUG cotyledon.oslo_config_glue [-] oslo_messaging_rabbit.conn_pool_ttl = 1200 {{(pid=96608) log_opt_values /opt/stack/data/venv/lib/python3.12/site-packages/oslo_config/cfg.py:3560}}
Aug 25 11:41:03.700065 np0000008081 nova-scheduler[96608]: DEBUG cotyledon.oslo_config_glue [-] oslo_messaging_rabbit.direct_mandatory_flag = True {{(pid=96608) log_opt_values /opt/stack/data/venv/lib/python3.12/site-packages/oslo_config/cfg.py:3560}}
Aug 25 11:41:03.700065 np0000008081 nova-scheduler[96608]: DEBUG cotyledon.oslo_config_glue [-] oslo_messaging_rabbit.enable_cancel_on_failover = False {{(pid=96608) log_opt_values /opt/stack/data/venv/lib/python3.12/site-packages/oslo_config/cfg.py:3560}}
Aug 25 11:41:03.700065 np0000008081 nova-scheduler[96608]: DEBUG cotyledon.oslo_config_glue [-] oslo_messaging_rabbit.heartbeat_rate = 3 {{(pid=96608) log_opt_values /opt/stack/data/venv/lib/python3.12/site-packages/oslo_config/cfg.py:3560}}
Aug 25 11:41:03.700065 np0000008081 nova-scheduler[96608]: DEBUG cotyledon.oslo_config_glue [-] oslo_messaging_rabbit.heartbeat_timeout_threshold = 60 {{(pid=96608) log_opt_values /opt/stack/data/venv/lib/python3.12/site-packages/oslo_config/cfg.py:3560}}
Aug 25 11:41:03.700065 np0000008081 nova-scheduler[96608]: DEBUG cotyledon.oslo_config_glue [-] oslo_messaging_rabbit.hostname = np0000008081 {{(pid=96608) log_opt_values /opt/stack/data/venv/lib/python3.12/site-packages/oslo_config/cfg.py:3560}}
Aug 25 11:41:03.700065 np0000008081 nova-scheduler[96608]: DEBUG cotyledon.oslo_config_glue [-] oslo_messaging_rabbit.kombu_compression = None {{(pid=96608) log_opt_values /opt/stack/data/venv/lib/python3.12/site-packages/oslo_config/cfg.py:3560}}
Aug 25 11:41:03.700065 np0000008081 nova-scheduler[96608]: DEBUG cotyledon.oslo_config_glue [-] oslo_messaging_rabbit.kombu_failover_strategy = round-robin {{(pid=96608) log_opt_values /opt/stack/data/venv/lib/python3.12/site-packages/oslo_config/cfg.py:3560}}
Aug 25 11:41:03.700065 np0000008081 nova-scheduler[96608]: DEBUG cotyledon.oslo_config_glue [-] oslo_messaging_rabbit.kombu_missing_consumer_retry_timeout = 60 {{(pid=96608) log_opt_values /opt/stack/data/venv/lib/python3.12/site-packages/oslo_config/cfg.py:3560}}
Aug 25 11:41:03.700349 np0000008081 nova-scheduler[96608]: DEBUG cotyledon.oslo_config_glue [-] oslo_messaging_rabbit.kombu_reconnect_delay = 1.0 {{(pid=96608) log_opt_values /opt/stack/data/venv/lib/python3.12/site-packages/oslo_config/cfg.py:3560}}
Aug 25 11:41:03.700349 np0000008081 nova-scheduler[96608]: DEBUG cotyledon.oslo_config_glue [-] oslo_messaging_rabbit.kombu_reconnect_splay = 0.0 {{(pid=96608) log_opt_values /opt/stack/data/venv/lib/python3.12/site-packages/oslo_config/cfg.py:3560}}
Aug 25 11:41:03.700349 np0000008081 nova-scheduler[96608]: DEBUG cotyledon.oslo_config_glue [-] oslo_messaging_rabbit.processname = nova-scheduler {{(pid=96608) log_opt_values /opt/stack/data/venv/lib/python3.12/site-packages/oslo_config/cfg.py:3560}}
Aug 25 11:41:03.700349 np0000008081 nova-scheduler[96608]: DEBUG cotyledon.oslo_config_glue [-] oslo_messaging_rabbit.rabbit_ha_queues = False {{(pid=96608) log_opt_values /opt/stack/data/venv/lib/python3.12/site-packages/oslo_config/cfg.py:3560}}
Aug 25 11:41:03.700349 np0000008081 nova-scheduler[96608]: DEBUG cotyledon.oslo_config_glue [-] oslo_messaging_rabbit.rabbit_interval_max = 30 {{(pid=96608) log_opt_values /opt/stack/data/venv/lib/python3.12/site-packages/oslo_config/cfg.py:3560}}
Aug 25 11:41:03.700349 np0000008081 nova-scheduler[96608]: DEBUG cotyledon.oslo_config_glue [-] oslo_messaging_rabbit.rabbit_login_method = AMQPLAIN {{(pid=96608) log_opt_values /opt/stack/data/venv/lib/python3.12/site-packages/oslo_config/cfg.py:3560}}
Aug 25 11:41:03.700349 np0000008081 nova-scheduler[96608]: DEBUG cotyledon.oslo_config_glue [-] oslo_messaging_rabbit.rabbit_qos_prefetch_count = 0 {{(pid=96608) log_opt_values /opt/stack/data/venv/lib/python3.12/site-packages/oslo_config/cfg.py:3560}}
Aug 25 11:41:03.700349 np0000008081 nova-scheduler[96608]: DEBUG cotyledon.oslo_config_glue [-] oslo_messaging_rabbit.rabbit_quorum_delivery_limit = 0 {{(pid=96608) log_opt_values /opt/stack/data/venv/lib/python3.12/site-packages/oslo_config/cfg.py:3560}}
Aug 25 11:41:03.700349 np0000008081 nova-scheduler[96608]: DEBUG cotyledon.oslo_config_glue [-] oslo_messaging_rabbit.rabbit_quorum_max_memory_bytes = 0 {{(pid=96608) log_opt_values /opt/stack/data/venv/lib/python3.12/site-packages/oslo_config/cfg.py:3560}}
Aug 25 11:41:03.700644 np0000008081 nova-scheduler[96608]: DEBUG cotyledon.oslo_config_glue [-] oslo_messaging_rabbit.rabbit_quorum_max_memory_length = 0 {{(pid=96608) log_opt_values /opt/stack/data/venv/lib/python3.12/site-packages/oslo_config/cfg.py:3560}}
Aug 25 11:41:03.700644 np0000008081 nova-scheduler[96608]: DEBUG cotyledon.oslo_config_glue [-] oslo_messaging_rabbit.rabbit_quorum_queue = False {{(pid=96608) log_opt_values /opt/stack/data/venv/lib/python3.12/site-packages/oslo_config/cfg.py:3560}}
Aug 25 11:41:03.700644 np0000008081 nova-scheduler[96608]: DEBUG cotyledon.oslo_config_glue [-] oslo_messaging_rabbit.rabbit_retry_backoff = 2 {{(pid=96608) log_opt_values /opt/stack/data/venv/lib/python3.12/site-packages/oslo_config/cfg.py:3560}}
Aug 25 11:41:03.700644 np0000008081 nova-scheduler[96608]: DEBUG cotyledon.oslo_config_glue [-] oslo_messaging_rabbit.rabbit_retry_interval = 1 {{(pid=96608) log_opt_values /opt/stack/data/venv/lib/python3.12/site-packages/oslo_config/cfg.py:3560}}
Aug 25 11:41:03.700644 np0000008081 nova-scheduler[96608]: DEBUG cotyledon.oslo_config_glue [-] oslo_messaging_rabbit.rabbit_stream_fanout = False {{(pid=96608) log_opt_values /opt/stack/data/venv/lib/python3.12/site-packages/oslo_config/cfg.py:3560}}
Aug 25 11:41:03.700644 np0000008081 nova-scheduler[96608]: DEBUG cotyledon.oslo_config_glue [-] oslo_messaging_rabbit.rabbit_transient_queues_ttl = 1800 {{(pid=96608) log_opt_values /opt/stack/data/venv/lib/python3.12/site-packages/oslo_config/cfg.py:3560}}
Aug 25 11:41:03.700644 np0000008081 nova-scheduler[96608]: DEBUG cotyledon.oslo_config_glue [-] oslo_messaging_rabbit.rabbit_transient_quorum_queue = False {{(pid=96608) log_opt_values /opt/stack/data/venv/lib/python3.12/site-packages/oslo_config/cfg.py:3560}}
Aug 25 11:41:03.700644 np0000008081 nova-scheduler[96608]: DEBUG cotyledon.oslo_config_glue [-] oslo_messaging_rabbit.rpc_conn_pool_size = 30 {{(pid=96608) log_opt_values /opt/stack/data/venv/lib/python3.12/site-packages/oslo_config/cfg.py:3560}}
Aug 25 11:41:03.700644 np0000008081 nova-scheduler[96608]: DEBUG cotyledon.oslo_config_glue [-] oslo_messaging_rabbit.ssl = False {{(pid=96608) log_opt_values /opt/stack/data/venv/lib/python3.12/site-packages/oslo_config/cfg.py:3560}}
Aug 25 11:41:03.700930 np0000008081 nova-scheduler[96608]: DEBUG cotyledon.oslo_config_glue [-] oslo_messaging_rabbit.ssl_ca_file = {{(pid=96608) log_opt_values /opt/stack/data/venv/lib/python3.12/site-packages/oslo_config/cfg.py:3560}}
Aug 25 11:41:03.700930 np0000008081 nova-scheduler[96608]: DEBUG cotyledon.oslo_config_glue [-] oslo_messaging_rabbit.ssl_cert_file = {{(pid=96608) log_opt_values /opt/stack/data/venv/lib/python3.12/site-packages/oslo_config/cfg.py:3560}}
Aug 25 11:41:03.700930 np0000008081 nova-scheduler[96608]: DEBUG cotyledon.oslo_config_glue [-] oslo_messaging_rabbit.ssl_enforce_fips_mode = False {{(pid=96608) log_opt_values /opt/stack/data/venv/lib/python3.12/site-packages/oslo_config/cfg.py:3560}}
Aug 25 11:41:03.700930 np0000008081 nova-scheduler[96608]: DEBUG cotyledon.oslo_config_glue [-] oslo_messaging_rabbit.ssl_enforce_hostname_verification = True {{(pid=96608) log_opt_values /opt/stack/data/venv/lib/python3.12/site-packages/oslo_config/cfg.py:3560}}
Aug 25 11:41:03.700930 np0000008081 nova-scheduler[96608]: DEBUG cotyledon.oslo_config_glue [-] oslo_messaging_rabbit.ssl_key_file = {{(pid=96608) log_opt_values /opt/stack/data/venv/lib/python3.12/site-packages/oslo_config/cfg.py:3560}}
Aug 25 11:41:03.700930 np0000008081 nova-scheduler[96608]: DEBUG cotyledon.oslo_config_glue [-] oslo_messaging_rabbit.ssl_version = {{(pid=96608) log_opt_values /opt/stack/data/venv/lib/python3.12/site-packages/oslo_config/cfg.py:3560}}
Aug 25 11:41:03.700930 np0000008081 nova-scheduler[96608]: DEBUG cotyledon.oslo_config_glue [-] oslo_messaging_rabbit.use_queue_manager = False {{(pid=96608) log_opt_values /opt/stack/data/venv/lib/python3.12/site-packages/oslo_config/cfg.py:3560}}
Aug 25 11:41:03.700930 np0000008081 nova-scheduler[96608]: DEBUG cotyledon.oslo_config_glue [-] oslo_messaging_notifications.driver = ['messagingv2'] {{(pid=96608) log_opt_values /opt/stack/data/venv/lib/python3.12/site-packages/oslo_config/cfg.py:3560}}
Aug 25 11:41:03.700930 np0000008081 nova-scheduler[96608]: DEBUG cotyledon.oslo_config_glue [-] oslo_messaging_notifications.retry = -1 {{(pid=96608) log_opt_values /opt/stack/data/venv/lib/python3.12/site-packages/oslo_config/cfg.py:3560}}
Aug 25 11:41:03.701198 np0000008081 nova-scheduler[96608]: DEBUG cotyledon.oslo_config_glue [-] oslo_messaging_notifications.topics = ['notifications'] {{(pid=96608) log_opt_values /opt/stack/data/venv/lib/python3.12/site-packages/oslo_config/cfg.py:3560}}
Aug 25 11:41:03.701198 np0000008081 nova-scheduler[96608]: DEBUG cotyledon.oslo_config_glue [-] oslo_messaging_notifications.transport_url = **** {{(pid=96608) log_opt_values /opt/stack/data/venv/lib/python3.12/site-packages/oslo_config/cfg.py:3560}}
Aug 25 11:41:03.701198 np0000008081 nova-scheduler[96608]: DEBUG cotyledon.oslo_config_glue [-] oslo_limit.auth_section = None {{(pid=96608) log_opt_values /opt/stack/data/venv/lib/python3.12/site-packages/oslo_config/cfg.py:3560}}
Aug 25 11:41:03.701198 np0000008081 nova-scheduler[96608]: DEBUG cotyledon.oslo_config_glue [-] oslo_limit.auth_type = None {{(pid=96608) log_opt_values /opt/stack/data/venv/lib/python3.12/site-packages/oslo_config/cfg.py:3560}}
Aug 25 11:41:03.701198 np0000008081 nova-scheduler[96608]: DEBUG cotyledon.oslo_config_glue [-] oslo_limit.cafile = None {{(pid=96608) log_opt_values /opt/stack/data/venv/lib/python3.12/site-packages/oslo_config/cfg.py:3560}}
Aug 25 11:41:03.701198 np0000008081 nova-scheduler[96608]: DEBUG cotyledon.oslo_config_glue [-] oslo_limit.certfile = None {{(pid=96608) log_opt_values /opt/stack/data/venv/lib/python3.12/site-packages/oslo_config/cfg.py:3560}}
Aug 25 11:41:03.701198 np0000008081 nova-scheduler[96608]: DEBUG cotyledon.oslo_config_glue [-] oslo_limit.collect_timing = False {{(pid=96608) log_opt_values /opt/stack/data/venv/lib/python3.12/site-packages/oslo_config/cfg.py:3560}}
Aug 25 11:41:03.701198 np0000008081 nova-scheduler[96608]: DEBUG cotyledon.oslo_config_glue [-] oslo_limit.connect_retries = None {{(pid=96608) log_opt_values /opt/stack/data/venv/lib/python3.12/site-packages/oslo_config/cfg.py:3560}}
Aug 25 11:41:03.701198 np0000008081 nova-scheduler[96608]: DEBUG cotyledon.oslo_config_glue [-] oslo_limit.connect_retry_delay = None {{(pid=96608) log_opt_values /opt/stack/data/venv/lib/python3.12/site-packages/oslo_config/cfg.py:3560}}
Aug 25 11:41:03.701478 np0000008081 nova-scheduler[96608]: DEBUG cotyledon.oslo_config_glue [-] oslo_limit.endpoint_id = None {{(pid=96608) log_opt_values /opt/stack/data/venv/lib/python3.12/site-packages/oslo_config/cfg.py:3560}}
Aug 25 11:41:03.701478 np0000008081 nova-scheduler[96608]: DEBUG cotyledon.oslo_config_glue [-] oslo_limit.endpoint_interface = public {{(pid=96608) log_opt_values /opt/stack/data/venv/lib/python3.12/site-packages/oslo_config/cfg.py:3560}}
Aug 25 11:41:03.701478 np0000008081 nova-scheduler[96608]: DEBUG cotyledon.oslo_config_glue [-] oslo_limit.endpoint_override = None {{(pid=96608) log_opt_values /opt/stack/data/venv/lib/python3.12/site-packages/oslo_config/cfg.py:3560}}
Aug 25 11:41:03.701478 np0000008081 nova-scheduler[96608]: DEBUG cotyledon.oslo_config_glue [-] oslo_limit.endpoint_region_name = None {{(pid=96608) log_opt_values /opt/stack/data/venv/lib/python3.12/site-packages/oslo_config/cfg.py:3560}}
Aug 25 11:41:03.701478 np0000008081 nova-scheduler[96608]: DEBUG cotyledon.oslo_config_glue [-] oslo_limit.endpoint_service_name = None {{(pid=96608) log_opt_values /opt/stack/data/venv/lib/python3.12/site-packages/oslo_config/cfg.py:3560}}
Aug 25 11:41:03.701478 np0000008081 nova-scheduler[96608]: DEBUG cotyledon.oslo_config_glue [-] oslo_limit.endpoint_service_type = None {{(pid=96608) log_opt_values /opt/stack/data/venv/lib/python3.12/site-packages/oslo_config/cfg.py:3560}}
Aug 25 11:41:03.701478 np0000008081 nova-scheduler[96608]: DEBUG cotyledon.oslo_config_glue [-] oslo_limit.insecure = False {{(pid=96608) log_opt_values /opt/stack/data/venv/lib/python3.12/site-packages/oslo_config/cfg.py:3560}}
Aug 25 11:41:03.701478 np0000008081 nova-scheduler[96608]: DEBUG cotyledon.oslo_config_glue [-] oslo_limit.keyfile = None {{(pid=96608) log_opt_values /opt/stack/data/venv/lib/python3.12/site-packages/oslo_config/cfg.py:3560}}
Aug 25 11:41:03.701478 np0000008081 nova-scheduler[96608]: DEBUG cotyledon.oslo_config_glue [-] oslo_limit.max_version = None {{(pid=96608) log_opt_values /opt/stack/data/venv/lib/python3.12/site-packages/oslo_config/cfg.py:3560}}
Aug 25 11:41:03.701774 np0000008081 nova-scheduler[96608]: DEBUG cotyledon.oslo_config_glue [-] oslo_limit.min_version = None {{(pid=96608) log_opt_values /opt/stack/data/venv/lib/python3.12/site-packages/oslo_config/cfg.py:3560}}
Aug 25 11:41:03.701774 np0000008081 nova-scheduler[96608]: DEBUG cotyledon.oslo_config_glue [-] oslo_limit.region_name = None {{(pid=96608) log_opt_values /opt/stack/data/venv/lib/python3.12/site-packages/oslo_config/cfg.py:3560}}
Aug 25 11:41:03.701774 np0000008081 nova-scheduler[96608]: DEBUG cotyledon.oslo_config_glue [-] oslo_limit.retriable_status_codes = None {{(pid=96608) log_opt_values /opt/stack/data/venv/lib/python3.12/site-packages/oslo_config/cfg.py:3560}}
Aug 25 11:41:03.701774 np0000008081 nova-scheduler[96608]: DEBUG cotyledon.oslo_config_glue [-] oslo_limit.service_name = None {{(pid=96608) log_opt_values /opt/stack/data/venv/lib/python3.12/site-packages/oslo_config/cfg.py:3560}}
Aug 25 11:41:03.701774 np0000008081 nova-scheduler[96608]: DEBUG cotyledon.oslo_config_glue [-] oslo_limit.service_type = None {{(pid=96608) log_opt_values /opt/stack/data/venv/lib/python3.12/site-packages/oslo_config/cfg.py:3560}}
Aug 25 11:41:03.701774 np0000008081 nova-scheduler[96608]: DEBUG cotyledon.oslo_config_glue [-] oslo_limit.split_loggers = False {{(pid=96608) log_opt_values /opt/stack/data/venv/lib/python3.12/site-packages/oslo_config/cfg.py:3560}}
Aug 25 11:41:03.701774 np0000008081 nova-scheduler[96608]: DEBUG cotyledon.oslo_config_glue [-] oslo_limit.status_code_retries = None {{(pid=96608) log_opt_values /opt/stack/data/venv/lib/python3.12/site-packages/oslo_config/cfg.py:3560}}
Aug 25 11:41:03.701774 np0000008081 nova-scheduler[96608]: DEBUG cotyledon.oslo_config_glue [-] oslo_limit.status_code_retry_delay = None {{(pid=96608) log_opt_values /opt/stack/data/venv/lib/python3.12/site-packages/oslo_config/cfg.py:3560}}
Aug 25 11:41:03.701774 np0000008081 nova-scheduler[96608]: DEBUG cotyledon.oslo_config_glue [-] oslo_limit.timeout = None {{(pid=96608) log_opt_values /opt/stack/data/venv/lib/python3.12/site-packages/oslo_config/cfg.py:3560}}
Aug 25 11:41:03.702055 np0000008081 nova-scheduler[96608]: DEBUG cotyledon.oslo_config_glue [-] oslo_limit.valid_interfaces = None {{(pid=96608) log_opt_values /opt/stack/data/venv/lib/python3.12/site-packages/oslo_config/cfg.py:3560}}
Aug 25 11:41:03.702055 np0000008081 nova-scheduler[96608]: DEBUG cotyledon.oslo_config_glue [-] oslo_limit.version = None {{(pid=96608) log_opt_values /opt/stack/data/venv/lib/python3.12/site-packages/oslo_config/cfg.py:3560}}
Aug 25 11:41:03.702055 np0000008081 nova-scheduler[96608]: DEBUG cotyledon.oslo_config_glue [-] oslo_reports.file_event_handler = None {{(pid=96608) log_opt_values /opt/stack/data/venv/lib/python3.12/site-packages/oslo_config/cfg.py:3560}}
Aug 25 11:41:03.702055 np0000008081 nova-scheduler[96608]: DEBUG cotyledon.oslo_config_glue [-] oslo_reports.file_event_handler_interval = 1 {{(pid=96608) log_opt_values /opt/stack/data/venv/lib/python3.12/site-packages/oslo_config/cfg.py:3560}}
Aug 25 11:41:03.702055 np0000008081 nova-scheduler[96608]: DEBUG cotyledon.oslo_config_glue [-] oslo_reports.log_dir = None {{(pid=96608) log_opt_values /opt/stack/data/venv/lib/python3.12/site-packages/oslo_config/cfg.py:3560}}
Aug 25 11:41:03.702055 np0000008081 nova-scheduler[96608]: DEBUG cotyledon.oslo_config_glue [-] ******************************************************************************** {{(pid=96608) log_opt_values /opt/stack/data/venv/lib/python3.12/site-packages/oslo_config/cfg.py:3567}}
Aug 25 11:41:03.702055 np0000008081 nova-scheduler[96608]: DEBUG cotyledon._service_worker [-] Run service ServiceWrapper(3) [96608] {{(pid=96608) wait_forever /opt/stack/data/venv/lib/python3.12/site-packages/cotyledon/_service_worker.py:218}}
Aug 25 11:41:03.702272 np0000008081 nova-scheduler[96604]: DEBUG oslo_db.sqlalchemy.engines [None req-2761872e-39c2-4624-89c2-9892653f27a5 None None] MySQL server mode set to STRICT_TRANS_TABLES,STRICT_ALL_TABLES,NO_ZERO_IN_DATE,NO_ZERO_DATE,ERROR_FOR_DIVISION_BY_ZERO,TRADITIONAL,NO_ENGINE_SUBSTITUTION {{(pid=96604) _check_effective_sql_mode /opt/stack/data/venv/lib/python3.12/site-packages/oslo_db/sqlalchemy/engines.py:325}}
Aug 25 11:41:03.702318 np0000008081 nova-scheduler[96608]: INFO nova.service [-] Starting scheduler node (version 33.1.0)
Aug 25 11:41:03.702354 np0000008081 nova-scheduler[96602]: DEBUG dbcounter [-] [96602] Writer thread running {{(pid=96602) stat_writer /opt/stack/data/venv/lib/python3.12/site-packages/dbcounter.py:102}}
Aug 25 11:41:03.702399 np0000008081 nova-scheduler[96608]: INFO dbcounter [None req-ae6135d3-9096-4550-ba54-c196e742bba5 None None] Registered counter for database nova_cell0
Aug 25 11:41:03.702437 np0000008081 nova-scheduler[96604]: DEBUG dbcounter [-] [96604] Writer thread running {{(pid=96604) stat_writer /opt/stack/data/venv/lib/python3.12/site-packages/dbcounter.py:102}}
Aug 25 11:41:03.702475 np0000008081 nova-scheduler[96602]: DEBUG nova.service [None req-7c5f5ffb-1d92-42b2-bd85-1a9eb01966df None None] Creating RPC server for service: nova-scheduler on topic: scheduler {{(pid=96602) start /opt/stack/nova/nova/service.py:262}}
Aug 25 11:41:03.702519 np0000008081 nova-scheduler[96604]: DEBUG nova.service [None req-2761872e-39c2-4624-89c2-9892653f27a5 None None] Creating RPC server for service: nova-scheduler on topic: scheduler {{(pid=96604) start /opt/stack/nova/nova/service.py:262}}
Aug 25 11:41:03.712108 np0000008081 nova-scheduler[96606]: DEBUG oslo_db.sqlalchemy.engines [None req-fae96fac-1f1d-4e88-8fb0-8cd3ba123f1e None None] MySQL server mode set to STRICT_TRANS_TABLES,STRICT_ALL_TABLES,NO_ZERO_IN_DATE,NO_ZERO_DATE,ERROR_FOR_DIVISION_BY_ZERO,TRADITIONAL,NO_ENGINE_SUBSTITUTION {{(pid=96606) _check_effective_sql_mode /opt/stack/data/venv/lib/python3.12/site-packages/oslo_db/sqlalchemy/engines.py:325}}
Aug 25 11:41:03.720426 np0000008081 nova-scheduler[96602]: DEBUG nova.service [None req-7c5f5ffb-1d92-42b2-bd85-1a9eb01966df None None] Join ServiceGroup membership for this service scheduler {{(pid=96602) start /opt/stack/nova/nova/service.py:288}}
Aug 25 11:41:03.720773 np0000008081 nova-scheduler[96602]: DEBUG nova.servicegroup.drivers.db [None req-7c5f5ffb-1d92-42b2-bd85-1a9eb01966df None None] DB_Driver: join new ServiceGroup member np0000008081 to the scheduler group, service = {{(pid=96602) join /opt/stack/nova/nova/servicegroup/drivers/db.py:44}}
Aug 25 11:41:03.725262 np0000008081 nova-scheduler[96606]: DEBUG dbcounter [-] [96606] Writer thread running {{(pid=96606) stat_writer /opt/stack/data/venv/lib/python3.12/site-packages/dbcounter.py:102}}
Aug 25 11:41:03.727616 np0000008081 nova-scheduler[96604]: DEBUG nova.service [None req-2761872e-39c2-4624-89c2-9892653f27a5 None None] Join ServiceGroup membership for this service scheduler {{(pid=96604) start /opt/stack/nova/nova/service.py:288}}
Aug 25 11:41:03.727767 np0000008081 nova-scheduler[96604]: DEBUG nova.servicegroup.drivers.db [None req-2761872e-39c2-4624-89c2-9892653f27a5 None None] DB_Driver: join new ServiceGroup member np0000008081 to the scheduler group, service = {{(pid=96604) join /opt/stack/nova/nova/servicegroup/drivers/db.py:44}}
Aug 25 11:41:03.729844 np0000008081 nova-scheduler[96606]: DEBUG nova.service [None req-fae96fac-1f1d-4e88-8fb0-8cd3ba123f1e None None] Creating RPC server for service: nova-scheduler on topic: scheduler {{(pid=96606) start /opt/stack/nova/nova/service.py:262}}
Aug 25 11:41:03.730884 np0000008081 nova-scheduler[96608]: DEBUG oslo_db.sqlalchemy.engines [None req-ae6135d3-9096-4550-ba54-c196e742bba5 None None] MySQL server mode set to STRICT_TRANS_TABLES,STRICT_ALL_TABLES,NO_ZERO_IN_DATE,NO_ZERO_DATE,ERROR_FOR_DIVISION_BY_ZERO,TRADITIONAL,NO_ENGINE_SUBSTITUTION {{(pid=96608) _check_effective_sql_mode /opt/stack/data/venv/lib/python3.12/site-packages/oslo_db/sqlalchemy/engines.py:325}}
Aug 25 11:41:03.746793 np0000008081 nova-scheduler[96608]: DEBUG dbcounter [-] [96608] Writer thread running {{(pid=96608) stat_writer /opt/stack/data/venv/lib/python3.12/site-packages/dbcounter.py:102}}
Aug 25 11:41:03.752124 np0000008081 nova-scheduler[96608]: DEBUG nova.service [None req-ae6135d3-9096-4550-ba54-c196e742bba5 None None] Creating RPC server for service: nova-scheduler on topic: scheduler {{(pid=96608) start /opt/stack/nova/nova/service.py:262}}
Aug 25 11:41:03.754396 np0000008081 nova-scheduler[96606]: DEBUG nova.service [None req-fae96fac-1f1d-4e88-8fb0-8cd3ba123f1e None None] Join ServiceGroup membership for this service scheduler {{(pid=96606) start /opt/stack/nova/nova/service.py:288}}
Aug 25 11:41:03.754396 np0000008081 nova-scheduler[96606]: DEBUG nova.servicegroup.drivers.db [None req-fae96fac-1f1d-4e88-8fb0-8cd3ba123f1e None None] DB_Driver: join new ServiceGroup member np0000008081 to the scheduler group, service = {{(pid=96606) join /opt/stack/nova/nova/servicegroup/drivers/db.py:44}}
Aug 25 11:41:03.775005 np0000008081 nova-scheduler[96608]: DEBUG nova.service [None req-ae6135d3-9096-4550-ba54-c196e742bba5 None None] Join ServiceGroup membership for this service scheduler {{(pid=96608) start /opt/stack/nova/nova/service.py:288}}
Aug 25 11:41:03.775374 np0000008081 nova-scheduler[96608]: DEBUG nova.servicegroup.drivers.db [None req-ae6135d3-9096-4550-ba54-c196e742bba5 None None] DB_Driver: join new ServiceGroup member np0000008081 to the scheduler group, service = {{(pid=96608) join /opt/stack/nova/nova/servicegroup/drivers/db.py:44}}
Aug 25 11:41:08.735982 np0000008081 nova-scheduler[96602]: DEBUG oslo.service.backend._threading.loopingcall [-] Fixed interval looping call 'nova.servicegroup.drivers.db.DbDriver._report_state' sleeping for 119.99 seconds {{(pid=96602) _run_loop /opt/stack/data/venv/lib/python3.12/site-packages/oslo_service/backend/_threading/loopingcall.py:125}}
Aug 25 11:41:08.739401 np0000008081 nova-scheduler[96604]: DEBUG oslo.service.backend._threading.loopingcall [-] Fixed interval looping call 'nova.servicegroup.drivers.db.DbDriver._report_state' sleeping for 119.99 seconds {{(pid=96604) _run_loop /opt/stack/data/venv/lib/python3.12/site-packages/oslo_service/backend/_threading/loopingcall.py:125}}
Aug 25 11:41:08.766863 np0000008081 nova-scheduler[96606]: DEBUG oslo.service.backend._threading.loopingcall [-] Fixed interval looping call 'nova.servicegroup.drivers.db.DbDriver._report_state' sleeping for 119.99 seconds {{(pid=96606) _run_loop /opt/stack/data/venv/lib/python3.12/site-packages/oslo_service/backend/_threading/loopingcall.py:125}}
Aug 25 11:41:08.789748 np0000008081 nova-scheduler[96608]: DEBUG oslo.service.backend._threading.loopingcall [-] Fixed interval looping call 'nova.servicegroup.drivers.db.DbDriver._report_state' sleeping for 119.99 seconds {{(pid=96608) _run_loop /opt/stack/data/venv/lib/python3.12/site-packages/oslo_service/backend/_threading/loopingcall.py:125}}
Aug 25 11:41:10.731060 np0000008081 nova-scheduler[96604]: DEBUG oslo.service.backend._threading.loopingcall [None req-e3ac8b21-ddc9-4b76-b9e8-ae8af13c3399 None None] Dynamic interval looping call 'nova.service.Service.periodic_tasks' sleeping for 60.00 seconds {{(pid=96604) _run_loop /opt/stack/data/venv/lib/python3.12/site-packages/oslo_service/backend/_threading/loopingcall.py:125}}
Aug 25 11:41:12.221806 np0000008081 nova-scheduler[95401]: DEBUG dbcounter [-] [95401] Writing DB stats nova_api:SELECT=3 {{(pid=95401) stat_writer /opt/stack/data/venv/lib/python3.12/site-packages/dbcounter.py:115}}
Aug 25 11:41:12.372534 np0000008081 nova-scheduler[95401]: DEBUG dbcounter [-] [95401] Writing DB stats nova_cell0:SELECT=1 {{(pid=95401) stat_writer /opt/stack/data/venv/lib/python3.12/site-packages/dbcounter.py:115}}
Aug 25 11:41:12.385393 np0000008081 nova-scheduler[95401]: DEBUG dbcounter [-] [95401] Writing DB stats nova_cell1:SELECT=1 {{(pid=95401) stat_writer /opt/stack/data/venv/lib/python3.12/site-packages/dbcounter.py:115}}
Aug 25 11:41:18.732237 np0000008081 nova-scheduler[96602]: DEBUG dbcounter [-] [96602] Writing DB stats nova_cell0:SELECT=4,nova_cell0:INSERT=1,nova_cell0:UPDATE=1 {{(pid=96602) stat_writer /opt/stack/data/venv/lib/python3.12/site-packages/dbcounter.py:115}}
Aug 25 11:41:18.736798 np0000008081 nova-scheduler[96604]: DEBUG dbcounter [-] [96604] Writing DB stats nova_cell0:SELECT=5,nova_cell0:INSERT=1 {{(pid=96604) stat_writer /opt/stack/data/venv/lib/python3.12/site-packages/dbcounter.py:115}}
Aug 25 11:41:18.764088 np0000008081 nova-scheduler[96606]: DEBUG dbcounter [-] [96606] Writing DB stats nova_cell0:SELECT=3 {{(pid=96606) stat_writer /opt/stack/data/venv/lib/python3.12/site-packages/dbcounter.py:115}}
Aug 25 11:41:18.786084 np0000008081 nova-scheduler[96608]: DEBUG dbcounter [-] [96608] Writing DB stats nova_cell0:SELECT=3 {{(pid=96608) stat_writer /opt/stack/data/venv/lib/python3.12/site-packages/dbcounter.py:115}}
Aug 25 11:41:20.726262 np0000008081 nova-scheduler[96602]: DEBUG oslo.service.backend._threading.loopingcall [None req-d32ce76a-2727-4b34-848e-c161a36061ed None None] Dynamic interval looping call 'nova.service.Service.periodic_tasks' sleeping for 60.00 seconds {{(pid=96602) _run_loop /opt/stack/data/venv/lib/python3.12/site-packages/oslo_service/backend/_threading/loopingcall.py:125}}
Aug 25 11:41:37.757303 np0000008081 nova-scheduler[96606]: DEBUG oslo.service.backend._threading.loopingcall [None req-f2bdb42f-b11e-48fe-89cf-a8eab6266fee None None] Dynamic interval looping call 'nova.service.Service.periodic_tasks' sleeping for 60.00 seconds {{(pid=96606) _run_loop /opt/stack/data/venv/lib/python3.12/site-packages/oslo_service/backend/_threading/loopingcall.py:125}}
Aug 25 11:41:50.777987 np0000008081 nova-scheduler[96608]: DEBUG oslo.service.backend._threading.loopingcall [None req-10a97edd-e62e-4c2c-8341-f2289a81e22e None None] Dynamic interval looping call 'nova.service.Service.periodic_tasks' sleeping for 60.00 seconds {{(pid=96608) _run_loop /opt/stack/data/venv/lib/python3.12/site-packages/oslo_service/backend/_threading/loopingcall.py:125}}
Aug 25 11:42:10.731530 np0000008081 nova-scheduler[96604]: DEBUG oslo.service.backend._threading.loopingcall [None req-e3ac8b21-ddc9-4b76-b9e8-ae8af13c3399 None None] Dynamic interval looping call 'nova.service.Service.periodic_tasks' sleeping for 60.00 seconds {{(pid=96604) _run_loop /opt/stack/data/venv/lib/python3.12/site-packages/oslo_service/backend/_threading/loopingcall.py:125}}
Aug 25 11:42:20.726833 np0000008081 nova-scheduler[96602]: DEBUG oslo.service.backend._threading.loopingcall [None req-d32ce76a-2727-4b34-848e-c161a36061ed None None] Dynamic interval looping call 'nova.service.Service.periodic_tasks' sleeping for 60.00 seconds {{(pid=96602) _run_loop /opt/stack/data/venv/lib/python3.12/site-packages/oslo_service/backend/_threading/loopingcall.py:125}}
Aug 25 11:42:37.757745 np0000008081 nova-scheduler[96606]: DEBUG oslo.service.backend._threading.loopingcall [None req-f2bdb42f-b11e-48fe-89cf-a8eab6266fee None None] Dynamic interval looping call 'nova.service.Service.periodic_tasks' sleeping for 60.00 seconds {{(pid=96606) _run_loop /opt/stack/data/venv/lib/python3.12/site-packages/oslo_service/backend/_threading/loopingcall.py:125}}
Aug 25 11:42:50.778537 np0000008081 nova-scheduler[96608]: DEBUG oslo.service.backend._threading.loopingcall [None req-10a97edd-e62e-4c2c-8341-f2289a81e22e None None] Dynamic interval looping call 'nova.service.Service.periodic_tasks' sleeping for 60.00 seconds {{(pid=96608) _run_loop /opt/stack/data/venv/lib/python3.12/site-packages/oslo_service/backend/_threading/loopingcall.py:125}}
Aug 25 11:43:08.732779 np0000008081 nova-scheduler[96602]: DEBUG oslo.service.backend._threading.loopingcall [-] Fixed interval looping call 'nova.servicegroup.drivers.db.DbDriver._report_state' sleeping for 119.99 seconds {{(pid=96602) _run_loop /opt/stack/data/venv/lib/python3.12/site-packages/oslo_service/backend/_threading/loopingcall.py:125}}
Aug 25 11:43:08.735249 np0000008081 nova-scheduler[96604]: DEBUG oslo.service.backend._threading.loopingcall [-] Fixed interval looping call 'nova.servicegroup.drivers.db.DbDriver._report_state' sleeping for 119.99 seconds {{(pid=96604) _run_loop /opt/stack/data/venv/lib/python3.12/site-packages/oslo_service/backend/_threading/loopingcall.py:125}}
Aug 25 11:43:08.761272 np0000008081 nova-scheduler[96606]: DEBUG oslo.service.backend._threading.loopingcall [-] Fixed interval looping call 'nova.servicegroup.drivers.db.DbDriver._report_state' sleeping for 120.00 seconds {{(pid=96606) _run_loop /opt/stack/data/venv/lib/python3.12/site-packages/oslo_service/backend/_threading/loopingcall.py:125}}
Aug 25 11:43:08.783478 np0000008081 nova-scheduler[96608]: DEBUG oslo.service.backend._threading.loopingcall [-] Fixed interval looping call 'nova.servicegroup.drivers.db.DbDriver._report_state' sleeping for 120.00 seconds {{(pid=96608) _run_loop /opt/stack/data/venv/lib/python3.12/site-packages/oslo_service/backend/_threading/loopingcall.py:125}}
Aug 25 11:43:10.732091 np0000008081 nova-scheduler[96604]: DEBUG oslo.service.backend._threading.loopingcall [None req-e3ac8b21-ddc9-4b76-b9e8-ae8af13c3399 None None] Dynamic interval looping call 'nova.service.Service.periodic_tasks' sleeping for 60.00 seconds {{(pid=96604) _run_loop /opt/stack/data/venv/lib/python3.12/site-packages/oslo_service/backend/_threading/loopingcall.py:125}}
Aug 25 11:43:18.729717 np0000008081 nova-scheduler[96602]: DEBUG dbcounter [-] [96602] Writing DB stats nova_cell0:SELECT=1,nova_cell0:UPDATE=1 {{(pid=96602) stat_writer /opt/stack/data/venv/lib/python3.12/site-packages/dbcounter.py:115}}
Aug 25 11:43:18.734196 np0000008081 nova-scheduler[96604]: DEBUG dbcounter [-] [96604] Writing DB stats nova_cell0:SELECT=1,nova_cell0:UPDATE=1 {{(pid=96604) stat_writer /opt/stack/data/venv/lib/python3.12/site-packages/dbcounter.py:115}}
Aug 25 11:43:18.759531 np0000008081 nova-scheduler[96606]: DEBUG dbcounter [-] [96606] Writing DB stats nova_cell0:SELECT=1 {{(pid=96606) stat_writer /opt/stack/data/venv/lib/python3.12/site-packages/dbcounter.py:115}}
Aug 25 11:43:18.781813 np0000008081 nova-scheduler[96608]: DEBUG dbcounter [-] [96608] Writing DB stats nova_cell0:SELECT=1 {{(pid=96608) stat_writer /opt/stack/data/venv/lib/python3.12/site-packages/dbcounter.py:115}}
Aug 25 11:43:20.727638 np0000008081 nova-scheduler[96602]: DEBUG oslo.service.backend._threading.loopingcall [None req-d32ce76a-2727-4b34-848e-c161a36061ed None None] Dynamic interval looping call 'nova.service.Service.periodic_tasks' sleeping for 60.00 seconds {{(pid=96602) _run_loop /opt/stack/data/venv/lib/python3.12/site-packages/oslo_service/backend/_threading/loopingcall.py:125}}
Aug 25 11:43:37.758484 np0000008081 nova-scheduler[96606]: DEBUG oslo.service.backend._threading.loopingcall [None req-f2bdb42f-b11e-48fe-89cf-a8eab6266fee None None] Dynamic interval looping call 'nova.service.Service.periodic_tasks' sleeping for 60.00 seconds {{(pid=96606) _run_loop /opt/stack/data/venv/lib/python3.12/site-packages/oslo_service/backend/_threading/loopingcall.py:125}}
Aug 25 11:43:40.594999 np0000008081 nova-scheduler[96602]: DEBUG nova.scheduler.manager [None req-b00678cf-6e49-4dbb-b173-880ad6344b01 tempest-DeleteServersTestJSON-565845206 tempest-DeleteServersTestJSON-565845206-project-member] Starting to schedule for instances: ['7469cc2d-847e-4307-90e5-b963ad58b8db'] {{(pid=96602) select_destinations /opt/stack/nova/nova/scheduler/manager.py:197}}
Aug 25 11:43:40.595512 np0000008081 nova-scheduler[96602]: DEBUG nova.scheduler.request_filter [None req-b00678cf-6e49-4dbb-b173-880ad6344b01 tempest-DeleteServersTestJSON-565845206 tempest-DeleteServersTestJSON-565845206-project-member] compute_status_filter request filter added forbidden trait COMPUTE_STATUS_DISABLED {{(pid=96602) compute_status_filter /opt/stack/nova/nova/scheduler/request_filter.py:258}}
Aug 25 11:43:40.595567 np0000008081 nova-scheduler[96602]: DEBUG nova.scheduler.request_filter [None req-b00678cf-6e49-4dbb-b173-880ad6344b01 tempest-DeleteServersTestJSON-565845206 tempest-DeleteServersTestJSON-565845206-project-member] Request filter 'compute_status_filter' took 0.0 seconds {{(pid=96602) wrapper /opt/stack/nova/nova/scheduler/request_filter.py:51}}
Aug 25 11:43:40.595848 np0000008081 nova-scheduler[96602]: DEBUG nova.scheduler.request_filter [None req-b00678cf-6e49-4dbb-b173-880ad6344b01 tempest-DeleteServersTestJSON-565845206 tempest-DeleteServersTestJSON-565845206-project-member] Request filter 'accelerators_filter' took 0.0 seconds {{(pid=96602) wrapper /opt/stack/nova/nova/scheduler/request_filter.py:51}}
Aug 25 11:43:40.596990 np0000008081 nova-scheduler[96602]: DEBUG nova.scheduler.request_filter [None req-b00678cf-6e49-4dbb-b173-880ad6344b01 tempest-DeleteServersTestJSON-565845206 tempest-DeleteServersTestJSON-565845206-project-member] Request filter 'packed_virtqueue_filter' took 0.0 seconds {{(pid=96602) wrapper /opt/stack/nova/nova/scheduler/request_filter.py:51}}
Aug 25 11:43:40.597948 np0000008081 nova-scheduler[96602]: DEBUG nova.scheduler.request_filter [None req-b00678cf-6e49-4dbb-b173-880ad6344b01 tempest-DeleteServersTestJSON-565845206 tempest-DeleteServersTestJSON-565845206-project-member] Request filter 'remote_managed_ports_filter' took 0.0 seconds {{(pid=96602) wrapper /opt/stack/nova/nova/scheduler/request_filter.py:51}}
Aug 25 11:43:40.597948 np0000008081 nova-scheduler[96602]: DEBUG nova.scheduler.request_filter [None req-b00678cf-6e49-4dbb-b173-880ad6344b01 tempest-DeleteServersTestJSON-565845206 tempest-DeleteServersTestJSON-565845206-project-member] ephemeral_encryption_filter skipped {{(pid=96602) ephemeral_encryption_filter /opt/stack/nova/nova/scheduler/request_filter.py:431}}
Aug 25 11:43:40.597948 np0000008081 nova-scheduler[96602]: DEBUG nova.scheduler.request_filter [None req-b00678cf-6e49-4dbb-b173-880ad6344b01 tempest-DeleteServersTestJSON-565845206 tempest-DeleteServersTestJSON-565845206-project-member] virtio_sound_filter skipped {{(pid=96602) virtio_sound_filter /opt/stack/nova/nova/scheduler/request_filter.py:465}}
Aug 25 11:43:40.597948 np0000008081 nova-scheduler[96602]: DEBUG nova.scheduler.request_filter [None req-b00678cf-6e49-4dbb-b173-880ad6344b01 tempest-DeleteServersTestJSON-565845206 tempest-DeleteServersTestJSON-565845206-project-member] tpm_secret_security_filter skipped {{(pid=96602) tpm_secret_security_filter /opt/stack/nova/nova/scheduler/request_filter.py:482}}
Aug 25 11:43:40.598332 np0000008081 nova-scheduler[96602]: DEBUG oslo_concurrency.lockutils [None req-b00678cf-6e49-4dbb-b173-880ad6344b01 tempest-DeleteServersTestJSON-565845206 tempest-DeleteServersTestJSON-565845206-project-member] Acquiring lock "00000000-0000-0000-0000-000000000000" by "nova.context.set_target_cell..get_or_set_cached_cell_and_set_connections" {{(pid=96602) inner /opt/stack/data/venv/lib/python3.12/site-packages/oslo_concurrency/lockutils.py:512}}
Aug 25 11:43:40.598615 np0000008081 nova-scheduler[96602]: DEBUG oslo_concurrency.lockutils [None req-b00678cf-6e49-4dbb-b173-880ad6344b01 tempest-DeleteServersTestJSON-565845206 tempest-DeleteServersTestJSON-565845206-project-member] Lock "00000000-0000-0000-0000-000000000000" acquired by "nova.context.set_target_cell..get_or_set_cached_cell_and_set_connections" :: waited 0.000s {{(pid=96602) inner /opt/stack/data/venv/lib/python3.12/site-packages/oslo_concurrency/lockutils.py:525}}
Aug 25 11:43:40.599284 np0000008081 nova-scheduler[96602]: DEBUG oslo_concurrency.lockutils [None req-b00678cf-6e49-4dbb-b173-880ad6344b01 tempest-DeleteServersTestJSON-565845206 tempest-DeleteServersTestJSON-565845206-project-member] Lock "00000000-0000-0000-0000-000000000000" "released" by "nova.context.set_target_cell..get_or_set_cached_cell_and_set_connections" :: held 0.001s {{(pid=96602) inner /opt/stack/data/venv/lib/python3.12/site-packages/oslo_concurrency/lockutils.py:544}}
Aug 25 11:43:40.599587 np0000008081 nova-scheduler[96602]: INFO nova.thread_pool_factory [None req-b00678cf-6e49-4dbb-b173-880ad6344b01 tempest-DeleteServersTestJSON-565845206 tempest-DeleteServersTestJSON-565845206-project-member] The cell_worker thread pool ForkProcess-1.cell_worker is initialized
Aug 25 11:43:40.600669 np0000008081 nova-scheduler[96602]: DEBUG oslo_concurrency.lockutils [None req-b00678cf-6e49-4dbb-b173-880ad6344b01 tempest-DeleteServersTestJSON-565845206 tempest-DeleteServersTestJSON-565845206-project-member] Acquiring lock "75dd9b0d-14f7-4075-aa47-a97c358e59fe" by "nova.context.set_target_cell..get_or_set_cached_cell_and_set_connections" {{(pid=96602) inner /opt/stack/data/venv/lib/python3.12/site-packages/oslo_concurrency/lockutils.py:512}}
Aug 25 11:43:40.600868 np0000008081 nova-scheduler[96602]: DEBUG oslo_concurrency.lockutils [None req-b00678cf-6e49-4dbb-b173-880ad6344b01 tempest-DeleteServersTestJSON-565845206 tempest-DeleteServersTestJSON-565845206-project-member] Lock "75dd9b0d-14f7-4075-aa47-a97c358e59fe" acquired by "nova.context.set_target_cell..get_or_set_cached_cell_and_set_connections" :: waited 0.000s {{(pid=96602) inner /opt/stack/data/venv/lib/python3.12/site-packages/oslo_concurrency/lockutils.py:525}}
