Jul 08 07:01:11.770527 np0000004790 devstack@g-api.service[102767]: DEBUG glance.api.middleware.version_negotiation [None req-68c7b9e8-df04-4467-b2e8-87e87be8f50f tempest-VolumesSnapshotTestJSON-47741081 tempest-VolumesSnapshotTestJSON-47741081-project-member] new path /v2/images/b9cba4fe-c06e-4783-901f-09a57518343e {{(pid=102767) process_request /opt/stack/glance/glance/api/middleware/version_negotiation.py:70}}
Jul 08 07:01:11.780165 np0000004790 devstack@g-api.service[102767]: [pid: 102767|app: 0|req: 65/259] 127.0.0.1 () {44 vars in 1111 bytes} [Wed Jul 8 07:01:11 2026] GET /v2/images/b9cba4fe-c06e-4783-901f-09a57518343e => generated 1044 bytes in 10 msecs (HTTP/1.1 200) 4 headers in 158 bytes (1 switches on core 0)
Jul 08 07:01:11.787406 np0000004790 devstack@g-api.service[102766]: DEBUG glance.api.middleware.version_negotiation [None req-a9a0447f-14a3-4b0f-97b6-334f72b27649 tempest-VolumesSnapshotTestJSON-47741081 tempest-VolumesSnapshotTestJSON-47741081-project-member] Determining version of request: GET /v2/schemas/image Accept: */* {{(pid=102766) process_request /opt/stack/glance/glance/api/middleware/version_negotiation.py:44}}
Jul 08 07:01:11.787566 np0000004790 devstack@g-api.service[102766]: DEBUG glance.api.middleware.version_negotiation [None req-a9a0447f-14a3-4b0f-97b6-334f72b27649 tempest-VolumesSnapshotTestJSON-47741081 tempest-VolumesSnapshotTestJSON-47741081-project-member] Using url versioning {{(pid=102766) process_request /opt/stack/glance/glance/api/middleware/version_negotiation.py:57}}
Jul 08 07:01:11.787744 np0000004790 devstack@g-api.service[102766]: DEBUG glance.api.middleware.version_negotiation [None req-a9a0447f-14a3-4b0f-97b6-334f72b27649 tempest-VolumesSnapshotTestJSON-47741081 tempest-VolumesSnapshotTestJSON-47741081-project-member] Matched version: v2 {{(pid=102766) process_request /opt/stack/glance/glance/api/middleware/version_negotiation.py:69}}
Jul 08 07:01:11.787883 np0000004790 devstack@g-api.service[102766]: DEBUG glance.api.middleware.version_negotiation [None req-a9a0447f-14a3-4b0f-97b6-334f72b27649 tempest-VolumesSnapshotTestJSON-47741081 tempest-VolumesSnapshotTestJSON-47741081-project-member] new path /v2/schemas/image {{(pid=102766) process_request /opt/stack/glance/glance/api/middleware/version_negotiation.py:70}}
Jul 08 07:01:11.790346 np0000004790 devstack@g-api.service[102766]: [pid: 102766|app: 0|req: 68/260] 127.0.0.1 () {44 vars in 1051 bytes} [Wed Jul 8 07:01:11 2026] GET /v2/schemas/image => generated 6083 bytes in 3 msecs (HTTP/1.1 200) 4 headers in 158 bytes (1 switches on core 0)
Jul 08 07:01:11.798297 np0000004790 devstack@g-api.service[102768]: DEBUG glance.api.middleware.version_negotiation [None req-a9a0447f-14a3-4b0f-97b6-334f72b27649 tempest-VolumesSnapshotTestJSON-47741081 tempest-VolumesSnapshotTestJSON-47741081-project-member] Determining version of request: GET /v2/schemas/image Accept: */* {{(pid=102768) process_request /opt/stack/glance/glance/api/middleware/version_negotiation.py:44}}
Jul 08 07:01:11.798445 np0000004790 devstack@g-api.service[102768]: DEBUG glance.api.middleware.version_negotiation [None req-a9a0447f-14a3-4b0f-97b6-334f72b27649 tempest-VolumesSnapshotTestJSON-47741081 tempest-VolumesSnapshotTestJSON-47741081-project-member] Using url versioning {{(pid=102768) process_request /opt/stack/glance/glance/api/middleware/version_negotiation.py:57}}
Jul 08 07:01:11.798588 np0000004790 devstack@g-api.service[102768]: DEBUG glance.api.middleware.version_negotiation [None req-a9a0447f-14a3-4b0f-97b6-334f72b27649 tempest-VolumesSnapshotTestJSON-47741081 tempest-VolumesSnapshotTestJSON-47741081-project-member] Matched version: v2 {{(pid=102768) process_request /opt/stack/glance/glance/api/middleware/version_negotiation.py:69}}
Jul 08 07:01:11.798703 np0000004790 devstack@g-api.service[102768]: DEBUG glance.api.middleware.version_negotiation [None req-a9a0447f-14a3-4b0f-97b6-334f72b27649 tempest-VolumesSnapshotTestJSON-47741081 tempest-VolumesSnapshotTestJSON-47741081-project-member] new path /v2/schemas/image {{(pid=102768) process_request /opt/stack/glance/glance/api/middleware/version_negotiation.py:70}}
Jul 08 07:01:11.801250 np0000004790 devstack@g-api.service[102768]: [pid: 102768|app: 0|req: 64/261] 127.0.0.1 () {44 vars in 1051 bytes} [Wed Jul 8 07:01:11 2026] GET /v2/schemas/image => generated 6083 bytes in 3 msecs (HTTP/1.1 200) 4 headers in 158 bytes (1 switches on core 0)
Jul 08 07:01:11.826625 np0000004790 devstack@g-api.service[102769]: DEBUG glance.api.middleware.version_negotiation [None req-a9a0447f-14a3-4b0f-97b6-334f72b27649 tempest-VolumesSnapshotTestJSON-47741081 tempest-VolumesSnapshotTestJSON-47741081-project-member] Determining version of request: GET /v2/images/b9cba4fe-c06e-4783-901f-09a57518343e Accept: */* {{(pid=102769) process_request /opt/stack/glance/glance/api/middleware/version_negotiation.py:44}}
Jul 08 07:01:11.826780 np0000004790 devstack@g-api.service[102769]: DEBUG glance.api.middleware.version_negotiation [None req-a9a0447f-14a3-4b0f-97b6-334f72b27649 tempest-VolumesSnapshotTestJSON-47741081 tempest-VolumesSnapshotTestJSON-47741081-project-member] Using url versioning {{(pid=102769) process_request /opt/stack/glance/glance/api/middleware/version_negotiation.py:57}}
Jul 08 07:01:11.826962 np0000004790 devstack@g-api.service[102769]: DEBUG glance.api.middleware.version_negotiation [None req-a9a0447f-14a3-4b0f-97b6-334f72b27649 tempest-VolumesSnapshotTestJSON-47741081 tempest-VolumesSnapshotTestJSON-47741081-project-member] Matched version: v2 {{(pid=102769) process_request /opt/stack/glance/glance/api/middleware/version_negotiation.py:69}}
Jul 08 07:01:11.827117 np0000004790 devstack@g-api.service[102769]: DEBUG glance.api.middleware.version_negotiation [None req-a9a0447f-14a3-4b0f-97b6-334f72b27649 tempest-VolumesSnapshotTestJSON-47741081 tempest-VolumesSnapshotTestJSON-47741081-project-member] new path /v2/images/b9cba4fe-c06e-4783-901f-09a57518343e {{(pid=102769) process_request /opt/stack/glance/glance/api/middleware/version_negotiation.py:70}}
Jul 08 07:01:11.838394 np0000004790 devstack@g-api.service[102769]: [pid: 102769|app: 0|req: 65/262] 127.0.0.1 () {44 vars in 1111 bytes} [Wed Jul 8 07:01:11 2026] GET /v2/images/b9cba4fe-c06e-4783-901f-09a57518343e => generated 1044 bytes in 12 msecs (HTTP/1.1 200) 4 headers in 158 bytes (1 switches on core 0)
Jul 08 07:01:11.847648 np0000004790 devstack@g-api.service[102767]: DEBUG glance.api.middleware.version_negotiation [None req-a9a0447f-14a3-4b0f-97b6-334f72b27649 tempest-VolumesSnapshotTestJSON-47741081 tempest-VolumesSnapshotTestJSON-47741081-project-member] Determining version of request: GET /v2/schemas/image Accept: */* {{(pid=102767) process_request /opt/stack/glance/glance/api/middleware/version_negotiation.py:44}}
Jul 08 07:01:11.847861 np0000004790 devstack@g-api.service[102767]: DEBUG glance.api.middleware.version_negotiation [None req-a9a0447f-14a3-4b0f-97b6-334f72b27649 tempest-VolumesSnapshotTestJSON-47741081 tempest-VolumesSnapshotTestJSON-47741081-project-member] Using url versioning {{(pid=102767) process_request /opt/stack/glance/glance/api/middleware/version_negotiation.py:57}}
Jul 08 07:01:11.848031 np0000004790 devstack@g-api.service[102767]: DEBUG glance.api.middleware.version_negotiation [None req-a9a0447f-14a3-4b0f-97b6-334f72b27649 tempest-VolumesSnapshotTestJSON-47741081 tempest-VolumesSnapshotTestJSON-47741081-project-member] Matched version: v2 {{(pid=102767) process_request /opt/stack/glance/glance/api/middleware/version_negotiation.py:69}}
Jul 08 07:01:11.848222 np0000004790 devstack@g-api.service[102767]: DEBUG glance.api.middleware.version_negotiation [None req-a9a0447f-14a3-4b0f-97b6-334f72b27649 tempest-VolumesSnapshotTestJSON-47741081 tempest-VolumesSnapshotTestJSON-47741081-project-member] new path /v2/schemas/image {{(pid=102767) process_request /opt/stack/glance/glance/api/middleware/version_negotiation.py:70}}
Jul 08 07:01:11.850774 np0000004790 devstack@g-api.service[102767]: [pid: 102767|app: 0|req: 66/263] 127.0.0.1 () {44 vars in 1051 bytes} [Wed Jul 8 07:01:11 2026] GET /v2/schemas/image => generated 6083 bytes in 3 msecs (HTTP/1.1 200) 4 headers in 158 bytes (1 switches on core 0)
Jul 08 07:01:12.037506 np0000004790 devstack@g-api.service[102766]: DEBUG glance.api.middleware.version_negotiation [None req-a9a0447f-14a3-4b0f-97b6-334f72b27649 tempest-VolumesSnapshotTestJSON-47741081 tempest-VolumesSnapshotTestJSON-47741081-project-member] Determining version of request: DELETE /v2/images/19d737f0-5021-4ff7-aafd-87397369e5b6 Accept: application/json {{(pid=102766) process_request /opt/stack/glance/glance/api/middleware/version_negotiation.py:44}}
Jul 08 07:01:12.037506 np0000004790 devstack@g-api.service[102766]: DEBUG glance.api.middleware.version_negotiation [None req-a9a0447f-14a3-4b0f-97b6-334f72b27649 tempest-VolumesSnapshotTestJSON-47741081 tempest-VolumesSnapshotTestJSON-47741081-project-member] Using url versioning {{(pid=102766) process_request /opt/stack/glance/glance/api/middleware/version_negotiation.py:57}}
Jul 08 07:01:12.037506 np0000004790 devstack@g-api.service[102766]: DEBUG glance.api.middleware.version_negotiation [None req-a9a0447f-14a3-4b0f-97b6-334f72b27649 tempest-VolumesSnapshotTestJSON-47741081 tempest-VolumesSnapshotTestJSON-47741081-project-member] Matched version: v2 {{(pid=102766) process_request /opt/stack/glance/glance/api/middleware/version_negotiation.py:69}}
Jul 08 07:01:12.037506 np0000004790 devstack@g-api.service[102766]: DEBUG glance.api.middleware.version_negotiation [None req-a9a0447f-14a3-4b0f-97b6-334f72b27649 tempest-VolumesSnapshotTestJSON-47741081 tempest-VolumesSnapshotTestJSON-47741081-project-member] new path /v2/images/19d737f0-5021-4ff7-aafd-87397369e5b6 {{(pid=102766) process_request /opt/stack/glance/glance/api/middleware/version_negotiation.py:70}}
Jul 08 07:01:12.056787 np0000004790 devstack@g-api.service[102766]: WARNING glance.api.v2.images [None req-98974d25-1160-4899-aafa-cdb653ebde3f tempest-ServerBootFromVolumeStableRescueTest-246432797 tempest-ServerBootFromVolumeStableRescueTest-246432797-project-member] After upload to backend, deletion of staged image data has failed because it cannot be found at /tmp/staging//19d737f0-5021-4ff7-aafd-87397369e5b6
Jul 08 07:01:12.057496 np0000004790 devstack@g-api.service[102766]: DEBUG glance_store.backend [None req-98974d25-1160-4899-aafa-cdb653ebde3f tempest-ServerBootFromVolumeStableRescueTest-246432797 tempest-ServerBootFromVolumeStableRescueTest-246432797-project-member] Attempting to import store swift {{(pid=102766) _load_store /opt/stack/data/venv/lib/python3.12/site-packages/glance_store/backend.py:215}}
Jul 08 07:01:12.058868 np0000004790 devstack@g-api.service[102766]: DEBUG glance_store.capabilities [None req-98974d25-1160-4899-aafa-cdb653ebde3f tempest-ServerBootFromVolumeStableRescueTest-246432797 tempest-ServerBootFromVolumeStableRescueTest-246432797-project-member] Store glance_store._drivers.swift.store.SingleTenantStore doesn't support updating dynamic storage capabilities. Please overwrite 'update_capabilities' method of the store to implement updating logics if needed. {{(pid=102766) update_capabilities /opt/stack/data/venv/lib/python3.12/site-packages/glance_store/capabilities.py:91}}
Jul 08 07:01:12.059023 np0000004790 devstack@g-api.service[102766]: DEBUG glance_store.driver [None req-98974d25-1160-4899-aafa-cdb653ebde3f tempest-ServerBootFromVolumeStableRescueTest-246432797 tempest-ServerBootFromVolumeStableRescueTest-246432797-project-member] Late loading location class glance_store._drivers.swift.store.StoreLocation {{(pid=102766) get_store_location_class /opt/stack/data/venv/lib/python3.12/site-packages/glance_store/driver.py:134}}
Jul 08 07:01:12.059161 np0000004790 devstack@g-api.service[102766]: DEBUG glance_store.location [None req-98974d25-1160-4899-aafa-cdb653ebde3f tempest-ServerBootFromVolumeStableRescueTest-246432797 tempest-ServerBootFromVolumeStableRescueTest-246432797-project-member] Registering scheme swift+https with {'store': , 'location_class': , 'store_entry': 'swift'} {{(pid=102766) register_scheme_map /opt/stack/data/venv/lib/python3.12/site-packages/glance_store/location.py:146}}
Jul 08 07:01:12.059409 np0000004790 devstack@g-api.service[102766]: DEBUG glance_store.location [None req-98974d25-1160-4899-aafa-cdb653ebde3f tempest-ServerBootFromVolumeStableRescueTest-246432797 tempest-ServerBootFromVolumeStableRescueTest-246432797-project-member] Registering scheme swift+https with {'store': , 'location_class': , 'store_entry': 'swift'} {{(pid=102766) register_scheme_map /opt/stack/data/venv/lib/python3.12/site-packages/glance_store/location.py:146}}
Jul 08 07:01:12.059483 np0000004790 devstack@g-api.service[102766]: DEBUG glance_store.location [None req-98974d25-1160-4899-aafa-cdb653ebde3f tempest-ServerBootFromVolumeStableRescueTest-246432797 tempest-ServerBootFromVolumeStableRescueTest-246432797-project-member] Registering scheme swift with {'store': , 'location_class': , 'store_entry': 'swift'} {{(pid=102766) register_scheme_map /opt/stack/data/venv/lib/python3.12/site-packages/glance_store/location.py:146}}
Jul 08 07:01:12.059574 np0000004790 devstack@g-api.service[102766]: DEBUG glance_store.location [None req-98974d25-1160-4899-aafa-cdb653ebde3f tempest-ServerBootFromVolumeStableRescueTest-246432797 tempest-ServerBootFromVolumeStableRescueTest-246432797-project-member] Registering scheme swift+https with {'store': , 'location_class': , 'store_entry': 'swift'} {{(pid=102766) register_scheme_map /opt/stack/data/venv/lib/python3.12/site-packages/glance_store/location.py:146}}
Jul 08 07:01:12.059632 np0000004790 devstack@g-api.service[102766]: DEBUG glance_store.location [None req-98974d25-1160-4899-aafa-cdb653ebde3f tempest-ServerBootFromVolumeStableRescueTest-246432797 tempest-ServerBootFromVolumeStableRescueTest-246432797-project-member] Registering scheme swift with {'store': , 'location_class': , 'store_entry': 'swift'} {{(pid=102766) register_scheme_map /opt/stack/data/venv/lib/python3.12/site-packages/glance_store/location.py:146}}
Jul 08 07:01:12.059706 np0000004790 devstack@g-api.service[102766]: DEBUG glance_store.location [None req-98974d25-1160-4899-aafa-cdb653ebde3f tempest-ServerBootFromVolumeStableRescueTest-246432797 tempest-ServerBootFromVolumeStableRescueTest-246432797-project-member] Registering scheme swift+http with {'store': , 'location_class': , 'store_entry': 'swift'} {{(pid=102766) register_scheme_map /opt/stack/data/venv/lib/python3.12/site-packages/glance_store/location.py:146}}
Jul 08 07:01:12.059791 np0000004790 devstack@g-api.service[102766]: DEBUG glance_store.location [None req-98974d25-1160-4899-aafa-cdb653ebde3f tempest-ServerBootFromVolumeStableRescueTest-246432797 tempest-ServerBootFromVolumeStableRescueTest-246432797-project-member] Registering scheme swift+https with {'store': , 'location_class': , 'store_entry': 'swift'} {{(pid=102766) register_scheme_map /opt/stack/data/venv/lib/python3.12/site-packages/glance_store/location.py:146}}
Jul 08 07:01:12.059908 np0000004790 devstack@g-api.service[102766]: DEBUG glance_store.location [None req-98974d25-1160-4899-aafa-cdb653ebde3f tempest-ServerBootFromVolumeStableRescueTest-246432797 tempest-ServerBootFromVolumeStableRescueTest-246432797-project-member] Registering scheme swift with {'store': , 'location_class': , 'store_entry': 'swift'} {{(pid=102766) register_scheme_map /opt/stack/data/venv/lib/python3.12/site-packages/glance_store/location.py:146}}
Jul 08 07:01:12.060021 np0000004790 devstack@g-api.service[102766]: DEBUG glance_store.location [None req-98974d25-1160-4899-aafa-cdb653ebde3f tempest-ServerBootFromVolumeStableRescueTest-246432797 tempest-ServerBootFromVolumeStableRescueTest-246432797-project-member] Registering scheme swift+http with {'store': , 'location_class': , 'store_entry': 'swift'} {{(pid=102766) register_scheme_map /opt/stack/data/venv/lib/python3.12/site-packages/glance_store/location.py:146}}
Jul 08 07:01:12.061097 np0000004790 devstack@g-api.service[102766]: DEBUG glance_store.location [None req-98974d25-1160-4899-aafa-cdb653ebde3f tempest-ServerBootFromVolumeStableRescueTest-246432797 tempest-ServerBootFromVolumeStableRescueTest-246432797-project-member] Registering scheme swift+config with {'store': , 'location_class': , 'store_entry': 'swift'} {{(pid=102766) register_scheme_map /opt/stack/data/venv/lib/python3.12/site-packages/glance_store/location.py:146}}
Jul 08 07:01:12.061097 np0000004790 devstack@g-api.service[102766]: DEBUG keystoneclient.auth.identity.v3.base [None req-98974d25-1160-4899-aafa-cdb653ebde3f tempest-ServerBootFromVolumeStableRescueTest-246432797 tempest-ServerBootFromVolumeStableRescueTest-246432797-project-member] Making authentication request to https://10.4.3.76/identity/v3/auth/tokens {{(pid=102766) get_auth_ref /opt/stack/data/venv/lib/python3.12/site-packages/keystoneclient/auth/identity/v3/base.py:185}}
Jul 08 07:01:12.095131 np0000004790 devstack@g-api.service[102766]: DEBUG keystoneclient.auth.identity.v3.base [None req-98974d25-1160-4899-aafa-cdb653ebde3f tempest-ServerBootFromVolumeStableRescueTest-246432797 tempest-ServerBootFromVolumeStableRescueTest-246432797-project-member] {"token": {"methods": ["password"], "user": {"domain": {"id": "default", "name": "Default"}, "id": "b4aae53d06c14a6c89aaf279ddd1485f", "name": "glance-swift", "password_expires_at": null}, "audit_ids": ["b2yDz8b2QIa1txE5aNc9FA"], "expires_at": "2026-07-08T08:01:12.000000Z", "issued_at": "2026-07-08T07:01:12.000000Z", "project": {"domain": {"id": "default", "name": "Default"}, "id": "c1ad482bae11441e94cc6ede9ea17912", "name": "service"}, "is_domain": false, "roles": [{"id": "f418806c2d214a378fdfaa9dcd6c9b47", "name": "service"}, {"id": "9b6315581724443e9124ed2f84a2b886", "name": "ResellerAdmin"}], "catalog": [{"endpoints": [{"id": "00ecb428484d43e19bd3a6db90b13956", "interface": "public", "region_id": "RegionOne", "url": "https://10.4.3.76/compute/v2.1", "region": "RegionOne"}], "id": "785913ee8bb34fd3a6a8e4c793f967a9", "type": "compute", "name": "nova"}, {"endpoints": [{"id": "240bd40c457942858b260426bf013cf0", "interface": "public", "region_id": "RegionOne", "url": "https://10.4.3.76/volume/v3", "region": "RegionOne"}], "id": "7b04099ce6bf476ca4220afcbdd7382e", "type": "block-storage", "name": "cinder"}, {"endpoints": [{"id": "26b5e16f5cc74fcb9b48cce60cd14278", "interface": "admin", "region_id": "RegionOne", "url": "https://10.4.3.76:8080", "region": "RegionOne"}, {"id": "1a1a229106ef468692df2f9fc8f2b5a9", "interface": "public", "region_id": "RegionOne", "url": "https://10.4.3.76:8080/v1/AUTH_c1ad482bae11441e94cc6ede9ea17912", "region": "RegionOne"}], "id": "8331f55f579f4ec297181ed54c5e904b", "type": "object-store", "name": "swift"}, {"endpoints": [{"id": "8d99f260d0d04977bfb82ccad68670b1", "interface": "public", "region_id": "RegionOne", "url": "https://10.4.3.76/identity", "region": "RegionOne"}], "id": "86ed915fa82b43b884dbe25e5aeb454e", "type": "identity", "name": "keystone"}, {"endpoints": [{"id": "644028fc87d34dbdab76b05aa74a78b1", "interface": "public", "region_id": "RegionOne", "url": "https://10.4.3.76/image", "region": "RegionOne"}], "id": "c3c23a318e4c446d9280d7977f4041b0", "type": "image", "name": "glance"}, {"endpoints": [{"id": "ed08a79147204cceb35e66f6383ca424", "interface": "public", "region_id": "RegionOne", "url": "https://10.4.3.76/compute/v2/c1ad482bae11441e94cc6ede9ea17912", "region": "RegionOne"}], "id": "c49e38e9680b4e1a8fe06ad647c49881", "type": "compute_legacy", "name": "nova_legacy"}, {"endpoints": [{"id": "e04b936286a84f1697d5091d2464e774", "interface": "public", "region_id": "RegionOne", "url": "https://10.4.3.76/networking", "region": "RegionOne"}], "id": "c5656b88b37142158b522e118c9c093a", "type": "network", "name": "neutron"}, {"endpoints": [{"id": "f0591189151540e3a42212c4c9c84cf9", "interface": "public", "region_id": "RegionOne", "url": "https://10.4.3.76/placement", "region": "RegionOne"}], "id": "e04975da72b346d28b086d479e12ae21", "type": "placement", "name": "placement"}]}} {{(pid=102766) get_auth_ref /opt/stack/data/venv/lib/python3.12/site-packages/keystoneclient/auth/identity/v3/base.py:190}}
Jul 08 07:01:12.095914 np0000004790 devstack@g-api.service[102766]: DEBUG keystoneclient.httpclient [None req-98974d25-1160-4899-aafa-cdb653ebde3f tempest-ServerBootFromVolumeStableRescueTest-246432797 tempest-ServerBootFromVolumeStableRescueTest-246432797-project-member] Failed to find endpoint for management url admin endpoint for identity service not found {{(pid=102766) _process_management_url /opt/stack/data/venv/lib/python3.12/site-packages/keystoneclient/httpclient.py:670}}
Jul 08 07:01:12.180060 np0000004790 devstack@g-api.service[102766]: DEBUG swiftclient [None req-98974d25-1160-4899-aafa-cdb653ebde3f tempest-ServerBootFromVolumeStableRescueTest-246432797 tempest-ServerBootFromVolumeStableRescueTest-246432797-project-member] REQ: curl -i https://10.4.3.76:8080/v1/AUTH_c1ad482bae11441e94cc6ede9ea17912/glance/19d737f0-5021-4ff7-aafd-87397369e5b6 -I -H "X-Auth-Token: gAAAAABqTfW4ZlWq..." {{(pid=102766) http_log /opt/stack/data/venv/lib/python3.12/site-packages/swiftclient/client.py:160}}
Jul 08 07:01:12.180255 np0000004790 devstack@g-api.service[102766]: DEBUG swiftclient [None req-98974d25-1160-4899-aafa-cdb653ebde3f tempest-ServerBootFromVolumeStableRescueTest-246432797 tempest-ServerBootFromVolumeStableRescueTest-246432797-project-member] RESP STATUS: 200 OK {{(pid=102766) http_log /opt/stack/data/venv/lib/python3.12/site-packages/swiftclient/client.py:161}}
Jul 08 07:01:12.180447 np0000004790 devstack@g-api.service[102766]: DEBUG swiftclient [None req-98974d25-1160-4899-aafa-cdb653ebde3f tempest-ServerBootFromVolumeStableRescueTest-246432797 tempest-ServerBootFromVolumeStableRescueTest-246432797-project-member] RESP HEADERS: {'Date': 'Wed, 08 Jul 2026 07:01:12 GMT', 'Server': 'Apache/2.4.58 (Ubuntu)', 'Content-Type': 'application/octet-stream', 'Content-Length': '23527424', 'X-Object-Manifest': 'glance/19d737f0-5021-4ff7-aafd-87397369e5b6-', 'Last-Modified': 'Wed, 08 Jul 2026 06:58:42 GMT', 'X-Timestamp': '1783493921.05894', 'Accept-Ranges': 'bytes', 'Etag': '"9c424351ecc3b84373f916fa8ecd34a2"', 'X-Trans-Id': 'tx9ef9c47cce334af2bd355-006a4df5b8', 'X-Openstack-Request-Id': 'tx9ef9c47cce334af2bd355-006a4df5b8', 'Connection': 'close'} {{(pid=102766) http_log /opt/stack/data/venv/lib/python3.12/site-packages/swiftclient/client.py:162}}
Jul 08 07:01:12.200342 np0000004790 devstack@g-api.service[102766]: DEBUG swiftclient [None req-98974d25-1160-4899-aafa-cdb653ebde3f tempest-ServerBootFromVolumeStableRescueTest-246432797 tempest-ServerBootFromVolumeStableRescueTest-246432797-project-member] REQ: curl -i https://10.4.3.76:8080/v1/AUTH_c1ad482bae11441e94cc6ede9ea17912/glance?format=json&prefix=19d737f0-5021-4ff7-aafd-87397369e5b6- -X GET -H "X-Auth-Token: gAAAAABqTfW4ZlWq..." -H "Accept-Encoding: gzip" {{(pid=102766) http_log /opt/stack/data/venv/lib/python3.12/site-packages/swiftclient/client.py:160}}
Jul 08 07:01:12.200462 np0000004790 devstack@g-api.service[102766]: DEBUG swiftclient [None req-98974d25-1160-4899-aafa-cdb653ebde3f tempest-ServerBootFromVolumeStableRescueTest-246432797 tempest-ServerBootFromVolumeStableRescueTest-246432797-project-member] RESP STATUS: 200 OK {{(pid=102766) http_log /opt/stack/data/venv/lib/python3.12/site-packages/swiftclient/client.py:161}}
Jul 08 07:01:12.200622 np0000004790 devstack@g-api.service[102766]: DEBUG swiftclient [None req-98974d25-1160-4899-aafa-cdb653ebde3f tempest-ServerBootFromVolumeStableRescueTest-246432797 tempest-ServerBootFromVolumeStableRescueTest-246432797-project-member] RESP HEADERS: {'Date': 'Wed, 08 Jul 2026 07:01:12 GMT', 'Server': 'Apache/2.4.58 (Ubuntu)', 'Content-Type': 'application/json; charset=utf-8', 'Content-Length': '210', 'X-Container-Object-Count': '7', 'X-Container-Bytes-Used': '109576192', 'X-Timestamp': '1783493784.39666', 'Last-Modified': 'Wed, 08 Jul 2026 06:56:25 GMT', 'Accept-Ranges': 'bytes', 'X-Storage-Policy': 'Policy-0', 'X-Container-Sharding': 'False', 'X-Trans-Id': 'tx44c0636f0b02418b8ae53-006a4df5b8', 'X-Openstack-Request-Id': 'tx44c0636f0b02418b8ae53-006a4df5b8', 'Connection': 'close'} {{(pid=102766) http_log /opt/stack/data/venv/lib/python3.12/site-packages/swiftclient/client.py:162}}
Jul 08 07:01:12.200997 np0000004790 devstack@g-api.service[102766]: DEBUG swiftclient [None req-98974d25-1160-4899-aafa-cdb653ebde3f tempest-ServerBootFromVolumeStableRescueTest-246432797 tempest-ServerBootFromVolumeStableRescueTest-246432797-project-member] RESP BODY: b'[{"bytes": 23527424, "hash": "4fa343ee581d8d2e78533191fd1ac3e1", "name": "19d737f0-5021-4ff7-aafd-87397369e5b6-00001", "content_type": "application/octet-stream", "last_modified": "2026-07-08T06:58:40.781460"}]' {{(pid=102766) http_log /opt/stack/data/venv/lib/python3.12/site-packages/swiftclient/client.py:166}}
Jul 08 07:01:12.224459 np0000004790 devstack@g-api.service[102768]: DEBUG glance.api.middleware.version_negotiation [None req-a9a0447f-14a3-4b0f-97b6-334f72b27649 tempest-VolumesSnapshotTestJSON-47741081 tempest-VolumesSnapshotTestJSON-47741081-project-member] Determining version of request: GET /versions Accept: */* {{(pid=102768) process_request /opt/stack/glance/glance/api/middleware/version_negotiation.py:44}}
Jul 08 07:01:12.225205 np0000004790 devstack@g-api.service[102768]: [pid: 102768|app: 0|req: 65/264] 127.0.0.1 () {44 vars in 1035 bytes} [Wed Jul 8 07:01:12 2026] GET /versions => generated 1501 bytes in 1 msecs (HTTP/1.1 200) 3 headers in 92 bytes (1 switches on core 0)
Jul 08 07:01:12.228839 np0000004790 devstack@g-api.service[102766]: DEBUG swiftclient [None req-98974d25-1160-4899-aafa-cdb653ebde3f tempest-ServerBootFromVolumeStableRescueTest-246432797 tempest-ServerBootFromVolumeStableRescueTest-246432797-project-member] REQ: curl -i https://10.4.3.76:8080/v1/AUTH_c1ad482bae11441e94cc6ede9ea17912/glance/19d737f0-5021-4ff7-aafd-87397369e5b6-00001 DELETE -H "X-Auth-Token: gAAAAABqTfW4ZlWq..." {{(pid=102766) http_log /opt/stack/data/venv/lib/python3.12/site-packages/swiftclient/client.py:160}}
Jul 08 07:01:12.228974 np0000004790 devstack@g-api.service[102766]: DEBUG swiftclient [None req-98974d25-1160-4899-aafa-cdb653ebde3f tempest-ServerBootFromVolumeStableRescueTest-246432797 tempest-ServerBootFromVolumeStableRescueTest-246432797-project-member] RESP STATUS: 204 No Content {{(pid=102766) http_log /opt/stack/data/venv/lib/python3.12/site-packages/swiftclient/client.py:161}}
Jul 08 07:01:12.229160 np0000004790 devstack@g-api.service[102766]: DEBUG swiftclient [None req-98974d25-1160-4899-aafa-cdb653ebde3f tempest-ServerBootFromVolumeStableRescueTest-246432797 tempest-ServerBootFromVolumeStableRescueTest-246432797-project-member] RESP HEADERS: {'Date': 'Wed, 08 Jul 2026 07:01:12 GMT', 'Server': 'Apache/2.4.58 (Ubuntu)', 'Content-Type': 'text/html; charset=UTF-8', 'X-Trans-Id': 'tx3e7a9e963d0743eaa181b-006a4df5b8', 'X-Openstack-Request-Id': 'tx3e7a9e963d0743eaa181b-006a4df5b8', 'Connection': 'close'} {{(pid=102766) http_log /opt/stack/data/venv/lib/python3.12/site-packages/swiftclient/client.py:162}}
Jul 08 07:01:12.235934 np0000004790 devstack@g-api.service[102769]: DEBUG glance.api.middleware.version_negotiation [None req-a9a0447f-14a3-4b0f-97b6-334f72b27649 tempest-VolumesSnapshotTestJSON-47741081 tempest-VolumesSnapshotTestJSON-47741081-project-member] Determining version of request: GET /v2/images/b9cba4fe-c06e-4783-901f-09a57518343e/locations Accept: */* {{(pid=102769) process_request /opt/stack/glance/glance/api/middleware/version_negotiation.py:44}}
Jul 08 07:01:12.236127 np0000004790 devstack@g-api.service[102769]: DEBUG glance.api.middleware.version_negotiation [None req-a9a0447f-14a3-4b0f-97b6-334f72b27649 tempest-VolumesSnapshotTestJSON-47741081 tempest-VolumesSnapshotTestJSON-47741081-project-member] Using url versioning {{(pid=102769) process_request /opt/stack/glance/glance/api/middleware/version_negotiation.py:57}}
Jul 08 07:01:12.236285 np0000004790 devstack@g-api.service[102769]: DEBUG glance.api.middleware.version_negotiation [None req-a9a0447f-14a3-4b0f-97b6-334f72b27649 tempest-VolumesSnapshotTestJSON-47741081 tempest-VolumesSnapshotTestJSON-47741081-project-member] Matched version: v2 {{(pid=102769) process_request /opt/stack/glance/glance/api/middleware/version_negotiation.py:69}}
Jul 08 07:01:12.236412 np0000004790 devstack@g-api.service[102769]: DEBUG glance.api.middleware.version_negotiation [None req-a9a0447f-14a3-4b0f-97b6-334f72b27649 tempest-VolumesSnapshotTestJSON-47741081 tempest-VolumesSnapshotTestJSON-47741081-project-member] new path /v2/images/b9cba4fe-c06e-4783-901f-09a57518343e/locations {{(pid=102769) process_request /opt/stack/glance/glance/api/middleware/version_negotiation.py:70}}
Jul 08 07:01:12.259743 np0000004790 devstack@g-api.service[102766]: DEBUG swiftclient [None req-98974d25-1160-4899-aafa-cdb653ebde3f tempest-ServerBootFromVolumeStableRescueTest-246432797 tempest-ServerBootFromVolumeStableRescueTest-246432797-project-member] REQ: curl -i https://10.4.3.76:8080/v1/AUTH_c1ad482bae11441e94cc6ede9ea17912/glance/19d737f0-5021-4ff7-aafd-87397369e5b6 DELETE -H "X-Auth-Token: gAAAAABqTfW4ZlWq..." {{(pid=102766) http_log /opt/stack/data/venv/lib/python3.12/site-packages/swiftclient/client.py:160}}
Jul 08 07:01:12.259901 np0000004790 devstack@g-api.service[102766]: DEBUG swiftclient [None req-98974d25-1160-4899-aafa-cdb653ebde3f tempest-ServerBootFromVolumeStableRescueTest-246432797 tempest-ServerBootFromVolumeStableRescueTest-246432797-project-member] RESP STATUS: 204 No Content {{(pid=102766) http_log /opt/stack/data/venv/lib/python3.12/site-packages/swiftclient/client.py:161}}
Jul 08 07:01:12.259991 np0000004790 devstack@g-api.service[102766]: DEBUG swiftclient [None req-98974d25-1160-4899-aafa-cdb653ebde3f tempest-ServerBootFromVolumeStableRescueTest-246432797 tempest-ServerBootFromVolumeStableRescueTest-246432797-project-member] RESP HEADERS: {'Date': 'Wed, 08 Jul 2026 07:01:12 GMT', 'Server': 'Apache/2.4.58 (Ubuntu)', 'Content-Type': 'text/html; charset=UTF-8', 'X-Trans-Id': 'txad9ad81b04f2429798a23-006a4df5b8', 'X-Openstack-Request-Id': 'txad9ad81b04f2429798a23-006a4df5b8', 'Connection': 'close'} {{(pid=102766) http_log /opt/stack/data/venv/lib/python3.12/site-packages/swiftclient/client.py:162}}
Jul 08 07:01:12.288393 np0000004790 devstack@g-api.service[102769]: [pid: 102769|app: 0|req: 66/265] 127.0.0.1 () {44 vars in 1131 bytes} [Wed Jul 8 07:01:12 2026] GET /v2/images/b9cba4fe-c06e-4783-901f-09a57518343e/locations => generated 92 bytes in 52 msecs (HTTP/1.1 200) 4 headers in 156 bytes (1 switches on core 0)
Jul 08 07:01:12.299582 np0000004790 devstack@g-api.service[102767]: DEBUG glance.api.middleware.version_negotiation [None req-a9a0447f-14a3-4b0f-97b6-334f72b27649 tempest-VolumesSnapshotTestJSON-47741081 tempest-VolumesSnapshotTestJSON-47741081-project-member] Determining version of request: GET /v2/images/b9cba4fe-c06e-4783-901f-09a57518343e Accept: */* {{(pid=102767) process_request /opt/stack/glance/glance/api/middleware/version_negotiation.py:44}}
Jul 08 07:01:12.299758 np0000004790 devstack@g-api.service[102767]: DEBUG glance.api.middleware.version_negotiation [None req-a9a0447f-14a3-4b0f-97b6-334f72b27649 tempest-VolumesSnapshotTestJSON-47741081 tempest-VolumesSnapshotTestJSON-47741081-project-member] Using url versioning {{(pid=102767) process_request /opt/stack/glance/glance/api/middleware/version_negotiation.py:57}}
Jul 08 07:01:12.299934 np0000004790 devstack@g-api.service[102767]: DEBUG glance.api.middleware.version_negotiation [None req-a9a0447f-14a3-4b0f-97b6-334f72b27649 tempest-VolumesSnapshotTestJSON-47741081 tempest-VolumesSnapshotTestJSON-47741081-project-member] Matched version: v2 {{(pid=102767) process_request /opt/stack/glance/glance/api/middleware/version_negotiation.py:69}}
Jul 08 07:01:12.300069 np0000004790 devstack@g-api.service[102767]: DEBUG glance.api.middleware.version_negotiation [None req-a9a0447f-14a3-4b0f-97b6-334f72b27649 tempest-VolumesSnapshotTestJSON-47741081 tempest-VolumesSnapshotTestJSON-47741081-project-member] new path /v2/images/b9cba4fe-c06e-4783-901f-09a57518343e {{(pid=102767) process_request /opt/stack/glance/glance/api/middleware/version_negotiation.py:70}}
Jul 08 07:01:12.314576 np0000004790 devstack@g-api.service[102767]: [pid: 102767|app: 0|req: 67/266] 127.0.0.1 () {44 vars in 1111 bytes} [Wed Jul 8 07:01:12 2026] GET /v2/images/b9cba4fe-c06e-4783-901f-09a57518343e => generated 1044 bytes in 16 msecs (HTTP/1.1 200) 4 headers in 158 bytes (1 switches on core 0)
Jul 08 07:01:12.326701 np0000004790 devstack@g-api.service[102768]: DEBUG glance.api.middleware.version_negotiation [None req-a9a0447f-14a3-4b0f-97b6-334f72b27649 tempest-VolumesSnapshotTestJSON-47741081 tempest-VolumesSnapshotTestJSON-47741081-project-member] Determining version of request: GET /v2/schemas/image Accept: */* {{(pid=102768) process_request /opt/stack/glance/glance/api/middleware/version_negotiation.py:44}}
Jul 08 07:01:12.326856 np0000004790 devstack@g-api.service[102768]: DEBUG glance.api.middleware.version_negotiation [None req-a9a0447f-14a3-4b0f-97b6-334f72b27649 tempest-VolumesSnapshotTestJSON-47741081 tempest-VolumesSnapshotTestJSON-47741081-project-member] Using url versioning {{(pid=102768) process_request /opt/stack/glance/glance/api/middleware/version_negotiation.py:57}}
Jul 08 07:01:12.326899 np0000004790 devstack@g-api.service[102768]: DEBUG glance.api.middleware.version_negotiation [None req-a9a0447f-14a3-4b0f-97b6-334f72b27649 tempest-VolumesSnapshotTestJSON-47741081 tempest-VolumesSnapshotTestJSON-47741081-project-member] Matched version: v2 {{(pid=102768) process_request /opt/stack/glance/glance/api/middleware/version_negotiation.py:69}}
Jul 08 07:01:12.327000 np0000004790 devstack@g-api.service[102768]: DEBUG glance.api.middleware.version_negotiation [None req-a9a0447f-14a3-4b0f-97b6-334f72b27649 tempest-VolumesSnapshotTestJSON-47741081 tempest-VolumesSnapshotTestJSON-47741081-project-member] new path /v2/schemas/image {{(pid=102768) process_request /opt/stack/glance/glance/api/middleware/version_negotiation.py:70}}
Jul 08 07:01:12.330916 np0000004790 devstack@g-api.service[102768]: [pid: 102768|app: 0|req: 66/267] 127.0.0.1 () {44 vars in 1051 bytes} [Wed Jul 8 07:01:12 2026] GET /v2/schemas/image => generated 6083 bytes in 4 msecs (HTTP/1.1 200) 4 headers in 158 bytes (1 switches on core 0)
Jul 08 07:01:12.340354 np0000004790 devstack@g-api.service[102769]: DEBUG glance.api.middleware.version_negotiation [None req-a9a0447f-14a3-4b0f-97b6-334f72b27649 service glance] Determining version of request: GET /v2/schemas/image Accept: */* {{(pid=102769) process_request /opt/stack/glance/glance/api/middleware/version_negotiation.py:44}}
Jul 08 07:01:12.340579 np0000004790 devstack@g-api.service[102769]: DEBUG glance.api.middleware.version_negotiation [None req-a9a0447f-14a3-4b0f-97b6-334f72b27649 service glance] Using url versioning {{(pid=102769) process_request /opt/stack/glance/glance/api/middleware/version_negotiation.py:57}}
Jul 08 07:01:12.340779 np0000004790 devstack@g-api.service[102769]: DEBUG glance.api.middleware.version_negotiation [None req-a9a0447f-14a3-4b0f-97b6-334f72b27649 service glance] Matched version: v2 {{(pid=102769) process_request /opt/stack/glance/glance/api/middleware/version_negotiation.py:69}}
Jul 08 07:01:12.340898 np0000004790 devstack@g-api.service[102769]: DEBUG glance.api.middleware.version_negotiation [None req-a9a0447f-14a3-4b0f-97b6-334f72b27649 service glance] new path /v2/schemas/image {{(pid=102769) process_request /opt/stack/glance/glance/api/middleware/version_negotiation.py:70}}
Jul 08 07:01:12.343294 np0000004790 devstack@g-api.service[102769]: [pid: 102769|app: 0|req: 67/268] 127.0.0.1 () {44 vars in 1051 bytes} [Wed Jul 8 07:01:12 2026] GET /v2/schemas/image => generated 6083 bytes in 3 msecs (HTTP/1.1 200) 4 headers in 158 bytes (1 switches on core 0)
Jul 08 07:01:12.406987 np0000004790 devstack@g-api.service[102766]: DEBUG glance.api.middleware.cache [None req-98974d25-1160-4899-aafa-cdb653ebde3f tempest-ServerBootFromVolumeStableRescueTest-246432797 tempest-ServerBootFromVolumeStableRescueTest-246432797-project-member] Removing image 19d737f0-5021-4ff7-aafd-87397369e5b6 from cache {{(pid=102766) _process_DELETE_response /opt/stack/glance/glance/api/middleware/cache.py:264}}
Jul 08 07:01:12.407232 np0000004790 devstack@g-api.service[102766]: DEBUG glance.image_cache.drivers.centralized_db [None req-98974d25-1160-4899-aafa-cdb653ebde3f tempest-ServerBootFromVolumeStableRescueTest-246432797 tempest-ServerBootFromVolumeStableRescueTest-246432797-project-member] Deleting image cache file '/opt/stack/data/glance/cache/19d737f0-5021-4ff7-aafd-87397369e5b6' {{(pid=102766) delete_cached_file /opt/stack/glance/glance/image_cache/drivers/centralized_db.py:400}}
Jul 08 07:01:12.429228 np0000004790 devstack@g-api.service[102766]: [pid: 102766|app: 0|req: 69/269] 127.0.0.1 () {40 vars in 837 bytes} [Wed Jul 8 07:01:12 2026] DELETE /v2/images/19d737f0-5021-4ff7-aafd-87397369e5b6 => generated 0 bytes in 393 msecs (HTTP/1.1 204) 4 headers in 171 bytes (1 switches on core 0)
Jul 08 07:01:14.666673 np0000004790 devstack@g-api.service[102767]: DEBUG glance.api.middleware.version_negotiation [None req-a9a0447f-14a3-4b0f-97b6-334f72b27649 tempest-VolumesSnapshotTestJSON-47741081 tempest-VolumesSnapshotTestJSON-47741081-project-member] Determining version of request: GET /v2/images/b9cba4fe-c06e-4783-901f-09a57518343e Accept: */* {{(pid=102767) process_request /opt/stack/glance/glance/api/middleware/version_negotiation.py:44}}
Jul 08 07:01:14.667035 np0000004790 devstack@g-api.service[102767]: DEBUG glance.api.middleware.version_negotiation [None req-a9a0447f-14a3-4b0f-97b6-334f72b27649 tempest-VolumesSnapshotTestJSON-47741081 tempest-VolumesSnapshotTestJSON-47741081-project-member] Using url versioning {{(pid=102767) process_request /opt/stack/glance/glance/api/middleware/version_negotiation.py:57}}
Jul 08 07:01:14.667035 np0000004790 devstack@g-api.service[102767]: DEBUG glance.api.middleware.version_negotiation [None req-a9a0447f-14a3-4b0f-97b6-334f72b27649 tempest-VolumesSnapshotTestJSON-47741081 tempest-VolumesSnapshotTestJSON-47741081-project-member] Matched version: v2 {{(pid=102767) process_request /opt/stack/glance/glance/api/middleware/version_negotiation.py:69}}
Jul 08 07:01:14.667085 np0000004790 devstack@g-api.service[102767]: DEBUG glance.api.middleware.version_negotiation [None req-a9a0447f-14a3-4b0f-97b6-334f72b27649 tempest-VolumesSnapshotTestJSON-47741081 tempest-VolumesSnapshotTestJSON-47741081-project-member] new path /v2/images/b9cba4fe-c06e-4783-901f-09a57518343e {{(pid=102767) process_request /opt/stack/glance/glance/api/middleware/version_negotiation.py:70}}
Jul 08 07:01:14.677896 np0000004790 devstack@g-api.service[102767]: [pid: 102767|app: 0|req: 68/270] 127.0.0.1 () {44 vars in 1111 bytes} [Wed Jul 8 07:01:14 2026] GET /v2/images/b9cba4fe-c06e-4783-901f-09a57518343e => generated 1044 bytes in 11 msecs (HTTP/1.1 200) 4 headers in 158 bytes (1 switches on core 0)
Jul 08 07:01:14.724640 np0000004790 devstack@g-api.service[102768]: DEBUG glance.api.middleware.version_negotiation [None req-a9a0447f-14a3-4b0f-97b6-334f72b27649 tempest-VolumesSnapshotTestJSON-47741081 tempest-VolumesSnapshotTestJSON-47741081-project-member] Determining version of request: GET /v2/schemas/image Accept: */* {{(pid=102768) process_request /opt/stack/glance/glance/api/middleware/version_negotiation.py:44}}
Jul 08 07:01:14.724896 np0000004790 devstack@g-api.service[102768]: DEBUG glance.api.middleware.version_negotiation [None req-a9a0447f-14a3-4b0f-97b6-334f72b27649 tempest-VolumesSnapshotTestJSON-47741081 tempest-VolumesSnapshotTestJSON-47741081-project-member] Using url versioning {{(pid=102768) process_request /opt/stack/glance/glance/api/middleware/version_negotiation.py:57}}
Jul 08 07:01:14.724896 np0000004790 devstack@g-api.service[102768]: DEBUG glance.api.middleware.version_negotiation [None req-a9a0447f-14a3-4b0f-97b6-334f72b27649 tempest-VolumesSnapshotTestJSON-47741081 tempest-VolumesSnapshotTestJSON-47741081-project-member] Matched version: v2 {{(pid=102768) process_request /opt/stack/glance/glance/api/middleware/version_negotiation.py:69}}
Jul 08 07:01:14.724980 np0000004790 devstack@g-api.service[102768]: DEBUG glance.api.middleware.version_negotiation [None req-a9a0447f-14a3-4b0f-97b6-334f72b27649 tempest-VolumesSnapshotTestJSON-47741081 tempest-VolumesSnapshotTestJSON-47741081-project-member] new path /v2/schemas/image {{(pid=102768) process_request /opt/stack/glance/glance/api/middleware/version_negotiation.py:70}}
Jul 08 07:01:14.728058 np0000004790 devstack@g-api.service[102768]: [pid: 102768|app: 0|req: 67/271] 127.0.0.1 () {44 vars in 1051 bytes} [Wed Jul 8 07:01:14 2026] GET /v2/schemas/image => generated 6083 bytes in 3 msecs (HTTP/1.1 200) 4 headers in 158 bytes (1 switches on core 0)
Jul 08 07:01:20.533947 np0000004790 devstack@g-api.service[102768]: DEBUG dbcounter [-] [102768] Writing DB stats glance:SELECT=14 {{(pid=102768) stat_writer /opt/stack/data/venv/lib/python3.12/site-packages/dbcounter.py:115}}
Jul 08 07:01:22.288167 np0000004790 devstack@g-api.service[102769]: DEBUG dbcounter [-] [102769] Writing DB stats glance:SELECT=4 {{(pid=102769) stat_writer /opt/stack/data/venv/lib/python3.12/site-packages/dbcounter.py:115}}
Jul 08 07:01:22.416931 np0000004790 devstack@g-api.service[102766]: DEBUG dbcounter [-] [102766] Writing DB stats glance:SELECT=45,glance:INSERT=1,glance:UPDATE=27,glance:DELETE=1 {{(pid=102766) stat_writer /opt/stack/data/venv/lib/python3.12/site-packages/dbcounter.py:115}}
Jul 08 07:01:24.676033 np0000004790 devstack@g-api.service[102767]: DEBUG dbcounter [-] [102767] Writing DB stats glance:SELECT=16 {{(pid=102767) stat_writer /opt/stack/data/venv/lib/python3.12/site-packages/dbcounter.py:115}}
Jul 08 07:01:28.459739 np0000004790 devstack@g-api.service[102769]: DEBUG glance.api.middleware.version_negotiation [None req-a9a0447f-14a3-4b0f-97b6-334f72b27649 tempest-VolumesSnapshotTestJSON-47741081 tempest-VolumesSnapshotTestJSON-47741081-project-member] Determining version of request: GET /v2/images/b9cba4fe-c06e-4783-901f-09a57518343e Accept: */* {{(pid=102769) process_request /opt/stack/glance/glance/api/middleware/version_negotiation.py:44}}
Jul 08 07:01:28.460274 np0000004790 devstack@g-api.service[102769]: DEBUG glance.api.middleware.version_negotiation [None req-a9a0447f-14a3-4b0f-97b6-334f72b27649 tempest-VolumesSnapshotTestJSON-47741081 tempest-VolumesSnapshotTestJSON-47741081-project-member] Using url versioning {{(pid=102769) process_request /opt/stack/glance/glance/api/middleware/version_negotiation.py:57}}
Jul 08 07:01:28.460274 np0000004790 devstack@g-api.service[102769]: DEBUG glance.api.middleware.version_negotiation [None req-a9a0447f-14a3-4b0f-97b6-334f72b27649 tempest-VolumesSnapshotTestJSON-47741081 tempest-VolumesSnapshotTestJSON-47741081-project-member] Matched version: v2 {{(pid=102769) process_request /opt/stack/glance/glance/api/middleware/version_negotiation.py:69}}
Jul 08 07:01:28.460274 np0000004790 devstack@g-api.service[102769]: DEBUG glance.api.middleware.version_negotiation [None req-a9a0447f-14a3-4b0f-97b6-334f72b27649 tempest-VolumesSnapshotTestJSON-47741081 tempest-VolumesSnapshotTestJSON-47741081-project-member] new path /v2/images/b9cba4fe-c06e-4783-901f-09a57518343e {{(pid=102769) process_request /opt/stack/glance/glance/api/middleware/version_negotiation.py:70}}
Jul 08 07:01:28.475072 np0000004790 devstack@g-api.service[102769]: [pid: 102769|app: 0|req: 68/272] 127.0.0.1 () {44 vars in 1111 bytes} [Wed Jul 8 07:01:28 2026] GET /v2/images/b9cba4fe-c06e-4783-901f-09a57518343e => generated 1044 bytes in 15 msecs (HTTP/1.1 200) 4 headers in 158 bytes (1 switches on core 0)
Jul 08 07:01:28.518565 np0000004790 devstack@g-api.service[102766]: DEBUG glance.api.middleware.version_negotiation [None req-98974d25-1160-4899-aafa-cdb653ebde3f tempest-ServerBootFromVolumeStableRescueTest-246432797 tempest-ServerBootFromVolumeStableRescueTest-246432797-project-member] Determining version of request: GET /v2/schemas/image Accept: */* {{(pid=102766) process_request /opt/stack/glance/glance/api/middleware/version_negotiation.py:44}}
Jul 08 07:01:28.518565 np0000004790 devstack@g-api.service[102766]: DEBUG glance.api.middleware.version_negotiation [None req-98974d25-1160-4899-aafa-cdb653ebde3f tempest-ServerBootFromVolumeStableRescueTest-246432797 tempest-ServerBootFromVolumeStableRescueTest-246432797-project-member] Using url versioning {{(pid=102766) process_request /opt/stack/glance/glance/api/middleware/version_negotiation.py:57}}
Jul 08 07:01:28.522167 np0000004790 devstack@g-api.service[102766]: DEBUG glance.api.middleware.version_negotiation [None req-98974d25-1160-4899-aafa-cdb653ebde3f tempest-ServerBootFromVolumeStableRescueTest-246432797 tempest-ServerBootFromVolumeStableRescueTest-246432797-project-member] Matched version: v2 {{(pid=102766) process_request /opt/stack/glance/glance/api/middleware/version_negotiation.py:69}}
Jul 08 07:01:28.522167 np0000004790 devstack@g-api.service[102766]: DEBUG glance.api.middleware.version_negotiation [None req-98974d25-1160-4899-aafa-cdb653ebde3f tempest-ServerBootFromVolumeStableRescueTest-246432797 tempest-ServerBootFromVolumeStableRescueTest-246432797-project-member] new path /v2/schemas/image {{(pid=102766) process_request /opt/stack/glance/glance/api/middleware/version_negotiation.py:70}}
Jul 08 07:01:28.526170 np0000004790 devstack@g-api.service[102766]: [pid: 102766|app: 0|req: 70/273] 127.0.0.1 () {44 vars in 1051 bytes} [Wed Jul 8 07:01:28 2026] GET /v2/schemas/image => generated 6083 bytes in 8 msecs (HTTP/1.1 200) 4 headers in 158 bytes (1 switches on core 0)
Jul 08 07:01:30.919484 np0000004790 devstack@g-api.service[102767]: DEBUG glance.api.middleware.version_negotiation [None req-6d25a57b-7d3d-4549-8a9e-d7946991d889 tempest-VolumesSnapshotTestJSON-47741081 tempest-VolumesSnapshotTestJSON-47741081-project-member] Determining version of request: GET /v2/images/b9cba4fe-c06e-4783-901f-09a57518343e Accept: */* {{(pid=102767) process_request /opt/stack/glance/glance/api/middleware/version_negotiation.py:44}}
Jul 08 07:01:30.919894 np0000004790 devstack@g-api.service[102767]: DEBUG glance.api.middleware.version_negotiation [None req-6d25a57b-7d3d-4549-8a9e-d7946991d889 tempest-VolumesSnapshotTestJSON-47741081 tempest-VolumesSnapshotTestJSON-47741081-project-member] Using url versioning {{(pid=102767) process_request /opt/stack/glance/glance/api/middleware/version_negotiation.py:57}}
Jul 08 07:01:30.919894 np0000004790 devstack@g-api.service[102767]: DEBUG glance.api.middleware.version_negotiation [None req-6d25a57b-7d3d-4549-8a9e-d7946991d889 tempest-VolumesSnapshotTestJSON-47741081 tempest-VolumesSnapshotTestJSON-47741081-project-member] Matched version: v2 {{(pid=102767) process_request /opt/stack/glance/glance/api/middleware/version_negotiation.py:69}}
Jul 08 07:01:30.919958 np0000004790 devstack@g-api.service[102767]: DEBUG glance.api.middleware.version_negotiation [None req-6d25a57b-7d3d-4549-8a9e-d7946991d889 tempest-VolumesSnapshotTestJSON-47741081 tempest-VolumesSnapshotTestJSON-47741081-project-member] new path /v2/images/b9cba4fe-c06e-4783-901f-09a57518343e {{(pid=102767) process_request /opt/stack/glance/glance/api/middleware/version_negotiation.py:70}}
Jul 08 07:01:30.931552 np0000004790 devstack@g-api.service[102767]: [pid: 102767|app: 0|req: 69/274] 127.0.0.1 () {44 vars in 1111 bytes} [Wed Jul 8 07:01:30 2026] GET /v2/images/b9cba4fe-c06e-4783-901f-09a57518343e => generated 1044 bytes in 12 msecs (HTTP/1.1 200) 4 headers in 158 bytes (1 switches on core 0)
Jul 08 07:01:30.970313 np0000004790 devstack@g-api.service[102768]: DEBUG glance.api.middleware.version_negotiation [None req-6d25a57b-7d3d-4549-8a9e-d7946991d889 tempest-VolumesSnapshotTestJSON-47741081 tempest-VolumesSnapshotTestJSON-47741081-project-member] Determining version of request: GET /v2/schemas/image Accept: */* {{(pid=102768) process_request /opt/stack/glance/glance/api/middleware/version_negotiation.py:44}}
Jul 08 07:01:30.970620 np0000004790 devstack@g-api.service[102768]: DEBUG glance.api.middleware.version_negotiation [None req-6d25a57b-7d3d-4549-8a9e-d7946991d889 tempest-VolumesSnapshotTestJSON-47741081 tempest-VolumesSnapshotTestJSON-47741081-project-member] Using url versioning {{(pid=102768) process_request /opt/stack/glance/glance/api/middleware/version_negotiation.py:57}}
Jul 08 07:01:30.970620 np0000004790 devstack@g-api.service[102768]: DEBUG glance.api.middleware.version_negotiation [None req-6d25a57b-7d3d-4549-8a9e-d7946991d889 tempest-VolumesSnapshotTestJSON-47741081 tempest-VolumesSnapshotTestJSON-47741081-project-member] Matched version: v2 {{(pid=102768) process_request /opt/stack/glance/glance/api/middleware/version_negotiation.py:69}}
Jul 08 07:01:30.970724 np0000004790 devstack@g-api.service[102768]: DEBUG glance.api.middleware.version_negotiation [None req-6d25a57b-7d3d-4549-8a9e-d7946991d889 tempest-VolumesSnapshotTestJSON-47741081 tempest-VolumesSnapshotTestJSON-47741081-project-member] new path /v2/schemas/image {{(pid=102768) process_request /opt/stack/glance/glance/api/middleware/version_negotiation.py:70}}
Jul 08 07:01:30.974410 np0000004790 devstack@g-api.service[102768]: [pid: 102768|app: 0|req: 68/275] 127.0.0.1 () {44 vars in 1051 bytes} [Wed Jul 8 07:01:30 2026] GET /v2/schemas/image => generated 6083 bytes in 3 msecs (HTTP/1.1 200) 4 headers in 158 bytes (1 switches on core 0)
