Jul 08 06:55:52.054496 np0000004790 nova-scheduler[96419]: DEBUG cotyledon.oslo_config_glue [-] oslo_messaging_metrics.metrics_socket_file = /var/tmp/metrics_collector.sock {{(pid=96419) log_opt_values /opt/stack/data/venv/lib/python3.12/site-packages/oslo_config/cfg.py:3253}}
Jul 08 06:55:52.054756 np0000004790 nova-scheduler[96419]: DEBUG cotyledon.oslo_config_glue [-] oslo_messaging_metrics.metrics_thread_stop_timeout = 10 {{(pid=96419) log_opt_values /opt/stack/data/venv/lib/python3.12/site-packages/oslo_config/cfg.py:3253}}
Jul 08 06:55:52.054756 np0000004790 nova-scheduler[96419]: DEBUG cotyledon.oslo_config_glue [-] profiler.connection_string = messaging:// {{(pid=96419) log_opt_values /opt/stack/data/venv/lib/python3.12/site-packages/oslo_config/cfg.py:3253}}
Jul 08 06:55:52.054756 np0000004790 nova-scheduler[96419]: DEBUG cotyledon.oslo_config_glue [-] profiler.enabled = False {{(pid=96419) log_opt_values /opt/stack/data/venv/lib/python3.12/site-packages/oslo_config/cfg.py:3253}}
Jul 08 06:55:52.054756 np0000004790 nova-scheduler[96419]: DEBUG cotyledon.oslo_config_glue [-] profiler.es_doc_type = notification {{(pid=96419) log_opt_values /opt/stack/data/venv/lib/python3.12/site-packages/oslo_config/cfg.py:3253}}
Jul 08 06:55:52.054756 np0000004790 nova-scheduler[96419]: DEBUG cotyledon.oslo_config_glue [-] profiler.es_scroll_size = 10000 {{(pid=96419) log_opt_values /opt/stack/data/venv/lib/python3.12/site-packages/oslo_config/cfg.py:3253}}
Jul 08 06:55:52.054756 np0000004790 nova-scheduler[96419]: DEBUG cotyledon.oslo_config_glue [-] profiler.es_scroll_time = 2m {{(pid=96419) log_opt_values /opt/stack/data/venv/lib/python3.12/site-packages/oslo_config/cfg.py:3253}}
Jul 08 06:55:52.054756 np0000004790 nova-scheduler[96419]: DEBUG cotyledon.oslo_config_glue [-] profiler.filter_error_trace = False {{(pid=96419) log_opt_values /opt/stack/data/venv/lib/python3.12/site-packages/oslo_config/cfg.py:3253}}
Jul 08 06:55:52.054756 np0000004790 nova-scheduler[96419]: DEBUG cotyledon.oslo_config_glue [-] profiler.hmac_keys = **** {{(pid=96419) log_opt_values /opt/stack/data/venv/lib/python3.12/site-packages/oslo_config/cfg.py:3253}}
Jul 08 06:55:52.054756 np0000004790 nova-scheduler[96419]: DEBUG cotyledon.oslo_config_glue [-] profiler.sentinel_service_name = mymaster {{(pid=96419) log_opt_values /opt/stack/data/venv/lib/python3.12/site-packages/oslo_config/cfg.py:3253}}
Jul 08 06:55:52.055070 np0000004790 nova-scheduler[96419]: DEBUG cotyledon.oslo_config_glue [-] profiler.socket_timeout = 0.1 {{(pid=96419) log_opt_values /opt/stack/data/venv/lib/python3.12/site-packages/oslo_config/cfg.py:3253}}
Jul 08 06:55:52.055070 np0000004790 nova-scheduler[96419]: DEBUG cotyledon.oslo_config_glue [-] profiler.trace_requests = False {{(pid=96419) log_opt_values /opt/stack/data/venv/lib/python3.12/site-packages/oslo_config/cfg.py:3253}}
Jul 08 06:55:52.055070 np0000004790 nova-scheduler[96419]: DEBUG cotyledon.oslo_config_glue [-] profiler.trace_sqlalchemy = False {{(pid=96419) log_opt_values /opt/stack/data/venv/lib/python3.12/site-packages/oslo_config/cfg.py:3253}}
Jul 08 06:55:52.055070 np0000004790 nova-scheduler[96419]: DEBUG cotyledon.oslo_config_glue [-] profiler_jaeger.process_tags = {} {{(pid=96419) log_opt_values /opt/stack/data/venv/lib/python3.12/site-packages/oslo_config/cfg.py:3253}}
Jul 08 06:55:52.055070 np0000004790 nova-scheduler[96419]: DEBUG cotyledon.oslo_config_glue [-] profiler_jaeger.service_name_prefix = None {{(pid=96419) log_opt_values /opt/stack/data/venv/lib/python3.12/site-packages/oslo_config/cfg.py:3253}}
Jul 08 06:55:52.055070 np0000004790 nova-scheduler[96419]: DEBUG cotyledon.oslo_config_glue [-] profiler_otlp.service_name_prefix = None {{(pid=96419) log_opt_values /opt/stack/data/venv/lib/python3.12/site-packages/oslo_config/cfg.py:3253}}
Jul 08 06:55:52.055070 np0000004790 nova-scheduler[96419]: DEBUG cotyledon.oslo_config_glue [-] oslo_messaging_rabbit.amqp_auto_delete = False {{(pid=96419) log_opt_values /opt/stack/data/venv/lib/python3.12/site-packages/oslo_config/cfg.py:3253}}
Jul 08 06:55:52.055070 np0000004790 nova-scheduler[96419]: DEBUG cotyledon.oslo_config_glue [-] oslo_messaging_rabbit.amqp_durable_queues = False {{(pid=96419) log_opt_values /opt/stack/data/venv/lib/python3.12/site-packages/oslo_config/cfg.py:3253}}
Jul 08 06:55:52.055070 np0000004790 nova-scheduler[96419]: DEBUG cotyledon.oslo_config_glue [-] oslo_messaging_rabbit.conn_pool_min_size = 2 {{(pid=96419) log_opt_values /opt/stack/data/venv/lib/python3.12/site-packages/oslo_config/cfg.py:3253}}
Jul 08 06:55:52.055402 np0000004790 nova-scheduler[96419]: DEBUG cotyledon.oslo_config_glue [-] oslo_messaging_rabbit.conn_pool_ttl = 1200 {{(pid=96419) log_opt_values /opt/stack/data/venv/lib/python3.12/site-packages/oslo_config/cfg.py:3253}}
Jul 08 06:55:52.055402 np0000004790 nova-scheduler[96419]: DEBUG cotyledon.oslo_config_glue [-] oslo_messaging_rabbit.direct_mandatory_flag = True {{(pid=96419) log_opt_values /opt/stack/data/venv/lib/python3.12/site-packages/oslo_config/cfg.py:3253}}
Jul 08 06:55:52.055402 np0000004790 nova-scheduler[96419]: DEBUG cotyledon.oslo_config_glue [-] oslo_messaging_rabbit.enable_cancel_on_failover = False {{(pid=96419) log_opt_values /opt/stack/data/venv/lib/python3.12/site-packages/oslo_config/cfg.py:3253}}
Jul 08 06:55:52.055402 np0000004790 nova-scheduler[96419]: DEBUG cotyledon.oslo_config_glue [-] oslo_messaging_rabbit.heartbeat_rate = 3 {{(pid=96419) log_opt_values /opt/stack/data/venv/lib/python3.12/site-packages/oslo_config/cfg.py:3253}}
Jul 08 06:55:52.055402 np0000004790 nova-scheduler[96419]: DEBUG cotyledon.oslo_config_glue [-] oslo_messaging_rabbit.heartbeat_timeout_threshold = 60 {{(pid=96419) log_opt_values /opt/stack/data/venv/lib/python3.12/site-packages/oslo_config/cfg.py:3253}}
Jul 08 06:55:52.055402 np0000004790 nova-scheduler[96419]: DEBUG cotyledon.oslo_config_glue [-] oslo_messaging_rabbit.hostname = np0000004790 {{(pid=96419) log_opt_values /opt/stack/data/venv/lib/python3.12/site-packages/oslo_config/cfg.py:3253}}
Jul 08 06:55:52.055402 np0000004790 nova-scheduler[96419]: DEBUG cotyledon.oslo_config_glue [-] oslo_messaging_rabbit.kombu_compression = None {{(pid=96419) log_opt_values /opt/stack/data/venv/lib/python3.12/site-packages/oslo_config/cfg.py:3253}}
Jul 08 06:55:52.055402 np0000004790 nova-scheduler[96419]: DEBUG cotyledon.oslo_config_glue [-] oslo_messaging_rabbit.kombu_failover_strategy = round-robin {{(pid=96419) log_opt_values /opt/stack/data/venv/lib/python3.12/site-packages/oslo_config/cfg.py:3253}}
Jul 08 06:55:52.055402 np0000004790 nova-scheduler[96419]: DEBUG cotyledon.oslo_config_glue [-] oslo_messaging_rabbit.kombu_missing_consumer_retry_timeout = 60 {{(pid=96419) log_opt_values /opt/stack/data/venv/lib/python3.12/site-packages/oslo_config/cfg.py:3253}}
Jul 08 06:55:52.055692 np0000004790 nova-scheduler[96419]: DEBUG cotyledon.oslo_config_glue [-] oslo_messaging_rabbit.kombu_reconnect_delay = 1.0 {{(pid=96419) log_opt_values /opt/stack/data/venv/lib/python3.12/site-packages/oslo_config/cfg.py:3253}}
Jul 08 06:55:52.055692 np0000004790 nova-scheduler[96419]: DEBUG cotyledon.oslo_config_glue [-] oslo_messaging_rabbit.kombu_reconnect_splay = 0.0 {{(pid=96419) log_opt_values /opt/stack/data/venv/lib/python3.12/site-packages/oslo_config/cfg.py:3253}}
Jul 08 06:55:52.055692 np0000004790 nova-scheduler[96419]: DEBUG cotyledon.oslo_config_glue [-] oslo_messaging_rabbit.processname = nova-scheduler {{(pid=96419) log_opt_values /opt/stack/data/venv/lib/python3.12/site-packages/oslo_config/cfg.py:3253}}
Jul 08 06:55:52.055692 np0000004790 nova-scheduler[96419]: DEBUG cotyledon.oslo_config_glue [-] oslo_messaging_rabbit.rabbit_ha_queues = False {{(pid=96419) log_opt_values /opt/stack/data/venv/lib/python3.12/site-packages/oslo_config/cfg.py:3253}}
Jul 08 06:55:52.055692 np0000004790 nova-scheduler[96419]: DEBUG cotyledon.oslo_config_glue [-] oslo_messaging_rabbit.rabbit_interval_max = 30 {{(pid=96419) log_opt_values /opt/stack/data/venv/lib/python3.12/site-packages/oslo_config/cfg.py:3253}}
Jul 08 06:55:52.055692 np0000004790 nova-scheduler[96419]: DEBUG cotyledon.oslo_config_glue [-] oslo_messaging_rabbit.rabbit_login_method = AMQPLAIN {{(pid=96419) log_opt_values /opt/stack/data/venv/lib/python3.12/site-packages/oslo_config/cfg.py:3253}}
Jul 08 06:55:52.055833 np0000004790 nova-scheduler[96371]: DEBUG oslo_db.sqlalchemy.engines [None req-05b4b047-e92e-455e-bc8a-4e7257be2b13 None None] MySQL server mode set to STRICT_TRANS_TABLES,STRICT_ALL_TABLES,NO_ZERO_IN_DATE,NO_ZERO_DATE,ERROR_FOR_DIVISION_BY_ZERO,TRADITIONAL,NO_ENGINE_SUBSTITUTION {{(pid=96371) _check_effective_sql_mode /opt/stack/data/venv/lib/python3.12/site-packages/oslo_db/sqlalchemy/engines.py:325}}
Jul 08 06:55:52.055864 np0000004790 nova-scheduler[96419]: DEBUG cotyledon.oslo_config_glue [-] oslo_messaging_rabbit.rabbit_qos_prefetch_count = 0 {{(pid=96419) log_opt_values /opt/stack/data/venv/lib/python3.12/site-packages/oslo_config/cfg.py:3253}}
Jul 08 06:55:52.055864 np0000004790 nova-scheduler[96419]: DEBUG cotyledon.oslo_config_glue [-] oslo_messaging_rabbit.rabbit_quorum_delivery_limit = 0 {{(pid=96419) log_opt_values /opt/stack/data/venv/lib/python3.12/site-packages/oslo_config/cfg.py:3253}}
Jul 08 06:55:52.055864 np0000004790 nova-scheduler[96419]: DEBUG cotyledon.oslo_config_glue [-] oslo_messaging_rabbit.rabbit_quorum_max_memory_bytes = 0 {{(pid=96419) log_opt_values /opt/stack/data/venv/lib/python3.12/site-packages/oslo_config/cfg.py:3253}}
Jul 08 06:55:52.055864 np0000004790 nova-scheduler[96419]: DEBUG cotyledon.oslo_config_glue [-] oslo_messaging_rabbit.rabbit_quorum_max_memory_length = 0 {{(pid=96419) log_opt_values /opt/stack/data/venv/lib/python3.12/site-packages/oslo_config/cfg.py:3253}}
Jul 08 06:55:52.055864 np0000004790 nova-scheduler[96419]: DEBUG cotyledon.oslo_config_glue [-] oslo_messaging_rabbit.rabbit_quorum_queue = False {{(pid=96419) log_opt_values /opt/stack/data/venv/lib/python3.12/site-packages/oslo_config/cfg.py:3253}}
Jul 08 06:55:52.055864 np0000004790 nova-scheduler[96419]: DEBUG cotyledon.oslo_config_glue [-] oslo_messaging_rabbit.rabbit_retry_backoff = 2 {{(pid=96419) log_opt_values /opt/stack/data/venv/lib/python3.12/site-packages/oslo_config/cfg.py:3253}}
Jul 08 06:55:52.055864 np0000004790 nova-scheduler[96419]: DEBUG cotyledon.oslo_config_glue [-] oslo_messaging_rabbit.rabbit_retry_interval = 1 {{(pid=96419) log_opt_values /opt/stack/data/venv/lib/python3.12/site-packages/oslo_config/cfg.py:3253}}
Jul 08 06:55:52.055864 np0000004790 nova-scheduler[96419]: DEBUG cotyledon.oslo_config_glue [-] oslo_messaging_rabbit.rabbit_stream_fanout = False {{(pid=96419) log_opt_values /opt/stack/data/venv/lib/python3.12/site-packages/oslo_config/cfg.py:3253}}
Jul 08 06:55:52.056065 np0000004790 nova-scheduler[96419]: DEBUG cotyledon.oslo_config_glue [-] oslo_messaging_rabbit.rabbit_transient_queues_ttl = 1800 {{(pid=96419) log_opt_values /opt/stack/data/venv/lib/python3.12/site-packages/oslo_config/cfg.py:3253}}
Jul 08 06:55:52.056065 np0000004790 nova-scheduler[96419]: DEBUG cotyledon.oslo_config_glue [-] oslo_messaging_rabbit.rabbit_transient_quorum_queue = False {{(pid=96419) log_opt_values /opt/stack/data/venv/lib/python3.12/site-packages/oslo_config/cfg.py:3253}}
Jul 08 06:55:52.056065 np0000004790 nova-scheduler[96419]: DEBUG cotyledon.oslo_config_glue [-] oslo_messaging_rabbit.rpc_conn_pool_size = 30 {{(pid=96419) log_opt_values /opt/stack/data/venv/lib/python3.12/site-packages/oslo_config/cfg.py:3253}}
Jul 08 06:55:52.056065 np0000004790 nova-scheduler[96419]: DEBUG cotyledon.oslo_config_glue [-] oslo_messaging_rabbit.ssl = False {{(pid=96419) log_opt_values /opt/stack/data/venv/lib/python3.12/site-packages/oslo_config/cfg.py:3253}}
Jul 08 06:55:52.056065 np0000004790 nova-scheduler[96419]: DEBUG cotyledon.oslo_config_glue [-] oslo_messaging_rabbit.ssl_ca_file = {{(pid=96419) log_opt_values /opt/stack/data/venv/lib/python3.12/site-packages/oslo_config/cfg.py:3253}}
Jul 08 06:55:52.056065 np0000004790 nova-scheduler[96419]: DEBUG cotyledon.oslo_config_glue [-] oslo_messaging_rabbit.ssl_cert_file = {{(pid=96419) log_opt_values /opt/stack/data/venv/lib/python3.12/site-packages/oslo_config/cfg.py:3253}}
Jul 08 06:55:52.056065 np0000004790 nova-scheduler[96419]: DEBUG cotyledon.oslo_config_glue [-] oslo_messaging_rabbit.ssl_enforce_fips_mode = False {{(pid=96419) log_opt_values /opt/stack/data/venv/lib/python3.12/site-packages/oslo_config/cfg.py:3253}}
Jul 08 06:55:52.056065 np0000004790 nova-scheduler[96419]: DEBUG cotyledon.oslo_config_glue [-] oslo_messaging_rabbit.ssl_enforce_hostname_verification = True {{(pid=96419) log_opt_values /opt/stack/data/venv/lib/python3.12/site-packages/oslo_config/cfg.py:3253}}
Jul 08 06:55:52.056065 np0000004790 nova-scheduler[96419]: DEBUG cotyledon.oslo_config_glue [-] oslo_messaging_rabbit.ssl_key_file = {{(pid=96419) log_opt_values /opt/stack/data/venv/lib/python3.12/site-packages/oslo_config/cfg.py:3253}}
Jul 08 06:55:52.056282 np0000004790 nova-scheduler[96419]: DEBUG cotyledon.oslo_config_glue [-] oslo_messaging_rabbit.ssl_version = {{(pid=96419) log_opt_values /opt/stack/data/venv/lib/python3.12/site-packages/oslo_config/cfg.py:3253}}
Jul 08 06:55:52.056282 np0000004790 nova-scheduler[96419]: DEBUG cotyledon.oslo_config_glue [-] oslo_messaging_rabbit.use_queue_manager = False {{(pid=96419) log_opt_values /opt/stack/data/venv/lib/python3.12/site-packages/oslo_config/cfg.py:3253}}
Jul 08 06:55:52.056282 np0000004790 nova-scheduler[96419]: DEBUG cotyledon.oslo_config_glue [-] oslo_messaging_notifications.driver = ['messagingv2'] {{(pid=96419) log_opt_values /opt/stack/data/venv/lib/python3.12/site-packages/oslo_config/cfg.py:3253}}
Jul 08 06:55:52.056282 np0000004790 nova-scheduler[96419]: DEBUG cotyledon.oslo_config_glue [-] oslo_messaging_notifications.retry = -1 {{(pid=96419) log_opt_values /opt/stack/data/venv/lib/python3.12/site-packages/oslo_config/cfg.py:3253}}
Jul 08 06:55:52.056282 np0000004790 nova-scheduler[96419]: DEBUG cotyledon.oslo_config_glue [-] oslo_messaging_notifications.topics = ['notifications'] {{(pid=96419) log_opt_values /opt/stack/data/venv/lib/python3.12/site-packages/oslo_config/cfg.py:3253}}
Jul 08 06:55:52.056282 np0000004790 nova-scheduler[96419]: DEBUG cotyledon.oslo_config_glue [-] oslo_messaging_notifications.transport_url = **** {{(pid=96419) log_opt_values /opt/stack/data/venv/lib/python3.12/site-packages/oslo_config/cfg.py:3253}}
Jul 08 06:55:52.056282 np0000004790 nova-scheduler[96419]: DEBUG cotyledon.oslo_config_glue [-] oslo_limit.auth_section = None {{(pid=96419) log_opt_values /opt/stack/data/venv/lib/python3.12/site-packages/oslo_config/cfg.py:3253}}
Jul 08 06:55:52.056282 np0000004790 nova-scheduler[96419]: DEBUG cotyledon.oslo_config_glue [-] oslo_limit.auth_type = None {{(pid=96419) log_opt_values /opt/stack/data/venv/lib/python3.12/site-packages/oslo_config/cfg.py:3253}}
Jul 08 06:55:52.056282 np0000004790 nova-scheduler[96419]: DEBUG cotyledon.oslo_config_glue [-] oslo_limit.cafile = None {{(pid=96419) log_opt_values /opt/stack/data/venv/lib/python3.12/site-packages/oslo_config/cfg.py:3253}}
Jul 08 06:55:52.056460 np0000004790 nova-scheduler[96419]: DEBUG cotyledon.oslo_config_glue [-] oslo_limit.certfile = None {{(pid=96419) log_opt_values /opt/stack/data/venv/lib/python3.12/site-packages/oslo_config/cfg.py:3253}}
Jul 08 06:55:52.056460 np0000004790 nova-scheduler[96419]: DEBUG cotyledon.oslo_config_glue [-] oslo_limit.collect_timing = False {{(pid=96419) log_opt_values /opt/stack/data/venv/lib/python3.12/site-packages/oslo_config/cfg.py:3253}}
Jul 08 06:55:52.056460 np0000004790 nova-scheduler[96419]: DEBUG cotyledon.oslo_config_glue [-] oslo_limit.connect_retries = None {{(pid=96419) log_opt_values /opt/stack/data/venv/lib/python3.12/site-packages/oslo_config/cfg.py:3253}}
Jul 08 06:55:52.056460 np0000004790 nova-scheduler[96419]: DEBUG cotyledon.oslo_config_glue [-] oslo_limit.connect_retry_delay = None {{(pid=96419) log_opt_values /opt/stack/data/venv/lib/python3.12/site-packages/oslo_config/cfg.py:3253}}
Jul 08 06:55:52.056460 np0000004790 nova-scheduler[96419]: DEBUG cotyledon.oslo_config_glue [-] oslo_limit.endpoint_id = None {{(pid=96419) log_opt_values /opt/stack/data/venv/lib/python3.12/site-packages/oslo_config/cfg.py:3253}}
Jul 08 06:55:52.056460 np0000004790 nova-scheduler[96419]: DEBUG cotyledon.oslo_config_glue [-] oslo_limit.endpoint_interface = public {{(pid=96419) log_opt_values /opt/stack/data/venv/lib/python3.12/site-packages/oslo_config/cfg.py:3253}}
Jul 08 06:55:52.056460 np0000004790 nova-scheduler[96419]: DEBUG cotyledon.oslo_config_glue [-] oslo_limit.endpoint_override = None {{(pid=96419) log_opt_values /opt/stack/data/venv/lib/python3.12/site-packages/oslo_config/cfg.py:3253}}
Jul 08 06:55:52.056460 np0000004790 nova-scheduler[96419]: DEBUG cotyledon.oslo_config_glue [-] oslo_limit.endpoint_region_name = None {{(pid=96419) log_opt_values /opt/stack/data/venv/lib/python3.12/site-packages/oslo_config/cfg.py:3253}}
Jul 08 06:55:52.056460 np0000004790 nova-scheduler[96419]: DEBUG cotyledon.oslo_config_glue [-] oslo_limit.endpoint_service_name = None {{(pid=96419) log_opt_values /opt/stack/data/venv/lib/python3.12/site-packages/oslo_config/cfg.py:3253}}
Jul 08 06:55:52.056661 np0000004790 nova-scheduler[96419]: DEBUG cotyledon.oslo_config_glue [-] oslo_limit.endpoint_service_type = None {{(pid=96419) log_opt_values /opt/stack/data/venv/lib/python3.12/site-packages/oslo_config/cfg.py:3253}}
Jul 08 06:55:52.056661 np0000004790 nova-scheduler[96419]: DEBUG cotyledon.oslo_config_glue [-] oslo_limit.insecure = False {{(pid=96419) log_opt_values /opt/stack/data/venv/lib/python3.12/site-packages/oslo_config/cfg.py:3253}}
Jul 08 06:55:52.056661 np0000004790 nova-scheduler[96419]: DEBUG cotyledon.oslo_config_glue [-] oslo_limit.keyfile = None {{(pid=96419) log_opt_values /opt/stack/data/venv/lib/python3.12/site-packages/oslo_config/cfg.py:3253}}
Jul 08 06:55:52.056661 np0000004790 nova-scheduler[96419]: DEBUG cotyledon.oslo_config_glue [-] oslo_limit.max_version = None {{(pid=96419) log_opt_values /opt/stack/data/venv/lib/python3.12/site-packages/oslo_config/cfg.py:3253}}
Jul 08 06:55:52.056661 np0000004790 nova-scheduler[96419]: DEBUG cotyledon.oslo_config_glue [-] oslo_limit.min_version = None {{(pid=96419) log_opt_values /opt/stack/data/venv/lib/python3.12/site-packages/oslo_config/cfg.py:3253}}
Jul 08 06:55:52.056661 np0000004790 nova-scheduler[96419]: DEBUG cotyledon.oslo_config_glue [-] oslo_limit.region_name = None {{(pid=96419) log_opt_values /opt/stack/data/venv/lib/python3.12/site-packages/oslo_config/cfg.py:3253}}
Jul 08 06:55:52.056661 np0000004790 nova-scheduler[96419]: DEBUG cotyledon.oslo_config_glue [-] oslo_limit.retriable_status_codes = None {{(pid=96419) log_opt_values /opt/stack/data/venv/lib/python3.12/site-packages/oslo_config/cfg.py:3253}}
Jul 08 06:55:52.056661 np0000004790 nova-scheduler[96419]: DEBUG cotyledon.oslo_config_glue [-] oslo_limit.service_name = None {{(pid=96419) log_opt_values /opt/stack/data/venv/lib/python3.12/site-packages/oslo_config/cfg.py:3253}}
Jul 08 06:55:52.056661 np0000004790 nova-scheduler[96419]: DEBUG cotyledon.oslo_config_glue [-] oslo_limit.service_type = None {{(pid=96419) log_opt_values /opt/stack/data/venv/lib/python3.12/site-packages/oslo_config/cfg.py:3253}}
Jul 08 06:55:52.056847 np0000004790 nova-scheduler[96419]: DEBUG cotyledon.oslo_config_glue [-] oslo_limit.split_loggers = False {{(pid=96419) log_opt_values /opt/stack/data/venv/lib/python3.12/site-packages/oslo_config/cfg.py:3253}}
Jul 08 06:55:52.056847 np0000004790 nova-scheduler[96419]: DEBUG cotyledon.oslo_config_glue [-] oslo_limit.status_code_retries = None {{(pid=96419) log_opt_values /opt/stack/data/venv/lib/python3.12/site-packages/oslo_config/cfg.py:3253}}
Jul 08 06:55:52.056847 np0000004790 nova-scheduler[96419]: DEBUG cotyledon.oslo_config_glue [-] oslo_limit.status_code_retry_delay = None {{(pid=96419) log_opt_values /opt/stack/data/venv/lib/python3.12/site-packages/oslo_config/cfg.py:3253}}
Jul 08 06:55:52.056847 np0000004790 nova-scheduler[96419]: DEBUG cotyledon.oslo_config_glue [-] oslo_limit.timeout = None {{(pid=96419) log_opt_values /opt/stack/data/venv/lib/python3.12/site-packages/oslo_config/cfg.py:3253}}
Jul 08 06:55:52.056847 np0000004790 nova-scheduler[96419]: DEBUG cotyledon.oslo_config_glue [-] oslo_limit.valid_interfaces = None {{(pid=96419) log_opt_values /opt/stack/data/venv/lib/python3.12/site-packages/oslo_config/cfg.py:3253}}
Jul 08 06:55:52.056847 np0000004790 nova-scheduler[96419]: DEBUG cotyledon.oslo_config_glue [-] oslo_limit.version = None {{(pid=96419) log_opt_values /opt/stack/data/venv/lib/python3.12/site-packages/oslo_config/cfg.py:3253}}
Jul 08 06:55:52.056847 np0000004790 nova-scheduler[96419]: DEBUG cotyledon.oslo_config_glue [-] oslo_reports.file_event_handler = None {{(pid=96419) log_opt_values /opt/stack/data/venv/lib/python3.12/site-packages/oslo_config/cfg.py:3253}}
Jul 08 06:55:52.056847 np0000004790 nova-scheduler[96419]: DEBUG cotyledon.oslo_config_glue [-] oslo_reports.file_event_handler_interval = 1 {{(pid=96419) log_opt_values /opt/stack/data/venv/lib/python3.12/site-packages/oslo_config/cfg.py:3253}}
Jul 08 06:55:52.056847 np0000004790 nova-scheduler[96419]: DEBUG cotyledon.oslo_config_glue [-] oslo_reports.log_dir = None {{(pid=96419) log_opt_values /opt/stack/data/venv/lib/python3.12/site-packages/oslo_config/cfg.py:3253}}
Jul 08 06:55:52.057051 np0000004790 nova-scheduler[96419]: DEBUG cotyledon.oslo_config_glue [-] ******************************************************************************** {{(pid=96419) log_opt_values /opt/stack/data/venv/lib/python3.12/site-packages/oslo_config/cfg.py:3260}}
Jul 08 06:55:52.057051 np0000004790 nova-scheduler[96419]: DEBUG cotyledon._service_worker [-] Run service ServiceWrapper(3) [96419] {{(pid=96419) wait_forever /opt/stack/data/venv/lib/python3.12/site-packages/cotyledon/_service_worker.py:218}}
Jul 08 06:55:52.057051 np0000004790 nova-scheduler[96419]: INFO nova.service [-] Starting scheduler node (version 33.1.0)
Jul 08 06:55:52.058545 np0000004790 nova-scheduler[96346]: DEBUG oslo_db.sqlalchemy.engines [None req-c3b46687-f92f-4f05-b384-ee8b1bda030b None None] MySQL server mode set to STRICT_TRANS_TABLES,STRICT_ALL_TABLES,NO_ZERO_IN_DATE,NO_ZERO_DATE,ERROR_FOR_DIVISION_BY_ZERO,TRADITIONAL,NO_ENGINE_SUBSTITUTION {{(pid=96346) _check_effective_sql_mode /opt/stack/data/venv/lib/python3.12/site-packages/oslo_db/sqlalchemy/engines.py:325}}
Jul 08 06:55:52.060265 np0000004790 nova-scheduler[96371]: DEBUG dbcounter [-] [96371] Writer thread running {{(pid=96371) stat_writer /opt/stack/data/venv/lib/python3.12/site-packages/dbcounter.py:102}}
Jul 08 06:55:52.061017 np0000004790 nova-scheduler[96419]: INFO dbcounter [None req-3bcaaf0e-b719-47ee-9a17-e77c26e3c851 None None] Registered counter for database nova_cell0
Jul 08 06:55:52.070116 np0000004790 nova-scheduler[96346]: DEBUG dbcounter [-] [96346] Writer thread running {{(pid=96346) stat_writer /opt/stack/data/venv/lib/python3.12/site-packages/dbcounter.py:102}}
Jul 08 06:55:52.074852 np0000004790 nova-scheduler[96394]: DEBUG oslo_db.sqlalchemy.engines [None req-d6880c70-6aa0-4ca4-9ba7-52e986c4565d None None] MySQL server mode set to STRICT_TRANS_TABLES,STRICT_ALL_TABLES,NO_ZERO_IN_DATE,NO_ZERO_DATE,ERROR_FOR_DIVISION_BY_ZERO,TRADITIONAL,NO_ENGINE_SUBSTITUTION {{(pid=96394) _check_effective_sql_mode /opt/stack/data/venv/lib/python3.12/site-packages/oslo_db/sqlalchemy/engines.py:325}}
Jul 08 06:55:52.081046 np0000004790 nova-scheduler[96371]: DEBUG nova.service [None req-05b4b047-e92e-455e-bc8a-4e7257be2b13 None None] Creating RPC server for service: nova-scheduler on topic: scheduler {{(pid=96371) start /opt/stack/nova/nova/service.py:196}}
Jul 08 06:55:52.086026 np0000004790 nova-scheduler[96394]: DEBUG dbcounter [-] [96394] Writer thread running {{(pid=96394) stat_writer /opt/stack/data/venv/lib/python3.12/site-packages/dbcounter.py:102}}
Jul 08 06:55:52.087335 np0000004790 nova-scheduler[96346]: DEBUG nova.service [None req-c3b46687-f92f-4f05-b384-ee8b1bda030b None None] Creating RPC server for service: nova-scheduler on topic: scheduler {{(pid=96346) start /opt/stack/nova/nova/service.py:196}}
Jul 08 06:55:52.089458 np0000004790 nova-scheduler[96394]: DEBUG nova.service [None req-d6880c70-6aa0-4ca4-9ba7-52e986c4565d None None] Creating RPC server for service: nova-scheduler on topic: scheduler {{(pid=96394) start /opt/stack/nova/nova/service.py:196}}
Jul 08 06:55:52.111669 np0000004790 nova-scheduler[96394]: DEBUG nova.service [None req-d6880c70-6aa0-4ca4-9ba7-52e986c4565d None None] Join ServiceGroup membership for this service scheduler {{(pid=96394) start /opt/stack/nova/nova/service.py:222}}
Jul 08 06:55:52.112238 np0000004790 nova-scheduler[96394]: DEBUG nova.servicegroup.drivers.db [None req-d6880c70-6aa0-4ca4-9ba7-52e986c4565d None None] DB_Driver: join new ServiceGroup member np0000004790 to the scheduler group, service = {{(pid=96394) join /opt/stack/nova/nova/servicegroup/drivers/db.py:44}}
Jul 08 06:55:52.116377 np0000004790 nova-scheduler[96346]: DEBUG nova.service [None req-c3b46687-f92f-4f05-b384-ee8b1bda030b None None] Join ServiceGroup membership for this service scheduler {{(pid=96346) start /opt/stack/nova/nova/service.py:222}}
Jul 08 06:55:52.116377 np0000004790 nova-scheduler[96346]: DEBUG nova.servicegroup.drivers.db [None req-c3b46687-f92f-4f05-b384-ee8b1bda030b None None] DB_Driver: join new ServiceGroup member np0000004790 to the scheduler group, service = {{(pid=96346) join /opt/stack/nova/nova/servicegroup/drivers/db.py:44}}
Jul 08 06:55:52.116501 np0000004790 nova-scheduler[96371]: DEBUG nova.service [None req-05b4b047-e92e-455e-bc8a-4e7257be2b13 None None] Join ServiceGroup membership for this service scheduler {{(pid=96371) start /opt/stack/nova/nova/service.py:222}}
Jul 08 06:55:52.116501 np0000004790 nova-scheduler[96371]: DEBUG nova.servicegroup.drivers.db [None req-05b4b047-e92e-455e-bc8a-4e7257be2b13 None None] DB_Driver: join new ServiceGroup member np0000004790 to the scheduler group, service = {{(pid=96371) join /opt/stack/nova/nova/servicegroup/drivers/db.py:44}}
Jul 08 06:55:52.118049 np0000004790 nova-scheduler[96371]: DEBUG oslo.service.backend._threading.loopingcall [None req-97a4cb20-7d7d-4d3f-821d-cfb1bb5c5893 None None] Dynamic interval looping call 'nova.service.Service.periodic_tasks' sleeping for 60.00 seconds {{(pid=96371) _run_loop /opt/stack/data/venv/lib/python3.12/site-packages/oslo_service/backend/_threading/loopingcall.py:125}}
Jul 08 06:55:52.124924 np0000004790 nova-scheduler[96419]: DEBUG oslo_db.sqlalchemy.engines [None req-3bcaaf0e-b719-47ee-9a17-e77c26e3c851 None None] MySQL server mode set to STRICT_TRANS_TABLES,STRICT_ALL_TABLES,NO_ZERO_IN_DATE,NO_ZERO_DATE,ERROR_FOR_DIVISION_BY_ZERO,TRADITIONAL,NO_ENGINE_SUBSTITUTION {{(pid=96419) _check_effective_sql_mode /opt/stack/data/venv/lib/python3.12/site-packages/oslo_db/sqlalchemy/engines.py:325}}
Jul 08 06:55:52.137268 np0000004790 nova-scheduler[96419]: DEBUG dbcounter [-] [96419] Writer thread running {{(pid=96419) stat_writer /opt/stack/data/venv/lib/python3.12/site-packages/dbcounter.py:102}}
Jul 08 06:55:52.141211 np0000004790 nova-scheduler[96419]: DEBUG nova.service [None req-3bcaaf0e-b719-47ee-9a17-e77c26e3c851 None None] Creating RPC server for service: nova-scheduler on topic: scheduler {{(pid=96419) start /opt/stack/nova/nova/service.py:196}}
Jul 08 06:55:52.160989 np0000004790 nova-scheduler[96419]: DEBUG nova.service [None req-3bcaaf0e-b719-47ee-9a17-e77c26e3c851 None None] Join ServiceGroup membership for this service scheduler {{(pid=96419) start /opt/stack/nova/nova/service.py:222}}
Jul 08 06:55:52.161224 np0000004790 nova-scheduler[96419]: DEBUG nova.servicegroup.drivers.db [None req-3bcaaf0e-b719-47ee-9a17-e77c26e3c851 None None] DB_Driver: join new ServiceGroup member np0000004790 to the scheduler group, service = {{(pid=96419) join /opt/stack/nova/nova/servicegroup/drivers/db.py:44}}
Jul 08 06:55:57.117880 np0000004790 nova-scheduler[96346]: DEBUG oslo.service.backend._threading.loopingcall [None req-d3a23bf5-4b67-483b-bde5-38ffcfae1a41 None None] Dynamic interval looping call 'nova.service.Service.periodic_tasks' sleeping for 60.00 seconds {{(pid=96346) _run_loop /opt/stack/data/venv/lib/python3.12/site-packages/oslo_service/backend/_threading/loopingcall.py:125}}
Jul 08 06:55:57.134001 np0000004790 nova-scheduler[96346]: DEBUG oslo.service.backend._threading.loopingcall [-] Fixed interval looping call 'nova.servicegroup.drivers.db.DbDriver._report_state' sleeping for 119.98 seconds {{(pid=96346) _run_loop /opt/stack/data/venv/lib/python3.12/site-packages/oslo_service/backend/_threading/loopingcall.py:125}}
Jul 08 06:55:57.135003 np0000004790 nova-scheduler[96394]: DEBUG oslo.service.backend._threading.loopingcall [-] Fixed interval looping call 'nova.servicegroup.drivers.db.DbDriver._report_state' sleeping for 119.98 seconds {{(pid=96394) _run_loop /opt/stack/data/venv/lib/python3.12/site-packages/oslo_service/backend/_threading/loopingcall.py:125}}
Jul 08 06:55:57.135304 np0000004790 nova-scheduler[96371]: DEBUG oslo.service.backend._threading.loopingcall [-] Fixed interval looping call 'nova.servicegroup.drivers.db.DbDriver._report_state' sleeping for 119.98 seconds {{(pid=96371) _run_loop /opt/stack/data/venv/lib/python3.12/site-packages/oslo_service/backend/_threading/loopingcall.py:125}}
Jul 08 06:55:57.174514 np0000004790 nova-scheduler[96419]: DEBUG oslo.service.backend._threading.loopingcall [-] Fixed interval looping call 'nova.servicegroup.drivers.db.DbDriver._report_state' sleeping for 119.99 seconds {{(pid=96419) _run_loop /opt/stack/data/venv/lib/python3.12/site-packages/oslo_service/backend/_threading/loopingcall.py:125}}
Jul 08 06:56:00.630384 np0000004790 nova-scheduler[95148]: DEBUG dbcounter [-] [95148] Writing DB stats nova_api:SELECT=3 {{(pid=95148) stat_writer /opt/stack/data/venv/lib/python3.12/site-packages/dbcounter.py:115}}
Jul 08 06:56:00.777917 np0000004790 nova-scheduler[95148]: DEBUG dbcounter [-] [95148] Writing DB stats nova_cell0:SELECT=1 {{(pid=95148) stat_writer /opt/stack/data/venv/lib/python3.12/site-packages/dbcounter.py:115}}
Jul 08 06:56:00.782523 np0000004790 nova-scheduler[95148]: DEBUG dbcounter [-] [95148] Writing DB stats nova_cell1:SELECT=1 {{(pid=95148) stat_writer /opt/stack/data/venv/lib/python3.12/site-packages/dbcounter.py:115}}
Jul 08 06:56:07.126456 np0000004790 nova-scheduler[96346]: DEBUG dbcounter [-] [96346] Writing DB stats nova_cell0:SELECT=5,nova_cell0:INSERT=1,nova_cell0:UPDATE=1 {{(pid=96346) stat_writer /opt/stack/data/venv/lib/python3.12/site-packages/dbcounter.py:115}}
Jul 08 06:56:07.131562 np0000004790 nova-scheduler[96394]: DEBUG dbcounter [-] [96394] Writing DB stats nova_cell0:SELECT=3,nova_cell0:UPDATE=1 {{(pid=96394) stat_writer /opt/stack/data/venv/lib/python3.12/site-packages/dbcounter.py:115}}
Jul 08 06:56:07.134489 np0000004790 nova-scheduler[96371]: DEBUG dbcounter [-] [96371] Writing DB stats nova_cell0:SELECT=4,nova_cell0:INSERT=1,nova_cell0:UPDATE=1 {{(pid=96371) stat_writer /opt/stack/data/venv/lib/python3.12/site-packages/dbcounter.py:115}}
Jul 08 06:56:07.171414 np0000004790 nova-scheduler[96419]: DEBUG dbcounter [-] [96419] Writing DB stats nova_cell0:SELECT=3 {{(pid=96419) stat_writer /opt/stack/data/venv/lib/python3.12/site-packages/dbcounter.py:115}}
Jul 08 06:56:13.163223 np0000004790 nova-scheduler[96419]: DEBUG oslo.service.backend._threading.loopingcall [None req-dcd65584-5601-4054-83a1-5c9258bc2bf6 None None] Dynamic interval looping call 'nova.service.Service.periodic_tasks' sleeping for 60.00 seconds {{(pid=96419) _run_loop /opt/stack/data/venv/lib/python3.12/site-packages/oslo_service/backend/_threading/loopingcall.py:125}}
Jul 08 06:56:20.114968 np0000004790 nova-scheduler[96394]: DEBUG oslo.service.backend._threading.loopingcall [None req-d033553c-d47b-4ab9-acf4-f5e1569a498e None None] Dynamic interval looping call 'nova.service.Service.periodic_tasks' sleeping for 60.00 seconds {{(pid=96394) _run_loop /opt/stack/data/venv/lib/python3.12/site-packages/oslo_service/backend/_threading/loopingcall.py:125}}
Jul 08 06:56:52.118733 np0000004790 nova-scheduler[96371]: DEBUG oslo.service.backend._threading.loopingcall [None req-97a4cb20-7d7d-4d3f-821d-cfb1bb5c5893 None None] Dynamic interval looping call 'nova.service.Service.periodic_tasks' sleeping for 60.00 seconds {{(pid=96371) _run_loop /opt/stack/data/venv/lib/python3.12/site-packages/oslo_service/backend/_threading/loopingcall.py:125}}
Jul 08 06:56:57.118418 np0000004790 nova-scheduler[96346]: DEBUG oslo.service.backend._threading.loopingcall [None req-d3a23bf5-4b67-483b-bde5-38ffcfae1a41 None None] Dynamic interval looping call 'nova.service.Service.periodic_tasks' sleeping for 60.00 seconds {{(pid=96346) _run_loop /opt/stack/data/venv/lib/python3.12/site-packages/oslo_service/backend/_threading/loopingcall.py:125}}
Jul 08 06:57:13.163722 np0000004790 nova-scheduler[96419]: DEBUG oslo.service.backend._threading.loopingcall [None req-dcd65584-5601-4054-83a1-5c9258bc2bf6 None None] Dynamic interval looping call 'nova.service.Service.periodic_tasks' sleeping for 60.00 seconds {{(pid=96419) _run_loop /opt/stack/data/venv/lib/python3.12/site-packages/oslo_service/backend/_threading/loopingcall.py:125}}
Jul 08 06:57:20.115832 np0000004790 nova-scheduler[96394]: DEBUG oslo.service.backend._threading.loopingcall [None req-d033553c-d47b-4ab9-acf4-f5e1569a498e None None] Dynamic interval looping call 'nova.service.Service.periodic_tasks' sleeping for 60.00 seconds {{(pid=96394) _run_loop /opt/stack/data/venv/lib/python3.12/site-packages/oslo_service/backend/_threading/loopingcall.py:125}}
Jul 08 06:57:52.119246 np0000004790 nova-scheduler[96371]: DEBUG oslo.service.backend._threading.loopingcall [None req-97a4cb20-7d7d-4d3f-821d-cfb1bb5c5893 None None] Dynamic interval looping call 'nova.service.Service.periodic_tasks' sleeping for 60.00 seconds {{(pid=96371) _run_loop /opt/stack/data/venv/lib/python3.12/site-packages/oslo_service/backend/_threading/loopingcall.py:125}}
Jul 08 06:57:57.119106 np0000004790 nova-scheduler[96346]: DEBUG oslo.service.backend._threading.loopingcall [None req-d3a23bf5-4b67-483b-bde5-38ffcfae1a41 None None] Dynamic interval looping call 'nova.service.Service.periodic_tasks' sleeping for 60.00 seconds {{(pid=96346) _run_loop /opt/stack/data/venv/lib/python3.12/site-packages/oslo_service/backend/_threading/loopingcall.py:125}}
Jul 08 06:57:57.124777 np0000004790 nova-scheduler[96346]: DEBUG oslo.service.backend._threading.loopingcall [-] Fixed interval looping call 'nova.servicegroup.drivers.db.DbDriver._report_state' sleeping for 119.99 seconds {{(pid=96346) _run_loop /opt/stack/data/venv/lib/python3.12/site-packages/oslo_service/backend/_threading/loopingcall.py:125}}
Jul 08 06:57:57.125613 np0000004790 nova-scheduler[96394]: DEBUG oslo.service.backend._threading.loopingcall [-] Fixed interval looping call 'nova.servicegroup.drivers.db.DbDriver._report_state' sleeping for 119.99 seconds {{(pid=96394) _run_loop /opt/stack/data/venv/lib/python3.12/site-packages/oslo_service/backend/_threading/loopingcall.py:125}}
Jul 08 06:57:57.126869 np0000004790 nova-scheduler[96371]: DEBUG oslo.service.backend._threading.loopingcall [-] Fixed interval looping call 'nova.servicegroup.drivers.db.DbDriver._report_state' sleeping for 119.99 seconds {{(pid=96371) _run_loop /opt/stack/data/venv/lib/python3.12/site-packages/oslo_service/backend/_threading/loopingcall.py:125}}
Jul 08 06:57:57.168041 np0000004790 nova-scheduler[96419]: DEBUG oslo.service.backend._threading.loopingcall [-] Fixed interval looping call 'nova.servicegroup.drivers.db.DbDriver._report_state' sleeping for 120.00 seconds {{(pid=96419) _run_loop /opt/stack/data/venv/lib/python3.12/site-packages/oslo_service/backend/_threading/loopingcall.py:125}}
Jul 08 06:58:07.118530 np0000004790 nova-scheduler[96346]: DEBUG dbcounter [-] [96346] Writing DB stats nova_cell0:SELECT=1,nova_cell0:UPDATE=1 {{(pid=96346) stat_writer /opt/stack/data/venv/lib/python3.12/site-packages/dbcounter.py:115}}
Jul 08 06:58:07.119756 np0000004790 nova-scheduler[96394]: DEBUG dbcounter [-] [96394] Writing DB stats nova_cell0:SELECT=1,nova_cell0:UPDATE=1 {{(pid=96394) stat_writer /opt/stack/data/venv/lib/python3.12/site-packages/dbcounter.py:115}}
Jul 08 06:58:07.120597 np0000004790 nova-scheduler[96371]: DEBUG dbcounter [-] [96371] Writing DB stats nova_cell0:SELECT=1,nova_cell0:UPDATE=1 {{(pid=96371) stat_writer /opt/stack/data/venv/lib/python3.12/site-packages/dbcounter.py:115}}
Jul 08 06:58:07.166361 np0000004790 nova-scheduler[96419]: DEBUG dbcounter [-] [96419] Writing DB stats nova_cell0:SELECT=1 {{(pid=96419) stat_writer /opt/stack/data/venv/lib/python3.12/site-packages/dbcounter.py:115}}
Jul 08 06:58:11.383831 np0000004790 nova-scheduler[96394]: DEBUG nova.scheduler.manager [None req-1a1296d7-8055-4f1d-b6d2-e2bb2c6a3594 tempest-ServerBootFromVolumeStableRescueTest-246432797 tempest-ServerBootFromVolumeStableRescueTest-246432797-project-member] Starting to schedule for instances: ['d761ff49-826a-4729-ba4b-04ef1321f175'] {{(pid=96394) select_destinations /opt/stack/nova/nova/scheduler/manager.py:209}}
Jul 08 06:58:11.384419 np0000004790 nova-scheduler[96394]: DEBUG nova.scheduler.request_filter [None req-1a1296d7-8055-4f1d-b6d2-e2bb2c6a3594 tempest-ServerBootFromVolumeStableRescueTest-246432797 tempest-ServerBootFromVolumeStableRescueTest-246432797-project-member] compute_status_filter request filter added forbidden trait COMPUTE_STATUS_DISABLED {{(pid=96394) compute_status_filter /opt/stack/nova/nova/scheduler/request_filter.py:253}}
Jul 08 06:58:11.384515 np0000004790 nova-scheduler[96394]: DEBUG nova.scheduler.request_filter [None req-1a1296d7-8055-4f1d-b6d2-e2bb2c6a3594 tempest-ServerBootFromVolumeStableRescueTest-246432797 tempest-ServerBootFromVolumeStableRescueTest-246432797-project-member] Request filter 'compute_status_filter' took 0.0 seconds {{(pid=96394) wrapper /opt/stack/nova/nova/scheduler/request_filter.py:46}}
Jul 08 06:58:11.384691 np0000004790 nova-scheduler[96394]: DEBUG nova.scheduler.request_filter [None req-1a1296d7-8055-4f1d-b6d2-e2bb2c6a3594 tempest-ServerBootFromVolumeStableRescueTest-246432797 tempest-ServerBootFromVolumeStableRescueTest-246432797-project-member] Request filter 'accelerators_filter' took 0.0 seconds {{(pid=96394) wrapper /opt/stack/nova/nova/scheduler/request_filter.py:46}}
Jul 08 06:58:11.385260 np0000004790 nova-scheduler[96394]: DEBUG nova.scheduler.request_filter [None req-1a1296d7-8055-4f1d-b6d2-e2bb2c6a3594 tempest-ServerBootFromVolumeStableRescueTest-246432797 tempest-ServerBootFromVolumeStableRescueTest-246432797-project-member] Request filter 'packed_virtqueue_filter' took 0.0 seconds {{(pid=96394) wrapper /opt/stack/nova/nova/scheduler/request_filter.py:46}}
Jul 08 06:58:11.386195 np0000004790 nova-scheduler[96394]: DEBUG nova.scheduler.request_filter [None req-1a1296d7-8055-4f1d-b6d2-e2bb2c6a3594 tempest-ServerBootFromVolumeStableRescueTest-246432797 tempest-ServerBootFromVolumeStableRescueTest-246432797-project-member] Request filter 'remote_managed_ports_filter' took 0.0 seconds {{(pid=96394) wrapper /opt/stack/nova/nova/scheduler/request_filter.py:46}}
Jul 08 06:58:11.386195 np0000004790 nova-scheduler[96394]: DEBUG nova.scheduler.request_filter [None req-1a1296d7-8055-4f1d-b6d2-e2bb2c6a3594 tempest-ServerBootFromVolumeStableRescueTest-246432797 tempest-ServerBootFromVolumeStableRescueTest-246432797-project-member] ephemeral_encryption_filter skipped {{(pid=96394) ephemeral_encryption_filter /opt/stack/nova/nova/scheduler/request_filter.py:426}}
Jul 08 06:58:11.386195 np0000004790 nova-scheduler[96394]: DEBUG nova.scheduler.request_filter [None req-1a1296d7-8055-4f1d-b6d2-e2bb2c6a3594 tempest-ServerBootFromVolumeStableRescueTest-246432797 tempest-ServerBootFromVolumeStableRescueTest-246432797-project-member] virtio_sound_filter skipped {{(pid=96394) virtio_sound_filter /opt/stack/nova/nova/scheduler/request_filter.py:460}}
Jul 08 06:58:11.386195 np0000004790 nova-scheduler[96394]: DEBUG nova.scheduler.request_filter [None req-1a1296d7-8055-4f1d-b6d2-e2bb2c6a3594 tempest-ServerBootFromVolumeStableRescueTest-246432797 tempest-ServerBootFromVolumeStableRescueTest-246432797-project-member] tpm_secret_security_filter skipped {{(pid=96394) tpm_secret_security_filter /opt/stack/nova/nova/scheduler/request_filter.py:477}}
Jul 08 06:58:11.953473 np0000004790 nova-scheduler[96394]: INFO nova.utils [None req-1a1296d7-8055-4f1d-b6d2-e2bb2c6a3594 tempest-ServerBootFromVolumeStableRescueTest-246432797 tempest-ServerBootFromVolumeStableRescueTest-246432797-project-member] The cell worker thread pool ForkProcess-3.cell_worker is initialized
Jul 08 06:58:11.953787 np0000004790 nova-scheduler[96394]: DEBUG oslo_concurrency.lockutils [None req-1a1296d7-8055-4f1d-b6d2-e2bb2c6a3594 tempest-ServerBootFromVolumeStableRescueTest-246432797 tempest-ServerBootFromVolumeStableRescueTest-246432797-project-member] Acquiring lock "4ab39e48-c3dc-419f-a8d6-de0aeb1016f7" by "nova.context.set_target_cell..get_or_set_cached_cell_and_set_connections" {{(pid=96394) inner /opt/stack/data/venv/lib/python3.12/site-packages/oslo_concurrency/lockutils.py:511}}
Jul 08 06:58:11.953951 np0000004790 nova-scheduler[96394]: DEBUG oslo_concurrency.lockutils [None req-1a1296d7-8055-4f1d-b6d2-e2bb2c6a3594 tempest-ServerBootFromVolumeStableRescueTest-246432797 tempest-ServerBootFromVolumeStableRescueTest-246432797-project-member] Lock "4ab39e48-c3dc-419f-a8d6-de0aeb1016f7" acquired by "nova.context.set_target_cell..get_or_set_cached_cell_and_set_connections" :: waited 0.000s {{(pid=96394) inner /opt/stack/data/venv/lib/python3.12/site-packages/oslo_concurrency/lockutils.py:524}}
Jul 08 06:58:11.955235 np0000004790 nova-scheduler[96394]: DEBUG oslo_concurrency.lockutils [None req-1a1296d7-8055-4f1d-b6d2-e2bb2c6a3594 tempest-ServerBootFromVolumeStableRescueTest-246432797 tempest-ServerBootFromVolumeStableRescueTest-246432797-project-member] Lock "4ab39e48-c3dc-419f-a8d6-de0aeb1016f7" "released" by "nova.context.set_target_cell..get_or_set_cached_cell_and_set_connections" :: held 0.001s {{(pid=96394) inner /opt/stack/data/venv/lib/python3.12/site-packages/oslo_concurrency/lockutils.py:543}}
Jul 08 06:58:11.957730 np0000004790 nova-scheduler[96394]: INFO dbcounter [None req-1a1296d7-8055-4f1d-b6d2-e2bb2c6a3594 tempest-ServerBootFromVolumeStableRescueTest-246432797 tempest-ServerBootFromVolumeStableRescueTest-246432797-project-member] Registered counter for database nova_cell1
Jul 08 06:58:12.008974 np0000004790 nova-scheduler[96394]: DEBUG oslo_db.sqlalchemy.engines [None req-1a1296d7-8055-4f1d-b6d2-e2bb2c6a3594 tempest-ServerBootFromVolumeStableRescueTest-246432797 tempest-ServerBootFromVolumeStableRescueTest-246432797-project-member] MySQL server mode set to STRICT_TRANS_TABLES,STRICT_ALL_TABLES,NO_ZERO_IN_DATE,NO_ZERO_DATE,ERROR_FOR_DIVISION_BY_ZERO,TRADITIONAL,NO_ENGINE_SUBSTITUTION {{(pid=96394) _check_effective_sql_mode /opt/stack/data/venv/lib/python3.12/site-packages/oslo_db/sqlalchemy/engines.py:325}}
Jul 08 06:58:12.016363 np0000004790 nova-scheduler[96394]: DEBUG dbcounter [-] [96394] Writer thread running {{(pid=96394) stat_writer /opt/stack/data/venv/lib/python3.12/site-packages/dbcounter.py:102}}
Jul 08 06:58:12.027959 np0000004790 nova-scheduler[96394]: DEBUG oslo_db.sqlalchemy.engines [None req-1a1296d7-8055-4f1d-b6d2-e2bb2c6a3594 tempest-ServerBootFromVolumeStableRescueTest-246432797 tempest-ServerBootFromVolumeStableRescueTest-246432797-project-member] Parent process 95148 forked (96394) with an open database connection, which is being discarded and recreated. {{(pid=96394) checkout /opt/stack/data/venv/lib/python3.12/site-packages/oslo_db/sqlalchemy/engines.py:402}}
Jul 08 06:58:12.067726 np0000004790 nova-scheduler[96394]: DEBUG dbcounter [-] [96394] Writer thread running {{(pid=96394) stat_writer /opt/stack/data/venv/lib/python3.12/site-packages/dbcounter.py:102}}
Jul 08 06:58:12.070710 np0000004790 nova-scheduler[96394]: DEBUG oslo_concurrency.lockutils [None req-1a1296d7-8055-4f1d-b6d2-e2bb2c6a3594 tempest-ServerBootFromVolumeStableRescueTest-246432797 tempest-ServerBootFromVolumeStableRescueTest-246432797-project-member] Acquiring lock "4ab39e48-c3dc-419f-a8d6-de0aeb1016f7" by "nova.context.set_target_cell..get_or_set_cached_cell_and_set_connections" {{(pid=96394) inner /opt/stack/data/venv/lib/python3.12/site-packages/oslo_concurrency/lockutils.py:511}}
Jul 08 06:58:12.071854 np0000004790 nova-scheduler[96394]: DEBUG oslo_concurrency.lockutils [None req-1a1296d7-8055-4f1d-b6d2-e2bb2c6a3594 tempest-ServerBootFromVolumeStableRescueTest-246432797 tempest-ServerBootFromVolumeStableRescueTest-246432797-project-member] Lock "4ab39e48-c3dc-419f-a8d6-de0aeb1016f7" acquired by "nova.context.set_target_cell..get_or_set_cached_cell_and_set_connections" :: waited 0.000s {{(pid=96394) inner /opt/stack/data/venv/lib/python3.12/site-packages/oslo_concurrency/lockutils.py:524}}
Jul 08 06:58:12.071854 np0000004790 nova-scheduler[96394]: DEBUG oslo_concurrency.lockutils [None req-1a1296d7-8055-4f1d-b6d2-e2bb2c6a3594 tempest-ServerBootFromVolumeStableRescueTest-246432797 tempest-ServerBootFromVolumeStableRescueTest-246432797-project-member] Lock "4ab39e48-c3dc-419f-a8d6-de0aeb1016f7" "released" by "nova.context.set_target_cell..get_or_set_cached_cell_and_set_connections" :: held 0.000s {{(pid=96394) inner /opt/stack/data/venv/lib/python3.12/site-packages/oslo_concurrency/lockutils.py:543}}
Jul 08 06:58:12.074807 np0000004790 nova-scheduler[96394]: DEBUG oslo_concurrency.lockutils [None req-1a1296d7-8055-4f1d-b6d2-e2bb2c6a3594 tempest-ServerBootFromVolumeStableRescueTest-246432797 tempest-ServerBootFromVolumeStableRescueTest-246432797-project-member] Acquiring lock "np0000004790-np0000004790" by "nova.scheduler.host_manager.HostState.update.._locked_update" {{(pid=96394) inner /opt/stack/data/venv/lib/python3.12/site-packages/oslo_concurrency/lockutils.py:511}}
Jul 08 06:58:12.075084 np0000004790 nova-scheduler[96394]: DEBUG oslo_concurrency.lockutils [None req-1a1296d7-8055-4f1d-b6d2-e2bb2c6a3594 tempest-ServerBootFromVolumeStableRescueTest-246432797 tempest-ServerBootFromVolumeStableRescueTest-246432797-project-member] Lock "np0000004790-np0000004790" acquired by "nova.scheduler.host_manager.HostState.update.._locked_update" :: waited 0.000s {{(pid=96394) inner /opt/stack/data/venv/lib/python3.12/site-packages/oslo_concurrency/lockutils.py:524}}
