Jul 06 16:56:08.853129 np0000004646 nova-scheduler[96288]: DEBUG cotyledon.oslo_config_glue [-] profiler.es_scroll_time = 2m {{(pid=96288) log_opt_values /opt/stack/data/venv/lib/python3.12/site-packages/oslo_config/cfg.py:3253}}
Jul 06 16:56:08.853129 np0000004646 nova-scheduler[96288]: DEBUG cotyledon.oslo_config_glue [-] profiler.filter_error_trace = False {{(pid=96288) log_opt_values /opt/stack/data/venv/lib/python3.12/site-packages/oslo_config/cfg.py:3253}}
Jul 06 16:56:08.853129 np0000004646 nova-scheduler[96288]: DEBUG cotyledon.oslo_config_glue [-] profiler.hmac_keys = **** {{(pid=96288) log_opt_values /opt/stack/data/venv/lib/python3.12/site-packages/oslo_config/cfg.py:3253}}
Jul 06 16:56:08.853129 np0000004646 nova-scheduler[96288]: DEBUG cotyledon.oslo_config_glue [-] profiler.sentinel_service_name = mymaster {{(pid=96288) log_opt_values /opt/stack/data/venv/lib/python3.12/site-packages/oslo_config/cfg.py:3253}}
Jul 06 16:56:08.853309 np0000004646 nova-scheduler[96288]: DEBUG cotyledon.oslo_config_glue [-] profiler.socket_timeout = 0.1 {{(pid=96288) log_opt_values /opt/stack/data/venv/lib/python3.12/site-packages/oslo_config/cfg.py:3253}}
Jul 06 16:56:08.853309 np0000004646 nova-scheduler[96288]: DEBUG cotyledon.oslo_config_glue [-] profiler.trace_requests = False {{(pid=96288) log_opt_values /opt/stack/data/venv/lib/python3.12/site-packages/oslo_config/cfg.py:3253}}
Jul 06 16:56:08.853309 np0000004646 nova-scheduler[96288]: DEBUG cotyledon.oslo_config_glue [-] profiler.trace_sqlalchemy = False {{(pid=96288) log_opt_values /opt/stack/data/venv/lib/python3.12/site-packages/oslo_config/cfg.py:3253}}
Jul 06 16:56:08.853309 np0000004646 nova-scheduler[96288]: DEBUG cotyledon.oslo_config_glue [-] profiler_jaeger.process_tags = {} {{(pid=96288) log_opt_values /opt/stack/data/venv/lib/python3.12/site-packages/oslo_config/cfg.py:3253}}
Jul 06 16:56:08.853309 np0000004646 nova-scheduler[96288]: DEBUG cotyledon.oslo_config_glue [-] profiler_jaeger.service_name_prefix = None {{(pid=96288) log_opt_values /opt/stack/data/venv/lib/python3.12/site-packages/oslo_config/cfg.py:3253}}
Jul 06 16:56:08.853309 np0000004646 nova-scheduler[96288]: DEBUG cotyledon.oslo_config_glue [-] profiler_otlp.service_name_prefix = None {{(pid=96288) log_opt_values /opt/stack/data/venv/lib/python3.12/site-packages/oslo_config/cfg.py:3253}}
Jul 06 16:56:08.853309 np0000004646 nova-scheduler[96288]: DEBUG cotyledon.oslo_config_glue [-] oslo_messaging_rabbit.amqp_auto_delete = False {{(pid=96288) log_opt_values /opt/stack/data/venv/lib/python3.12/site-packages/oslo_config/cfg.py:3253}}
Jul 06 16:56:08.853309 np0000004646 nova-scheduler[96288]: DEBUG cotyledon.oslo_config_glue [-] oslo_messaging_rabbit.amqp_durable_queues = False {{(pid=96288) log_opt_values /opt/stack/data/venv/lib/python3.12/site-packages/oslo_config/cfg.py:3253}}
Jul 06 16:56:08.853309 np0000004646 nova-scheduler[96288]: DEBUG cotyledon.oslo_config_glue [-] oslo_messaging_rabbit.conn_pool_min_size = 2 {{(pid=96288) log_opt_values /opt/stack/data/venv/lib/python3.12/site-packages/oslo_config/cfg.py:3253}}
Jul 06 16:56:08.853542 np0000004646 nova-scheduler[96288]: DEBUG cotyledon.oslo_config_glue [-] oslo_messaging_rabbit.conn_pool_ttl = 1200 {{(pid=96288) log_opt_values /opt/stack/data/venv/lib/python3.12/site-packages/oslo_config/cfg.py:3253}}
Jul 06 16:56:08.853542 np0000004646 nova-scheduler[96288]: DEBUG cotyledon.oslo_config_glue [-] oslo_messaging_rabbit.direct_mandatory_flag = True {{(pid=96288) log_opt_values /opt/stack/data/venv/lib/python3.12/site-packages/oslo_config/cfg.py:3253}}
Jul 06 16:56:08.853542 np0000004646 nova-scheduler[96288]: DEBUG cotyledon.oslo_config_glue [-] oslo_messaging_rabbit.enable_cancel_on_failover = False {{(pid=96288) log_opt_values /opt/stack/data/venv/lib/python3.12/site-packages/oslo_config/cfg.py:3253}}
Jul 06 16:56:08.853542 np0000004646 nova-scheduler[96288]: DEBUG cotyledon.oslo_config_glue [-] oslo_messaging_rabbit.heartbeat_rate = 3 {{(pid=96288) log_opt_values /opt/stack/data/venv/lib/python3.12/site-packages/oslo_config/cfg.py:3253}}
Jul 06 16:56:08.853542 np0000004646 nova-scheduler[96288]: DEBUG cotyledon.oslo_config_glue [-] oslo_messaging_rabbit.heartbeat_timeout_threshold = 60 {{(pid=96288) log_opt_values /opt/stack/data/venv/lib/python3.12/site-packages/oslo_config/cfg.py:3253}}
Jul 06 16:56:08.853542 np0000004646 nova-scheduler[96288]: DEBUG cotyledon.oslo_config_glue [-] oslo_messaging_rabbit.hostname = np0000004646 {{(pid=96288) log_opt_values /opt/stack/data/venv/lib/python3.12/site-packages/oslo_config/cfg.py:3253}}
Jul 06 16:56:08.853542 np0000004646 nova-scheduler[96288]: DEBUG cotyledon.oslo_config_glue [-] oslo_messaging_rabbit.kombu_compression = None {{(pid=96288) log_opt_values /opt/stack/data/venv/lib/python3.12/site-packages/oslo_config/cfg.py:3253}}
Jul 06 16:56:08.853542 np0000004646 nova-scheduler[96288]: DEBUG cotyledon.oslo_config_glue [-] oslo_messaging_rabbit.kombu_failover_strategy = round-robin {{(pid=96288) log_opt_values /opt/stack/data/venv/lib/python3.12/site-packages/oslo_config/cfg.py:3253}}
Jul 06 16:56:08.853542 np0000004646 nova-scheduler[96288]: DEBUG cotyledon.oslo_config_glue [-] oslo_messaging_rabbit.kombu_missing_consumer_retry_timeout = 60 {{(pid=96288) log_opt_values /opt/stack/data/venv/lib/python3.12/site-packages/oslo_config/cfg.py:3253}}
Jul 06 16:56:08.853778 np0000004646 nova-scheduler[96288]: DEBUG cotyledon.oslo_config_glue [-] oslo_messaging_rabbit.kombu_reconnect_delay = 1.0 {{(pid=96288) log_opt_values /opt/stack/data/venv/lib/python3.12/site-packages/oslo_config/cfg.py:3253}}
Jul 06 16:56:08.853778 np0000004646 nova-scheduler[96288]: DEBUG cotyledon.oslo_config_glue [-] oslo_messaging_rabbit.kombu_reconnect_splay = 0.0 {{(pid=96288) log_opt_values /opt/stack/data/venv/lib/python3.12/site-packages/oslo_config/cfg.py:3253}}
Jul 06 16:56:08.853778 np0000004646 nova-scheduler[96288]: DEBUG cotyledon.oslo_config_glue [-] oslo_messaging_rabbit.processname = nova-scheduler {{(pid=96288) log_opt_values /opt/stack/data/venv/lib/python3.12/site-packages/oslo_config/cfg.py:3253}}
Jul 06 16:56:08.853778 np0000004646 nova-scheduler[96288]: DEBUG cotyledon.oslo_config_glue [-] oslo_messaging_rabbit.rabbit_ha_queues = False {{(pid=96288) log_opt_values /opt/stack/data/venv/lib/python3.12/site-packages/oslo_config/cfg.py:3253}}
Jul 06 16:56:08.853854 np0000004646 nova-scheduler[96286]: INFO dbcounter [None req-0cd3a535-5062-4505-84aa-f0d06a28dbf9 None None] Registered counter for database nova_cell0
Jul 06 16:56:08.853886 np0000004646 nova-scheduler[96288]: DEBUG cotyledon.oslo_config_glue [-] oslo_messaging_rabbit.rabbit_interval_max = 30 {{(pid=96288) log_opt_values /opt/stack/data/venv/lib/python3.12/site-packages/oslo_config/cfg.py:3253}}
Jul 06 16:56:08.853886 np0000004646 nova-scheduler[96288]: DEBUG cotyledon.oslo_config_glue [-] oslo_messaging_rabbit.rabbit_login_method = AMQPLAIN {{(pid=96288) log_opt_values /opt/stack/data/venv/lib/python3.12/site-packages/oslo_config/cfg.py:3253}}
Jul 06 16:56:08.853886 np0000004646 nova-scheduler[96288]: DEBUG cotyledon.oslo_config_glue [-] oslo_messaging_rabbit.rabbit_qos_prefetch_count = 0 {{(pid=96288) log_opt_values /opt/stack/data/venv/lib/python3.12/site-packages/oslo_config/cfg.py:3253}}
Jul 06 16:56:08.853886 np0000004646 nova-scheduler[96288]: DEBUG cotyledon.oslo_config_glue [-] oslo_messaging_rabbit.rabbit_quorum_delivery_limit = 0 {{(pid=96288) log_opt_values /opt/stack/data/venv/lib/python3.12/site-packages/oslo_config/cfg.py:3253}}
Jul 06 16:56:08.853886 np0000004646 nova-scheduler[96288]: DEBUG cotyledon.oslo_config_glue [-] oslo_messaging_rabbit.rabbit_quorum_max_memory_bytes = 0 {{(pid=96288) log_opt_values /opt/stack/data/venv/lib/python3.12/site-packages/oslo_config/cfg.py:3253}}
Jul 06 16:56:08.853886 np0000004646 nova-scheduler[96288]: DEBUG cotyledon.oslo_config_glue [-] oslo_messaging_rabbit.rabbit_quorum_max_memory_length = 0 {{(pid=96288) log_opt_values /opt/stack/data/venv/lib/python3.12/site-packages/oslo_config/cfg.py:3253}}
Jul 06 16:56:08.853886 np0000004646 nova-scheduler[96288]: DEBUG cotyledon.oslo_config_glue [-] oslo_messaging_rabbit.rabbit_quorum_queue = False {{(pid=96288) log_opt_values /opt/stack/data/venv/lib/python3.12/site-packages/oslo_config/cfg.py:3253}}
Jul 06 16:56:08.853886 np0000004646 nova-scheduler[96288]: DEBUG cotyledon.oslo_config_glue [-] oslo_messaging_rabbit.rabbit_retry_backoff = 2 {{(pid=96288) log_opt_values /opt/stack/data/venv/lib/python3.12/site-packages/oslo_config/cfg.py:3253}}
Jul 06 16:56:08.853886 np0000004646 nova-scheduler[96288]: DEBUG cotyledon.oslo_config_glue [-] oslo_messaging_rabbit.rabbit_retry_interval = 1 {{(pid=96288) log_opt_values /opt/stack/data/venv/lib/python3.12/site-packages/oslo_config/cfg.py:3253}}
Jul 06 16:56:08.854060 np0000004646 nova-scheduler[96288]: DEBUG cotyledon.oslo_config_glue [-] oslo_messaging_rabbit.rabbit_stream_fanout = False {{(pid=96288) log_opt_values /opt/stack/data/venv/lib/python3.12/site-packages/oslo_config/cfg.py:3253}}
Jul 06 16:56:08.854060 np0000004646 nova-scheduler[96288]: DEBUG cotyledon.oslo_config_glue [-] oslo_messaging_rabbit.rabbit_transient_queues_ttl = 1800 {{(pid=96288) log_opt_values /opt/stack/data/venv/lib/python3.12/site-packages/oslo_config/cfg.py:3253}}
Jul 06 16:56:08.854060 np0000004646 nova-scheduler[96288]: DEBUG cotyledon.oslo_config_glue [-] oslo_messaging_rabbit.rabbit_transient_quorum_queue = False {{(pid=96288) log_opt_values /opt/stack/data/venv/lib/python3.12/site-packages/oslo_config/cfg.py:3253}}
Jul 06 16:56:08.854060 np0000004646 nova-scheduler[96288]: DEBUG cotyledon.oslo_config_glue [-] oslo_messaging_rabbit.rpc_conn_pool_size = 30 {{(pid=96288) log_opt_values /opt/stack/data/venv/lib/python3.12/site-packages/oslo_config/cfg.py:3253}}
Jul 06 16:56:08.854060 np0000004646 nova-scheduler[96288]: DEBUG cotyledon.oslo_config_glue [-] oslo_messaging_rabbit.ssl = False {{(pid=96288) log_opt_values /opt/stack/data/venv/lib/python3.12/site-packages/oslo_config/cfg.py:3253}}
Jul 06 16:56:08.854060 np0000004646 nova-scheduler[96288]: DEBUG cotyledon.oslo_config_glue [-] oslo_messaging_rabbit.ssl_ca_file = {{(pid=96288) log_opt_values /opt/stack/data/venv/lib/python3.12/site-packages/oslo_config/cfg.py:3253}}
Jul 06 16:56:08.854060 np0000004646 nova-scheduler[96288]: DEBUG cotyledon.oslo_config_glue [-] oslo_messaging_rabbit.ssl_cert_file = {{(pid=96288) log_opt_values /opt/stack/data/venv/lib/python3.12/site-packages/oslo_config/cfg.py:3253}}
Jul 06 16:56:08.854060 np0000004646 nova-scheduler[96288]: DEBUG cotyledon.oslo_config_glue [-] oslo_messaging_rabbit.ssl_enforce_fips_mode = False {{(pid=96288) log_opt_values /opt/stack/data/venv/lib/python3.12/site-packages/oslo_config/cfg.py:3253}}
Jul 06 16:56:08.854060 np0000004646 nova-scheduler[96288]: DEBUG cotyledon.oslo_config_glue [-] oslo_messaging_rabbit.ssl_enforce_hostname_verification = True {{(pid=96288) log_opt_values /opt/stack/data/venv/lib/python3.12/site-packages/oslo_config/cfg.py:3253}}
Jul 06 16:56:08.854237 np0000004646 nova-scheduler[96288]: DEBUG cotyledon.oslo_config_glue [-] oslo_messaging_rabbit.ssl_key_file = {{(pid=96288) log_opt_values /opt/stack/data/venv/lib/python3.12/site-packages/oslo_config/cfg.py:3253}}
Jul 06 16:56:08.854237 np0000004646 nova-scheduler[96288]: DEBUG cotyledon.oslo_config_glue [-] oslo_messaging_rabbit.ssl_version = {{(pid=96288) log_opt_values /opt/stack/data/venv/lib/python3.12/site-packages/oslo_config/cfg.py:3253}}
Jul 06 16:56:08.854237 np0000004646 nova-scheduler[96288]: DEBUG cotyledon.oslo_config_glue [-] oslo_messaging_rabbit.use_queue_manager = False {{(pid=96288) log_opt_values /opt/stack/data/venv/lib/python3.12/site-packages/oslo_config/cfg.py:3253}}
Jul 06 16:56:08.854237 np0000004646 nova-scheduler[96288]: DEBUG cotyledon.oslo_config_glue [-] oslo_messaging_notifications.driver = ['messagingv2'] {{(pid=96288) log_opt_values /opt/stack/data/venv/lib/python3.12/site-packages/oslo_config/cfg.py:3253}}
Jul 06 16:56:08.854237 np0000004646 nova-scheduler[96288]: DEBUG cotyledon.oslo_config_glue [-] oslo_messaging_notifications.retry = -1 {{(pid=96288) log_opt_values /opt/stack/data/venv/lib/python3.12/site-packages/oslo_config/cfg.py:3253}}
Jul 06 16:56:08.854237 np0000004646 nova-scheduler[96288]: DEBUG cotyledon.oslo_config_glue [-] oslo_messaging_notifications.topics = ['notifications'] {{(pid=96288) log_opt_values /opt/stack/data/venv/lib/python3.12/site-packages/oslo_config/cfg.py:3253}}
Jul 06 16:56:08.854237 np0000004646 nova-scheduler[96288]: DEBUG cotyledon.oslo_config_glue [-] oslo_messaging_notifications.transport_url = **** {{(pid=96288) log_opt_values /opt/stack/data/venv/lib/python3.12/site-packages/oslo_config/cfg.py:3253}}
Jul 06 16:56:08.854237 np0000004646 nova-scheduler[96288]: DEBUG cotyledon.oslo_config_glue [-] oslo_limit.auth_section = None {{(pid=96288) log_opt_values /opt/stack/data/venv/lib/python3.12/site-packages/oslo_config/cfg.py:3253}}
Jul 06 16:56:08.854237 np0000004646 nova-scheduler[96288]: DEBUG cotyledon.oslo_config_glue [-] oslo_limit.auth_type = None {{(pid=96288) log_opt_values /opt/stack/data/venv/lib/python3.12/site-packages/oslo_config/cfg.py:3253}}
Jul 06 16:56:08.854398 np0000004646 nova-scheduler[96288]: DEBUG cotyledon.oslo_config_glue [-] oslo_limit.cafile = None {{(pid=96288) log_opt_values /opt/stack/data/venv/lib/python3.12/site-packages/oslo_config/cfg.py:3253}}
Jul 06 16:56:08.854398 np0000004646 nova-scheduler[96288]: DEBUG cotyledon.oslo_config_glue [-] oslo_limit.certfile = None {{(pid=96288) log_opt_values /opt/stack/data/venv/lib/python3.12/site-packages/oslo_config/cfg.py:3253}}
Jul 06 16:56:08.854398 np0000004646 nova-scheduler[96288]: DEBUG cotyledon.oslo_config_glue [-] oslo_limit.collect_timing = False {{(pid=96288) log_opt_values /opt/stack/data/venv/lib/python3.12/site-packages/oslo_config/cfg.py:3253}}
Jul 06 16:56:08.854398 np0000004646 nova-scheduler[96288]: DEBUG cotyledon.oslo_config_glue [-] oslo_limit.connect_retries = None {{(pid=96288) log_opt_values /opt/stack/data/venv/lib/python3.12/site-packages/oslo_config/cfg.py:3253}}
Jul 06 16:56:08.854398 np0000004646 nova-scheduler[96288]: DEBUG cotyledon.oslo_config_glue [-] oslo_limit.connect_retry_delay = None {{(pid=96288) log_opt_values /opt/stack/data/venv/lib/python3.12/site-packages/oslo_config/cfg.py:3253}}
Jul 06 16:56:08.854398 np0000004646 nova-scheduler[96288]: DEBUG cotyledon.oslo_config_glue [-] oslo_limit.endpoint_id = None {{(pid=96288) log_opt_values /opt/stack/data/venv/lib/python3.12/site-packages/oslo_config/cfg.py:3253}}
Jul 06 16:56:08.854398 np0000004646 nova-scheduler[96288]: DEBUG cotyledon.oslo_config_glue [-] oslo_limit.endpoint_interface = public {{(pid=96288) log_opt_values /opt/stack/data/venv/lib/python3.12/site-packages/oslo_config/cfg.py:3253}}
Jul 06 16:56:08.854398 np0000004646 nova-scheduler[96288]: DEBUG cotyledon.oslo_config_glue [-] oslo_limit.endpoint_override = None {{(pid=96288) log_opt_values /opt/stack/data/venv/lib/python3.12/site-packages/oslo_config/cfg.py:3253}}
Jul 06 16:56:08.854398 np0000004646 nova-scheduler[96288]: DEBUG cotyledon.oslo_config_glue [-] oslo_limit.endpoint_region_name = None {{(pid=96288) log_opt_values /opt/stack/data/venv/lib/python3.12/site-packages/oslo_config/cfg.py:3253}}
Jul 06 16:56:08.854583 np0000004646 nova-scheduler[96288]: DEBUG cotyledon.oslo_config_glue [-] oslo_limit.endpoint_service_name = None {{(pid=96288) log_opt_values /opt/stack/data/venv/lib/python3.12/site-packages/oslo_config/cfg.py:3253}}
Jul 06 16:56:08.854583 np0000004646 nova-scheduler[96288]: DEBUG cotyledon.oslo_config_glue [-] oslo_limit.endpoint_service_type = None {{(pid=96288) log_opt_values /opt/stack/data/venv/lib/python3.12/site-packages/oslo_config/cfg.py:3253}}
Jul 06 16:56:08.854583 np0000004646 nova-scheduler[96288]: DEBUG cotyledon.oslo_config_glue [-] oslo_limit.insecure = False {{(pid=96288) log_opt_values /opt/stack/data/venv/lib/python3.12/site-packages/oslo_config/cfg.py:3253}}
Jul 06 16:56:08.854583 np0000004646 nova-scheduler[96288]: DEBUG cotyledon.oslo_config_glue [-] oslo_limit.keyfile = None {{(pid=96288) log_opt_values /opt/stack/data/venv/lib/python3.12/site-packages/oslo_config/cfg.py:3253}}
Jul 06 16:56:08.854583 np0000004646 nova-scheduler[96288]: DEBUG cotyledon.oslo_config_glue [-] oslo_limit.max_version = None {{(pid=96288) log_opt_values /opt/stack/data/venv/lib/python3.12/site-packages/oslo_config/cfg.py:3253}}
Jul 06 16:56:08.854583 np0000004646 nova-scheduler[96288]: DEBUG cotyledon.oslo_config_glue [-] oslo_limit.min_version = None {{(pid=96288) log_opt_values /opt/stack/data/venv/lib/python3.12/site-packages/oslo_config/cfg.py:3253}}
Jul 06 16:56:08.854583 np0000004646 nova-scheduler[96288]: DEBUG cotyledon.oslo_config_glue [-] oslo_limit.region_name = None {{(pid=96288) log_opt_values /opt/stack/data/venv/lib/python3.12/site-packages/oslo_config/cfg.py:3253}}
Jul 06 16:56:08.854583 np0000004646 nova-scheduler[96288]: DEBUG cotyledon.oslo_config_glue [-] oslo_limit.retriable_status_codes = None {{(pid=96288) log_opt_values /opt/stack/data/venv/lib/python3.12/site-packages/oslo_config/cfg.py:3253}}
Jul 06 16:56:08.854583 np0000004646 nova-scheduler[96288]: DEBUG cotyledon.oslo_config_glue [-] oslo_limit.service_name = None {{(pid=96288) log_opt_values /opt/stack/data/venv/lib/python3.12/site-packages/oslo_config/cfg.py:3253}}
Jul 06 16:56:08.854775 np0000004646 nova-scheduler[96288]: DEBUG cotyledon.oslo_config_glue [-] oslo_limit.service_type = None {{(pid=96288) log_opt_values /opt/stack/data/venv/lib/python3.12/site-packages/oslo_config/cfg.py:3253}}
Jul 06 16:56:08.854775 np0000004646 nova-scheduler[96288]: DEBUG cotyledon.oslo_config_glue [-] oslo_limit.split_loggers = False {{(pid=96288) log_opt_values /opt/stack/data/venv/lib/python3.12/site-packages/oslo_config/cfg.py:3253}}
Jul 06 16:56:08.854775 np0000004646 nova-scheduler[96288]: DEBUG cotyledon.oslo_config_glue [-] oslo_limit.status_code_retries = None {{(pid=96288) log_opt_values /opt/stack/data/venv/lib/python3.12/site-packages/oslo_config/cfg.py:3253}}
Jul 06 16:56:08.854775 np0000004646 nova-scheduler[96288]: DEBUG cotyledon.oslo_config_glue [-] oslo_limit.status_code_retry_delay = None {{(pid=96288) log_opt_values /opt/stack/data/venv/lib/python3.12/site-packages/oslo_config/cfg.py:3253}}
Jul 06 16:56:08.854775 np0000004646 nova-scheduler[96288]: DEBUG cotyledon.oslo_config_glue [-] oslo_limit.timeout = None {{(pid=96288) log_opt_values /opt/stack/data/venv/lib/python3.12/site-packages/oslo_config/cfg.py:3253}}
Jul 06 16:56:08.854775 np0000004646 nova-scheduler[96288]: DEBUG cotyledon.oslo_config_glue [-] oslo_limit.valid_interfaces = None {{(pid=96288) log_opt_values /opt/stack/data/venv/lib/python3.12/site-packages/oslo_config/cfg.py:3253}}
Jul 06 16:56:08.854775 np0000004646 nova-scheduler[96288]: DEBUG cotyledon.oslo_config_glue [-] oslo_limit.version = None {{(pid=96288) log_opt_values /opt/stack/data/venv/lib/python3.12/site-packages/oslo_config/cfg.py:3253}}
Jul 06 16:56:08.854775 np0000004646 nova-scheduler[96288]: DEBUG cotyledon.oslo_config_glue [-] oslo_reports.file_event_handler = None {{(pid=96288) log_opt_values /opt/stack/data/venv/lib/python3.12/site-packages/oslo_config/cfg.py:3253}}
Jul 06 16:56:08.854775 np0000004646 nova-scheduler[96288]: DEBUG cotyledon.oslo_config_glue [-] oslo_reports.file_event_handler_interval = 1 {{(pid=96288) log_opt_values /opt/stack/data/venv/lib/python3.12/site-packages/oslo_config/cfg.py:3253}}
Jul 06 16:56:08.854951 np0000004646 nova-scheduler[96288]: DEBUG cotyledon.oslo_config_glue [-] oslo_reports.log_dir = None {{(pid=96288) log_opt_values /opt/stack/data/venv/lib/python3.12/site-packages/oslo_config/cfg.py:3253}}
Jul 06 16:56:08.854951 np0000004646 nova-scheduler[96288]: DEBUG cotyledon.oslo_config_glue [-] ******************************************************************************** {{(pid=96288) log_opt_values /opt/stack/data/venv/lib/python3.12/site-packages/oslo_config/cfg.py:3260}}
Jul 06 16:56:08.854951 np0000004646 nova-scheduler[96288]: DEBUG cotyledon._service_worker [-] Run service ServiceWrapper(3) [96288] {{(pid=96288) wait_forever /opt/stack/data/venv/lib/python3.12/site-packages/cotyledon/_service_worker.py:218}}
Jul 06 16:56:08.854951 np0000004646 nova-scheduler[96288]: INFO nova.service [-] Starting scheduler node (version 33.1.0)
Jul 06 16:56:08.854951 np0000004646 nova-scheduler[96288]: INFO dbcounter [None req-9c92358a-8882-43d6-8a1a-355f593f152d None None] Registered counter for database nova_cell0
Jul 06 16:56:08.855064 np0000004646 nova-scheduler[96282]: DEBUG oslo_db.sqlalchemy.engines [None req-fc481184-bb5a-4c31-a08a-c553b5defb60 None None] MySQL server mode set to STRICT_TRANS_TABLES,STRICT_ALL_TABLES,NO_ZERO_IN_DATE,NO_ZERO_DATE,ERROR_FOR_DIVISION_BY_ZERO,TRADITIONAL,NO_ENGINE_SUBSTITUTION {{(pid=96282) _check_effective_sql_mode /opt/stack/data/venv/lib/python3.12/site-packages/oslo_db/sqlalchemy/engines.py:325}}
Jul 06 16:56:08.856909 np0000004646 nova-scheduler[96282]: DEBUG dbcounter [-] [96282] Writer thread running {{(pid=96282) stat_writer /opt/stack/data/venv/lib/python3.12/site-packages/dbcounter.py:102}}
Jul 06 16:56:08.864987 np0000004646 nova-scheduler[96286]: DEBUG oslo_db.sqlalchemy.engines [None req-0cd3a535-5062-4505-84aa-f0d06a28dbf9 None None] MySQL server mode set to STRICT_TRANS_TABLES,STRICT_ALL_TABLES,NO_ZERO_IN_DATE,NO_ZERO_DATE,ERROR_FOR_DIVISION_BY_ZERO,TRADITIONAL,NO_ENGINE_SUBSTITUTION {{(pid=96286) _check_effective_sql_mode /opt/stack/data/venv/lib/python3.12/site-packages/oslo_db/sqlalchemy/engines.py:325}}
Jul 06 16:56:08.868652 np0000004646 nova-scheduler[96284]: DEBUG oslo_db.sqlalchemy.engines [None req-9b038174-1285-4367-b928-3086eb41a0e3 None None] MySQL server mode set to STRICT_TRANS_TABLES,STRICT_ALL_TABLES,NO_ZERO_IN_DATE,NO_ZERO_DATE,ERROR_FOR_DIVISION_BY_ZERO,TRADITIONAL,NO_ENGINE_SUBSTITUTION {{(pid=96284) _check_effective_sql_mode /opt/stack/data/venv/lib/python3.12/site-packages/oslo_db/sqlalchemy/engines.py:325}}
Jul 06 16:56:08.873525 np0000004646 nova-scheduler[96288]: DEBUG oslo_db.sqlalchemy.engines [None req-9c92358a-8882-43d6-8a1a-355f593f152d None None] MySQL server mode set to STRICT_TRANS_TABLES,STRICT_ALL_TABLES,NO_ZERO_IN_DATE,NO_ZERO_DATE,ERROR_FOR_DIVISION_BY_ZERO,TRADITIONAL,NO_ENGINE_SUBSTITUTION {{(pid=96288) _check_effective_sql_mode /opt/stack/data/venv/lib/python3.12/site-packages/oslo_db/sqlalchemy/engines.py:325}}
Jul 06 16:56:08.878686 np0000004646 nova-scheduler[96282]: DEBUG nova.service [None req-fc481184-bb5a-4c31-a08a-c553b5defb60 None None] Creating RPC server for service: nova-scheduler on topic: scheduler {{(pid=96282) start /opt/stack/nova/nova/service.py:196}}
Jul 06 16:56:08.879098 np0000004646 nova-scheduler[96286]: DEBUG dbcounter [-] [96286] Writer thread running {{(pid=96286) stat_writer /opt/stack/data/venv/lib/python3.12/site-packages/dbcounter.py:102}}
Jul 06 16:56:08.882899 np0000004646 nova-scheduler[96284]: DEBUG dbcounter [-] [96284] Writer thread running {{(pid=96284) stat_writer /opt/stack/data/venv/lib/python3.12/site-packages/dbcounter.py:102}}
Jul 06 16:56:08.883015 np0000004646 nova-scheduler[96286]: DEBUG nova.service [None req-0cd3a535-5062-4505-84aa-f0d06a28dbf9 None None] Creating RPC server for service: nova-scheduler on topic: scheduler {{(pid=96286) start /opt/stack/nova/nova/service.py:196}}
Jul 06 16:56:08.885187 np0000004646 nova-scheduler[96288]: DEBUG dbcounter [-] [96288] Writer thread running {{(pid=96288) stat_writer /opt/stack/data/venv/lib/python3.12/site-packages/dbcounter.py:102}}
Jul 06 16:56:08.886660 np0000004646 nova-scheduler[96284]: DEBUG nova.service [None req-9b038174-1285-4367-b928-3086eb41a0e3 None None] Creating RPC server for service: nova-scheduler on topic: scheduler {{(pid=96284) start /opt/stack/nova/nova/service.py:196}}
Jul 06 16:56:08.888653 np0000004646 nova-scheduler[96288]: DEBUG nova.service [None req-9c92358a-8882-43d6-8a1a-355f593f152d None None] Creating RPC server for service: nova-scheduler on topic: scheduler {{(pid=96288) start /opt/stack/nova/nova/service.py:196}}
Jul 06 16:56:08.907932 np0000004646 nova-scheduler[96286]: DEBUG nova.service [None req-0cd3a535-5062-4505-84aa-f0d06a28dbf9 None None] Join ServiceGroup membership for this service scheduler {{(pid=96286) start /opt/stack/nova/nova/service.py:222}}
Jul 06 16:56:08.908091 np0000004646 nova-scheduler[96284]: DEBUG nova.service [None req-9b038174-1285-4367-b928-3086eb41a0e3 None None] Join ServiceGroup membership for this service scheduler {{(pid=96284) start /opt/stack/nova/nova/service.py:222}}
Jul 06 16:56:08.908134 np0000004646 nova-scheduler[96282]: DEBUG nova.service [None req-fc481184-bb5a-4c31-a08a-c553b5defb60 None None] Join ServiceGroup membership for this service scheduler {{(pid=96282) start /opt/stack/nova/nova/service.py:222}}
Jul 06 16:56:08.908166 np0000004646 nova-scheduler[96286]: DEBUG nova.servicegroup.drivers.db [None req-0cd3a535-5062-4505-84aa-f0d06a28dbf9 None None] DB_Driver: join new ServiceGroup member np0000004646 to the scheduler group, service = {{(pid=96286) join /opt/stack/nova/nova/servicegroup/drivers/db.py:44}}
Jul 06 16:56:08.908196 np0000004646 nova-scheduler[96282]: DEBUG nova.servicegroup.drivers.db [None req-fc481184-bb5a-4c31-a08a-c553b5defb60 None None] DB_Driver: join new ServiceGroup member np0000004646 to the scheduler group, service = {{(pid=96282) join /opt/stack/nova/nova/servicegroup/drivers/db.py:44}}
Jul 06 16:56:08.908266 np0000004646 nova-scheduler[96284]: DEBUG nova.servicegroup.drivers.db [None req-9b038174-1285-4367-b928-3086eb41a0e3 None None] DB_Driver: join new ServiceGroup member np0000004646 to the scheduler group, service = {{(pid=96284) join /opt/stack/nova/nova/servicegroup/drivers/db.py:44}}
Jul 06 16:56:08.911023 np0000004646 nova-scheduler[96288]: DEBUG nova.service [None req-9c92358a-8882-43d6-8a1a-355f593f152d None None] Join ServiceGroup membership for this service scheduler {{(pid=96288) start /opt/stack/nova/nova/service.py:222}}
Jul 06 16:56:08.911402 np0000004646 nova-scheduler[96288]: DEBUG nova.servicegroup.drivers.db [None req-9c92358a-8882-43d6-8a1a-355f593f152d None None] DB_Driver: join new ServiceGroup member np0000004646 to the scheduler group, service = {{(pid=96288) join /opt/stack/nova/nova/servicegroup/drivers/db.py:44}}
Jul 06 16:56:13.926151 np0000004646 nova-scheduler[96282]: DEBUG oslo.service.backend._threading.loopingcall [-] Fixed interval looping call 'nova.servicegroup.drivers.db.DbDriver._report_state' sleeping for 119.98 seconds {{(pid=96282) _run_loop /opt/stack/data/venv/lib/python3.12/site-packages/oslo_service/backend/_threading/loopingcall.py:125}}
Jul 06 16:56:13.928205 np0000004646 nova-scheduler[96284]: DEBUG oslo.service.backend._threading.loopingcall [-] Fixed interval looping call 'nova.servicegroup.drivers.db.DbDriver._report_state' sleeping for 119.98 seconds {{(pid=96284) _run_loop /opt/stack/data/venv/lib/python3.12/site-packages/oslo_service/backend/_threading/loopingcall.py:125}}
Jul 06 16:56:13.928629 np0000004646 nova-scheduler[96288]: DEBUG oslo.service.backend._threading.loopingcall [-] Fixed interval looping call 'nova.servicegroup.drivers.db.DbDriver._report_state' sleeping for 119.98 seconds {{(pid=96288) _run_loop /opt/stack/data/venv/lib/python3.12/site-packages/oslo_service/backend/_threading/loopingcall.py:125}}
Jul 06 16:56:13.929174 np0000004646 nova-scheduler[96286]: DEBUG oslo.service.backend._threading.loopingcall [-] Fixed interval looping call 'nova.servicegroup.drivers.db.DbDriver._report_state' sleeping for 119.98 seconds {{(pid=96286) _run_loop /opt/stack/data/venv/lib/python3.12/site-packages/oslo_service/backend/_threading/loopingcall.py:125}}
Jul 06 16:56:17.445879 np0000004646 nova-scheduler[95087]: DEBUG dbcounter [-] [95087] Writing DB stats nova_api:SELECT=3 {{(pid=95087) stat_writer /opt/stack/data/venv/lib/python3.12/site-packages/dbcounter.py:115}}
Jul 06 16:56:17.589684 np0000004646 nova-scheduler[95087]: DEBUG dbcounter [-] [95087] Writing DB stats nova_cell1:SELECT=1 {{(pid=95087) stat_writer /opt/stack/data/venv/lib/python3.12/site-packages/dbcounter.py:115}}
Jul 06 16:56:17.594140 np0000004646 nova-scheduler[95087]: DEBUG dbcounter [-] [95087] Writing DB stats nova_cell0:SELECT=1 {{(pid=95087) stat_writer /opt/stack/data/venv/lib/python3.12/site-packages/dbcounter.py:115}}
Jul 06 16:56:23.921205 np0000004646 nova-scheduler[96282]: DEBUG dbcounter [-] [96282] Writing DB stats nova_cell0:SELECT=4,nova_cell0:INSERT=1,nova_cell0:UPDATE=1 {{(pid=96282) stat_writer /opt/stack/data/venv/lib/python3.12/site-packages/dbcounter.py:115}}
Jul 06 16:56:23.921559 np0000004646 nova-scheduler[96284]: DEBUG dbcounter [-] [96284] Writing DB stats nova_cell0:SELECT=3,nova_cell0:UPDATE=1 {{(pid=96284) stat_writer /opt/stack/data/venv/lib/python3.12/site-packages/dbcounter.py:115}}
Jul 06 16:56:23.923630 np0000004646 nova-scheduler[96288]: DEBUG dbcounter [-] [96288] Writing DB stats nova_cell0:SELECT=3,nova_cell0:UPDATE=1 {{(pid=96288) stat_writer /opt/stack/data/venv/lib/python3.12/site-packages/dbcounter.py:115}}
Jul 06 16:56:23.923934 np0000004646 nova-scheduler[96286]: DEBUG dbcounter [-] [96286] Writing DB stats nova_cell0:SELECT=3,nova_cell0:UPDATE=1 {{(pid=96286) stat_writer /opt/stack/data/venv/lib/python3.12/site-packages/dbcounter.py:115}}
Jul 06 16:56:24.910104 np0000004646 nova-scheduler[96286]: DEBUG oslo.service.backend._threading.loopingcall [None req-7edf78ec-5478-4a14-b5d9-b07f25d689dd None None] Dynamic interval looping call 'nova.service.Service.periodic_tasks' sleeping for 60.00 seconds {{(pid=96286) _run_loop /opt/stack/data/venv/lib/python3.12/site-packages/oslo_service/backend/_threading/loopingcall.py:125}}
Jul 06 16:56:40.911121 np0000004646 nova-scheduler[96284]: DEBUG oslo.service.backend._threading.loopingcall [None req-fbac5dba-21cf-4c2d-8ed3-bce23d234fc1 None None] Dynamic interval looping call 'nova.service.Service.periodic_tasks' sleeping for 60.00 seconds {{(pid=96284) _run_loop /opt/stack/data/venv/lib/python3.12/site-packages/oslo_service/backend/_threading/loopingcall.py:125}}
Jul 06 16:56:53.910074 np0000004646 nova-scheduler[96282]: DEBUG oslo.service.backend._threading.loopingcall [None req-87ef2b2c-7b89-48e8-9c12-c5a28565ff0d None None] Dynamic interval looping call 'nova.service.Service.periodic_tasks' sleeping for 60.00 seconds {{(pid=96282) _run_loop /opt/stack/data/venv/lib/python3.12/site-packages/oslo_service/backend/_threading/loopingcall.py:125}}
Jul 06 16:57:07.913363 np0000004646 nova-scheduler[96288]: DEBUG oslo.service.backend._threading.loopingcall [None req-84c73890-f3e4-4e14-90e2-c265507f661c None None] Dynamic interval looping call 'nova.service.Service.periodic_tasks' sleeping for 60.00 seconds {{(pid=96288) _run_loop /opt/stack/data/venv/lib/python3.12/site-packages/oslo_service/backend/_threading/loopingcall.py:125}}
Jul 06 16:57:24.911069 np0000004646 nova-scheduler[96286]: DEBUG oslo.service.backend._threading.loopingcall [None req-7edf78ec-5478-4a14-b5d9-b07f25d689dd None None] Dynamic interval looping call 'nova.service.Service.periodic_tasks' sleeping for 60.00 seconds {{(pid=96286) _run_loop /opt/stack/data/venv/lib/python3.12/site-packages/oslo_service/backend/_threading/loopingcall.py:125}}
Jul 06 16:57:40.912136 np0000004646 nova-scheduler[96284]: DEBUG oslo.service.backend._threading.loopingcall [None req-fbac5dba-21cf-4c2d-8ed3-bce23d234fc1 None None] Dynamic interval looping call 'nova.service.Service.periodic_tasks' sleeping for 60.00 seconds {{(pid=96284) _run_loop /opt/stack/data/venv/lib/python3.12/site-packages/oslo_service/backend/_threading/loopingcall.py:125}}
Jul 06 16:57:53.910558 np0000004646 nova-scheduler[96282]: DEBUG oslo.service.backend._threading.loopingcall [None req-87ef2b2c-7b89-48e8-9c12-c5a28565ff0d None None] Dynamic interval looping call 'nova.service.Service.periodic_tasks' sleeping for 60.00 seconds {{(pid=96282) _run_loop /opt/stack/data/venv/lib/python3.12/site-packages/oslo_service/backend/_threading/loopingcall.py:125}}
Jul 06 16:58:07.914008 np0000004646 nova-scheduler[96288]: DEBUG oslo.service.backend._threading.loopingcall [None req-84c73890-f3e4-4e14-90e2-c265507f661c None None] Dynamic interval looping call 'nova.service.Service.periodic_tasks' sleeping for 60.00 seconds {{(pid=96288) _run_loop /opt/stack/data/venv/lib/python3.12/site-packages/oslo_service/backend/_threading/loopingcall.py:125}}
Jul 06 16:58:13.916320 np0000004646 nova-scheduler[96282]: DEBUG oslo.service.backend._threading.loopingcall [-] Fixed interval looping call 'nova.servicegroup.drivers.db.DbDriver._report_state' sleeping for 119.99 seconds {{(pid=96282) _run_loop /opt/stack/data/venv/lib/python3.12/site-packages/oslo_service/backend/_threading/loopingcall.py:125}}
Jul 06 16:58:13.916815 np0000004646 nova-scheduler[96284]: DEBUG oslo.service.backend._threading.loopingcall [-] Fixed interval looping call 'nova.servicegroup.drivers.db.DbDriver._report_state' sleeping for 119.99 seconds {{(pid=96284) _run_loop /opt/stack/data/venv/lib/python3.12/site-packages/oslo_service/backend/_threading/loopingcall.py:125}}
Jul 06 16:58:13.917546 np0000004646 nova-scheduler[96288]: DEBUG oslo.service.backend._threading.loopingcall [-] Fixed interval looping call 'nova.servicegroup.drivers.db.DbDriver._report_state' sleeping for 119.99 seconds {{(pid=96288) _run_loop /opt/stack/data/venv/lib/python3.12/site-packages/oslo_service/backend/_threading/loopingcall.py:125}}
Jul 06 16:58:13.917919 np0000004646 nova-scheduler[96286]: DEBUG oslo.service.backend._threading.loopingcall [-] Fixed interval looping call 'nova.servicegroup.drivers.db.DbDriver._report_state' sleeping for 119.99 seconds {{(pid=96286) _run_loop /opt/stack/data/venv/lib/python3.12/site-packages/oslo_service/backend/_threading/loopingcall.py:125}}
Jul 06 16:58:23.910780 np0000004646 nova-scheduler[96282]: DEBUG dbcounter [-] [96282] Writing DB stats nova_cell0:SELECT=1,nova_cell0:UPDATE=1 {{(pid=96282) stat_writer /opt/stack/data/venv/lib/python3.12/site-packages/dbcounter.py:115}}
Jul 06 16:58:23.911504 np0000004646 nova-scheduler[96284]: DEBUG dbcounter [-] [96284] Writing DB stats nova_cell0:SELECT=1,nova_cell0:UPDATE=1 {{(pid=96284) stat_writer /opt/stack/data/venv/lib/python3.12/site-packages/dbcounter.py:115}}
Jul 06 16:58:23.913505 np0000004646 nova-scheduler[96286]: DEBUG dbcounter [-] [96286] Writing DB stats nova_cell0:SELECT=1,nova_cell0:UPDATE=1 {{(pid=96286) stat_writer /opt/stack/data/venv/lib/python3.12/site-packages/dbcounter.py:115}}
Jul 06 16:58:23.914005 np0000004646 nova-scheduler[96288]: DEBUG dbcounter [-] [96288] Writing DB stats nova_cell0:SELECT=1,nova_cell0:UPDATE=1 {{(pid=96288) stat_writer /opt/stack/data/venv/lib/python3.12/site-packages/dbcounter.py:115}}
Jul 06 16:58:24.912446 np0000004646 nova-scheduler[96286]: DEBUG oslo.service.backend._threading.loopingcall [None req-7edf78ec-5478-4a14-b5d9-b07f25d689dd None None] Dynamic interval looping call 'nova.service.Service.periodic_tasks' sleeping for 60.00 seconds {{(pid=96286) _run_loop /opt/stack/data/venv/lib/python3.12/site-packages/oslo_service/backend/_threading/loopingcall.py:125}}
Jul 06 16:58:39.856204 np0000004646 nova-scheduler[96284]: DEBUG nova.scheduler.manager [None req-e5413af6-d478-4def-aace-92c59527cb8b tempest-ServerBootFromVolumeStableRescueTest-123609709 tempest-ServerBootFromVolumeStableRescueTest-123609709-project-member] Starting to schedule for instances: ['0ca940c1-2d7e-4947-a778-c85e0926a9bf'] {{(pid=96284) select_destinations /opt/stack/nova/nova/scheduler/manager.py:209}}
Jul 06 16:58:39.856853 np0000004646 nova-scheduler[96284]: DEBUG nova.scheduler.request_filter [None req-e5413af6-d478-4def-aace-92c59527cb8b tempest-ServerBootFromVolumeStableRescueTest-123609709 tempest-ServerBootFromVolumeStableRescueTest-123609709-project-member] compute_status_filter request filter added forbidden trait COMPUTE_STATUS_DISABLED {{(pid=96284) compute_status_filter /opt/stack/nova/nova/scheduler/request_filter.py:253}}
Jul 06 16:58:39.857125 np0000004646 nova-scheduler[96284]: DEBUG nova.scheduler.request_filter [None req-e5413af6-d478-4def-aace-92c59527cb8b tempest-ServerBootFromVolumeStableRescueTest-123609709 tempest-ServerBootFromVolumeStableRescueTest-123609709-project-member] Request filter 'compute_status_filter' took 0.0 seconds {{(pid=96284) wrapper /opt/stack/nova/nova/scheduler/request_filter.py:46}}
Jul 06 16:58:39.857329 np0000004646 nova-scheduler[96284]: DEBUG nova.scheduler.request_filter [None req-e5413af6-d478-4def-aace-92c59527cb8b tempest-ServerBootFromVolumeStableRescueTest-123609709 tempest-ServerBootFromVolumeStableRescueTest-123609709-project-member] Request filter 'accelerators_filter' took 0.0 seconds {{(pid=96284) wrapper /opt/stack/nova/nova/scheduler/request_filter.py:46}}
Jul 06 16:58:39.857639 np0000004646 nova-scheduler[96284]: DEBUG nova.scheduler.request_filter [None req-e5413af6-d478-4def-aace-92c59527cb8b tempest-ServerBootFromVolumeStableRescueTest-123609709 tempest-ServerBootFromVolumeStableRescueTest-123609709-project-member] Request filter 'packed_virtqueue_filter' took 0.0 seconds {{(pid=96284) wrapper /opt/stack/nova/nova/scheduler/request_filter.py:46}}
Jul 06 16:58:39.858021 np0000004646 nova-scheduler[96284]: DEBUG nova.scheduler.request_filter [None req-e5413af6-d478-4def-aace-92c59527cb8b tempest-ServerBootFromVolumeStableRescueTest-123609709 tempest-ServerBootFromVolumeStableRescueTest-123609709-project-member] Request filter 'remote_managed_ports_filter' took 0.0 seconds {{(pid=96284) wrapper /opt/stack/nova/nova/scheduler/request_filter.py:46}}
Jul 06 16:58:39.858227 np0000004646 nova-scheduler[96284]: DEBUG nova.scheduler.request_filter [None req-e5413af6-d478-4def-aace-92c59527cb8b tempest-ServerBootFromVolumeStableRescueTest-123609709 tempest-ServerBootFromVolumeStableRescueTest-123609709-project-member] ephemeral_encryption_filter skipped {{(pid=96284) ephemeral_encryption_filter /opt/stack/nova/nova/scheduler/request_filter.py:426}}
Jul 06 16:58:39.858414 np0000004646 nova-scheduler[96284]: DEBUG nova.scheduler.request_filter [None req-e5413af6-d478-4def-aace-92c59527cb8b tempest-ServerBootFromVolumeStableRescueTest-123609709 tempest-ServerBootFromVolumeStableRescueTest-123609709-project-member] virtio_sound_filter skipped {{(pid=96284) virtio_sound_filter /opt/stack/nova/nova/scheduler/request_filter.py:460}}
Jul 06 16:58:39.859393 np0000004646 nova-scheduler[96284]: DEBUG nova.scheduler.request_filter [None req-e5413af6-d478-4def-aace-92c59527cb8b tempest-ServerBootFromVolumeStableRescueTest-123609709 tempest-ServerBootFromVolumeStableRescueTest-123609709-project-member] tpm_secret_security_filter skipped {{(pid=96284) tpm_secret_security_filter /opt/stack/nova/nova/scheduler/request_filter.py:477}}
Jul 06 16:58:40.058560 np0000004646 nova-scheduler[96286]: DEBUG nova.scheduler.manager [None req-829d7b10-7527-4ab6-a6ea-3707db552dcd tempest-ServersNegativeTestJSON-1841028168 tempest-ServersNegativeTestJSON-1841028168-project-member] Starting to schedule for instances: ['6a739473-80d6-4149-9750-5830a19954a5'] {{(pid=96286) select_destinations /opt/stack/nova/nova/scheduler/manager.py:209}}
Jul 06 16:58:40.059788 np0000004646 nova-scheduler[96286]: DEBUG nova.scheduler.request_filter [None req-829d7b10-7527-4ab6-a6ea-3707db552dcd tempest-ServersNegativeTestJSON-1841028168 tempest-ServersNegativeTestJSON-1841028168-project-member] compute_status_filter request filter added forbidden trait COMPUTE_STATUS_DISABLED {{(pid=96286) compute_status_filter /opt/stack/nova/nova/scheduler/request_filter.py:253}}
Jul 06 16:58:40.059788 np0000004646 nova-scheduler[96286]: DEBUG nova.scheduler.request_filter [None req-829d7b10-7527-4ab6-a6ea-3707db552dcd tempest-ServersNegativeTestJSON-1841028168 tempest-ServersNegativeTestJSON-1841028168-project-member] Request filter 'compute_status_filter' took 0.0 seconds {{(pid=96286) wrapper /opt/stack/nova/nova/scheduler/request_filter.py:46}}
Jul 06 16:58:40.059788 np0000004646 nova-scheduler[96286]: DEBUG nova.scheduler.request_filter [None req-829d7b10-7527-4ab6-a6ea-3707db552dcd tempest-ServersNegativeTestJSON-1841028168 tempest-ServersNegativeTestJSON-1841028168-project-member] Request filter 'accelerators_filter' took 0.0 seconds {{(pid=96286) wrapper /opt/stack/nova/nova/scheduler/request_filter.py:46}}
Jul 06 16:58:40.059788 np0000004646 nova-scheduler[96286]: DEBUG nova.scheduler.request_filter [None req-829d7b10-7527-4ab6-a6ea-3707db552dcd tempest-ServersNegativeTestJSON-1841028168 tempest-ServersNegativeTestJSON-1841028168-project-member] Request filter 'packed_virtqueue_filter' took 0.0 seconds {{(pid=96286) wrapper /opt/stack/nova/nova/scheduler/request_filter.py:46}}
Jul 06 16:58:40.060103 np0000004646 nova-scheduler[96286]: DEBUG nova.scheduler.request_filter [None req-829d7b10-7527-4ab6-a6ea-3707db552dcd tempest-ServersNegativeTestJSON-1841028168 tempest-ServersNegativeTestJSON-1841028168-project-member] Request filter 'remote_managed_ports_filter' took 0.0 seconds {{(pid=96286) wrapper /opt/stack/nova/nova/scheduler/request_filter.py:46}}
Jul 06 16:58:40.060364 np0000004646 nova-scheduler[96286]: DEBUG nova.scheduler.request_filter [None req-829d7b10-7527-4ab6-a6ea-3707db552dcd tempest-ServersNegativeTestJSON-1841028168 tempest-ServersNegativeTestJSON-1841028168-project-member] ephemeral_encryption_filter skipped {{(pid=96286) ephemeral_encryption_filter /opt/stack/nova/nova/scheduler/request_filter.py:426}}
Jul 06 16:58:40.060868 np0000004646 nova-scheduler[96286]: DEBUG nova.scheduler.request_filter [None req-829d7b10-7527-4ab6-a6ea-3707db552dcd tempest-ServersNegativeTestJSON-1841028168 tempest-ServersNegativeTestJSON-1841028168-project-member] virtio_sound_filter skipped {{(pid=96286) virtio_sound_filter /opt/stack/nova/nova/scheduler/request_filter.py:460}}
Jul 06 16:58:40.060868 np0000004646 nova-scheduler[96286]: DEBUG nova.scheduler.request_filter [None req-829d7b10-7527-4ab6-a6ea-3707db552dcd tempest-ServersNegativeTestJSON-1841028168 tempest-ServersNegativeTestJSON-1841028168-project-member] tpm_secret_security_filter skipped {{(pid=96286) tpm_secret_security_filter /opt/stack/nova/nova/scheduler/request_filter.py:477}}
Jul 06 16:58:40.536929 np0000004646 nova-scheduler[96284]: INFO nova.utils [None req-e5413af6-d478-4def-aace-92c59527cb8b tempest-ServerBootFromVolumeStableRescueTest-123609709 tempest-ServerBootFromVolumeStableRescueTest-123609709-project-member] The cell worker thread pool ForkProcess-2.cell_worker is initialized
Jul 06 16:58:40.536929 np0000004646 nova-scheduler[96284]: DEBUG oslo_concurrency.lockutils [None req-e5413af6-d478-4def-aace-92c59527cb8b tempest-ServerBootFromVolumeStableRescueTest-123609709 tempest-ServerBootFromVolumeStableRescueTest-123609709-project-member] Acquiring lock "3ea8094d-9cb0-4703-af40-3b3d5afcf14e" by "nova.context.set_target_cell..get_or_set_cached_cell_and_set_connections" {{(pid=96284) inner /opt/stack/data/venv/lib/python3.12/site-packages/oslo_concurrency/lockutils.py:511}}
Jul 06 16:58:40.536929 np0000004646 nova-scheduler[96284]: DEBUG oslo_concurrency.lockutils [None req-e5413af6-d478-4def-aace-92c59527cb8b tempest-ServerBootFromVolumeStableRescueTest-123609709 tempest-ServerBootFromVolumeStableRescueTest-123609709-project-member] Lock "3ea8094d-9cb0-4703-af40-3b3d5afcf14e" acquired by "nova.context.set_target_cell..get_or_set_cached_cell_and_set_connections" :: waited 0.000s {{(pid=96284) inner /opt/stack/data/venv/lib/python3.12/site-packages/oslo_concurrency/lockutils.py:524}}
Jul 06 16:58:40.538243 np0000004646 nova-scheduler[96284]: DEBUG oslo_concurrency.lockutils [None req-e5413af6-d478-4def-aace-92c59527cb8b tempest-ServerBootFromVolumeStableRescueTest-123609709 tempest-ServerBootFromVolumeStableRescueTest-123609709-project-member] Lock "3ea8094d-9cb0-4703-af40-3b3d5afcf14e" "released" by "nova.context.set_target_cell..get_or_set_cached_cell_and_set_connections" :: held 0.001s {{(pid=96284) inner /opt/stack/data/venv/lib/python3.12/site-packages/oslo_concurrency/lockutils.py:543}}
Jul 06 16:58:40.542706 np0000004646 nova-scheduler[96284]: INFO dbcounter [None req-e5413af6-d478-4def-aace-92c59527cb8b tempest-ServerBootFromVolumeStableRescueTest-123609709 tempest-ServerBootFromVolumeStableRescueTest-123609709-project-member] Registered counter for database nova_cell1
Jul 06 16:58:40.590210 np0000004646 nova-scheduler[96286]: INFO nova.utils [None req-829d7b10-7527-4ab6-a6ea-3707db552dcd tempest-ServersNegativeTestJSON-1841028168 tempest-ServersNegativeTestJSON-1841028168-project-member] The cell worker thread pool ForkProcess-3.cell_worker is initialized
Jul 06 16:58:40.590620 np0000004646 nova-scheduler[96286]: DEBUG oslo_concurrency.lockutils [None req-829d7b10-7527-4ab6-a6ea-3707db552dcd tempest-ServersNegativeTestJSON-1841028168 tempest-ServersNegativeTestJSON-1841028168-project-member] Acquiring lock "3ea8094d-9cb0-4703-af40-3b3d5afcf14e" by "nova.context.set_target_cell..get_or_set_cached_cell_and_set_connections" {{(pid=96286) inner /opt/stack/data/venv/lib/python3.12/site-packages/oslo_concurrency/lockutils.py:511}}
Jul 06 16:58:40.590911 np0000004646 nova-scheduler[96286]: DEBUG oslo_concurrency.lockutils [None req-829d7b10-7527-4ab6-a6ea-3707db552dcd tempest-ServersNegativeTestJSON-1841028168 tempest-ServersNegativeTestJSON-1841028168-project-member] Lock "3ea8094d-9cb0-4703-af40-3b3d5afcf14e" acquired by "nova.context.set_target_cell..get_or_set_cached_cell_and_set_connections" :: waited 0.000s {{(pid=96286) inner /opt/stack/data/venv/lib/python3.12/site-packages/oslo_concurrency/lockutils.py:524}}
Jul 06 16:58:40.593851 np0000004646 nova-scheduler[96286]: DEBUG oslo_concurrency.lockutils [None req-829d7b10-7527-4ab6-a6ea-3707db552dcd tempest-ServersNegativeTestJSON-1841028168 tempest-ServersNegativeTestJSON-1841028168-project-member] Lock "3ea8094d-9cb0-4703-af40-3b3d5afcf14e" "released" by "nova.context.set_target_cell..get_or_set_cached_cell_and_set_connections" :: held 0.003s {{(pid=96286) inner /opt/stack/data/venv/lib/python3.12/site-packages/oslo_concurrency/lockutils.py:543}}
Jul 06 16:58:40.596019 np0000004646 nova-scheduler[96286]: INFO dbcounter [None req-829d7b10-7527-4ab6-a6ea-3707db552dcd tempest-ServersNegativeTestJSON-1841028168 tempest-ServersNegativeTestJSON-1841028168-project-member] Registered counter for database nova_cell1
Jul 06 16:58:40.600427 np0000004646 nova-scheduler[96284]: DEBUG oslo_db.sqlalchemy.engines [None req-e5413af6-d478-4def-aace-92c59527cb8b tempest-ServerBootFromVolumeStableRescueTest-123609709 tempest-ServerBootFromVolumeStableRescueTest-123609709-project-member] MySQL server mode set to STRICT_TRANS_TABLES,STRICT_ALL_TABLES,NO_ZERO_IN_DATE,NO_ZERO_DATE,ERROR_FOR_DIVISION_BY_ZERO,TRADITIONAL,NO_ENGINE_SUBSTITUTION {{(pid=96284) _check_effective_sql_mode /opt/stack/data/venv/lib/python3.12/site-packages/oslo_db/sqlalchemy/engines.py:325}}
Jul 06 16:58:40.607301 np0000004646 nova-scheduler[96284]: DEBUG dbcounter [-] [96284] Writer thread running {{(pid=96284) stat_writer /opt/stack/data/venv/lib/python3.12/site-packages/dbcounter.py:102}}
Jul 06 16:58:40.624184 np0000004646 nova-scheduler[96284]: DEBUG oslo_db.sqlalchemy.engines [None req-e5413af6-d478-4def-aace-92c59527cb8b tempest-ServerBootFromVolumeStableRescueTest-123609709 tempest-ServerBootFromVolumeStableRescueTest-123609709-project-member] Parent process 95087 forked (96284) with an open database connection, which is being discarded and recreated. {{(pid=96284) checkout /opt/stack/data/venv/lib/python3.12/site-packages/oslo_db/sqlalchemy/engines.py:402}}
Jul 06 16:58:40.649498 np0000004646 nova-scheduler[96286]: DEBUG oslo_db.sqlalchemy.engines [None req-829d7b10-7527-4ab6-a6ea-3707db552dcd tempest-ServersNegativeTestJSON-1841028168 tempest-ServersNegativeTestJSON-1841028168-project-member] MySQL server mode set to STRICT_TRANS_TABLES,STRICT_ALL_TABLES,NO_ZERO_IN_DATE,NO_ZERO_DATE,ERROR_FOR_DIVISION_BY_ZERO,TRADITIONAL,NO_ENGINE_SUBSTITUTION {{(pid=96286) _check_effective_sql_mode /opt/stack/data/venv/lib/python3.12/site-packages/oslo_db/sqlalchemy/engines.py:325}}
Jul 06 16:58:40.655725 np0000004646 nova-scheduler[96286]: DEBUG dbcounter [-] [96286] Writer thread running {{(pid=96286) stat_writer /opt/stack/data/venv/lib/python3.12/site-packages/dbcounter.py:102}}
Jul 06 16:58:40.688705 np0000004646 nova-scheduler[96284]: DEBUG dbcounter [-] [96284] Writer thread running {{(pid=96284) stat_writer /opt/stack/data/venv/lib/python3.12/site-packages/dbcounter.py:102}}
Jul 06 16:58:40.690705 np0000004646 nova-scheduler[96284]: DEBUG oslo_concurrency.lockutils [None req-e5413af6-d478-4def-aace-92c59527cb8b tempest-ServerBootFromVolumeStableRescueTest-123609709 tempest-ServerBootFromVolumeStableRescueTest-123609709-project-member] Acquiring lock "3ea8094d-9cb0-4703-af40-3b3d5afcf14e" by "nova.context.set_target_cell..get_or_set_cached_cell_and_set_connections" {{(pid=96284) inner /opt/stack/data/venv/lib/python3.12/site-packages/oslo_concurrency/lockutils.py:511}}
Jul 06 16:58:40.691210 np0000004646 nova-scheduler[96284]: DEBUG oslo_concurrency.lockutils [None req-e5413af6-d478-4def-aace-92c59527cb8b tempest-ServerBootFromVolumeStableRescueTest-123609709 tempest-ServerBootFromVolumeStableRescueTest-123609709-project-member] Lock "3ea8094d-9cb0-4703-af40-3b3d5afcf14e" acquired by "nova.context.set_target_cell..get_or_set_cached_cell_and_set_connections" :: waited 0.000s {{(pid=96284) inner /opt/stack/data/venv/lib/python3.12/site-packages/oslo_concurrency/lockutils.py:524}}
