Aug 14 05:15:32.910421 np0000007325 nova-scheduler[96657]: DEBUG cotyledon.oslo_config_glue [-] workarounds.never_download_image_if_on_rbd = False {{(pid=96657) log_opt_values /opt/stack/data/venv/lib/python3.12/site-packages/oslo_config/cfg.py:3560}}
Aug 14 05:15:32.910421 np0000007325 nova-scheduler[96657]: DEBUG cotyledon.oslo_config_glue [-] workarounds.qemu_monitor_announce_self_count = 3 {{(pid=96657) log_opt_values /opt/stack/data/venv/lib/python3.12/site-packages/oslo_config/cfg.py:3560}}
Aug 14 05:15:32.910421 np0000007325 nova-scheduler[96657]: DEBUG cotyledon.oslo_config_glue [-] workarounds.qemu_monitor_announce_self_interval = 1 {{(pid=96657) log_opt_values /opt/stack/data/venv/lib/python3.12/site-packages/oslo_config/cfg.py:3560}}
Aug 14 05:15:32.910421 np0000007325 nova-scheduler[96657]: DEBUG cotyledon.oslo_config_glue [-] workarounds.reserve_disk_resource_for_image_cache = False {{(pid=96657) log_opt_values /opt/stack/data/venv/lib/python3.12/site-packages/oslo_config/cfg.py:3560}}
Aug 14 05:15:32.910619 np0000007325 nova-scheduler[96657]: DEBUG cotyledon.oslo_config_glue [-] workarounds.skip_cpu_compare_at_startup = False {{(pid=96657) log_opt_values /opt/stack/data/venv/lib/python3.12/site-packages/oslo_config/cfg.py:3560}}
Aug 14 05:15:32.910619 np0000007325 nova-scheduler[96657]: DEBUG cotyledon.oslo_config_glue [-] workarounds.skip_cpu_compare_on_dest = False {{(pid=96657) log_opt_values /opt/stack/data/venv/lib/python3.12/site-packages/oslo_config/cfg.py:3560}}
Aug 14 05:15:32.910619 np0000007325 nova-scheduler[96657]: DEBUG cotyledon.oslo_config_glue [-] workarounds.skip_hypervisor_version_check_on_lm = False {{(pid=96657) log_opt_values /opt/stack/data/venv/lib/python3.12/site-packages/oslo_config/cfg.py:3560}}
Aug 14 05:15:32.910619 np0000007325 nova-scheduler[96657]: DEBUG cotyledon.oslo_config_glue [-] workarounds.skip_reserve_in_use_ironic_nodes = False {{(pid=96657) log_opt_values /opt/stack/data/venv/lib/python3.12/site-packages/oslo_config/cfg.py:3560}}
Aug 14 05:15:32.910619 np0000007325 nova-scheduler[96657]: DEBUG cotyledon.oslo_config_glue [-] workarounds.unified_limits_count_pcpu_as_vcpu = False {{(pid=96657) log_opt_values /opt/stack/data/venv/lib/python3.12/site-packages/oslo_config/cfg.py:3560}}
Aug 14 05:15:32.910619 np0000007325 nova-scheduler[96657]: DEBUG cotyledon.oslo_config_glue [-] workarounds.wait_for_vif_plugged_event_during_hard_reboot = [] {{(pid=96657) log_opt_values /opt/stack/data/venv/lib/python3.12/site-packages/oslo_config/cfg.py:3560}}
Aug 14 05:15:32.910619 np0000007325 nova-scheduler[96657]: DEBUG cotyledon.oslo_config_glue [-] wsgi.api_paste_config = /etc/nova/api-paste.ini {{(pid=96657) log_opt_values /opt/stack/data/venv/lib/python3.12/site-packages/oslo_config/cfg.py:3560}}
Aug 14 05:15:32.910619 np0000007325 nova-scheduler[96657]: DEBUG cotyledon.oslo_config_glue [-] wsgi.secure_proxy_ssl_header = None {{(pid=96657) log_opt_values /opt/stack/data/venv/lib/python3.12/site-packages/oslo_config/cfg.py:3560}}
Aug 14 05:15:32.910619 np0000007325 nova-scheduler[96657]: DEBUG cotyledon.oslo_config_glue [-] zvm.ca_file = None {{(pid=96657) log_opt_values /opt/stack/data/venv/lib/python3.12/site-packages/oslo_config/cfg.py:3560}}
Aug 14 05:15:32.910788 np0000007325 nova-scheduler[96657]: DEBUG cotyledon.oslo_config_glue [-] zvm.cloud_connector_url = None {{(pid=96657) log_opt_values /opt/stack/data/venv/lib/python3.12/site-packages/oslo_config/cfg.py:3560}}
Aug 14 05:15:32.910788 np0000007325 nova-scheduler[96657]: DEBUG cotyledon.oslo_config_glue [-] zvm.image_tmp_path = /opt/stack/data/nova/images {{(pid=96657) log_opt_values /opt/stack/data/venv/lib/python3.12/site-packages/oslo_config/cfg.py:3560}}
Aug 14 05:15:32.910788 np0000007325 nova-scheduler[96657]: DEBUG cotyledon.oslo_config_glue [-] zvm.reachable_timeout = 300 {{(pid=96657) log_opt_values /opt/stack/data/venv/lib/python3.12/site-packages/oslo_config/cfg.py:3560}}
Aug 14 05:15:32.910788 np0000007325 nova-scheduler[96657]: DEBUG cotyledon.oslo_config_glue [-] oslo_versionedobjects.fatal_exception_format_errors = False {{(pid=96657) log_opt_values /opt/stack/data/venv/lib/python3.12/site-packages/oslo_config/cfg.py:3560}}
Aug 14 05:15:32.910788 np0000007325 nova-scheduler[96657]: DEBUG cotyledon.oslo_config_glue [-] oslo_middleware.http_basic_auth_user_file = /etc/htpasswd {{(pid=96657) log_opt_values /opt/stack/data/venv/lib/python3.12/site-packages/oslo_config/cfg.py:3560}}
Aug 14 05:15:32.910788 np0000007325 nova-scheduler[96657]: DEBUG cotyledon.oslo_config_glue [-] oslo_messaging_metrics.metrics_buffer_size = 1000 {{(pid=96657) log_opt_values /opt/stack/data/venv/lib/python3.12/site-packages/oslo_config/cfg.py:3560}}
Aug 14 05:15:32.910788 np0000007325 nova-scheduler[96657]: DEBUG cotyledon.oslo_config_glue [-] oslo_messaging_metrics.metrics_enabled = False {{(pid=96657) log_opt_values /opt/stack/data/venv/lib/python3.12/site-packages/oslo_config/cfg.py:3560}}
Aug 14 05:15:32.910788 np0000007325 nova-scheduler[96657]: DEBUG cotyledon.oslo_config_glue [-] oslo_messaging_metrics.metrics_process_name = {{(pid=96657) log_opt_values /opt/stack/data/venv/lib/python3.12/site-packages/oslo_config/cfg.py:3560}}
Aug 14 05:15:32.911047 np0000007325 nova-scheduler[96657]: DEBUG cotyledon.oslo_config_glue [-] oslo_messaging_metrics.metrics_socket_file = /var/tmp/metrics_collector.sock {{(pid=96657) log_opt_values /opt/stack/data/venv/lib/python3.12/site-packages/oslo_config/cfg.py:3560}}
Aug 14 05:15:32.911047 np0000007325 nova-scheduler[96657]: DEBUG cotyledon.oslo_config_glue [-] oslo_messaging_metrics.metrics_thread_stop_timeout = 10 {{(pid=96657) log_opt_values /opt/stack/data/venv/lib/python3.12/site-packages/oslo_config/cfg.py:3560}}
Aug 14 05:15:32.911047 np0000007325 nova-scheduler[96657]: DEBUG cotyledon.oslo_config_glue [-] profiler.connection_string = messaging:// {{(pid=96657) log_opt_values /opt/stack/data/venv/lib/python3.12/site-packages/oslo_config/cfg.py:3560}}
Aug 14 05:15:32.911047 np0000007325 nova-scheduler[96657]: DEBUG cotyledon.oslo_config_glue [-] profiler.enabled = False {{(pid=96657) log_opt_values /opt/stack/data/venv/lib/python3.12/site-packages/oslo_config/cfg.py:3560}}
Aug 14 05:15:32.911047 np0000007325 nova-scheduler[96657]: DEBUG cotyledon.oslo_config_glue [-] profiler.es_doc_type = notification {{(pid=96657) log_opt_values /opt/stack/data/venv/lib/python3.12/site-packages/oslo_config/cfg.py:3560}}
Aug 14 05:15:32.911047 np0000007325 nova-scheduler[96657]: DEBUG cotyledon.oslo_config_glue [-] profiler.es_scroll_size = 10000 {{(pid=96657) log_opt_values /opt/stack/data/venv/lib/python3.12/site-packages/oslo_config/cfg.py:3560}}
Aug 14 05:15:32.911047 np0000007325 nova-scheduler[96657]: DEBUG cotyledon.oslo_config_glue [-] profiler.es_scroll_time = 2m {{(pid=96657) log_opt_values /opt/stack/data/venv/lib/python3.12/site-packages/oslo_config/cfg.py:3560}}
Aug 14 05:15:32.911047 np0000007325 nova-scheduler[96657]: DEBUG cotyledon.oslo_config_glue [-] profiler.filter_error_trace = False {{(pid=96657) log_opt_values /opt/stack/data/venv/lib/python3.12/site-packages/oslo_config/cfg.py:3560}}
Aug 14 05:15:32.911047 np0000007325 nova-scheduler[96657]: DEBUG cotyledon.oslo_config_glue [-] profiler.hmac_keys = **** {{(pid=96657) log_opt_values /opt/stack/data/venv/lib/python3.12/site-packages/oslo_config/cfg.py:3560}}
Aug 14 05:15:32.911222 np0000007325 nova-scheduler[96657]: DEBUG cotyledon.oslo_config_glue [-] profiler.sentinel_service_name = mymaster {{(pid=96657) log_opt_values /opt/stack/data/venv/lib/python3.12/site-packages/oslo_config/cfg.py:3560}}
Aug 14 05:15:32.911222 np0000007325 nova-scheduler[96657]: DEBUG cotyledon.oslo_config_glue [-] profiler.socket_timeout = 0.1 {{(pid=96657) log_opt_values /opt/stack/data/venv/lib/python3.12/site-packages/oslo_config/cfg.py:3560}}
Aug 14 05:15:32.911222 np0000007325 nova-scheduler[96657]: DEBUG cotyledon.oslo_config_glue [-] profiler.trace_requests = False {{(pid=96657) log_opt_values /opt/stack/data/venv/lib/python3.12/site-packages/oslo_config/cfg.py:3560}}
Aug 14 05:15:32.911222 np0000007325 nova-scheduler[96657]: DEBUG cotyledon.oslo_config_glue [-] profiler.trace_sqlalchemy = False {{(pid=96657) log_opt_values /opt/stack/data/venv/lib/python3.12/site-packages/oslo_config/cfg.py:3560}}
Aug 14 05:15:32.911222 np0000007325 nova-scheduler[96657]: DEBUG cotyledon.oslo_config_glue [-] profiler_jaeger.process_tags = {} {{(pid=96657) log_opt_values /opt/stack/data/venv/lib/python3.12/site-packages/oslo_config/cfg.py:3560}}
Aug 14 05:15:32.911222 np0000007325 nova-scheduler[96657]: DEBUG cotyledon.oslo_config_glue [-] profiler_jaeger.service_name_prefix = None {{(pid=96657) log_opt_values /opt/stack/data/venv/lib/python3.12/site-packages/oslo_config/cfg.py:3560}}
Aug 14 05:15:32.911222 np0000007325 nova-scheduler[96657]: DEBUG cotyledon.oslo_config_glue [-] profiler_otlp.service_name_prefix = None {{(pid=96657) log_opt_values /opt/stack/data/venv/lib/python3.12/site-packages/oslo_config/cfg.py:3560}}
Aug 14 05:15:32.911222 np0000007325 nova-scheduler[96657]: DEBUG cotyledon.oslo_config_glue [-] oslo_messaging_rabbit.amqp_auto_delete = False {{(pid=96657) log_opt_values /opt/stack/data/venv/lib/python3.12/site-packages/oslo_config/cfg.py:3560}}
Aug 14 05:15:32.911222 np0000007325 nova-scheduler[96657]: DEBUG cotyledon.oslo_config_glue [-] oslo_messaging_rabbit.amqp_durable_queues = False {{(pid=96657) log_opt_values /opt/stack/data/venv/lib/python3.12/site-packages/oslo_config/cfg.py:3560}}
Aug 14 05:15:32.911408 np0000007325 nova-scheduler[96657]: DEBUG cotyledon.oslo_config_glue [-] oslo_messaging_rabbit.conn_pool_min_size = 2 {{(pid=96657) log_opt_values /opt/stack/data/venv/lib/python3.12/site-packages/oslo_config/cfg.py:3560}}
Aug 14 05:15:32.911408 np0000007325 nova-scheduler[96657]: DEBUG cotyledon.oslo_config_glue [-] oslo_messaging_rabbit.conn_pool_ttl = 1200 {{(pid=96657) log_opt_values /opt/stack/data/venv/lib/python3.12/site-packages/oslo_config/cfg.py:3560}}
Aug 14 05:15:32.911408 np0000007325 nova-scheduler[96657]: DEBUG cotyledon.oslo_config_glue [-] oslo_messaging_rabbit.direct_mandatory_flag = True {{(pid=96657) log_opt_values /opt/stack/data/venv/lib/python3.12/site-packages/oslo_config/cfg.py:3560}}
Aug 14 05:15:32.911408 np0000007325 nova-scheduler[96657]: DEBUG cotyledon.oslo_config_glue [-] oslo_messaging_rabbit.enable_cancel_on_failover = False {{(pid=96657) log_opt_values /opt/stack/data/venv/lib/python3.12/site-packages/oslo_config/cfg.py:3560}}
Aug 14 05:15:32.911408 np0000007325 nova-scheduler[96657]: DEBUG cotyledon.oslo_config_glue [-] oslo_messaging_rabbit.heartbeat_rate = 3 {{(pid=96657) log_opt_values /opt/stack/data/venv/lib/python3.12/site-packages/oslo_config/cfg.py:3560}}
Aug 14 05:15:32.911408 np0000007325 nova-scheduler[96657]: DEBUG cotyledon.oslo_config_glue [-] oslo_messaging_rabbit.heartbeat_timeout_threshold = 60 {{(pid=96657) log_opt_values /opt/stack/data/venv/lib/python3.12/site-packages/oslo_config/cfg.py:3560}}
Aug 14 05:15:32.911408 np0000007325 nova-scheduler[96657]: DEBUG cotyledon.oslo_config_glue [-] oslo_messaging_rabbit.hostname = np0000007325 {{(pid=96657) log_opt_values /opt/stack/data/venv/lib/python3.12/site-packages/oslo_config/cfg.py:3560}}
Aug 14 05:15:32.911408 np0000007325 nova-scheduler[96657]: DEBUG cotyledon.oslo_config_glue [-] oslo_messaging_rabbit.kombu_compression = None {{(pid=96657) log_opt_values /opt/stack/data/venv/lib/python3.12/site-packages/oslo_config/cfg.py:3560}}
Aug 14 05:15:32.911408 np0000007325 nova-scheduler[96657]: DEBUG cotyledon.oslo_config_glue [-] oslo_messaging_rabbit.kombu_failover_strategy = round-robin {{(pid=96657) log_opt_values /opt/stack/data/venv/lib/python3.12/site-packages/oslo_config/cfg.py:3560}}
Aug 14 05:15:32.911643 np0000007325 nova-scheduler[96657]: DEBUG cotyledon.oslo_config_glue [-] oslo_messaging_rabbit.kombu_missing_consumer_retry_timeout = 60 {{(pid=96657) log_opt_values /opt/stack/data/venv/lib/python3.12/site-packages/oslo_config/cfg.py:3560}}
Aug 14 05:15:32.911643 np0000007325 nova-scheduler[96657]: DEBUG cotyledon.oslo_config_glue [-] oslo_messaging_rabbit.kombu_reconnect_delay = 1.0 {{(pid=96657) log_opt_values /opt/stack/data/venv/lib/python3.12/site-packages/oslo_config/cfg.py:3560}}
Aug 14 05:15:32.911643 np0000007325 nova-scheduler[96657]: DEBUG cotyledon.oslo_config_glue [-] oslo_messaging_rabbit.kombu_reconnect_splay = 0.0 {{(pid=96657) log_opt_values /opt/stack/data/venv/lib/python3.12/site-packages/oslo_config/cfg.py:3560}}
Aug 14 05:15:32.911643 np0000007325 nova-scheduler[96657]: DEBUG cotyledon.oslo_config_glue [-] oslo_messaging_rabbit.processname = nova-scheduler {{(pid=96657) log_opt_values /opt/stack/data/venv/lib/python3.12/site-packages/oslo_config/cfg.py:3560}}
Aug 14 05:15:32.911643 np0000007325 nova-scheduler[96657]: DEBUG cotyledon.oslo_config_glue [-] oslo_messaging_rabbit.rabbit_ha_queues = False {{(pid=96657) log_opt_values /opt/stack/data/venv/lib/python3.12/site-packages/oslo_config/cfg.py:3560}}
Aug 14 05:15:32.911643 np0000007325 nova-scheduler[96657]: DEBUG cotyledon.oslo_config_glue [-] oslo_messaging_rabbit.rabbit_interval_max = 30 {{(pid=96657) log_opt_values /opt/stack/data/venv/lib/python3.12/site-packages/oslo_config/cfg.py:3560}}
Aug 14 05:15:32.911643 np0000007325 nova-scheduler[96657]: DEBUG cotyledon.oslo_config_glue [-] oslo_messaging_rabbit.rabbit_login_method = AMQPLAIN {{(pid=96657) log_opt_values /opt/stack/data/venv/lib/python3.12/site-packages/oslo_config/cfg.py:3560}}
Aug 14 05:15:32.911643 np0000007325 nova-scheduler[96657]: DEBUG cotyledon.oslo_config_glue [-] oslo_messaging_rabbit.rabbit_qos_prefetch_count = 0 {{(pid=96657) log_opt_values /opt/stack/data/venv/lib/python3.12/site-packages/oslo_config/cfg.py:3560}}
Aug 14 05:15:32.911643 np0000007325 nova-scheduler[96657]: DEBUG cotyledon.oslo_config_glue [-] oslo_messaging_rabbit.rabbit_quorum_delivery_limit = 0 {{(pid=96657) log_opt_values /opt/stack/data/venv/lib/python3.12/site-packages/oslo_config/cfg.py:3560}}
Aug 14 05:15:32.911817 np0000007325 nova-scheduler[96657]: DEBUG cotyledon.oslo_config_glue [-] oslo_messaging_rabbit.rabbit_quorum_max_memory_bytes = 0 {{(pid=96657) log_opt_values /opt/stack/data/venv/lib/python3.12/site-packages/oslo_config/cfg.py:3560}}
Aug 14 05:15:32.911817 np0000007325 nova-scheduler[96657]: DEBUG cotyledon.oslo_config_glue [-] oslo_messaging_rabbit.rabbit_quorum_max_memory_length = 0 {{(pid=96657) log_opt_values /opt/stack/data/venv/lib/python3.12/site-packages/oslo_config/cfg.py:3560}}
Aug 14 05:15:32.911817 np0000007325 nova-scheduler[96657]: DEBUG cotyledon.oslo_config_glue [-] oslo_messaging_rabbit.rabbit_quorum_queue = False {{(pid=96657) log_opt_values /opt/stack/data/venv/lib/python3.12/site-packages/oslo_config/cfg.py:3560}}
Aug 14 05:15:32.911817 np0000007325 nova-scheduler[96657]: DEBUG cotyledon.oslo_config_glue [-] oslo_messaging_rabbit.rabbit_retry_backoff = 2 {{(pid=96657) log_opt_values /opt/stack/data/venv/lib/python3.12/site-packages/oslo_config/cfg.py:3560}}
Aug 14 05:15:32.911817 np0000007325 nova-scheduler[96657]: DEBUG cotyledon.oslo_config_glue [-] oslo_messaging_rabbit.rabbit_retry_interval = 1 {{(pid=96657) log_opt_values /opt/stack/data/venv/lib/python3.12/site-packages/oslo_config/cfg.py:3560}}
Aug 14 05:15:32.911817 np0000007325 nova-scheduler[96657]: DEBUG cotyledon.oslo_config_glue [-] oslo_messaging_rabbit.rabbit_stream_fanout = False {{(pid=96657) log_opt_values /opt/stack/data/venv/lib/python3.12/site-packages/oslo_config/cfg.py:3560}}
Aug 14 05:15:32.911817 np0000007325 nova-scheduler[96657]: DEBUG cotyledon.oslo_config_glue [-] oslo_messaging_rabbit.rabbit_transient_queues_ttl = 1800 {{(pid=96657) log_opt_values /opt/stack/data/venv/lib/python3.12/site-packages/oslo_config/cfg.py:3560}}
Aug 14 05:15:32.911817 np0000007325 nova-scheduler[96657]: DEBUG cotyledon.oslo_config_glue [-] oslo_messaging_rabbit.rabbit_transient_quorum_queue = False {{(pid=96657) log_opt_values /opt/stack/data/venv/lib/python3.12/site-packages/oslo_config/cfg.py:3560}}
Aug 14 05:15:32.911981 np0000007325 nova-scheduler[96657]: DEBUG cotyledon.oslo_config_glue [-] oslo_messaging_rabbit.rpc_conn_pool_size = 30 {{(pid=96657) log_opt_values /opt/stack/data/venv/lib/python3.12/site-packages/oslo_config/cfg.py:3560}}
Aug 14 05:15:32.911981 np0000007325 nova-scheduler[96657]: DEBUG cotyledon.oslo_config_glue [-] oslo_messaging_rabbit.ssl = False {{(pid=96657) log_opt_values /opt/stack/data/venv/lib/python3.12/site-packages/oslo_config/cfg.py:3560}}
Aug 14 05:15:32.911981 np0000007325 nova-scheduler[96657]: DEBUG cotyledon.oslo_config_glue [-] oslo_messaging_rabbit.ssl_ca_file = {{(pid=96657) log_opt_values /opt/stack/data/venv/lib/python3.12/site-packages/oslo_config/cfg.py:3560}}
Aug 14 05:15:32.911981 np0000007325 nova-scheduler[96657]: DEBUG cotyledon.oslo_config_glue [-] oslo_messaging_rabbit.ssl_cert_file = {{(pid=96657) log_opt_values /opt/stack/data/venv/lib/python3.12/site-packages/oslo_config/cfg.py:3560}}
Aug 14 05:15:32.911981 np0000007325 nova-scheduler[96657]: DEBUG cotyledon.oslo_config_glue [-] oslo_messaging_rabbit.ssl_enforce_fips_mode = False {{(pid=96657) log_opt_values /opt/stack/data/venv/lib/python3.12/site-packages/oslo_config/cfg.py:3560}}
Aug 14 05:15:32.911981 np0000007325 nova-scheduler[96657]: DEBUG cotyledon.oslo_config_glue [-] oslo_messaging_rabbit.ssl_enforce_hostname_verification = True {{(pid=96657) log_opt_values /opt/stack/data/venv/lib/python3.12/site-packages/oslo_config/cfg.py:3560}}
Aug 14 05:15:32.911981 np0000007325 nova-scheduler[96657]: DEBUG cotyledon.oslo_config_glue [-] oslo_messaging_rabbit.ssl_key_file = {{(pid=96657) log_opt_values /opt/stack/data/venv/lib/python3.12/site-packages/oslo_config/cfg.py:3560}}
Aug 14 05:15:32.911981 np0000007325 nova-scheduler[96657]: DEBUG cotyledon.oslo_config_glue [-] oslo_messaging_rabbit.ssl_version = {{(pid=96657) log_opt_values /opt/stack/data/venv/lib/python3.12/site-packages/oslo_config/cfg.py:3560}}
Aug 14 05:15:32.911981 np0000007325 nova-scheduler[96657]: DEBUG cotyledon.oslo_config_glue [-] oslo_messaging_rabbit.use_queue_manager = False {{(pid=96657) log_opt_values /opt/stack/data/venv/lib/python3.12/site-packages/oslo_config/cfg.py:3560}}
Aug 14 05:15:32.912147 np0000007325 nova-scheduler[96657]: DEBUG cotyledon.oslo_config_glue [-] oslo_messaging_notifications.driver = ['messagingv2'] {{(pid=96657) log_opt_values /opt/stack/data/venv/lib/python3.12/site-packages/oslo_config/cfg.py:3560}}
Aug 14 05:15:32.912147 np0000007325 nova-scheduler[96657]: DEBUG cotyledon.oslo_config_glue [-] oslo_messaging_notifications.retry = -1 {{(pid=96657) log_opt_values /opt/stack/data/venv/lib/python3.12/site-packages/oslo_config/cfg.py:3560}}
Aug 14 05:15:32.912147 np0000007325 nova-scheduler[96657]: DEBUG cotyledon.oslo_config_glue [-] oslo_messaging_notifications.topics = ['notifications'] {{(pid=96657) log_opt_values /opt/stack/data/venv/lib/python3.12/site-packages/oslo_config/cfg.py:3560}}
Aug 14 05:15:32.912147 np0000007325 nova-scheduler[96657]: DEBUG cotyledon.oslo_config_glue [-] oslo_messaging_notifications.transport_url = **** {{(pid=96657) log_opt_values /opt/stack/data/venv/lib/python3.12/site-packages/oslo_config/cfg.py:3560}}
Aug 14 05:15:32.912147 np0000007325 nova-scheduler[96657]: DEBUG cotyledon.oslo_config_glue [-] oslo_limit.auth_section = None {{(pid=96657) log_opt_values /opt/stack/data/venv/lib/python3.12/site-packages/oslo_config/cfg.py:3560}}
Aug 14 05:15:32.912147 np0000007325 nova-scheduler[96657]: DEBUG cotyledon.oslo_config_glue [-] oslo_limit.auth_type = None {{(pid=96657) log_opt_values /opt/stack/data/venv/lib/python3.12/site-packages/oslo_config/cfg.py:3560}}
Aug 14 05:15:32.912147 np0000007325 nova-scheduler[96657]: DEBUG cotyledon.oslo_config_glue [-] oslo_limit.cafile = None {{(pid=96657) log_opt_values /opt/stack/data/venv/lib/python3.12/site-packages/oslo_config/cfg.py:3560}}
Aug 14 05:15:32.912147 np0000007325 nova-scheduler[96657]: DEBUG cotyledon.oslo_config_glue [-] oslo_limit.certfile = None {{(pid=96657) log_opt_values /opt/stack/data/venv/lib/python3.12/site-packages/oslo_config/cfg.py:3560}}
Aug 14 05:15:32.912147 np0000007325 nova-scheduler[96657]: DEBUG cotyledon.oslo_config_glue [-] oslo_limit.collect_timing = False {{(pid=96657) log_opt_values /opt/stack/data/venv/lib/python3.12/site-packages/oslo_config/cfg.py:3560}}
Aug 14 05:15:32.912310 np0000007325 nova-scheduler[96657]: DEBUG cotyledon.oslo_config_glue [-] oslo_limit.connect_retries = None {{(pid=96657) log_opt_values /opt/stack/data/venv/lib/python3.12/site-packages/oslo_config/cfg.py:3560}}
Aug 14 05:15:32.912310 np0000007325 nova-scheduler[96657]: DEBUG cotyledon.oslo_config_glue [-] oslo_limit.connect_retry_delay = None {{(pid=96657) log_opt_values /opt/stack/data/venv/lib/python3.12/site-packages/oslo_config/cfg.py:3560}}
Aug 14 05:15:32.912310 np0000007325 nova-scheduler[96657]: DEBUG cotyledon.oslo_config_glue [-] oslo_limit.endpoint_id = None {{(pid=96657) log_opt_values /opt/stack/data/venv/lib/python3.12/site-packages/oslo_config/cfg.py:3560}}
Aug 14 05:15:32.912310 np0000007325 nova-scheduler[96657]: DEBUG cotyledon.oslo_config_glue [-] oslo_limit.endpoint_interface = public {{(pid=96657) log_opt_values /opt/stack/data/venv/lib/python3.12/site-packages/oslo_config/cfg.py:3560}}
Aug 14 05:15:32.912310 np0000007325 nova-scheduler[96657]: DEBUG cotyledon.oslo_config_glue [-] oslo_limit.endpoint_override = None {{(pid=96657) log_opt_values /opt/stack/data/venv/lib/python3.12/site-packages/oslo_config/cfg.py:3560}}
Aug 14 05:15:32.912310 np0000007325 nova-scheduler[96657]: DEBUG cotyledon.oslo_config_glue [-] oslo_limit.endpoint_region_name = None {{(pid=96657) log_opt_values /opt/stack/data/venv/lib/python3.12/site-packages/oslo_config/cfg.py:3560}}
Aug 14 05:15:32.912310 np0000007325 nova-scheduler[96657]: DEBUG cotyledon.oslo_config_glue [-] oslo_limit.endpoint_service_name = None {{(pid=96657) log_opt_values /opt/stack/data/venv/lib/python3.12/site-packages/oslo_config/cfg.py:3560}}
Aug 14 05:15:32.912310 np0000007325 nova-scheduler[96657]: DEBUG cotyledon.oslo_config_glue [-] oslo_limit.endpoint_service_type = None {{(pid=96657) log_opt_values /opt/stack/data/venv/lib/python3.12/site-packages/oslo_config/cfg.py:3560}}
Aug 14 05:15:32.912310 np0000007325 nova-scheduler[96657]: DEBUG cotyledon.oslo_config_glue [-] oslo_limit.insecure = False {{(pid=96657) log_opt_values /opt/stack/data/venv/lib/python3.12/site-packages/oslo_config/cfg.py:3560}}
Aug 14 05:15:32.912533 np0000007325 nova-scheduler[96657]: DEBUG cotyledon.oslo_config_glue [-] oslo_limit.keyfile = None {{(pid=96657) log_opt_values /opt/stack/data/venv/lib/python3.12/site-packages/oslo_config/cfg.py:3560}}
Aug 14 05:15:32.912533 np0000007325 nova-scheduler[96657]: DEBUG cotyledon.oslo_config_glue [-] oslo_limit.max_version = None {{(pid=96657) log_opt_values /opt/stack/data/venv/lib/python3.12/site-packages/oslo_config/cfg.py:3560}}
Aug 14 05:15:32.912533 np0000007325 nova-scheduler[96657]: DEBUG cotyledon.oslo_config_glue [-] oslo_limit.min_version = None {{(pid=96657) log_opt_values /opt/stack/data/venv/lib/python3.12/site-packages/oslo_config/cfg.py:3560}}
Aug 14 05:15:32.912533 np0000007325 nova-scheduler[96657]: DEBUG cotyledon.oslo_config_glue [-] oslo_limit.region_name = None {{(pid=96657) log_opt_values /opt/stack/data/venv/lib/python3.12/site-packages/oslo_config/cfg.py:3560}}
Aug 14 05:15:32.912533 np0000007325 nova-scheduler[96657]: DEBUG cotyledon.oslo_config_glue [-] oslo_limit.retriable_status_codes = None {{(pid=96657) log_opt_values /opt/stack/data/venv/lib/python3.12/site-packages/oslo_config/cfg.py:3560}}
Aug 14 05:15:32.912533 np0000007325 nova-scheduler[96657]: DEBUG cotyledon.oslo_config_glue [-] oslo_limit.service_name = None {{(pid=96657) log_opt_values /opt/stack/data/venv/lib/python3.12/site-packages/oslo_config/cfg.py:3560}}
Aug 14 05:15:32.912533 np0000007325 nova-scheduler[96657]: DEBUG cotyledon.oslo_config_glue [-] oslo_limit.service_type = None {{(pid=96657) log_opt_values /opt/stack/data/venv/lib/python3.12/site-packages/oslo_config/cfg.py:3560}}
Aug 14 05:15:32.912533 np0000007325 nova-scheduler[96657]: DEBUG cotyledon.oslo_config_glue [-] oslo_limit.split_loggers = False {{(pid=96657) log_opt_values /opt/stack/data/venv/lib/python3.12/site-packages/oslo_config/cfg.py:3560}}
Aug 14 05:15:32.912533 np0000007325 nova-scheduler[96657]: DEBUG cotyledon.oslo_config_glue [-] oslo_limit.status_code_retries = None {{(pid=96657) log_opt_values /opt/stack/data/venv/lib/python3.12/site-packages/oslo_config/cfg.py:3560}}
Aug 14 05:15:32.912712 np0000007325 nova-scheduler[96657]: DEBUG cotyledon.oslo_config_glue [-] oslo_limit.status_code_retry_delay = None {{(pid=96657) log_opt_values /opt/stack/data/venv/lib/python3.12/site-packages/oslo_config/cfg.py:3560}}
Aug 14 05:15:32.912712 np0000007325 nova-scheduler[96657]: DEBUG cotyledon.oslo_config_glue [-] oslo_limit.timeout = None {{(pid=96657) log_opt_values /opt/stack/data/venv/lib/python3.12/site-packages/oslo_config/cfg.py:3560}}
Aug 14 05:15:32.912712 np0000007325 nova-scheduler[96657]: DEBUG cotyledon.oslo_config_glue [-] oslo_limit.valid_interfaces = None {{(pid=96657) log_opt_values /opt/stack/data/venv/lib/python3.12/site-packages/oslo_config/cfg.py:3560}}
Aug 14 05:15:32.912712 np0000007325 nova-scheduler[96657]: DEBUG cotyledon.oslo_config_glue [-] oslo_limit.version = None {{(pid=96657) log_opt_values /opt/stack/data/venv/lib/python3.12/site-packages/oslo_config/cfg.py:3560}}
Aug 14 05:15:32.912712 np0000007325 nova-scheduler[96657]: DEBUG cotyledon.oslo_config_glue [-] oslo_reports.file_event_handler = None {{(pid=96657) log_opt_values /opt/stack/data/venv/lib/python3.12/site-packages/oslo_config/cfg.py:3560}}
Aug 14 05:15:32.912712 np0000007325 nova-scheduler[96657]: DEBUG cotyledon.oslo_config_glue [-] oslo_reports.file_event_handler_interval = 1 {{(pid=96657) log_opt_values /opt/stack/data/venv/lib/python3.12/site-packages/oslo_config/cfg.py:3560}}
Aug 14 05:15:32.912712 np0000007325 nova-scheduler[96657]: DEBUG cotyledon.oslo_config_glue [-] oslo_reports.log_dir = None {{(pid=96657) log_opt_values /opt/stack/data/venv/lib/python3.12/site-packages/oslo_config/cfg.py:3560}}
Aug 14 05:15:32.912712 np0000007325 nova-scheduler[96657]: DEBUG cotyledon.oslo_config_glue [-] ******************************************************************************** {{(pid=96657) log_opt_values /opt/stack/data/venv/lib/python3.12/site-packages/oslo_config/cfg.py:3567}}
Aug 14 05:15:32.912712 np0000007325 nova-scheduler[96657]: DEBUG cotyledon._service_worker [-] Run service ServiceWrapper(3) [96657] {{(pid=96657) wait_forever /opt/stack/data/venv/lib/python3.12/site-packages/cotyledon/_service_worker.py:218}}
Aug 14 05:15:32.912873 np0000007325 nova-scheduler[96647]: DEBUG oslo_db.sqlalchemy.engines [None req-226abc3a-1b70-4936-ad45-94efe2f80ce6 None None] MySQL server mode set to STRICT_TRANS_TABLES,STRICT_ALL_TABLES,NO_ZERO_IN_DATE,NO_ZERO_DATE,ERROR_FOR_DIVISION_BY_ZERO,TRADITIONAL,NO_ENGINE_SUBSTITUTION {{(pid=96647) _check_effective_sql_mode /opt/stack/data/venv/lib/python3.12/site-packages/oslo_db/sqlalchemy/engines.py:325}}
Aug 14 05:15:32.912941 np0000007325 nova-scheduler[96657]: INFO nova.service [-] Starting scheduler node (version 33.1.0)
Aug 14 05:15:32.912941 np0000007325 nova-scheduler[96657]: INFO dbcounter [None req-e431d410-d5a5-4231-a3e0-dea37578e16c None None] Registered counter for database nova_cell0
Aug 14 05:15:32.912986 np0000007325 nova-scheduler[96647]: DEBUG dbcounter [-] [96647] Writer thread running {{(pid=96647) stat_writer /opt/stack/data/venv/lib/python3.12/site-packages/dbcounter.py:102}}
Aug 14 05:15:32.927505 np0000007325 nova-scheduler[96647]: DEBUG nova.service [None req-226abc3a-1b70-4936-ad45-94efe2f80ce6 None None] Creating RPC server for service: nova-scheduler on topic: scheduler {{(pid=96647) start /opt/stack/nova/nova/service.py:196}}
Aug 14 05:15:32.935607 np0000007325 nova-scheduler[96651]: DEBUG oslo_db.sqlalchemy.engines [None req-011b450d-eb62-4320-8428-1446eaad50c0 None None] MySQL server mode set to STRICT_TRANS_TABLES,STRICT_ALL_TABLES,NO_ZERO_IN_DATE,NO_ZERO_DATE,ERROR_FOR_DIVISION_BY_ZERO,TRADITIONAL,NO_ENGINE_SUBSTITUTION {{(pid=96651) _check_effective_sql_mode /opt/stack/data/venv/lib/python3.12/site-packages/oslo_db/sqlalchemy/engines.py:325}}
Aug 14 05:15:32.945616 np0000007325 nova-scheduler[96649]: DEBUG oslo_db.sqlalchemy.engines [None req-cd0d00d5-235a-40b7-b2e2-f1c4883ae7a1 None None] MySQL server mode set to STRICT_TRANS_TABLES,STRICT_ALL_TABLES,NO_ZERO_IN_DATE,NO_ZERO_DATE,ERROR_FOR_DIVISION_BY_ZERO,TRADITIONAL,NO_ENGINE_SUBSTITUTION {{(pid=96649) _check_effective_sql_mode /opt/stack/data/venv/lib/python3.12/site-packages/oslo_db/sqlalchemy/engines.py:325}}
Aug 14 05:15:32.949484 np0000007325 nova-scheduler[96651]: DEBUG dbcounter [-] [96651] Writer thread running {{(pid=96651) stat_writer /opt/stack/data/venv/lib/python3.12/site-packages/dbcounter.py:102}}
Aug 14 05:15:32.953653 np0000007325 nova-scheduler[96657]: DEBUG oslo_db.sqlalchemy.engines [None req-e431d410-d5a5-4231-a3e0-dea37578e16c None None] MySQL server mode set to STRICT_TRANS_TABLES,STRICT_ALL_TABLES,NO_ZERO_IN_DATE,NO_ZERO_DATE,ERROR_FOR_DIVISION_BY_ZERO,TRADITIONAL,NO_ENGINE_SUBSTITUTION {{(pid=96657) _check_effective_sql_mode /opt/stack/data/venv/lib/python3.12/site-packages/oslo_db/sqlalchemy/engines.py:325}}
Aug 14 05:15:32.957277 np0000007325 nova-scheduler[96651]: DEBUG nova.service [None req-011b450d-eb62-4320-8428-1446eaad50c0 None None] Creating RPC server for service: nova-scheduler on topic: scheduler {{(pid=96651) start /opt/stack/nova/nova/service.py:196}}
Aug 14 05:15:32.957415 np0000007325 nova-scheduler[96647]: DEBUG nova.service [None req-226abc3a-1b70-4936-ad45-94efe2f80ce6 None None] Join ServiceGroup membership for this service scheduler {{(pid=96647) start /opt/stack/nova/nova/service.py:222}}
Aug 14 05:15:32.957415 np0000007325 nova-scheduler[96647]: DEBUG nova.servicegroup.drivers.db [None req-226abc3a-1b70-4936-ad45-94efe2f80ce6 None None] DB_Driver: join new ServiceGroup member np0000007325 to the scheduler group, service = {{(pid=96647) join /opt/stack/nova/nova/servicegroup/drivers/db.py:44}}
Aug 14 05:15:32.957925 np0000007325 nova-scheduler[96649]: DEBUG dbcounter [-] [96649] Writer thread running {{(pid=96649) stat_writer /opt/stack/data/venv/lib/python3.12/site-packages/dbcounter.py:102}}
Aug 14 05:15:32.960776 np0000007325 nova-scheduler[96649]: DEBUG nova.service [None req-cd0d00d5-235a-40b7-b2e2-f1c4883ae7a1 None None] Creating RPC server for service: nova-scheduler on topic: scheduler {{(pid=96649) start /opt/stack/nova/nova/service.py:196}}
Aug 14 05:15:32.964275 np0000007325 nova-scheduler[96657]: DEBUG dbcounter [-] [96657] Writer thread running {{(pid=96657) stat_writer /opt/stack/data/venv/lib/python3.12/site-packages/dbcounter.py:102}}
Aug 14 05:15:32.967606 np0000007325 nova-scheduler[96657]: DEBUG nova.service [None req-e431d410-d5a5-4231-a3e0-dea37578e16c None None] Creating RPC server for service: nova-scheduler on topic: scheduler {{(pid=96657) start /opt/stack/nova/nova/service.py:196}}
Aug 14 05:15:32.974369 np0000007325 nova-scheduler[96651]: DEBUG nova.service [None req-011b450d-eb62-4320-8428-1446eaad50c0 None None] Join ServiceGroup membership for this service scheduler {{(pid=96651) start /opt/stack/nova/nova/service.py:222}}
Aug 14 05:15:32.974600 np0000007325 nova-scheduler[96651]: DEBUG nova.servicegroup.drivers.db [None req-011b450d-eb62-4320-8428-1446eaad50c0 None None] DB_Driver: join new ServiceGroup member np0000007325 to the scheduler group, service = {{(pid=96651) join /opt/stack/nova/nova/servicegroup/drivers/db.py:44}}
Aug 14 05:15:32.979094 np0000007325 nova-scheduler[96649]: DEBUG nova.service [None req-cd0d00d5-235a-40b7-b2e2-f1c4883ae7a1 None None] Join ServiceGroup membership for this service scheduler {{(pid=96649) start /opt/stack/nova/nova/service.py:222}}
Aug 14 05:15:32.979284 np0000007325 nova-scheduler[96649]: DEBUG nova.servicegroup.drivers.db [None req-cd0d00d5-235a-40b7-b2e2-f1c4883ae7a1 None None] DB_Driver: join new ServiceGroup member np0000007325 to the scheduler group, service = {{(pid=96649) join /opt/stack/nova/nova/servicegroup/drivers/db.py:44}}
Aug 14 05:15:32.985681 np0000007325 nova-scheduler[96657]: DEBUG nova.service [None req-e431d410-d5a5-4231-a3e0-dea37578e16c None None] Join ServiceGroup membership for this service scheduler {{(pid=96657) start /opt/stack/nova/nova/service.py:222}}
Aug 14 05:15:32.985877 np0000007325 nova-scheduler[96657]: DEBUG nova.servicegroup.drivers.db [None req-e431d410-d5a5-4231-a3e0-dea37578e16c None None] DB_Driver: join new ServiceGroup member np0000007325 to the scheduler group, service = {{(pid=96657) join /opt/stack/nova/nova/servicegroup/drivers/db.py:44}}
Aug 14 05:15:37.971643 np0000007325 nova-scheduler[96647]: DEBUG oslo.service.backend._threading.loopingcall [-] Fixed interval looping call 'nova.servicegroup.drivers.db.DbDriver._report_state' sleeping for 119.99 seconds {{(pid=96647) _run_loop /opt/stack/data/venv/lib/python3.12/site-packages/oslo_service/backend/_threading/loopingcall.py:125}}
Aug 14 05:15:37.986422 np0000007325 nova-scheduler[96651]: DEBUG oslo.service.backend._threading.loopingcall [-] Fixed interval looping call 'nova.servicegroup.drivers.db.DbDriver._report_state' sleeping for 119.99 seconds {{(pid=96651) _run_loop /opt/stack/data/venv/lib/python3.12/site-packages/oslo_service/backend/_threading/loopingcall.py:125}}
Aug 14 05:15:37.993199 np0000007325 nova-scheduler[96649]: DEBUG oslo.service.backend._threading.loopingcall [-] Fixed interval looping call 'nova.servicegroup.drivers.db.DbDriver._report_state' sleeping for 119.99 seconds {{(pid=96649) _run_loop /opt/stack/data/venv/lib/python3.12/site-packages/oslo_service/backend/_threading/loopingcall.py:125}}
Aug 14 05:15:37.997221 np0000007325 nova-scheduler[96657]: DEBUG oslo.service.backend._threading.loopingcall [-] Fixed interval looping call 'nova.servicegroup.drivers.db.DbDriver._report_state' sleeping for 119.99 seconds {{(pid=96657) _run_loop /opt/stack/data/venv/lib/python3.12/site-packages/oslo_service/backend/_threading/loopingcall.py:125}}
Aug 14 05:15:41.474363 np0000007325 nova-scheduler[95454]: DEBUG dbcounter [-] [95454] Writing DB stats nova_api:SELECT=3 {{(pid=95454) stat_writer /opt/stack/data/venv/lib/python3.12/site-packages/dbcounter.py:115}}
Aug 14 05:15:41.608563 np0000007325 nova-scheduler[95454]: DEBUG dbcounter [-] [95454] Writing DB stats nova_cell0:SELECT=1 {{(pid=95454) stat_writer /opt/stack/data/venv/lib/python3.12/site-packages/dbcounter.py:115}}
Aug 14 05:15:41.612714 np0000007325 nova-scheduler[95454]: DEBUG dbcounter [-] [95454] Writing DB stats nova_cell1:SELECT=1 {{(pid=95454) stat_writer /opt/stack/data/venv/lib/python3.12/site-packages/dbcounter.py:115}}
Aug 14 05:15:47.966973 np0000007325 nova-scheduler[96647]: DEBUG dbcounter [-] [96647] Writing DB stats nova_cell0:SELECT=4,nova_cell0:INSERT=1,nova_cell0:UPDATE=1 {{(pid=96647) stat_writer /opt/stack/data/venv/lib/python3.12/site-packages/dbcounter.py:115}}
Aug 14 05:15:47.986489 np0000007325 nova-scheduler[96651]: DEBUG dbcounter [-] [96651] Writing DB stats nova_cell0:SELECT=3 {{(pid=96651) stat_writer /opt/stack/data/venv/lib/python3.12/site-packages/dbcounter.py:115}}
Aug 14 05:15:47.989804 np0000007325 nova-scheduler[96649]: DEBUG dbcounter [-] [96649] Writing DB stats nova_cell0:SELECT=3 {{(pid=96649) stat_writer /opt/stack/data/venv/lib/python3.12/site-packages/dbcounter.py:115}}
Aug 14 05:15:47.999554 np0000007325 nova-scheduler[96657]: DEBUG dbcounter [-] [96657] Writing DB stats nova_cell0:SELECT=3 {{(pid=96657) stat_writer /opt/stack/data/venv/lib/python3.12/site-packages/dbcounter.py:115}}
Aug 14 05:15:56.977037 np0000007325 nova-scheduler[96651]: DEBUG oslo.service.backend._threading.loopingcall [None req-4aa3e429-152d-4233-89e8-86266eeddd7b None None] Dynamic interval looping call 'nova.service.Service.periodic_tasks' sleeping for 60.00 seconds {{(pid=96651) _run_loop /opt/stack/data/venv/lib/python3.12/site-packages/oslo_service/backend/_threading/loopingcall.py:125}}
Aug 14 05:16:01.958859 np0000007325 nova-scheduler[96647]: DEBUG oslo.service.backend._threading.loopingcall [None req-2b307acb-b9fe-47bb-986c-510e4cd5a9fc None None] Dynamic interval looping call 'nova.service.Service.periodic_tasks' sleeping for 60.00 seconds {{(pid=96647) _run_loop /opt/stack/data/venv/lib/python3.12/site-packages/oslo_service/backend/_threading/loopingcall.py:125}}
Aug 14 05:16:09.988013 np0000007325 nova-scheduler[96657]: DEBUG oslo.service.backend._threading.loopingcall [None req-d7bb41a8-854f-4824-bf82-1ecf1163486f None None] Dynamic interval looping call 'nova.service.Service.periodic_tasks' sleeping for 60.00 seconds {{(pid=96657) _run_loop /opt/stack/data/venv/lib/python3.12/site-packages/oslo_service/backend/_threading/loopingcall.py:125}}
Aug 14 05:16:27.981432 np0000007325 nova-scheduler[96649]: DEBUG oslo.service.backend._threading.loopingcall [None req-653443c9-bae0-4567-8948-0307144361a4 None None] Dynamic interval looping call 'nova.service.Service.periodic_tasks' sleeping for 60.00 seconds {{(pid=96649) _run_loop /opt/stack/data/venv/lib/python3.12/site-packages/oslo_service/backend/_threading/loopingcall.py:125}}
Aug 14 05:16:56.977546 np0000007325 nova-scheduler[96651]: DEBUG oslo.service.backend._threading.loopingcall [None req-4aa3e429-152d-4233-89e8-86266eeddd7b None None] Dynamic interval looping call 'nova.service.Service.periodic_tasks' sleeping for 60.00 seconds {{(pid=96651) _run_loop /opt/stack/data/venv/lib/python3.12/site-packages/oslo_service/backend/_threading/loopingcall.py:125}}
Aug 14 05:17:01.959321 np0000007325 nova-scheduler[96647]: DEBUG oslo.service.backend._threading.loopingcall [None req-2b307acb-b9fe-47bb-986c-510e4cd5a9fc None None] Dynamic interval looping call 'nova.service.Service.periodic_tasks' sleeping for 60.00 seconds {{(pid=96647) _run_loop /opt/stack/data/venv/lib/python3.12/site-packages/oslo_service/backend/_threading/loopingcall.py:125}}
Aug 14 05:17:09.988592 np0000007325 nova-scheduler[96657]: DEBUG oslo.service.backend._threading.loopingcall [None req-d7bb41a8-854f-4824-bf82-1ecf1163486f None None] Dynamic interval looping call 'nova.service.Service.periodic_tasks' sleeping for 60.00 seconds {{(pid=96657) _run_loop /opt/stack/data/venv/lib/python3.12/site-packages/oslo_service/backend/_threading/loopingcall.py:125}}
Aug 14 05:17:27.982010 np0000007325 nova-scheduler[96649]: DEBUG oslo.service.backend._threading.loopingcall [None req-653443c9-bae0-4567-8948-0307144361a4 None None] Dynamic interval looping call 'nova.service.Service.periodic_tasks' sleeping for 60.00 seconds {{(pid=96649) _run_loop /opt/stack/data/venv/lib/python3.12/site-packages/oslo_service/backend/_threading/loopingcall.py:125}}
Aug 14 05:17:37.970273 np0000007325 nova-scheduler[96647]: DEBUG oslo.service.backend._threading.loopingcall [-] Fixed interval looping call 'nova.servicegroup.drivers.db.DbDriver._report_state' sleeping for 119.99 seconds {{(pid=96647) _run_loop /opt/stack/data/venv/lib/python3.12/site-packages/oslo_service/backend/_threading/loopingcall.py:125}}
Aug 14 05:17:37.982477 np0000007325 nova-scheduler[96651]: DEBUG oslo.service.backend._threading.loopingcall [-] Fixed interval looping call 'nova.servicegroup.drivers.db.DbDriver._report_state' sleeping for 119.99 seconds {{(pid=96651) _run_loop /opt/stack/data/venv/lib/python3.12/site-packages/oslo_service/backend/_threading/loopingcall.py:125}}
Aug 14 05:17:37.988716 np0000007325 nova-scheduler[96649]: DEBUG oslo.service.backend._threading.loopingcall [-] Fixed interval looping call 'nova.servicegroup.drivers.db.DbDriver._report_state' sleeping for 120.00 seconds {{(pid=96649) _run_loop /opt/stack/data/venv/lib/python3.12/site-packages/oslo_service/backend/_threading/loopingcall.py:125}}
Aug 14 05:17:37.992325 np0000007325 nova-scheduler[96657]: DEBUG oslo.service.backend._threading.loopingcall [-] Fixed interval looping call 'nova.servicegroup.drivers.db.DbDriver._report_state' sleeping for 120.00 seconds {{(pid=96657) _run_loop /opt/stack/data/venv/lib/python3.12/site-packages/oslo_service/backend/_threading/loopingcall.py:125}}
Aug 14 05:17:47.965905 np0000007325 nova-scheduler[96647]: DEBUG dbcounter [-] [96647] Writing DB stats nova_cell0:SELECT=1,nova_cell0:UPDATE=1 {{(pid=96647) stat_writer /opt/stack/data/venv/lib/python3.12/site-packages/dbcounter.py:115}}
Aug 14 05:17:47.980141 np0000007325 nova-scheduler[96651]: DEBUG dbcounter [-] [96651] Writing DB stats nova_cell0:SELECT=1 {{(pid=96651) stat_writer /opt/stack/data/venv/lib/python3.12/site-packages/dbcounter.py:115}}
Aug 14 05:17:47.986286 np0000007325 nova-scheduler[96649]: DEBUG dbcounter [-] [96649] Writing DB stats nova_cell0:SELECT=1 {{(pid=96649) stat_writer /opt/stack/data/venv/lib/python3.12/site-packages/dbcounter.py:115}}
Aug 14 05:17:47.991300 np0000007325 nova-scheduler[96657]: DEBUG dbcounter [-] [96657] Writing DB stats nova_cell0:SELECT=1 {{(pid=96657) stat_writer /opt/stack/data/venv/lib/python3.12/site-packages/dbcounter.py:115}}
Aug 14 05:17:56.978125 np0000007325 nova-scheduler[96651]: DEBUG oslo.service.backend._threading.loopingcall [None req-4aa3e429-152d-4233-89e8-86266eeddd7b None None] Dynamic interval looping call 'nova.service.Service.periodic_tasks' sleeping for 60.00 seconds {{(pid=96651) _run_loop /opt/stack/data/venv/lib/python3.12/site-packages/oslo_service/backend/_threading/loopingcall.py:125}}
Aug 14 05:18:00.480680 np0000007325 nova-scheduler[96647]: DEBUG nova.scheduler.manager [None req-24b2c425-24ae-44ff-a8ca-0814d01932b6 tempest-ServerActionsTestOtherB-331194972 tempest-ServerActionsTestOtherB-331194972-project-member] Starting to schedule for instances: ['a3231d48-a9f5-4ce7-83e8-e27ad3c1eac0'] {{(pid=96647) select_destinations /opt/stack/nova/nova/scheduler/manager.py:209}}
Aug 14 05:18:00.481831 np0000007325 nova-scheduler[96647]: DEBUG nova.scheduler.request_filter [None req-24b2c425-24ae-44ff-a8ca-0814d01932b6 tempest-ServerActionsTestOtherB-331194972 tempest-ServerActionsTestOtherB-331194972-project-member] compute_status_filter request filter added forbidden trait COMPUTE_STATUS_DISABLED {{(pid=96647) compute_status_filter /opt/stack/nova/nova/scheduler/request_filter.py:253}}
Aug 14 05:18:00.481831 np0000007325 nova-scheduler[96647]: DEBUG nova.scheduler.request_filter [None req-24b2c425-24ae-44ff-a8ca-0814d01932b6 tempest-ServerActionsTestOtherB-331194972 tempest-ServerActionsTestOtherB-331194972-project-member] Request filter 'compute_status_filter' took 0.0 seconds {{(pid=96647) wrapper /opt/stack/nova/nova/scheduler/request_filter.py:46}}
Aug 14 05:18:00.482019 np0000007325 nova-scheduler[96647]: DEBUG nova.scheduler.request_filter [None req-24b2c425-24ae-44ff-a8ca-0814d01932b6 tempest-ServerActionsTestOtherB-331194972 tempest-ServerActionsTestOtherB-331194972-project-member] Request filter 'accelerators_filter' took 0.0 seconds {{(pid=96647) wrapper /opt/stack/nova/nova/scheduler/request_filter.py:46}}
Aug 14 05:18:00.482218 np0000007325 nova-scheduler[96647]: DEBUG nova.scheduler.request_filter [None req-24b2c425-24ae-44ff-a8ca-0814d01932b6 tempest-ServerActionsTestOtherB-331194972 tempest-ServerActionsTestOtherB-331194972-project-member] Request filter 'packed_virtqueue_filter' took 0.0 seconds {{(pid=96647) wrapper /opt/stack/nova/nova/scheduler/request_filter.py:46}}
Aug 14 05:18:00.482643 np0000007325 nova-scheduler[96647]: DEBUG nova.scheduler.request_filter [None req-24b2c425-24ae-44ff-a8ca-0814d01932b6 tempest-ServerActionsTestOtherB-331194972 tempest-ServerActionsTestOtherB-331194972-project-member] Request filter 'remote_managed_ports_filter' took 0.0 seconds {{(pid=96647) wrapper /opt/stack/nova/nova/scheduler/request_filter.py:46}}
Aug 14 05:18:00.482866 np0000007325 nova-scheduler[96647]: DEBUG nova.scheduler.request_filter [None req-24b2c425-24ae-44ff-a8ca-0814d01932b6 tempest-ServerActionsTestOtherB-331194972 tempest-ServerActionsTestOtherB-331194972-project-member] ephemeral_encryption_filter skipped {{(pid=96647) ephemeral_encryption_filter /opt/stack/nova/nova/scheduler/request_filter.py:426}}
Aug 14 05:18:00.482926 np0000007325 nova-scheduler[96647]: DEBUG nova.scheduler.request_filter [None req-24b2c425-24ae-44ff-a8ca-0814d01932b6 tempest-ServerActionsTestOtherB-331194972 tempest-ServerActionsTestOtherB-331194972-project-member] virtio_sound_filter skipped {{(pid=96647) virtio_sound_filter /opt/stack/nova/nova/scheduler/request_filter.py:460}}
Aug 14 05:18:00.483399 np0000007325 nova-scheduler[96647]: DEBUG nova.scheduler.request_filter [None req-24b2c425-24ae-44ff-a8ca-0814d01932b6 tempest-ServerActionsTestOtherB-331194972 tempest-ServerActionsTestOtherB-331194972-project-member] tpm_secret_security_filter skipped {{(pid=96647) tpm_secret_security_filter /opt/stack/nova/nova/scheduler/request_filter.py:477}}
Aug 14 05:18:01.130934 np0000007325 nova-scheduler[96647]: INFO nova.utils [None req-24b2c425-24ae-44ff-a8ca-0814d01932b6 tempest-ServerActionsTestOtherB-331194972 tempest-ServerActionsTestOtherB-331194972-project-member] The cell worker thread pool ForkProcess-1.cell_worker is initialized
Aug 14 05:18:01.131101 np0000007325 nova-scheduler[96647]: DEBUG oslo_concurrency.lockutils [None req-24b2c425-24ae-44ff-a8ca-0814d01932b6 tempest-ServerActionsTestOtherB-331194972 tempest-ServerActionsTestOtherB-331194972-project-member] Acquiring lock "886dc497-920f-47e6-92ad-161b5c1f1740" by "nova.context.set_target_cell..get_or_set_cached_cell_and_set_connections" {{(pid=96647) inner /opt/stack/data/venv/lib/python3.12/site-packages/oslo_concurrency/lockutils.py:512}}
Aug 14 05:18:01.131242 np0000007325 nova-scheduler[96647]: DEBUG oslo_concurrency.lockutils [None req-24b2c425-24ae-44ff-a8ca-0814d01932b6 tempest-ServerActionsTestOtherB-331194972 tempest-ServerActionsTestOtherB-331194972-project-member] Lock "886dc497-920f-47e6-92ad-161b5c1f1740" acquired by "nova.context.set_target_cell..get_or_set_cached_cell_and_set_connections" :: waited 0.000s {{(pid=96647) inner /opt/stack/data/venv/lib/python3.12/site-packages/oslo_concurrency/lockutils.py:525}}
Aug 14 05:18:01.133073 np0000007325 nova-scheduler[96647]: DEBUG oslo_concurrency.lockutils [None req-24b2c425-24ae-44ff-a8ca-0814d01932b6 tempest-ServerActionsTestOtherB-331194972 tempest-ServerActionsTestOtherB-331194972-project-member] Lock "886dc497-920f-47e6-92ad-161b5c1f1740" "released" by "nova.context.set_target_cell..get_or_set_cached_cell_and_set_connections" :: held 0.002s {{(pid=96647) inner /opt/stack/data/venv/lib/python3.12/site-packages/oslo_concurrency/lockutils.py:544}}
Aug 14 05:18:01.136555 np0000007325 nova-scheduler[96647]: INFO dbcounter [None req-24b2c425-24ae-44ff-a8ca-0814d01932b6 tempest-ServerActionsTestOtherB-331194972 tempest-ServerActionsTestOtherB-331194972-project-member] Registered counter for database nova_cell1
Aug 14 05:18:01.153994 np0000007325 nova-scheduler[96651]: DEBUG nova.scheduler.manager [None req-6d4f748c-3013-454c-a767-26538d596ee8 tempest-AttachVolumeTestJSON-1573372735 tempest-AttachVolumeTestJSON-1573372735-project-member] Starting to schedule for instances: ['3e6249f3-5c34-4669-ae9f-50a9d9546bd2'] {{(pid=96651) select_destinations /opt/stack/nova/nova/scheduler/manager.py:209}}
Aug 14 05:18:01.155126 np0000007325 nova-scheduler[96651]: DEBUG nova.scheduler.request_filter [None req-6d4f748c-3013-454c-a767-26538d596ee8 tempest-AttachVolumeTestJSON-1573372735 tempest-AttachVolumeTestJSON-1573372735-project-member] compute_status_filter request filter added forbidden trait COMPUTE_STATUS_DISABLED {{(pid=96651) compute_status_filter /opt/stack/nova/nova/scheduler/request_filter.py:253}}
Aug 14 05:18:01.156098 np0000007325 nova-scheduler[96651]: DEBUG nova.scheduler.request_filter [None req-6d4f748c-3013-454c-a767-26538d596ee8 tempest-AttachVolumeTestJSON-1573372735 tempest-AttachVolumeTestJSON-1573372735-project-member] Request filter 'compute_status_filter' took 0.0 seconds {{(pid=96651) wrapper /opt/stack/nova/nova/scheduler/request_filter.py:46}}
Aug 14 05:18:01.158433 np0000007325 nova-scheduler[96651]: DEBUG nova.scheduler.request_filter [None req-6d4f748c-3013-454c-a767-26538d596ee8 tempest-AttachVolumeTestJSON-1573372735 tempest-AttachVolumeTestJSON-1573372735-project-member] Request filter 'accelerators_filter' took 0.0 seconds {{(pid=96651) wrapper /opt/stack/nova/nova/scheduler/request_filter.py:46}}
Aug 14 05:18:01.159244 np0000007325 nova-scheduler[96651]: DEBUG nova.scheduler.request_filter [None req-6d4f748c-3013-454c-a767-26538d596ee8 tempest-AttachVolumeTestJSON-1573372735 tempest-AttachVolumeTestJSON-1573372735-project-member] Request filter 'packed_virtqueue_filter' took 0.0 seconds {{(pid=96651) wrapper /opt/stack/nova/nova/scheduler/request_filter.py:46}}
Aug 14 05:18:01.159244 np0000007325 nova-scheduler[96651]: DEBUG nova.scheduler.request_filter [None req-6d4f748c-3013-454c-a767-26538d596ee8 tempest-AttachVolumeTestJSON-1573372735 tempest-AttachVolumeTestJSON-1573372735-project-member] Request filter 'remote_managed_ports_filter' took 0.0 seconds {{(pid=96651) wrapper /opt/stack/nova/nova/scheduler/request_filter.py:46}}
Aug 14 05:18:01.159453 np0000007325 nova-scheduler[96651]: DEBUG nova.scheduler.request_filter [None req-6d4f748c-3013-454c-a767-26538d596ee8 tempest-AttachVolumeTestJSON-1573372735 tempest-AttachVolumeTestJSON-1573372735-project-member] ephemeral_encryption_filter skipped {{(pid=96651) ephemeral_encryption_filter /opt/stack/nova/nova/scheduler/request_filter.py:426}}
