Aug 12 20:02:24.034018 np0000007106 systemd[1]: Starting devstack@n-api-meta.service - Devstack devstack@n-api-meta.service...
Aug 12 20:02:24.039832 np0000007106 devstack@n-api-meta.service[92814]: [uWSGI] getting INI configuration from /etc/nova/nova-metadata-uwsgi.ini
Aug 12 20:02:24.042199 np0000007106 devstack@n-api-meta.service[92814]: *** Starting uWSGI 2.0.24-debian (64bit) on [Wed Aug 12 20:02:24 2026] ***
Aug 12 20:02:24.042199 np0000007106 devstack@n-api-meta.service[92814]: compiled with version: 13.2.0 on 17 April 2024 16:23:48
Aug 12 20:02:24.042199 np0000007106 devstack@n-api-meta.service[92814]: os: Linux-6.8.0-137-generic #137-Ubuntu SMP PREEMPT_DYNAMIC Fri Jul 17 20:28:23 UTC 2026
Aug 12 20:02:24.042199 np0000007106 devstack@n-api-meta.service[92814]: nodename: np0000007106
Aug 12 20:02:24.042199 np0000007106 devstack@n-api-meta.service[92814]: machine: x86_64
Aug 12 20:02:24.042199 np0000007106 devstack@n-api-meta.service[92814]: clock source: unix
Aug 12 20:02:24.042199 np0000007106 devstack@n-api-meta.service[92814]: pcre jit disabled
Aug 12 20:02:24.042199 np0000007106 devstack@n-api-meta.service[92814]: detected number of CPU cores: 16
Aug 12 20:02:24.042199 np0000007106 devstack@n-api-meta.service[92814]: current working directory: /
Aug 12 20:02:24.042199 np0000007106 devstack@n-api-meta.service[92814]: detected binary path: /usr/bin/uwsgi-core
Aug 12 20:02:24.042199 np0000007106 devstack@n-api-meta.service[92814]: your processes number limit is 252954
Aug 12 20:02:24.042199 np0000007106 devstack@n-api-meta.service[92814]: your memory page size is 4096 bytes
Aug 12 20:02:24.042487 np0000007106 devstack@n-api-meta.service[92814]: detected max file descriptor number: 2048
Aug 12 20:02:24.042487 np0000007106 devstack@n-api-meta.service[92814]: lock engine: pthread robust mutexes
Aug 12 20:02:24.042487 np0000007106 devstack@n-api-meta.service[92814]: thunder lock: enabled
Aug 12 20:02:24.042651 np0000007106 devstack@n-api-meta.service[92814]: uWSGI http bound on 0.0.0.0:8775 fd 5
Aug 12 20:02:24.042688 np0000007106 devstack@n-api-meta.service[92814]: uwsgi socket 0 bound to TCP address 127.0.0.1:33427 (port auto-assigned) fd 4
Aug 12 20:02:24.042715 np0000007106 devstack@n-api-meta.service[92814]: Python version: 3.12.3 (main, Jun 19 2026, 12:46:00) [GCC 13.3.0]
Aug 12 20:02:24.042715 np0000007106 devstack@n-api-meta.service[92814]: PEP 405 virtualenv detected: /opt/stack/data/venv
Aug 12 20:02:24.042715 np0000007106 devstack@n-api-meta.service[92814]: Set PythonHome to /opt/stack/data/venv
Aug 12 20:02:24.075263 np0000007106 devstack@n-api-meta.service[92814]: Python main interpreter initialized at 0x71dd902a4668
Aug 12 20:02:24.075263 np0000007106 devstack@n-api-meta.service[92814]: python threads support enabled
Aug 12 20:02:24.075263 np0000007106 devstack@n-api-meta.service[92814]: your server socket listen backlog is limited to 100 connections
Aug 12 20:02:24.075263 np0000007106 devstack@n-api-meta.service[92814]: your mercy for graceful operations on workers is 80 seconds
Aug 12 20:02:24.075657 np0000007106 devstack@n-api-meta.service[92814]: mapped 537436 bytes (524 KB) for 3 cores
Aug 12 20:02:24.075763 np0000007106 devstack@n-api-meta.service[92814]: *** Operational MODE: preforking ***
Aug 12 20:02:24.075971 np0000007106 devstack@n-api-meta.service[92814]: *** uWSGI is running in multiple interpreter mode ***
Aug 12 20:02:24.075971 np0000007106 devstack@n-api-meta.service[92814]: spawned uWSGI master process (pid: 92814)
Aug 12 20:02:24.076150 np0000007106 systemd[1]: Started devstack@n-api-meta.service - Devstack devstack@n-api-meta.service.
Aug 12 20:02:24.076923 np0000007106 devstack@n-api-meta.service[92814]: spawned uWSGI worker 1 (pid: 92815, cores: 1)
Aug 12 20:02:24.077100 np0000007106 devstack@n-api-meta.service[92814]: spawned uWSGI worker 2 (pid: 92816, cores: 1)
Aug 12 20:02:24.077555 np0000007106 devstack@n-api-meta.service[92814]: spawned uWSGI worker 3 (pid: 92817, cores: 1)
Aug 12 20:02:24.078077 np0000007106 devstack@n-api-meta.service[92814]: spawned uWSGI http 1 (pid: 92818)
Aug 12 20:02:24.078077 np0000007106 devstack@n-api-meta.service[92814]: running "unix_signal:15 gracefully_kill_them_all" (master-start)...
Aug 12 20:02:25.682418 np0000007106 devstack@n-api-meta.service[92815]: INFO dbcounter [None req-8fcd04d5-d1df-4f9e-aa6b-8fad00968d02 None None] Registered counter for database nova_api
Aug 12 20:02:25.704541 np0000007106 devstack@n-api-meta.service[92817]: INFO dbcounter [None req-aa05d29a-513b-459d-a1f3-051322b4fa8c None None] Registered counter for database nova_api
Aug 12 20:02:25.721336 np0000007106 devstack@n-api-meta.service[92815]: DEBUG oslo_db.sqlalchemy.engines [None req-8fcd04d5-d1df-4f9e-aa6b-8fad00968d02 None None] MySQL server mode set to STRICT_TRANS_TABLES,STRICT_ALL_TABLES,NO_ZERO_IN_DATE,NO_ZERO_DATE,ERROR_FOR_DIVISION_BY_ZERO,TRADITIONAL,NO_ENGINE_SUBSTITUTION {{(pid=92815) _check_effective_sql_mode /opt/stack/data/venv/lib/python3.12/site-packages/oslo_db/sqlalchemy/engines.py:325}}
Aug 12 20:02:25.728493 np0000007106 devstack@n-api-meta.service[92816]: INFO dbcounter [None req-8e8e2927-b6a2-455b-9010-32e3acabcad3 None None] Registered counter for database nova_api
Aug 12 20:02:25.742304 np0000007106 devstack@n-api-meta.service[92817]: DEBUG oslo_db.sqlalchemy.engines [None req-aa05d29a-513b-459d-a1f3-051322b4fa8c None None] MySQL server mode set to STRICT_TRANS_TABLES,STRICT_ALL_TABLES,NO_ZERO_IN_DATE,NO_ZERO_DATE,ERROR_FOR_DIVISION_BY_ZERO,TRADITIONAL,NO_ENGINE_SUBSTITUTION {{(pid=92817) _check_effective_sql_mode /opt/stack/data/venv/lib/python3.12/site-packages/oslo_db/sqlalchemy/engines.py:325}}
Aug 12 20:02:25.750366 np0000007106 devstack@n-api-meta.service[92815]: DEBUG dbcounter [-] [92815] Writer thread running {{(pid=92815) stat_writer /opt/stack/data/venv/lib/python3.12/site-packages/dbcounter.py:102}}
Aug 12 20:02:25.753516 np0000007106 devstack@n-api-meta.service[92815]: DEBUG nova.context [None req-8fcd04d5-d1df-4f9e-aa6b-8fad00968d02 None None] Found 2 cells: 00000000-0000-0000-0000-000000000000(cell0),5aa41ae7-20ac-417a-a008-71cfba768b7c(cell1) {{(pid=92815) load_cells /opt/stack/nova/nova/context.py:509}}
Aug 12 20:02:25.753892 np0000007106 devstack@n-api-meta.service[92815]: INFO nova.utils [None req-8fcd04d5-d1df-4f9e-aa6b-8fad00968d02 None None] The cell worker thread pool MainProcess.cell_worker is initialized
Aug 12 20:02:25.755728 np0000007106 devstack@n-api-meta.service[92815]: DEBUG oslo_concurrency.lockutils [None req-8fcd04d5-d1df-4f9e-aa6b-8fad00968d02 None None] Acquiring lock "00000000-0000-0000-0000-000000000000" by "nova.context.set_target_cell..get_or_set_cached_cell_and_set_connections" {{(pid=92815) inner /opt/stack/data/venv/lib/python3.12/site-packages/oslo_concurrency/lockutils.py:512}}
Aug 12 20:02:25.755928 np0000007106 devstack@n-api-meta.service[92815]: DEBUG oslo_concurrency.lockutils [None req-8fcd04d5-d1df-4f9e-aa6b-8fad00968d02 None None] Lock "00000000-0000-0000-0000-000000000000" acquired by "nova.context.set_target_cell..get_or_set_cached_cell_and_set_connections" :: waited 0.000s {{(pid=92815) inner /opt/stack/data/venv/lib/python3.12/site-packages/oslo_concurrency/lockutils.py:525}}
Aug 12 20:02:25.756285 np0000007106 devstack@n-api-meta.service[92815]: DEBUG oslo_concurrency.lockutils [None req-8fcd04d5-d1df-4f9e-aa6b-8fad00968d02 None None] Lock "00000000-0000-0000-0000-000000000000" "released" by "nova.context.set_target_cell..get_or_set_cached_cell_and_set_connections" :: held 0.000s {{(pid=92815) inner /opt/stack/data/venv/lib/python3.12/site-packages/oslo_concurrency/lockutils.py:544}}
Aug 12 20:02:25.757015 np0000007106 devstack@n-api-meta.service[92815]: DEBUG oslo_concurrency.lockutils [None req-8fcd04d5-d1df-4f9e-aa6b-8fad00968d02 None None] Acquiring lock "5aa41ae7-20ac-417a-a008-71cfba768b7c" by "nova.context.set_target_cell..get_or_set_cached_cell_and_set_connections" {{(pid=92815) inner /opt/stack/data/venv/lib/python3.12/site-packages/oslo_concurrency/lockutils.py:512}}
Aug 12 20:02:25.757159 np0000007106 devstack@n-api-meta.service[92815]: DEBUG oslo_concurrency.lockutils [None req-8fcd04d5-d1df-4f9e-aa6b-8fad00968d02 None None] Lock "5aa41ae7-20ac-417a-a008-71cfba768b7c" acquired by "nova.context.set_target_cell..get_or_set_cached_cell_and_set_connections" :: waited 0.000s {{(pid=92815) inner /opt/stack/data/venv/lib/python3.12/site-packages/oslo_concurrency/lockutils.py:525}}
Aug 12 20:02:25.757996 np0000007106 devstack@n-api-meta.service[92815]: DEBUG oslo_concurrency.lockutils [None req-8fcd04d5-d1df-4f9e-aa6b-8fad00968d02 None None] Lock "5aa41ae7-20ac-417a-a008-71cfba768b7c" "released" by "nova.context.set_target_cell..get_or_set_cached_cell_and_set_connections" :: held 0.001s {{(pid=92815) inner /opt/stack/data/venv/lib/python3.12/site-packages/oslo_concurrency/lockutils.py:544}}
Aug 12 20:02:25.760009 np0000007106 devstack@n-api-meta.service[92815]: INFO dbcounter [None req-8fcd04d5-d1df-4f9e-aa6b-8fad00968d02 None None] Registered counter for database nova_cell0
Aug 12 20:02:25.763399 np0000007106 devstack@n-api-meta.service[92815]: INFO dbcounter [None req-8fcd04d5-d1df-4f9e-aa6b-8fad00968d02 None None] Registered counter for database nova_cell1
Aug 12 20:02:25.767941 np0000007106 devstack@n-api-meta.service[92816]: DEBUG oslo_db.sqlalchemy.engines [None req-8e8e2927-b6a2-455b-9010-32e3acabcad3 None None] MySQL server mode set to STRICT_TRANS_TABLES,STRICT_ALL_TABLES,NO_ZERO_IN_DATE,NO_ZERO_DATE,ERROR_FOR_DIVISION_BY_ZERO,TRADITIONAL,NO_ENGINE_SUBSTITUTION {{(pid=92816) _check_effective_sql_mode /opt/stack/data/venv/lib/python3.12/site-packages/oslo_db/sqlalchemy/engines.py:325}}
Aug 12 20:02:25.772147 np0000007106 devstack@n-api-meta.service[92817]: DEBUG dbcounter [-] [92817] Writer thread running {{(pid=92817) stat_writer /opt/stack/data/venv/lib/python3.12/site-packages/dbcounter.py:102}}
Aug 12 20:02:25.774672 np0000007106 devstack@n-api-meta.service[92817]: DEBUG nova.context [None req-aa05d29a-513b-459d-a1f3-051322b4fa8c None None] Found 2 cells: 00000000-0000-0000-0000-000000000000(cell0),5aa41ae7-20ac-417a-a008-71cfba768b7c(cell1) {{(pid=92817) load_cells /opt/stack/nova/nova/context.py:509}}
Aug 12 20:02:25.775692 np0000007106 devstack@n-api-meta.service[92817]: INFO nova.utils [None req-aa05d29a-513b-459d-a1f3-051322b4fa8c None None] The cell worker thread pool MainProcess.cell_worker is initialized
Aug 12 20:02:25.776670 np0000007106 devstack@n-api-meta.service[92817]: DEBUG oslo_concurrency.lockutils [None req-aa05d29a-513b-459d-a1f3-051322b4fa8c None None] Acquiring lock "00000000-0000-0000-0000-000000000000" by "nova.context.set_target_cell..get_or_set_cached_cell_and_set_connections" {{(pid=92817) inner /opt/stack/data/venv/lib/python3.12/site-packages/oslo_concurrency/lockutils.py:512}}
Aug 12 20:02:25.776877 np0000007106 devstack@n-api-meta.service[92817]: DEBUG oslo_concurrency.lockutils [None req-aa05d29a-513b-459d-a1f3-051322b4fa8c None None] Lock "00000000-0000-0000-0000-000000000000" acquired by "nova.context.set_target_cell..get_or_set_cached_cell_and_set_connections" :: waited 0.000s {{(pid=92817) inner /opt/stack/data/venv/lib/python3.12/site-packages/oslo_concurrency/lockutils.py:525}}
Aug 12 20:02:25.777244 np0000007106 devstack@n-api-meta.service[92817]: DEBUG oslo_concurrency.lockutils [None req-aa05d29a-513b-459d-a1f3-051322b4fa8c None None] Lock "00000000-0000-0000-0000-000000000000" "released" by "nova.context.set_target_cell..get_or_set_cached_cell_and_set_connections" :: held 0.000s {{(pid=92817) inner /opt/stack/data/venv/lib/python3.12/site-packages/oslo_concurrency/lockutils.py:544}}
Aug 12 20:02:25.777947 np0000007106 devstack@n-api-meta.service[92817]: DEBUG oslo_concurrency.lockutils [None req-aa05d29a-513b-459d-a1f3-051322b4fa8c None None] Acquiring lock "5aa41ae7-20ac-417a-a008-71cfba768b7c" by "nova.context.set_target_cell..get_or_set_cached_cell_and_set_connections" {{(pid=92817) inner /opt/stack/data/venv/lib/python3.12/site-packages/oslo_concurrency/lockutils.py:512}}
Aug 12 20:02:25.778093 np0000007106 devstack@n-api-meta.service[92817]: DEBUG oslo_concurrency.lockutils [None req-aa05d29a-513b-459d-a1f3-051322b4fa8c None None] Lock "5aa41ae7-20ac-417a-a008-71cfba768b7c" acquired by "nova.context.set_target_cell..get_or_set_cached_cell_and_set_connections" :: waited 0.000s {{(pid=92817) inner /opt/stack/data/venv/lib/python3.12/site-packages/oslo_concurrency/lockutils.py:525}}
Aug 12 20:02:25.780547 np0000007106 devstack@n-api-meta.service[92817]: INFO dbcounter [None req-aa05d29a-513b-459d-a1f3-051322b4fa8c None None] Registered counter for database nova_cell0
Aug 12 20:02:25.782245 np0000007106 devstack@n-api-meta.service[92817]: DEBUG oslo_concurrency.lockutils [None req-aa05d29a-513b-459d-a1f3-051322b4fa8c None None] Lock "5aa41ae7-20ac-417a-a008-71cfba768b7c" "released" by "nova.context.set_target_cell..get_or_set_cached_cell_and_set_connections" :: held 0.002s {{(pid=92817) inner /opt/stack/data/venv/lib/python3.12/site-packages/oslo_concurrency/lockutils.py:544}}
Aug 12 20:02:25.783709 np0000007106 devstack@n-api-meta.service[92817]: INFO dbcounter [None req-aa05d29a-513b-459d-a1f3-051322b4fa8c None None] Registered counter for database nova_cell1
Aug 12 20:02:25.797180 np0000007106 devstack@n-api-meta.service[92816]: DEBUG dbcounter [-] [92816] Writer thread running {{(pid=92816) stat_writer /opt/stack/data/venv/lib/python3.12/site-packages/dbcounter.py:102}}
Aug 12 20:02:25.799933 np0000007106 devstack@n-api-meta.service[92816]: DEBUG nova.context [None req-8e8e2927-b6a2-455b-9010-32e3acabcad3 None None] Found 2 cells: 00000000-0000-0000-0000-000000000000(cell0),5aa41ae7-20ac-417a-a008-71cfba768b7c(cell1) {{(pid=92816) load_cells /opt/stack/nova/nova/context.py:509}}
Aug 12 20:02:25.800696 np0000007106 devstack@n-api-meta.service[92816]: INFO nova.utils [None req-8e8e2927-b6a2-455b-9010-32e3acabcad3 None None] The cell worker thread pool MainProcess.cell_worker is initialized
Aug 12 20:02:25.802146 np0000007106 devstack@n-api-meta.service[92816]: DEBUG oslo_concurrency.lockutils [None req-8e8e2927-b6a2-455b-9010-32e3acabcad3 None None] Acquiring lock "00000000-0000-0000-0000-000000000000" by "nova.context.set_target_cell..get_or_set_cached_cell_and_set_connections" {{(pid=92816) inner /opt/stack/data/venv/lib/python3.12/site-packages/oslo_concurrency/lockutils.py:512}}
Aug 12 20:02:25.802302 np0000007106 devstack@n-api-meta.service[92816]: DEBUG oslo_concurrency.lockutils [None req-8e8e2927-b6a2-455b-9010-32e3acabcad3 None None] Lock "00000000-0000-0000-0000-000000000000" acquired by "nova.context.set_target_cell..get_or_set_cached_cell_and_set_connections" :: waited 0.000s {{(pid=92816) inner /opt/stack/data/venv/lib/python3.12/site-packages/oslo_concurrency/lockutils.py:525}}
Aug 12 20:02:25.802729 np0000007106 devstack@n-api-meta.service[92816]: DEBUG oslo_concurrency.lockutils [None req-8e8e2927-b6a2-455b-9010-32e3acabcad3 None None] Lock "00000000-0000-0000-0000-000000000000" "released" by "nova.context.set_target_cell..get_or_set_cached_cell_and_set_connections" :: held 0.000s {{(pid=92816) inner /opt/stack/data/venv/lib/python3.12/site-packages/oslo_concurrency/lockutils.py:544}}
Aug 12 20:02:25.803443 np0000007106 devstack@n-api-meta.service[92815]: DEBUG oslo_db.sqlalchemy.engines [None req-8fcd04d5-d1df-4f9e-aa6b-8fad00968d02 None None] MySQL server mode set to STRICT_TRANS_TABLES,STRICT_ALL_TABLES,NO_ZERO_IN_DATE,NO_ZERO_DATE,ERROR_FOR_DIVISION_BY_ZERO,TRADITIONAL,NO_ENGINE_SUBSTITUTION {{(pid=92815) _check_effective_sql_mode /opt/stack/data/venv/lib/python3.12/site-packages/oslo_db/sqlalchemy/engines.py:325}}
Aug 12 20:02:25.803540 np0000007106 devstack@n-api-meta.service[92816]: DEBUG oslo_concurrency.lockutils [None req-8e8e2927-b6a2-455b-9010-32e3acabcad3 None None] Acquiring lock "5aa41ae7-20ac-417a-a008-71cfba768b7c" by "nova.context.set_target_cell..get_or_set_cached_cell_and_set_connections" {{(pid=92816) inner /opt/stack/data/venv/lib/python3.12/site-packages/oslo_concurrency/lockutils.py:512}}
Aug 12 20:02:25.803720 np0000007106 devstack@n-api-meta.service[92816]: DEBUG oslo_concurrency.lockutils [None req-8e8e2927-b6a2-455b-9010-32e3acabcad3 None None] Lock "5aa41ae7-20ac-417a-a008-71cfba768b7c" acquired by "nova.context.set_target_cell..get_or_set_cached_cell_and_set_connections" :: waited 0.000s {{(pid=92816) inner /opt/stack/data/venv/lib/python3.12/site-packages/oslo_concurrency/lockutils.py:525}}
Aug 12 20:02:25.804629 np0000007106 devstack@n-api-meta.service[92816]: DEBUG oslo_concurrency.lockutils [None req-8e8e2927-b6a2-455b-9010-32e3acabcad3 None None] Lock "5aa41ae7-20ac-417a-a008-71cfba768b7c" "released" by "nova.context.set_target_cell..get_or_set_cached_cell_and_set_connections" :: held 0.001s {{(pid=92816) inner /opt/stack/data/venv/lib/python3.12/site-packages/oslo_concurrency/lockutils.py:544}}
Aug 12 20:02:25.806636 np0000007106 devstack@n-api-meta.service[92816]: INFO dbcounter [None req-8e8e2927-b6a2-455b-9010-32e3acabcad3 None None] Registered counter for database nova_cell0
Aug 12 20:02:25.809883 np0000007106 devstack@n-api-meta.service[92816]: INFO dbcounter [None req-8e8e2927-b6a2-455b-9010-32e3acabcad3 None None] Registered counter for database nova_cell1
Aug 12 20:02:25.822458 np0000007106 devstack@n-api-meta.service[92817]: DEBUG oslo_db.sqlalchemy.engines [None req-aa05d29a-513b-459d-a1f3-051322b4fa8c None None] MySQL server mode set to STRICT_TRANS_TABLES,STRICT_ALL_TABLES,NO_ZERO_IN_DATE,NO_ZERO_DATE,ERROR_FOR_DIVISION_BY_ZERO,TRADITIONAL,NO_ENGINE_SUBSTITUTION {{(pid=92817) _check_effective_sql_mode /opt/stack/data/venv/lib/python3.12/site-packages/oslo_db/sqlalchemy/engines.py:325}}
Aug 12 20:02:25.825426 np0000007106 devstack@n-api-meta.service[92817]: DEBUG oslo_db.sqlalchemy.engines [None req-aa05d29a-513b-459d-a1f3-051322b4fa8c None None] MySQL server mode set to STRICT_TRANS_TABLES,STRICT_ALL_TABLES,NO_ZERO_IN_DATE,NO_ZERO_DATE,ERROR_FOR_DIVISION_BY_ZERO,TRADITIONAL,NO_ENGINE_SUBSTITUTION {{(pid=92817) _check_effective_sql_mode /opt/stack/data/venv/lib/python3.12/site-packages/oslo_db/sqlalchemy/engines.py:325}}
Aug 12 20:02:25.850562 np0000007106 devstack@n-api-meta.service[92816]: DEBUG oslo_db.sqlalchemy.engines [None req-8e8e2927-b6a2-455b-9010-32e3acabcad3 None None] MySQL server mode set to STRICT_TRANS_TABLES,STRICT_ALL_TABLES,NO_ZERO_IN_DATE,NO_ZERO_DATE,ERROR_FOR_DIVISION_BY_ZERO,TRADITIONAL,NO_ENGINE_SUBSTITUTION {{(pid=92816) _check_effective_sql_mode /opt/stack/data/venv/lib/python3.12/site-packages/oslo_db/sqlalchemy/engines.py:325}}
Aug 12 20:02:25.897569 np0000007106 devstack@n-api-meta.service[92815]: DEBUG dbcounter [-] [92815] Writer thread running {{(pid=92815) stat_writer /opt/stack/data/venv/lib/python3.12/site-packages/dbcounter.py:102}}
Aug 12 20:02:25.903173 np0000007106 devstack@n-api-meta.service[92815]: DEBUG oslo_db.sqlalchemy.engines [None req-8fcd04d5-d1df-4f9e-aa6b-8fad00968d02 None None] MySQL server mode set to STRICT_TRANS_TABLES,STRICT_ALL_TABLES,NO_ZERO_IN_DATE,NO_ZERO_DATE,ERROR_FOR_DIVISION_BY_ZERO,TRADITIONAL,NO_ENGINE_SUBSTITUTION {{(pid=92815) _check_effective_sql_mode /opt/stack/data/venv/lib/python3.12/site-packages/oslo_db/sqlalchemy/engines.py:325}}
Aug 12 20:02:25.907650 np0000007106 devstack@n-api-meta.service[92817]: DEBUG dbcounter [-] [92817] Writer thread running {{(pid=92817) stat_writer /opt/stack/data/venv/lib/python3.12/site-packages/dbcounter.py:102}}
Aug 12 20:02:25.910649 np0000007106 devstack@n-api-meta.service[92817]: DEBUG dbcounter [-] [92817] Writer thread running {{(pid=92817) stat_writer /opt/stack/data/venv/lib/python3.12/site-packages/dbcounter.py:102}}
Aug 12 20:02:25.911222 np0000007106 devstack@n-api-meta.service[92815]: DEBUG dbcounter [-] [92815] Writer thread running {{(pid=92815) stat_writer /opt/stack/data/venv/lib/python3.12/site-packages/dbcounter.py:102}}
Aug 12 20:02:25.913952 np0000007106 devstack@n-api-meta.service[92817]: INFO dbcounter [None req-aa05d29a-513b-459d-a1f3-051322b4fa8c None None] Registered counter for database nova_cell0
Aug 12 20:02:25.914667 np0000007106 devstack@n-api-meta.service[92815]: INFO dbcounter [None req-8fcd04d5-d1df-4f9e-aa6b-8fad00968d02 None None] Registered counter for database nova_cell0
Aug 12 20:02:25.934609 np0000007106 devstack@n-api-meta.service[92816]: DEBUG dbcounter [-] [92816] Writer thread running {{(pid=92816) stat_writer /opt/stack/data/venv/lib/python3.12/site-packages/dbcounter.py:102}}
Aug 12 20:02:25.939695 np0000007106 devstack@n-api-meta.service[92816]: DEBUG oslo_db.sqlalchemy.engines [None req-8e8e2927-b6a2-455b-9010-32e3acabcad3 None None] MySQL server mode set to STRICT_TRANS_TABLES,STRICT_ALL_TABLES,NO_ZERO_IN_DATE,NO_ZERO_DATE,ERROR_FOR_DIVISION_BY_ZERO,TRADITIONAL,NO_ENGINE_SUBSTITUTION {{(pid=92816) _check_effective_sql_mode /opt/stack/data/venv/lib/python3.12/site-packages/oslo_db/sqlalchemy/engines.py:325}}
Aug 12 20:02:25.945024 np0000007106 devstack@n-api-meta.service[92817]: DEBUG oslo_db.sqlalchemy.engines [None req-aa05d29a-513b-459d-a1f3-051322b4fa8c None None] MySQL server mode set to STRICT_TRANS_TABLES,STRICT_ALL_TABLES,NO_ZERO_IN_DATE,NO_ZERO_DATE,ERROR_FOR_DIVISION_BY_ZERO,TRADITIONAL,NO_ENGINE_SUBSTITUTION {{(pid=92817) _check_effective_sql_mode /opt/stack/data/venv/lib/python3.12/site-packages/oslo_db/sqlalchemy/engines.py:325}}
Aug 12 20:02:25.946293 np0000007106 devstack@n-api-meta.service[92816]: DEBUG dbcounter [-] [92816] Writer thread running {{(pid=92816) stat_writer /opt/stack/data/venv/lib/python3.12/site-packages/dbcounter.py:102}}
Aug 12 20:02:25.949034 np0000007106 devstack@n-api-meta.service[92816]: INFO dbcounter [None req-8e8e2927-b6a2-455b-9010-32e3acabcad3 None None] Registered counter for database nova_cell0
Aug 12 20:02:25.949149 np0000007106 devstack@n-api-meta.service[92815]: DEBUG oslo_db.sqlalchemy.engines [None req-8fcd04d5-d1df-4f9e-aa6b-8fad00968d02 None None] MySQL server mode set to STRICT_TRANS_TABLES,STRICT_ALL_TABLES,NO_ZERO_IN_DATE,NO_ZERO_DATE,ERROR_FOR_DIVISION_BY_ZERO,TRADITIONAL,NO_ENGINE_SUBSTITUTION {{(pid=92815) _check_effective_sql_mode /opt/stack/data/venv/lib/python3.12/site-packages/oslo_db/sqlalchemy/engines.py:325}}
Aug 12 20:02:25.951434 np0000007106 devstack@n-api-meta.service[92817]: DEBUG dbcounter [-] [92817] Writer thread running {{(pid=92817) stat_writer /opt/stack/data/venv/lib/python3.12/site-packages/dbcounter.py:102}}
Aug 12 20:02:25.957108 np0000007106 devstack@n-api-meta.service[92815]: DEBUG dbcounter [-] [92815] Writer thread running {{(pid=92815) stat_writer /opt/stack/data/venv/lib/python3.12/site-packages/dbcounter.py:102}}
Aug 12 20:02:25.993732 np0000007106 devstack@n-api-meta.service[92817]: WARNING nova.api.metadata.handler [None req-aa05d29a-513b-459d-a1f3-051322b4fa8c None None] metadata_proxy_shared_secret is not configured, the metadata information returned by the proxy cannot be trusted
Aug 12 20:02:25.993732 np0000007106 devstack@n-api-meta.service[92817]: DEBUG nova.api.openstack.wsgi_app [None req-aa05d29a-513b-459d-a1f3-051322b4fa8c None None] ******************************************************************************** {{(pid=92817) log_opt_values /opt/stack/data/venv/lib/python3.12/site-packages/oslo_config/cfg.py:3518}}
Aug 12 20:02:25.993732 np0000007106 devstack@n-api-meta.service[92817]: DEBUG nova.api.openstack.wsgi_app [None req-aa05d29a-513b-459d-a1f3-051322b4fa8c None None] Configuration options gathered from: {{(pid=92817) log_opt_values /opt/stack/data/venv/lib/python3.12/site-packages/oslo_config/cfg.py:3519}}
Aug 12 20:02:25.993732 np0000007106 devstack@n-api-meta.service[92817]: DEBUG nova.api.openstack.wsgi_app [None req-aa05d29a-513b-459d-a1f3-051322b4fa8c None None] command line args: [] {{(pid=92817) log_opt_values /opt/stack/data/venv/lib/python3.12/site-packages/oslo_config/cfg.py:3520}}
Aug 12 20:02:25.993917 np0000007106 devstack@n-api-meta.service[92817]: DEBUG nova.api.openstack.wsgi_app [None req-aa05d29a-513b-459d-a1f3-051322b4fa8c None None] config files: ['/etc/nova/api-paste.ini', '/etc/nova/nova.conf'] {{(pid=92817) log_opt_values /opt/stack/data/venv/lib/python3.12/site-packages/oslo_config/cfg.py:3521}}
Aug 12 20:02:25.994062 np0000007106 devstack@n-api-meta.service[92817]: DEBUG nova.api.openstack.wsgi_app [None req-aa05d29a-513b-459d-a1f3-051322b4fa8c None None] ================================================================================ {{(pid=92817) log_opt_values /opt/stack/data/venv/lib/python3.12/site-packages/oslo_config/cfg.py:3526}}
Aug 12 20:02:25.994176 np0000007106 devstack@n-api-meta.service[92817]: DEBUG nova.api.openstack.wsgi_app [None req-aa05d29a-513b-459d-a1f3-051322b4fa8c None None] allow_resize_to_same_host = True {{(pid=92817) log_opt_values /opt/stack/data/venv/lib/python3.12/site-packages/oslo_config/cfg.py:3534}}
Aug 12 20:02:25.994306 np0000007106 devstack@n-api-meta.service[92817]: DEBUG nova.api.openstack.wsgi_app [None req-aa05d29a-513b-459d-a1f3-051322b4fa8c None None] arq_binding_timeout = 300 {{(pid=92817) log_opt_values /opt/stack/data/venv/lib/python3.12/site-packages/oslo_config/cfg.py:3534}}
Aug 12 20:02:25.994446 np0000007106 devstack@n-api-meta.service[92817]: DEBUG nova.api.openstack.wsgi_app [None req-aa05d29a-513b-459d-a1f3-051322b4fa8c None None] block_device_allocate_retries = 60 {{(pid=92817) log_opt_values /opt/stack/data/venv/lib/python3.12/site-packages/oslo_config/cfg.py:3534}}
Aug 12 20:02:25.994586 np0000007106 devstack@n-api-meta.service[92817]: DEBUG nova.api.openstack.wsgi_app [None req-aa05d29a-513b-459d-a1f3-051322b4fa8c None None] block_device_allocate_retries_interval = 3 {{(pid=92817) log_opt_values /opt/stack/data/venv/lib/python3.12/site-packages/oslo_config/cfg.py:3534}}
Aug 12 20:02:25.994691 np0000007106 devstack@n-api-meta.service[92817]: DEBUG nova.api.openstack.wsgi_app [None req-aa05d29a-513b-459d-a1f3-051322b4fa8c None None] cell_worker_thread_pool_size = 5 {{(pid=92817) log_opt_values /opt/stack/data/venv/lib/python3.12/site-packages/oslo_config/cfg.py:3534}}
Aug 12 20:02:25.994846 np0000007106 devstack@n-api-meta.service[92817]: DEBUG nova.api.openstack.wsgi_app [None req-aa05d29a-513b-459d-a1f3-051322b4fa8c None None] cert = self.pem {{(pid=92817) log_opt_values /opt/stack/data/venv/lib/python3.12/site-packages/oslo_config/cfg.py:3534}}
Aug 12 20:02:25.994973 np0000007106 devstack@n-api-meta.service[92817]: DEBUG nova.api.openstack.wsgi_app [None req-aa05d29a-513b-459d-a1f3-051322b4fa8c None None] compute_driver = libvirt.LibvirtDriver {{(pid=92817) log_opt_values /opt/stack/data/venv/lib/python3.12/site-packages/oslo_config/cfg.py:3534}}
Aug 12 20:02:25.995096 np0000007106 devstack@n-api-meta.service[92817]: DEBUG nova.api.openstack.wsgi_app [None req-aa05d29a-513b-459d-a1f3-051322b4fa8c None None] compute_monitors = [] {{(pid=92817) log_opt_values /opt/stack/data/venv/lib/python3.12/site-packages/oslo_config/cfg.py:3534}}
Aug 12 20:02:25.995164 np0000007106 devstack@n-api-meta.service[92816]: DEBUG oslo_db.sqlalchemy.engines [None req-8e8e2927-b6a2-455b-9010-32e3acabcad3 None None] MySQL server mode set to STRICT_TRANS_TABLES,STRICT_ALL_TABLES,NO_ZERO_IN_DATE,NO_ZERO_DATE,ERROR_FOR_DIVISION_BY_ZERO,TRADITIONAL,NO_ENGINE_SUBSTITUTION {{(pid=92816) _check_effective_sql_mode /opt/stack/data/venv/lib/python3.12/site-packages/oslo_db/sqlalchemy/engines.py:325}}
Aug 12 20:02:25.995233 np0000007106 devstack@n-api-meta.service[92817]: DEBUG nova.api.openstack.wsgi_app [None req-aa05d29a-513b-459d-a1f3-051322b4fa8c None None] concurrency_backend = auto {{(pid=92817) log_opt_values /opt/stack/data/venv/lib/python3.12/site-packages/oslo_config/cfg.py:3534}}
Aug 12 20:02:25.995436 np0000007106 devstack@n-api-meta.service[92817]: DEBUG nova.api.openstack.wsgi_app [None req-aa05d29a-513b-459d-a1f3-051322b4fa8c None None] config_dir = [] {{(pid=92817) log_opt_values /opt/stack/data/venv/lib/python3.12/site-packages/oslo_config/cfg.py:3534}}
Aug 12 20:02:25.995512 np0000007106 devstack@n-api-meta.service[92817]: DEBUG nova.api.openstack.wsgi_app [None req-aa05d29a-513b-459d-a1f3-051322b4fa8c None None] config_drive_format = iso9660 {{(pid=92817) log_opt_values /opt/stack/data/venv/lib/python3.12/site-packages/oslo_config/cfg.py:3534}}
Aug 12 20:02:25.995688 np0000007106 devstack@n-api-meta.service[92817]: DEBUG nova.api.openstack.wsgi_app [None req-aa05d29a-513b-459d-a1f3-051322b4fa8c None None] config_file = ['/etc/nova/api-paste.ini', '/etc/nova/nova.conf'] {{(pid=92817) log_opt_values /opt/stack/data/venv/lib/python3.12/site-packages/oslo_config/cfg.py:3534}}
Aug 12 20:02:25.995688 np0000007106 devstack@n-api-meta.service[92817]: DEBUG nova.api.openstack.wsgi_app [None req-aa05d29a-513b-459d-a1f3-051322b4fa8c None None] config_source = [] {{(pid=92817) log_opt_values /opt/stack/data/venv/lib/python3.12/site-packages/oslo_config/cfg.py:3534}}
Aug 12 20:02:25.995837 np0000007106 devstack@n-api-meta.service[92817]: DEBUG nova.api.openstack.wsgi_app [None req-aa05d29a-513b-459d-a1f3-051322b4fa8c None None] console_host = np0000007106 {{(pid=92817) log_opt_values /opt/stack/data/venv/lib/python3.12/site-packages/oslo_config/cfg.py:3534}}
Aug 12 20:02:25.995934 np0000007106 devstack@n-api-meta.service[92817]: DEBUG nova.api.openstack.wsgi_app [None req-aa05d29a-513b-459d-a1f3-051322b4fa8c None None] control_exchange = nova {{(pid=92817) log_opt_values /opt/stack/data/venv/lib/python3.12/site-packages/oslo_config/cfg.py:3534}}
Aug 12 20:02:25.996089 np0000007106 devstack@n-api-meta.service[92817]: DEBUG nova.api.openstack.wsgi_app [None req-aa05d29a-513b-459d-a1f3-051322b4fa8c None None] cpu_allocation_ratio = None {{(pid=92817) log_opt_values /opt/stack/data/venv/lib/python3.12/site-packages/oslo_config/cfg.py:3534}}
Aug 12 20:02:25.996166 np0000007106 devstack@n-api-meta.service[92817]: DEBUG nova.api.openstack.wsgi_app [None req-aa05d29a-513b-459d-a1f3-051322b4fa8c None None] daemon = False {{(pid=92817) log_opt_values /opt/stack/data/venv/lib/python3.12/site-packages/oslo_config/cfg.py:3534}}
Aug 12 20:02:25.996281 np0000007106 devstack@n-api-meta.service[92817]: DEBUG nova.api.openstack.wsgi_app [None req-aa05d29a-513b-459d-a1f3-051322b4fa8c None None] debug = True {{(pid=92817) log_opt_values /opt/stack/data/venv/lib/python3.12/site-packages/oslo_config/cfg.py:3534}}
Aug 12 20:02:25.996486 np0000007106 devstack@n-api-meta.service[92817]: DEBUG nova.api.openstack.wsgi_app [None req-aa05d29a-513b-459d-a1f3-051322b4fa8c None None] default_access_ip_network_name = None {{(pid=92817) log_opt_values /opt/stack/data/venv/lib/python3.12/site-packages/oslo_config/cfg.py:3534}}
Aug 12 20:02:25.996570 np0000007106 devstack@n-api-meta.service[92817]: DEBUG nova.api.openstack.wsgi_app [None req-aa05d29a-513b-459d-a1f3-051322b4fa8c None None] default_availability_zone = nova {{(pid=92817) log_opt_values /opt/stack/data/venv/lib/python3.12/site-packages/oslo_config/cfg.py:3534}}
Aug 12 20:02:25.996638 np0000007106 devstack@n-api-meta.service[92817]: DEBUG nova.api.openstack.wsgi_app [None req-aa05d29a-513b-459d-a1f3-051322b4fa8c None None] default_ephemeral_format = ext4 {{(pid=92817) log_opt_values /opt/stack/data/venv/lib/python3.12/site-packages/oslo_config/cfg.py:3534}}
Aug 12 20:02:25.996755 np0000007106 devstack@n-api-meta.service[92817]: DEBUG nova.api.openstack.wsgi_app [None req-aa05d29a-513b-459d-a1f3-051322b4fa8c None None] default_green_pool_size = 1000 {{(pid=92817) log_opt_values /opt/stack/data/venv/lib/python3.12/site-packages/oslo_config/cfg.py:3534}}
Aug 12 20:02:25.996963 np0000007106 devstack@n-api-meta.service[92817]: DEBUG nova.api.openstack.wsgi_app [None req-aa05d29a-513b-459d-a1f3-051322b4fa8c None None] default_log_levels = ['amqp=WARN', 'boto=WARN', 'sqlalchemy=WARN', 'suds=INFO', 'oslo.messaging=INFO', 'oslo_messaging=INFO', 'iso8601=WARN', 'requests.packages.urllib3.connectionpool=WARN', 'urllib3.connectionpool=WARN', 'websocket=WARN', 'requests.packages.urllib3.util.retry=WARN', 'urllib3.util.retry=WARN', 'keystonemiddleware=WARN', 'routes.middleware=WARN', 'stevedore=WARN', 'taskflow=WARN', 'keystoneauth=WARN', 'oslo.cache=INFO', 'oslo_policy=INFO', 'dogpile.core.dogpile=INFO', 'glanceclient=WARN', 'oslo.privsep.daemon=INFO'] {{(pid=92817) log_opt_values /opt/stack/data/venv/lib/python3.12/site-packages/oslo_config/cfg.py:3534}}
Aug 12 20:02:25.997079 np0000007106 devstack@n-api-meta.service[92817]: DEBUG nova.api.openstack.wsgi_app [None req-aa05d29a-513b-459d-a1f3-051322b4fa8c None None] default_schedule_zone = None {{(pid=92817) log_opt_values /opt/stack/data/venv/lib/python3.12/site-packages/oslo_config/cfg.py:3534}}
Aug 12 20:02:25.997257 np0000007106 devstack@n-api-meta.service[92817]: DEBUG nova.api.openstack.wsgi_app [None req-aa05d29a-513b-459d-a1f3-051322b4fa8c None None] default_thread_pool_size = 10 {{(pid=92817) log_opt_values /opt/stack/data/venv/lib/python3.12/site-packages/oslo_config/cfg.py:3534}}
Aug 12 20:02:25.997340 np0000007106 devstack@n-api-meta.service[92817]: DEBUG nova.api.openstack.wsgi_app [None req-aa05d29a-513b-459d-a1f3-051322b4fa8c None None] disk_allocation_ratio = None {{(pid=92817) log_opt_values /opt/stack/data/venv/lib/python3.12/site-packages/oslo_config/cfg.py:3534}}
Aug 12 20:02:25.997423 np0000007106 devstack@n-api-meta.service[92817]: DEBUG nova.api.openstack.wsgi_app [None req-aa05d29a-513b-459d-a1f3-051322b4fa8c None None] enable_new_services = True {{(pid=92817) log_opt_values /opt/stack/data/venv/lib/python3.12/site-packages/oslo_config/cfg.py:3534}}
Aug 12 20:02:25.997561 np0000007106 devstack@n-api-meta.service[92817]: DEBUG nova.api.openstack.wsgi_app [None req-aa05d29a-513b-459d-a1f3-051322b4fa8c None None] flat_injected = False {{(pid=92817) log_opt_values /opt/stack/data/venv/lib/python3.12/site-packages/oslo_config/cfg.py:3534}}
Aug 12 20:02:25.997660 np0000007106 devstack@n-api-meta.service[92817]: DEBUG nova.api.openstack.wsgi_app [None req-aa05d29a-513b-459d-a1f3-051322b4fa8c None None] force_config_drive = True {{(pid=92817) log_opt_values /opt/stack/data/venv/lib/python3.12/site-packages/oslo_config/cfg.py:3534}}
Aug 12 20:02:25.997819 np0000007106 devstack@n-api-meta.service[92817]: DEBUG nova.api.openstack.wsgi_app [None req-aa05d29a-513b-459d-a1f3-051322b4fa8c None None] force_raw_images = True {{(pid=92817) log_opt_values /opt/stack/data/venv/lib/python3.12/site-packages/oslo_config/cfg.py:3534}}
Aug 12 20:02:25.998021 np0000007106 devstack@n-api-meta.service[92817]: DEBUG nova.api.openstack.wsgi_app [None req-aa05d29a-513b-459d-a1f3-051322b4fa8c None None] graceful_shutdown_timeout = 5 {{(pid=92817) log_opt_values /opt/stack/data/venv/lib/python3.12/site-packages/oslo_config/cfg.py:3534}}
Aug 12 20:02:25.998089 np0000007106 devstack@n-api-meta.service[92817]: DEBUG nova.api.openstack.wsgi_app [None req-aa05d29a-513b-459d-a1f3-051322b4fa8c None None] heal_instance_info_cache_interval = -1 {{(pid=92817) log_opt_values /opt/stack/data/venv/lib/python3.12/site-packages/oslo_config/cfg.py:3534}}
Aug 12 20:02:25.998250 np0000007106 devstack@n-api-meta.service[92817]: DEBUG nova.api.openstack.wsgi_app [None req-aa05d29a-513b-459d-a1f3-051322b4fa8c None None] host = np0000007106 {{(pid=92817) log_opt_values /opt/stack/data/venv/lib/python3.12/site-packages/oslo_config/cfg.py:3534}}
Aug 12 20:02:25.998399 np0000007106 devstack@n-api-meta.service[92817]: DEBUG nova.api.openstack.wsgi_app [None req-aa05d29a-513b-459d-a1f3-051322b4fa8c None None] initial_cpu_allocation_ratio = 4.0 {{(pid=92817) log_opt_values /opt/stack/data/venv/lib/python3.12/site-packages/oslo_config/cfg.py:3534}}
Aug 12 20:02:25.998519 np0000007106 devstack@n-api-meta.service[92817]: DEBUG nova.api.openstack.wsgi_app [None req-aa05d29a-513b-459d-a1f3-051322b4fa8c None None] initial_disk_allocation_ratio = 1.0 {{(pid=92817) log_opt_values /opt/stack/data/venv/lib/python3.12/site-packages/oslo_config/cfg.py:3534}}
Aug 12 20:02:25.998634 np0000007106 devstack@n-api-meta.service[92817]: DEBUG nova.api.openstack.wsgi_app [None req-aa05d29a-513b-459d-a1f3-051322b4fa8c None None] initial_ram_allocation_ratio = 1.0 {{(pid=92817) log_opt_values /opt/stack/data/venv/lib/python3.12/site-packages/oslo_config/cfg.py:3534}}
Aug 12 20:02:25.998820 np0000007106 devstack@n-api-meta.service[92817]: DEBUG nova.api.openstack.wsgi_app [None req-aa05d29a-513b-459d-a1f3-051322b4fa8c None None] injected_network_template = /opt/stack/nova/nova/virt/interfaces.template {{(pid=92817) log_opt_values /opt/stack/data/venv/lib/python3.12/site-packages/oslo_config/cfg.py:3534}}
Aug 12 20:02:25.998949 np0000007106 devstack@n-api-meta.service[92817]: DEBUG nova.api.openstack.wsgi_app [None req-aa05d29a-513b-459d-a1f3-051322b4fa8c None None] instance_build_timeout = 0 {{(pid=92817) log_opt_values /opt/stack/data/venv/lib/python3.12/site-packages/oslo_config/cfg.py:3534}}
Aug 12 20:02:25.999070 np0000007106 devstack@n-api-meta.service[92817]: DEBUG nova.api.openstack.wsgi_app [None req-aa05d29a-513b-459d-a1f3-051322b4fa8c None None] instance_delete_interval = 300 {{(pid=92817) log_opt_values /opt/stack/data/venv/lib/python3.12/site-packages/oslo_config/cfg.py:3534}}
Aug 12 20:02:25.999192 np0000007106 devstack@n-api-meta.service[92817]: DEBUG nova.api.openstack.wsgi_app [None req-aa05d29a-513b-459d-a1f3-051322b4fa8c None None] instance_format = [instance: %(uuid)s] {{(pid=92817) log_opt_values /opt/stack/data/venv/lib/python3.12/site-packages/oslo_config/cfg.py:3534}}
Aug 12 20:02:25.999332 np0000007106 devstack@n-api-meta.service[92817]: DEBUG nova.api.openstack.wsgi_app [None req-aa05d29a-513b-459d-a1f3-051322b4fa8c None None] instance_name_template = instance-%08x {{(pid=92817) log_opt_values /opt/stack/data/venv/lib/python3.12/site-packages/oslo_config/cfg.py:3534}}
Aug 12 20:02:25.999461 np0000007106 devstack@n-api-meta.service[92817]: DEBUG nova.api.openstack.wsgi_app [None req-aa05d29a-513b-459d-a1f3-051322b4fa8c None None] instance_usage_audit = False {{(pid=92817) log_opt_values /opt/stack/data/venv/lib/python3.12/site-packages/oslo_config/cfg.py:3534}}
Aug 12 20:02:25.999585 np0000007106 devstack@n-api-meta.service[92817]: DEBUG nova.api.openstack.wsgi_app [None req-aa05d29a-513b-459d-a1f3-051322b4fa8c None None] instance_usage_audit_period = month {{(pid=92817) log_opt_values /opt/stack/data/venv/lib/python3.12/site-packages/oslo_config/cfg.py:3534}}
Aug 12 20:02:25.999702 np0000007106 devstack@n-api-meta.service[92817]: DEBUG nova.api.openstack.wsgi_app [None req-aa05d29a-513b-459d-a1f3-051322b4fa8c None None] instance_uuid_format = [instance: %(uuid)s] {{(pid=92817) log_opt_values /opt/stack/data/venv/lib/python3.12/site-packages/oslo_config/cfg.py:3534}}
Aug 12 20:02:25.999758 np0000007106 devstack@n-api-meta.service[92815]: WARNING nova.api.metadata.handler [None req-8fcd04d5-d1df-4f9e-aa6b-8fad00968d02 None None] metadata_proxy_shared_secret is not configured, the metadata information returned by the proxy cannot be trusted
Aug 12 20:02:25.999874 np0000007106 devstack@n-api-meta.service[92817]: DEBUG nova.api.openstack.wsgi_app [None req-aa05d29a-513b-459d-a1f3-051322b4fa8c None None] instances_path = /opt/stack/data/nova/instances {{(pid=92817) log_opt_values /opt/stack/data/venv/lib/python3.12/site-packages/oslo_config/cfg.py:3534}}
Aug 12 20:02:26.000128 np0000007106 devstack@n-api-meta.service[92817]: DEBUG nova.api.openstack.wsgi_app [None req-aa05d29a-513b-459d-a1f3-051322b4fa8c None None] internal_service_availability_zone = internal {{(pid=92817) log_opt_values /opt/stack/data/venv/lib/python3.12/site-packages/oslo_config/cfg.py:3534}}
Aug 12 20:02:26.000128 np0000007106 devstack@n-api-meta.service[92817]: DEBUG nova.api.openstack.wsgi_app [None req-aa05d29a-513b-459d-a1f3-051322b4fa8c None None] key = None {{(pid=92817) log_opt_values /opt/stack/data/venv/lib/python3.12/site-packages/oslo_config/cfg.py:3534}}
Aug 12 20:02:26.000240 np0000007106 devstack@n-api-meta.service[92817]: DEBUG nova.api.openstack.wsgi_app [None req-aa05d29a-513b-459d-a1f3-051322b4fa8c None None] live_migration_retry_count = 30 {{(pid=92817) log_opt_values /opt/stack/data/venv/lib/python3.12/site-packages/oslo_config/cfg.py:3534}}
Aug 12 20:02:26.000367 np0000007106 devstack@n-api-meta.service[92817]: DEBUG nova.api.openstack.wsgi_app [None req-aa05d29a-513b-459d-a1f3-051322b4fa8c None None] log_color = False {{(pid=92817) log_opt_values /opt/stack/data/venv/lib/python3.12/site-packages/oslo_config/cfg.py:3534}}
Aug 12 20:02:26.000504 np0000007106 devstack@n-api-meta.service[92817]: DEBUG nova.api.openstack.wsgi_app [None req-aa05d29a-513b-459d-a1f3-051322b4fa8c None None] log_config_append = None {{(pid=92817) log_opt_values /opt/stack/data/venv/lib/python3.12/site-packages/oslo_config/cfg.py:3534}}
Aug 12 20:02:26.000626 np0000007106 devstack@n-api-meta.service[92817]: DEBUG nova.api.openstack.wsgi_app [None req-aa05d29a-513b-459d-a1f3-051322b4fa8c None None] log_date_format = %Y-%m-%d %H:%M:%S {{(pid=92817) log_opt_values /opt/stack/data/venv/lib/python3.12/site-packages/oslo_config/cfg.py:3534}}
Aug 12 20:02:26.000743 np0000007106 devstack@n-api-meta.service[92817]: DEBUG nova.api.openstack.wsgi_app [None req-aa05d29a-513b-459d-a1f3-051322b4fa8c None None] log_dir = None {{(pid=92817) log_opt_values /opt/stack/data/venv/lib/python3.12/site-packages/oslo_config/cfg.py:3534}}
Aug 12 20:02:26.000887 np0000007106 devstack@n-api-meta.service[92817]: DEBUG nova.api.openstack.wsgi_app [None req-aa05d29a-513b-459d-a1f3-051322b4fa8c None None] log_file = None {{(pid=92817) log_opt_values /opt/stack/data/venv/lib/python3.12/site-packages/oslo_config/cfg.py:3534}}
Aug 12 20:02:26.000981 np0000007106 devstack@n-api-meta.service[92817]: DEBUG nova.api.openstack.wsgi_app [None req-aa05d29a-513b-459d-a1f3-051322b4fa8c None None] log_options = True {{(pid=92817) log_opt_values /opt/stack/data/venv/lib/python3.12/site-packages/oslo_config/cfg.py:3534}}
Aug 12 20:02:26.001103 np0000007106 devstack@n-api-meta.service[92817]: DEBUG nova.api.openstack.wsgi_app [None req-aa05d29a-513b-459d-a1f3-051322b4fa8c None None] log_rotate_interval = 1 {{(pid=92817) log_opt_values /opt/stack/data/venv/lib/python3.12/site-packages/oslo_config/cfg.py:3534}}
Aug 12 20:02:26.001225 np0000007106 devstack@n-api-meta.service[92817]: DEBUG nova.api.openstack.wsgi_app [None req-aa05d29a-513b-459d-a1f3-051322b4fa8c None None] log_rotate_interval_type = days {{(pid=92817) log_opt_values /opt/stack/data/venv/lib/python3.12/site-packages/oslo_config/cfg.py:3534}}
Aug 12 20:02:26.001361 np0000007106 devstack@n-api-meta.service[92817]: DEBUG nova.api.openstack.wsgi_app [None req-aa05d29a-513b-459d-a1f3-051322b4fa8c None None] log_rotation_type = none {{(pid=92817) log_opt_values /opt/stack/data/venv/lib/python3.12/site-packages/oslo_config/cfg.py:3534}}
Aug 12 20:02:26.001465 np0000007106 devstack@n-api-meta.service[92817]: DEBUG nova.api.openstack.wsgi_app [None req-aa05d29a-513b-459d-a1f3-051322b4fa8c None None] logging_context_format_string = %(color)s%(levelname)s %(name)s [%(global_request_id)s %(request_id)s %(project_name)s %(user_name)s%(color)s] %(instance)s%(color)s%(message)s {{(pid=92817) log_opt_values /opt/stack/data/venv/lib/python3.12/site-packages/oslo_config/cfg.py:3534}}
Aug 12 20:02:26.001562 np0000007106 devstack@n-api-meta.service[92817]: DEBUG nova.api.openstack.wsgi_app [None req-aa05d29a-513b-459d-a1f3-051322b4fa8c None None] logging_debug_format_suffix = {{(pid=%(process)d) %(funcName)s %(pathname)s:%(lineno)d}} {{(pid=92817) log_opt_values /opt/stack/data/venv/lib/python3.12/site-packages/oslo_config/cfg.py:3534}}
Aug 12 20:02:26.001686 np0000007106 devstack@n-api-meta.service[92817]: DEBUG nova.api.openstack.wsgi_app [None req-aa05d29a-513b-459d-a1f3-051322b4fa8c None None] logging_default_format_string = %(color)s%(levelname)s %(name)s [-%(color)s] %(instance)s%(color)s%(message)s {{(pid=92817) log_opt_values /opt/stack/data/venv/lib/python3.12/site-packages/oslo_config/cfg.py:3534}}
Aug 12 20:02:26.001831 np0000007106 devstack@n-api-meta.service[92817]: DEBUG nova.api.openstack.wsgi_app [None req-aa05d29a-513b-459d-a1f3-051322b4fa8c None None] logging_exception_prefix = ERROR %(name)s %(instance)s {{(pid=92817) log_opt_values /opt/stack/data/venv/lib/python3.12/site-packages/oslo_config/cfg.py:3534}}
Aug 12 20:02:26.001927 np0000007106 devstack@n-api-meta.service[92817]: DEBUG nova.api.openstack.wsgi_app [None req-aa05d29a-513b-459d-a1f3-051322b4fa8c None None] logging_user_identity_format = %(user)s %(project)s %(domain)s %(system_scope)s %(user_domain)s %(project_domain)s {{(pid=92817) log_opt_values /opt/stack/data/venv/lib/python3.12/site-packages/oslo_config/cfg.py:3534}}
Aug 12 20:02:26.002043 np0000007106 devstack@n-api-meta.service[92817]: DEBUG nova.api.openstack.wsgi_app [None req-aa05d29a-513b-459d-a1f3-051322b4fa8c None None] long_rpc_timeout = 1800 {{(pid=92817) log_opt_values /opt/stack/data/venv/lib/python3.12/site-packages/oslo_config/cfg.py:3534}}
Aug 12 20:02:26.002156 np0000007106 devstack@n-api-meta.service[92817]: DEBUG nova.api.openstack.wsgi_app [None req-aa05d29a-513b-459d-a1f3-051322b4fa8c None None] manager_shutdown_timeout = 160 {{(pid=92817) log_opt_values /opt/stack/data/venv/lib/python3.12/site-packages/oslo_config/cfg.py:3534}}
Aug 12 20:02:26.002270 np0000007106 devstack@n-api-meta.service[92817]: DEBUG nova.api.openstack.wsgi_app [None req-aa05d29a-513b-459d-a1f3-051322b4fa8c None None] max_concurrent_builds = 10 {{(pid=92817) log_opt_values /opt/stack/data/venv/lib/python3.12/site-packages/oslo_config/cfg.py:3534}}
Aug 12 20:02:26.002416 np0000007106 devstack@n-api-meta.service[92817]: DEBUG nova.api.openstack.wsgi_app [None req-aa05d29a-513b-459d-a1f3-051322b4fa8c None None] max_concurrent_live_migrations = 1 {{(pid=92817) log_opt_values /opt/stack/data/venv/lib/python3.12/site-packages/oslo_config/cfg.py:3534}}
Aug 12 20:02:26.002531 np0000007106 devstack@n-api-meta.service[92817]: DEBUG nova.api.openstack.wsgi_app [None req-aa05d29a-513b-459d-a1f3-051322b4fa8c None None] max_concurrent_snapshots = 5 {{(pid=92817) log_opt_values /opt/stack/data/venv/lib/python3.12/site-packages/oslo_config/cfg.py:3534}}
Aug 12 20:02:26.002644 np0000007106 devstack@n-api-meta.service[92817]: DEBUG nova.api.openstack.wsgi_app [None req-aa05d29a-513b-459d-a1f3-051322b4fa8c None None] max_local_block_devices = 3 {{(pid=92817) log_opt_values /opt/stack/data/venv/lib/python3.12/site-packages/oslo_config/cfg.py:3534}}
Aug 12 20:02:26.002758 np0000007106 devstack@n-api-meta.service[92817]: DEBUG nova.api.openstack.wsgi_app [None req-aa05d29a-513b-459d-a1f3-051322b4fa8c None None] max_logfile_count = 30 {{(pid=92817) log_opt_values /opt/stack/data/venv/lib/python3.12/site-packages/oslo_config/cfg.py:3534}}
Aug 12 20:02:26.002902 np0000007106 devstack@n-api-meta.service[92817]: DEBUG nova.api.openstack.wsgi_app [None req-aa05d29a-513b-459d-a1f3-051322b4fa8c None None] max_logfile_size_mb = 200 {{(pid=92817) log_opt_values /opt/stack/data/venv/lib/python3.12/site-packages/oslo_config/cfg.py:3534}}
Aug 12 20:02:26.002966 np0000007106 devstack@n-api-meta.service[92815]: DEBUG nova.api.openstack.wsgi_app [None req-8fcd04d5-d1df-4f9e-aa6b-8fad00968d02 None None] ******************************************************************************** {{(pid=92815) log_opt_values /opt/stack/data/venv/lib/python3.12/site-packages/oslo_config/cfg.py:3518}}
Aug 12 20:02:26.003032 np0000007106 devstack@n-api-meta.service[92817]: DEBUG nova.api.openstack.wsgi_app [None req-aa05d29a-513b-459d-a1f3-051322b4fa8c None None] maximum_instance_delete_attempts = 5 {{(pid=92817) log_opt_values /opt/stack/data/venv/lib/python3.12/site-packages/oslo_config/cfg.py:3534}}
Aug 12 20:02:26.003111 np0000007106 devstack@n-api-meta.service[92815]: DEBUG nova.api.openstack.wsgi_app [None req-8fcd04d5-d1df-4f9e-aa6b-8fad00968d02 None None] Configuration options gathered from: {{(pid=92815) log_opt_values /opt/stack/data/venv/lib/python3.12/site-packages/oslo_config/cfg.py:3519}}
Aug 12 20:02:26.003168 np0000007106 devstack@n-api-meta.service[92817]: DEBUG nova.api.openstack.wsgi_app [None req-aa05d29a-513b-459d-a1f3-051322b4fa8c None None] migrate_max_retries = -1 {{(pid=92817) log_opt_values /opt/stack/data/venv/lib/python3.12/site-packages/oslo_config/cfg.py:3534}}
Aug 12 20:02:26.003256 np0000007106 devstack@n-api-meta.service[92815]: DEBUG nova.api.openstack.wsgi_app [None req-8fcd04d5-d1df-4f9e-aa6b-8fad00968d02 None None] command line args: [] {{(pid=92815) log_opt_values /opt/stack/data/venv/lib/python3.12/site-packages/oslo_config/cfg.py:3520}}
Aug 12 20:02:26.003311 np0000007106 devstack@n-api-meta.service[92817]: DEBUG nova.api.openstack.wsgi_app [None req-aa05d29a-513b-459d-a1f3-051322b4fa8c None None] mkisofs_cmd = genisoimage {{(pid=92817) log_opt_values /opt/stack/data/venv/lib/python3.12/site-packages/oslo_config/cfg.py:3534}}
Aug 12 20:02:26.003452 np0000007106 devstack@n-api-meta.service[92815]: DEBUG nova.api.openstack.wsgi_app [None req-8fcd04d5-d1df-4f9e-aa6b-8fad00968d02 None None] config files: ['/etc/nova/api-paste.ini', '/etc/nova/nova.conf'] {{(pid=92815) log_opt_values /opt/stack/data/venv/lib/python3.12/site-packages/oslo_config/cfg.py:3521}}
Aug 12 20:02:26.003525 np0000007106 devstack@n-api-meta.service[92816]: DEBUG dbcounter [-] [92816] Writer thread running {{(pid=92816) stat_writer /opt/stack/data/venv/lib/python3.12/site-packages/dbcounter.py:102}}
Aug 12 20:02:26.003583 np0000007106 devstack@n-api-meta.service[92817]: DEBUG nova.api.openstack.wsgi_app [None req-aa05d29a-513b-459d-a1f3-051322b4fa8c None None] my_block_storage_ip = 10.4.3.188 {{(pid=92817) log_opt_values /opt/stack/data/venv/lib/python3.12/site-packages/oslo_config/cfg.py:3534}}
