Aug 12 20:02:30.520549 np0000007106 nova-conductor[95869]: DEBUG cotyledon.oslo_config_glue [-] oslo_messaging_rabbit.rabbit_quorum_delivery_limit = 0 {{(pid=95869) log_opt_values /opt/stack/data/venv/lib/python3.12/site-packages/oslo_config/cfg.py:3545}}
Aug 12 20:02:30.520549 np0000007106 nova-conductor[95869]: DEBUG cotyledon.oslo_config_glue [-] oslo_messaging_rabbit.rabbit_quorum_max_memory_bytes = 0 {{(pid=95869) log_opt_values /opt/stack/data/venv/lib/python3.12/site-packages/oslo_config/cfg.py:3545}}
Aug 12 20:02:30.520549 np0000007106 nova-conductor[95869]: DEBUG cotyledon.oslo_config_glue [-] oslo_messaging_rabbit.rabbit_quorum_max_memory_length = 0 {{(pid=95869) log_opt_values /opt/stack/data/venv/lib/python3.12/site-packages/oslo_config/cfg.py:3545}}
Aug 12 20:02:30.520549 np0000007106 nova-conductor[95869]: DEBUG cotyledon.oslo_config_glue [-] oslo_messaging_rabbit.rabbit_quorum_queue = False {{(pid=95869) log_opt_values /opt/stack/data/venv/lib/python3.12/site-packages/oslo_config/cfg.py:3545}}
Aug 12 20:02:30.520739 np0000007106 nova-conductor[95869]: DEBUG cotyledon.oslo_config_glue [-] oslo_messaging_rabbit.rabbit_retry_backoff = 2 {{(pid=95869) log_opt_values /opt/stack/data/venv/lib/python3.12/site-packages/oslo_config/cfg.py:3545}}
Aug 12 20:02:30.520739 np0000007106 nova-conductor[95869]: DEBUG cotyledon.oslo_config_glue [-] oslo_messaging_rabbit.rabbit_retry_interval = 1 {{(pid=95869) log_opt_values /opt/stack/data/venv/lib/python3.12/site-packages/oslo_config/cfg.py:3545}}
Aug 12 20:02:30.520739 np0000007106 nova-conductor[95869]: DEBUG cotyledon.oslo_config_glue [-] oslo_messaging_rabbit.rabbit_stream_fanout = False {{(pid=95869) log_opt_values /opt/stack/data/venv/lib/python3.12/site-packages/oslo_config/cfg.py:3545}}
Aug 12 20:02:30.520739 np0000007106 nova-conductor[95869]: DEBUG cotyledon.oslo_config_glue [-] oslo_messaging_rabbit.rabbit_transient_queues_ttl = 1800 {{(pid=95869) log_opt_values /opt/stack/data/venv/lib/python3.12/site-packages/oslo_config/cfg.py:3545}}
Aug 12 20:02:30.520739 np0000007106 nova-conductor[95869]: DEBUG cotyledon.oslo_config_glue [-] oslo_messaging_rabbit.rabbit_transient_quorum_queue = False {{(pid=95869) log_opt_values /opt/stack/data/venv/lib/python3.12/site-packages/oslo_config/cfg.py:3545}}
Aug 12 20:02:30.520739 np0000007106 nova-conductor[95869]: DEBUG cotyledon.oslo_config_glue [-] oslo_messaging_rabbit.rpc_conn_pool_size = 30 {{(pid=95869) log_opt_values /opt/stack/data/venv/lib/python3.12/site-packages/oslo_config/cfg.py:3545}}
Aug 12 20:02:30.520739 np0000007106 nova-conductor[95869]: DEBUG cotyledon.oslo_config_glue [-] oslo_messaging_rabbit.ssl = False {{(pid=95869) log_opt_values /opt/stack/data/venv/lib/python3.12/site-packages/oslo_config/cfg.py:3545}}
Aug 12 20:02:30.520739 np0000007106 nova-conductor[95869]: DEBUG cotyledon.oslo_config_glue [-] oslo_messaging_rabbit.ssl_ca_file = {{(pid=95869) log_opt_values /opt/stack/data/venv/lib/python3.12/site-packages/oslo_config/cfg.py:3545}}
Aug 12 20:02:30.520739 np0000007106 nova-conductor[95869]: DEBUG cotyledon.oslo_config_glue [-] oslo_messaging_rabbit.ssl_cert_file = {{(pid=95869) log_opt_values /opt/stack/data/venv/lib/python3.12/site-packages/oslo_config/cfg.py:3545}}
Aug 12 20:02:30.520927 np0000007106 nova-conductor[95869]: DEBUG cotyledon.oslo_config_glue [-] oslo_messaging_rabbit.ssl_enforce_fips_mode = False {{(pid=95869) log_opt_values /opt/stack/data/venv/lib/python3.12/site-packages/oslo_config/cfg.py:3545}}
Aug 12 20:02:30.520927 np0000007106 nova-conductor[95869]: DEBUG cotyledon.oslo_config_glue [-] oslo_messaging_rabbit.ssl_enforce_hostname_verification = True {{(pid=95869) log_opt_values /opt/stack/data/venv/lib/python3.12/site-packages/oslo_config/cfg.py:3545}}
Aug 12 20:02:30.520927 np0000007106 nova-conductor[95869]: DEBUG cotyledon.oslo_config_glue [-] oslo_messaging_rabbit.ssl_key_file = {{(pid=95869) log_opt_values /opt/stack/data/venv/lib/python3.12/site-packages/oslo_config/cfg.py:3545}}
Aug 12 20:02:30.520927 np0000007106 nova-conductor[95869]: DEBUG cotyledon.oslo_config_glue [-] oslo_messaging_rabbit.ssl_version = {{(pid=95869) log_opt_values /opt/stack/data/venv/lib/python3.12/site-packages/oslo_config/cfg.py:3545}}
Aug 12 20:02:30.520927 np0000007106 nova-conductor[95869]: DEBUG cotyledon.oslo_config_glue [-] oslo_messaging_rabbit.use_queue_manager = False {{(pid=95869) log_opt_values /opt/stack/data/venv/lib/python3.12/site-packages/oslo_config/cfg.py:3545}}
Aug 12 20:02:30.520927 np0000007106 nova-conductor[95869]: DEBUG cotyledon.oslo_config_glue [-] oslo_messaging_notifications.driver = ['messagingv2'] {{(pid=95869) log_opt_values /opt/stack/data/venv/lib/python3.12/site-packages/oslo_config/cfg.py:3545}}
Aug 12 20:02:30.520927 np0000007106 nova-conductor[95869]: DEBUG cotyledon.oslo_config_glue [-] oslo_messaging_notifications.retry = -1 {{(pid=95869) log_opt_values /opt/stack/data/venv/lib/python3.12/site-packages/oslo_config/cfg.py:3545}}
Aug 12 20:02:30.520927 np0000007106 nova-conductor[95869]: DEBUG cotyledon.oslo_config_glue [-] oslo_messaging_notifications.topics = ['notifications'] {{(pid=95869) log_opt_values /opt/stack/data/venv/lib/python3.12/site-packages/oslo_config/cfg.py:3545}}
Aug 12 20:02:30.520927 np0000007106 nova-conductor[95869]: DEBUG cotyledon.oslo_config_glue [-] oslo_messaging_notifications.transport_url = **** {{(pid=95869) log_opt_values /opt/stack/data/venv/lib/python3.12/site-packages/oslo_config/cfg.py:3545}}
Aug 12 20:02:30.521100 np0000007106 nova-conductor[95869]: DEBUG cotyledon.oslo_config_glue [-] oslo_limit.auth_section = None {{(pid=95869) log_opt_values /opt/stack/data/venv/lib/python3.12/site-packages/oslo_config/cfg.py:3545}}
Aug 12 20:02:30.521100 np0000007106 nova-conductor[95869]: DEBUG cotyledon.oslo_config_glue [-] oslo_limit.auth_type = None {{(pid=95869) log_opt_values /opt/stack/data/venv/lib/python3.12/site-packages/oslo_config/cfg.py:3545}}
Aug 12 20:02:30.521100 np0000007106 nova-conductor[95869]: DEBUG cotyledon.oslo_config_glue [-] oslo_limit.cafile = None {{(pid=95869) log_opt_values /opt/stack/data/venv/lib/python3.12/site-packages/oslo_config/cfg.py:3545}}
Aug 12 20:02:30.521100 np0000007106 nova-conductor[95869]: DEBUG cotyledon.oslo_config_glue [-] oslo_limit.certfile = None {{(pid=95869) log_opt_values /opt/stack/data/venv/lib/python3.12/site-packages/oslo_config/cfg.py:3545}}
Aug 12 20:02:30.521100 np0000007106 nova-conductor[95869]: DEBUG cotyledon.oslo_config_glue [-] oslo_limit.collect_timing = False {{(pid=95869) log_opt_values /opt/stack/data/venv/lib/python3.12/site-packages/oslo_config/cfg.py:3545}}
Aug 12 20:02:30.521100 np0000007106 nova-conductor[95869]: DEBUG cotyledon.oslo_config_glue [-] oslo_limit.connect_retries = None {{(pid=95869) log_opt_values /opt/stack/data/venv/lib/python3.12/site-packages/oslo_config/cfg.py:3545}}
Aug 12 20:02:30.521100 np0000007106 nova-conductor[95869]: DEBUG cotyledon.oslo_config_glue [-] oslo_limit.connect_retry_delay = None {{(pid=95869) log_opt_values /opt/stack/data/venv/lib/python3.12/site-packages/oslo_config/cfg.py:3545}}
Aug 12 20:02:30.521100 np0000007106 nova-conductor[95869]: DEBUG cotyledon.oslo_config_glue [-] oslo_limit.endpoint_id = None {{(pid=95869) log_opt_values /opt/stack/data/venv/lib/python3.12/site-packages/oslo_config/cfg.py:3545}}
Aug 12 20:02:30.521100 np0000007106 nova-conductor[95869]: DEBUG cotyledon.oslo_config_glue [-] oslo_limit.endpoint_interface = public {{(pid=95869) log_opt_values /opt/stack/data/venv/lib/python3.12/site-packages/oslo_config/cfg.py:3545}}
Aug 12 20:02:30.521262 np0000007106 nova-conductor[95869]: DEBUG cotyledon.oslo_config_glue [-] oslo_limit.endpoint_override = None {{(pid=95869) log_opt_values /opt/stack/data/venv/lib/python3.12/site-packages/oslo_config/cfg.py:3545}}
Aug 12 20:02:30.521262 np0000007106 nova-conductor[95869]: DEBUG cotyledon.oslo_config_glue [-] oslo_limit.endpoint_region_name = None {{(pid=95869) log_opt_values /opt/stack/data/venv/lib/python3.12/site-packages/oslo_config/cfg.py:3545}}
Aug 12 20:02:30.521262 np0000007106 nova-conductor[95869]: DEBUG cotyledon.oslo_config_glue [-] oslo_limit.endpoint_service_name = None {{(pid=95869) log_opt_values /opt/stack/data/venv/lib/python3.12/site-packages/oslo_config/cfg.py:3545}}
Aug 12 20:02:30.521262 np0000007106 nova-conductor[95869]: DEBUG cotyledon.oslo_config_glue [-] oslo_limit.endpoint_service_type = None {{(pid=95869) log_opt_values /opt/stack/data/venv/lib/python3.12/site-packages/oslo_config/cfg.py:3545}}
Aug 12 20:02:30.521262 np0000007106 nova-conductor[95869]: DEBUG cotyledon.oslo_config_glue [-] oslo_limit.insecure = False {{(pid=95869) log_opt_values /opt/stack/data/venv/lib/python3.12/site-packages/oslo_config/cfg.py:3545}}
Aug 12 20:02:30.521262 np0000007106 nova-conductor[95869]: DEBUG cotyledon.oslo_config_glue [-] oslo_limit.keyfile = None {{(pid=95869) log_opt_values /opt/stack/data/venv/lib/python3.12/site-packages/oslo_config/cfg.py:3545}}
Aug 12 20:02:30.521262 np0000007106 nova-conductor[95869]: DEBUG cotyledon.oslo_config_glue [-] oslo_limit.max_version = None {{(pid=95869) log_opt_values /opt/stack/data/venv/lib/python3.12/site-packages/oslo_config/cfg.py:3545}}
Aug 12 20:02:30.521262 np0000007106 nova-conductor[95869]: DEBUG cotyledon.oslo_config_glue [-] oslo_limit.min_version = None {{(pid=95869) log_opt_values /opt/stack/data/venv/lib/python3.12/site-packages/oslo_config/cfg.py:3545}}
Aug 12 20:02:30.521262 np0000007106 nova-conductor[95869]: DEBUG cotyledon.oslo_config_glue [-] oslo_limit.region_name = None {{(pid=95869) log_opt_values /opt/stack/data/venv/lib/python3.12/site-packages/oslo_config/cfg.py:3545}}
Aug 12 20:02:30.521440 np0000007106 nova-conductor[95869]: DEBUG cotyledon.oslo_config_glue [-] oslo_limit.retriable_status_codes = None {{(pid=95869) log_opt_values /opt/stack/data/venv/lib/python3.12/site-packages/oslo_config/cfg.py:3545}}
Aug 12 20:02:30.521440 np0000007106 nova-conductor[95869]: DEBUG cotyledon.oslo_config_glue [-] oslo_limit.service_name = None {{(pid=95869) log_opt_values /opt/stack/data/venv/lib/python3.12/site-packages/oslo_config/cfg.py:3545}}
Aug 12 20:02:30.521440 np0000007106 nova-conductor[95869]: DEBUG cotyledon.oslo_config_glue [-] oslo_limit.service_type = None {{(pid=95869) log_opt_values /opt/stack/data/venv/lib/python3.12/site-packages/oslo_config/cfg.py:3545}}
Aug 12 20:02:30.521440 np0000007106 nova-conductor[95869]: DEBUG cotyledon.oslo_config_glue [-] oslo_limit.split_loggers = False {{(pid=95869) log_opt_values /opt/stack/data/venv/lib/python3.12/site-packages/oslo_config/cfg.py:3545}}
Aug 12 20:02:30.521440 np0000007106 nova-conductor[95869]: DEBUG cotyledon.oslo_config_glue [-] oslo_limit.status_code_retries = None {{(pid=95869) log_opt_values /opt/stack/data/venv/lib/python3.12/site-packages/oslo_config/cfg.py:3545}}
Aug 12 20:02:30.521440 np0000007106 nova-conductor[95869]: DEBUG cotyledon.oslo_config_glue [-] oslo_limit.status_code_retry_delay = None {{(pid=95869) log_opt_values /opt/stack/data/venv/lib/python3.12/site-packages/oslo_config/cfg.py:3545}}
Aug 12 20:02:30.521440 np0000007106 nova-conductor[95869]: DEBUG cotyledon.oslo_config_glue [-] oslo_limit.timeout = None {{(pid=95869) log_opt_values /opt/stack/data/venv/lib/python3.12/site-packages/oslo_config/cfg.py:3545}}
Aug 12 20:02:30.521440 np0000007106 nova-conductor[95869]: DEBUG cotyledon.oslo_config_glue [-] oslo_limit.valid_interfaces = None {{(pid=95869) log_opt_values /opt/stack/data/venv/lib/python3.12/site-packages/oslo_config/cfg.py:3545}}
Aug 12 20:02:30.521440 np0000007106 nova-conductor[95869]: DEBUG cotyledon.oslo_config_glue [-] oslo_limit.version = None {{(pid=95869) log_opt_values /opt/stack/data/venv/lib/python3.12/site-packages/oslo_config/cfg.py:3545}}
Aug 12 20:02:30.521631 np0000007106 nova-conductor[95869]: DEBUG cotyledon.oslo_config_glue [-] oslo_reports.file_event_handler = None {{(pid=95869) log_opt_values /opt/stack/data/venv/lib/python3.12/site-packages/oslo_config/cfg.py:3545}}
Aug 12 20:02:30.521631 np0000007106 nova-conductor[95869]: DEBUG cotyledon.oslo_config_glue [-] oslo_reports.file_event_handler_interval = 1 {{(pid=95869) log_opt_values /opt/stack/data/venv/lib/python3.12/site-packages/oslo_config/cfg.py:3545}}
Aug 12 20:02:30.521631 np0000007106 nova-conductor[95869]: DEBUG cotyledon.oslo_config_glue [-] oslo_reports.log_dir = None {{(pid=95869) log_opt_values /opt/stack/data/venv/lib/python3.12/site-packages/oslo_config/cfg.py:3545}}
Aug 12 20:02:30.521631 np0000007106 nova-conductor[95869]: DEBUG cotyledon.oslo_config_glue [-] ******************************************************************************** {{(pid=95869) log_opt_values /opt/stack/data/venv/lib/python3.12/site-packages/oslo_config/cfg.py:3552}}
Aug 12 20:02:30.521631 np0000007106 nova-conductor[95869]: DEBUG cotyledon._service_worker [-] Run service ServiceWrapper(2) [95869] {{(pid=95869) wait_forever /opt/stack/data/venv/lib/python3.12/site-packages/cotyledon/_service_worker.py:218}}
Aug 12 20:02:30.521631 np0000007106 nova-conductor[95869]: INFO nova.service [-] Starting conductor node (version 33.1.0)
Aug 12 20:02:30.521631 np0000007106 nova-conductor[95869]: INFO dbcounter [None req-78ed0d3f-f7ce-4b55-99e3-6a577ea790f5 None None] Registered counter for database nova_cell0
Aug 12 20:02:30.521830 np0000007106 nova-conductor[95855]: DEBUG oslo_db.sqlalchemy.engines [None req-73533db9-a40e-42b8-b6a9-72e2168f88ee None None] MySQL server mode set to STRICT_TRANS_TABLES,STRICT_ALL_TABLES,NO_ZERO_IN_DATE,NO_ZERO_DATE,ERROR_FOR_DIVISION_BY_ZERO,TRADITIONAL,NO_ENGINE_SUBSTITUTION {{(pid=95855) _check_effective_sql_mode /opt/stack/data/venv/lib/python3.12/site-packages/oslo_db/sqlalchemy/engines.py:325}}
Aug 12 20:02:30.526927 np0000007106 nova-conductor[95855]: DEBUG dbcounter [-] [95855] Writer thread running {{(pid=95855) stat_writer /opt/stack/data/venv/lib/python3.12/site-packages/dbcounter.py:102}}
Aug 12 20:02:30.539662 np0000007106 nova-conductor[95863]: DEBUG oslo_db.sqlalchemy.engines [None req-17040f6b-eefa-42fd-a621-9226d1958dbf None None] MySQL server mode set to STRICT_TRANS_TABLES,STRICT_ALL_TABLES,NO_ZERO_IN_DATE,NO_ZERO_DATE,ERROR_FOR_DIVISION_BY_ZERO,TRADITIONAL,NO_ENGINE_SUBSTITUTION {{(pid=95863) _check_effective_sql_mode /opt/stack/data/venv/lib/python3.12/site-packages/oslo_db/sqlalchemy/engines.py:325}}
Aug 12 20:02:30.540238 np0000007106 nova-conductor[95855]: DEBUG nova.service [None req-73533db9-a40e-42b8-b6a9-72e2168f88ee None None] Creating RPC server for service: nova-conductor on topic: conductor {{(pid=95855) start /opt/stack/nova/nova/service.py:196}}
Aug 12 20:02:30.549025 np0000007106 nova-conductor[95863]: DEBUG dbcounter [-] [95863] Writer thread running {{(pid=95863) stat_writer /opt/stack/data/venv/lib/python3.12/site-packages/dbcounter.py:102}}
Aug 12 20:02:30.549876 np0000007106 nova-conductor[95869]: DEBUG oslo_db.sqlalchemy.engines [None req-78ed0d3f-f7ce-4b55-99e3-6a577ea790f5 None None] MySQL server mode set to STRICT_TRANS_TABLES,STRICT_ALL_TABLES,NO_ZERO_IN_DATE,NO_ZERO_DATE,ERROR_FOR_DIVISION_BY_ZERO,TRADITIONAL,NO_ENGINE_SUBSTITUTION {{(pid=95869) _check_effective_sql_mode /opt/stack/data/venv/lib/python3.12/site-packages/oslo_db/sqlalchemy/engines.py:325}}
Aug 12 20:02:30.551586 np0000007106 nova-conductor[95863]: DEBUG nova.service [None req-17040f6b-eefa-42fd-a621-9226d1958dbf None None] Creating RPC server for service: nova-conductor on topic: conductor {{(pid=95863) start /opt/stack/nova/nova/service.py:196}}
Aug 12 20:02:30.560806 np0000007106 nova-conductor[95869]: DEBUG dbcounter [-] [95869] Writer thread running {{(pid=95869) stat_writer /opt/stack/data/venv/lib/python3.12/site-packages/dbcounter.py:102}}
Aug 12 20:02:30.564261 np0000007106 nova-conductor[95869]: DEBUG nova.service [None req-78ed0d3f-f7ce-4b55-99e3-6a577ea790f5 None None] Creating RPC server for service: nova-conductor on topic: conductor {{(pid=95869) start /opt/stack/nova/nova/service.py:196}}
Aug 12 20:02:30.566587 np0000007106 nova-conductor[95855]: DEBUG nova.service [None req-73533db9-a40e-42b8-b6a9-72e2168f88ee None None] Join ServiceGroup membership for this service conductor {{(pid=95855) start /opt/stack/nova/nova/service.py:222}}
Aug 12 20:02:30.566750 np0000007106 nova-conductor[95855]: DEBUG nova.servicegroup.drivers.db [None req-73533db9-a40e-42b8-b6a9-72e2168f88ee None None] DB_Driver: join new ServiceGroup member np0000007106 to the conductor group, service = {{(pid=95855) join /opt/stack/nova/nova/servicegroup/drivers/db.py:44}}
Aug 12 20:02:30.567926 np0000007106 nova-conductor[95863]: DEBUG nova.service [None req-17040f6b-eefa-42fd-a621-9226d1958dbf None None] Join ServiceGroup membership for this service conductor {{(pid=95863) start /opt/stack/nova/nova/service.py:222}}
Aug 12 20:02:30.568194 np0000007106 nova-conductor[95863]: DEBUG nova.servicegroup.drivers.db [None req-17040f6b-eefa-42fd-a621-9226d1958dbf None None] DB_Driver: join new ServiceGroup member np0000007106 to the conductor group, service = {{(pid=95863) join /opt/stack/nova/nova/servicegroup/drivers/db.py:44}}
Aug 12 20:02:30.583512 np0000007106 nova-conductor[95869]: DEBUG nova.service [None req-78ed0d3f-f7ce-4b55-99e3-6a577ea790f5 None None] Join ServiceGroup membership for this service conductor {{(pid=95869) start /opt/stack/nova/nova/service.py:222}}
Aug 12 20:02:30.583730 np0000007106 nova-conductor[95869]: DEBUG nova.servicegroup.drivers.db [None req-78ed0d3f-f7ce-4b55-99e3-6a577ea790f5 None None] DB_Driver: join new ServiceGroup member np0000007106 to the conductor group, service = {{(pid=95869) join /opt/stack/nova/nova/servicegroup/drivers/db.py:44}}
Aug 12 20:02:34.585635 np0000007106 nova-conductor[95869]: DEBUG oslo.service.backend._threading.loopingcall [None req-42290fbb-f7d4-4790-8deb-58f143a7af59 None None] Dynamic interval looping call 'nova.service.Service.periodic_tasks' sleeping for 60.00 seconds {{(pid=95869) _run_loop /opt/stack/data/venv/lib/python3.12/site-packages/oslo_service/backend/_threading/loopingcall.py:125}}
Aug 12 20:02:35.586595 np0000007106 nova-conductor[95855]: DEBUG oslo.service.backend._threading.loopingcall [-] Fixed interval looping call 'nova.servicegroup.drivers.db.DbDriver._report_state' sleeping for 119.98 seconds {{(pid=95855) _run_loop /opt/stack/data/venv/lib/python3.12/site-packages/oslo_service/backend/_threading/loopingcall.py:125}}
Aug 12 20:02:35.588002 np0000007106 nova-conductor[95863]: DEBUG oslo.service.backend._threading.loopingcall [-] Fixed interval looping call 'nova.servicegroup.drivers.db.DbDriver._report_state' sleeping for 119.98 seconds {{(pid=95863) _run_loop /opt/stack/data/venv/lib/python3.12/site-packages/oslo_service/backend/_threading/loopingcall.py:125}}
Aug 12 20:02:35.596169 np0000007106 nova-conductor[95869]: DEBUG oslo.service.backend._threading.loopingcall [-] Fixed interval looping call 'nova.servicegroup.drivers.db.DbDriver._report_state' sleeping for 119.99 seconds {{(pid=95869) _run_loop /opt/stack/data/venv/lib/python3.12/site-packages/oslo_service/backend/_threading/loopingcall.py:125}}
Aug 12 20:02:39.197397 np0000007106 nova-conductor[94390]: DEBUG dbcounter [-] [94390] Writing DB stats nova_api:SELECT=1 {{(pid=94390) stat_writer /opt/stack/data/venv/lib/python3.12/site-packages/dbcounter.py:115}}
Aug 12 20:02:39.321674 np0000007106 nova-conductor[94390]: DEBUG dbcounter [-] [94390] Writing DB stats nova_cell1:SELECT=1 {{(pid=94390) stat_writer /opt/stack/data/venv/lib/python3.12/site-packages/dbcounter.py:115}}
Aug 12 20:02:39.328813 np0000007106 nova-conductor[94390]: DEBUG dbcounter [-] [94390] Writing DB stats nova_cell0:SELECT=1 {{(pid=94390) stat_writer /opt/stack/data/venv/lib/python3.12/site-packages/dbcounter.py:115}}
Aug 12 20:02:45.577020 np0000007106 nova-conductor[95855]: DEBUG dbcounter [-] [95855] Writing DB stats nova_cell0:SELECT=4,nova_cell0:INSERT=1,nova_cell0:UPDATE=1 {{(pid=95855) stat_writer /opt/stack/data/venv/lib/python3.12/site-packages/dbcounter.py:115}}
Aug 12 20:02:45.581792 np0000007106 nova-conductor[95863]: DEBUG dbcounter [-] [95863] Writing DB stats nova_cell0:SELECT=3,nova_cell0:UPDATE=1 {{(pid=95863) stat_writer /opt/stack/data/venv/lib/python3.12/site-packages/dbcounter.py:115}}
Aug 12 20:02:45.592694 np0000007106 nova-conductor[95869]: DEBUG dbcounter [-] [95869] Writing DB stats nova_cell0:SELECT=3 {{(pid=95869) stat_writer /opt/stack/data/venv/lib/python3.12/site-packages/dbcounter.py:115}}
Aug 12 20:02:55.569939 np0000007106 nova-conductor[95863]: DEBUG oslo.service.backend._threading.loopingcall [None req-dbb668f5-85ab-4f25-8704-c3ee4bc0df02 None None] Dynamic interval looping call 'nova.service.Service.periodic_tasks' sleeping for 60.00 seconds {{(pid=95863) _run_loop /opt/stack/data/venv/lib/python3.12/site-packages/oslo_service/backend/_threading/loopingcall.py:125}}
Aug 12 20:03:14.568735 np0000007106 nova-conductor[95855]: DEBUG oslo.service.backend._threading.loopingcall [None req-24ef30e9-d231-4ae8-8d81-cf278e1fe543 None None] Dynamic interval looping call 'nova.service.Service.periodic_tasks' sleeping for 60.00 seconds {{(pid=95855) _run_loop /opt/stack/data/venv/lib/python3.12/site-packages/oslo_service/backend/_threading/loopingcall.py:125}}
Aug 12 20:03:34.586810 np0000007106 nova-conductor[95869]: DEBUG oslo.service.backend._threading.loopingcall [None req-42290fbb-f7d4-4790-8deb-58f143a7af59 None None] Dynamic interval looping call 'nova.service.Service.periodic_tasks' sleeping for 60.00 seconds {{(pid=95869) _run_loop /opt/stack/data/venv/lib/python3.12/site-packages/oslo_service/backend/_threading/loopingcall.py:125}}
Aug 12 20:03:55.570434 np0000007106 nova-conductor[95863]: DEBUG oslo.service.backend._threading.loopingcall [None req-dbb668f5-85ab-4f25-8704-c3ee4bc0df02 None None] Dynamic interval looping call 'nova.service.Service.periodic_tasks' sleeping for 60.00 seconds {{(pid=95863) _run_loop /opt/stack/data/venv/lib/python3.12/site-packages/oslo_service/backend/_threading/loopingcall.py:125}}
Aug 12 20:04:14.569218 np0000007106 nova-conductor[95855]: DEBUG oslo.service.backend._threading.loopingcall [None req-24ef30e9-d231-4ae8-8d81-cf278e1fe543 None None] Dynamic interval looping call 'nova.service.Service.periodic_tasks' sleeping for 60.00 seconds {{(pid=95855) _run_loop /opt/stack/data/venv/lib/python3.12/site-packages/oslo_service/backend/_threading/loopingcall.py:125}}
Aug 12 20:04:34.586688 np0000007106 nova-conductor[95869]: DEBUG oslo.service.backend._threading.loopingcall [None req-42290fbb-f7d4-4790-8deb-58f143a7af59 None None] Dynamic interval looping call 'nova.service.Service.periodic_tasks' sleeping for 60.00 seconds {{(pid=95869) _run_loop /opt/stack/data/venv/lib/python3.12/site-packages/oslo_service/backend/_threading/loopingcall.py:125}}
Aug 12 20:04:35.574387 np0000007106 nova-conductor[95855]: DEBUG oslo.service.backend._threading.loopingcall [-] Fixed interval looping call 'nova.servicegroup.drivers.db.DbDriver._report_state' sleeping for 119.99 seconds {{(pid=95855) _run_loop /opt/stack/data/venv/lib/python3.12/site-packages/oslo_service/backend/_threading/loopingcall.py:125}}
Aug 12 20:04:35.574784 np0000007106 nova-conductor[95863]: DEBUG oslo.service.backend._threading.loopingcall [-] Fixed interval looping call 'nova.servicegroup.drivers.db.DbDriver._report_state' sleeping for 119.99 seconds {{(pid=95863) _run_loop /opt/stack/data/venv/lib/python3.12/site-packages/oslo_service/backend/_threading/loopingcall.py:125}}
Aug 12 20:04:35.589939 np0000007106 nova-conductor[95869]: DEBUG oslo.service.backend._threading.loopingcall [-] Fixed interval looping call 'nova.servicegroup.drivers.db.DbDriver._report_state' sleeping for 120.00 seconds {{(pid=95869) _run_loop /opt/stack/data/venv/lib/python3.12/site-packages/oslo_service/backend/_threading/loopingcall.py:125}}
Aug 12 20:04:45.569872 np0000007106 nova-conductor[95855]: DEBUG dbcounter [-] [95855] Writing DB stats nova_cell0:SELECT=1,nova_cell0:UPDATE=1 {{(pid=95855) stat_writer /opt/stack/data/venv/lib/python3.12/site-packages/dbcounter.py:115}}
Aug 12 20:04:45.571995 np0000007106 nova-conductor[95863]: DEBUG dbcounter [-] [95863] Writing DB stats nova_cell0:SELECT=1,nova_cell0:UPDATE=1 {{(pid=95863) stat_writer /opt/stack/data/venv/lib/python3.12/site-packages/dbcounter.py:115}}
Aug 12 20:04:45.591110 np0000007106 nova-conductor[95869]: DEBUG dbcounter [-] [95869] Writing DB stats nova_cell0:SELECT=1 {{(pid=95869) stat_writer /opt/stack/data/venv/lib/python3.12/site-packages/dbcounter.py:115}}
Aug 12 20:04:55.571143 np0000007106 nova-conductor[95863]: DEBUG oslo.service.backend._threading.loopingcall [None req-dbb668f5-85ab-4f25-8704-c3ee4bc0df02 None None] Dynamic interval looping call 'nova.service.Service.periodic_tasks' sleeping for 60.00 seconds {{(pid=95863) _run_loop /opt/stack/data/venv/lib/python3.12/site-packages/oslo_service/backend/_threading/loopingcall.py:125}}
Aug 12 20:05:04.552861 np0000007106 nova-conductor[95855]: DEBUG oslo_db.sqlalchemy.engines [None req-2c82d902-af6a-4d06-8190-93ecf351259d tempest-DeleteServersTestJSON-1508640513 tempest-DeleteServersTestJSON-1508640513-project-member] Parent process 94390 forked (95855) with an open database connection, which is being discarded and recreated. {{(pid=95855) checkout /opt/stack/data/venv/lib/python3.12/site-packages/oslo_db/sqlalchemy/engines.py:402}}
Aug 12 20:05:04.591862 np0000007106 nova-conductor[95855]: DEBUG dbcounter [-] [95855] Writer thread running {{(pid=95855) stat_writer /opt/stack/data/venv/lib/python3.12/site-packages/dbcounter.py:102}}
Aug 12 20:05:05.377730 np0000007106 nova-conductor[95855]: DEBUG nova.conductor.manager [None req-2c82d902-af6a-4d06-8190-93ecf351259d tempest-DeleteServersTestJSON-1508640513 tempest-DeleteServersTestJSON-1508640513-project-member] Took 0.78 seconds to select destinations for 1 instance(s). {{(pid=95855) _schedule_instances /opt/stack/nova/nova/conductor/manager.py:968}}
Aug 12 20:05:05.402588 np0000007106 nova-conductor[95855]: DEBUG oslo_concurrency.lockutils [None req-2c82d902-af6a-4d06-8190-93ecf351259d tempest-DeleteServersTestJSON-1508640513 tempest-DeleteServersTestJSON-1508640513-project-member] Acquiring lock "5aa41ae7-20ac-417a-a008-71cfba768b7c" by "nova.context.set_target_cell..get_or_set_cached_cell_and_set_connections" {{(pid=95855) inner /opt/stack/data/venv/lib/python3.12/site-packages/oslo_concurrency/lockutils.py:512}}
Aug 12 20:05:05.402860 np0000007106 nova-conductor[95855]: DEBUG oslo_concurrency.lockutils [None req-2c82d902-af6a-4d06-8190-93ecf351259d tempest-DeleteServersTestJSON-1508640513 tempest-DeleteServersTestJSON-1508640513-project-member] Lock "5aa41ae7-20ac-417a-a008-71cfba768b7c" acquired by "nova.context.set_target_cell..get_or_set_cached_cell_and_set_connections" :: waited 0.000s {{(pid=95855) inner /opt/stack/data/venv/lib/python3.12/site-packages/oslo_concurrency/lockutils.py:525}}
Aug 12 20:05:05.405632 np0000007106 nova-conductor[95855]: DEBUG oslo_concurrency.lockutils [None req-2c82d902-af6a-4d06-8190-93ecf351259d tempest-DeleteServersTestJSON-1508640513 tempest-DeleteServersTestJSON-1508640513-project-member] Lock "5aa41ae7-20ac-417a-a008-71cfba768b7c" "released" by "nova.context.set_target_cell..get_or_set_cached_cell_and_set_connections" :: held 0.002s {{(pid=95855) inner /opt/stack/data/venv/lib/python3.12/site-packages/oslo_concurrency/lockutils.py:544}}
Aug 12 20:05:05.406682 np0000007106 nova-conductor[95855]: INFO dbcounter [None req-2c82d902-af6a-4d06-8190-93ecf351259d tempest-DeleteServersTestJSON-1508640513 tempest-DeleteServersTestJSON-1508640513-project-member] Registered counter for database nova_cell1
Aug 12 20:05:05.439256 np0000007106 nova-conductor[95855]: DEBUG oslo_db.sqlalchemy.engines [None req-2c82d902-af6a-4d06-8190-93ecf351259d tempest-DeleteServersTestJSON-1508640513 tempest-DeleteServersTestJSON-1508640513-project-member] MySQL server mode set to STRICT_TRANS_TABLES,STRICT_ALL_TABLES,NO_ZERO_IN_DATE,NO_ZERO_DATE,ERROR_FOR_DIVISION_BY_ZERO,TRADITIONAL,NO_ENGINE_SUBSTITUTION {{(pid=95855) _check_effective_sql_mode /opt/stack/data/venv/lib/python3.12/site-packages/oslo_db/sqlalchemy/engines.py:325}}
Aug 12 20:05:05.445107 np0000007106 nova-conductor[95855]: DEBUG dbcounter [-] [95855] Writer thread running {{(pid=95855) stat_writer /opt/stack/data/venv/lib/python3.12/site-packages/dbcounter.py:102}}
Aug 12 20:05:05.495439 np0000007106 nova-conductor[95855]: INFO nova.utils [None req-2c82d902-af6a-4d06-8190-93ecf351259d tempest-DeleteServersTestJSON-1508640513 tempest-DeleteServersTestJSON-1508640513-project-member] The cell worker thread pool ForkProcess-1.cell_worker is initialized
Aug 12 20:05:05.496466 np0000007106 nova-conductor[95855]: DEBUG oslo_concurrency.lockutils [None req-2c82d902-af6a-4d06-8190-93ecf351259d tempest-DeleteServersTestJSON-1508640513 tempest-DeleteServersTestJSON-1508640513-project-member] Acquiring lock "00000000-0000-0000-0000-000000000000" by "nova.context.set_target_cell..get_or_set_cached_cell_and_set_connections" {{(pid=95855) inner /opt/stack/data/venv/lib/python3.12/site-packages/oslo_concurrency/lockutils.py:512}}
Aug 12 20:05:05.496466 np0000007106 nova-conductor[95855]: DEBUG oslo_concurrency.lockutils [None req-2c82d902-af6a-4d06-8190-93ecf351259d tempest-DeleteServersTestJSON-1508640513 tempest-DeleteServersTestJSON-1508640513-project-member] Lock "00000000-0000-0000-0000-000000000000" acquired by "nova.context.set_target_cell..get_or_set_cached_cell_and_set_connections" :: waited 0.000s {{(pid=95855) inner /opt/stack/data/venv/lib/python3.12/site-packages/oslo_concurrency/lockutils.py:525}}
Aug 12 20:05:05.496466 np0000007106 nova-conductor[95855]: DEBUG oslo_concurrency.lockutils [None req-2c82d902-af6a-4d06-8190-93ecf351259d tempest-DeleteServersTestJSON-1508640513 tempest-DeleteServersTestJSON-1508640513-project-member] Lock "00000000-0000-0000-0000-000000000000" "released" by "nova.context.set_target_cell..get_or_set_cached_cell_and_set_connections" :: held 0.000s {{(pid=95855) inner /opt/stack/data/venv/lib/python3.12/site-packages/oslo_concurrency/lockutils.py:544}}
Aug 12 20:05:05.496804 np0000007106 nova-conductor[95855]: DEBUG oslo_concurrency.lockutils [None req-2c82d902-af6a-4d06-8190-93ecf351259d tempest-DeleteServersTestJSON-1508640513 tempest-DeleteServersTestJSON-1508640513-project-member] Acquiring lock "5aa41ae7-20ac-417a-a008-71cfba768b7c" by "nova.context.set_target_cell..get_or_set_cached_cell_and_set_connections" {{(pid=95855) inner /opt/stack/data/venv/lib/python3.12/site-packages/oslo_concurrency/lockutils.py:512}}
Aug 12 20:05:05.496930 np0000007106 nova-conductor[95855]: DEBUG oslo_concurrency.lockutils [None req-2c82d902-af6a-4d06-8190-93ecf351259d tempest-DeleteServersTestJSON-1508640513 tempest-DeleteServersTestJSON-1508640513-project-member] Lock "5aa41ae7-20ac-417a-a008-71cfba768b7c" acquired by "nova.context.set_target_cell..get_or_set_cached_cell_and_set_connections" :: waited 0.000s {{(pid=95855) inner /opt/stack/data/venv/lib/python3.12/site-packages/oslo_concurrency/lockutils.py:525}}
Aug 12 20:05:05.497025 np0000007106 nova-conductor[95855]: DEBUG oslo_concurrency.lockutils [None req-2c82d902-af6a-4d06-8190-93ecf351259d tempest-DeleteServersTestJSON-1508640513 tempest-DeleteServersTestJSON-1508640513-project-member] Lock "5aa41ae7-20ac-417a-a008-71cfba768b7c" "released" by "nova.context.set_target_cell..get_or_set_cached_cell_and_set_connections" :: held 0.000s {{(pid=95855) inner /opt/stack/data/venv/lib/python3.12/site-packages/oslo_concurrency/lockutils.py:544}}
Aug 12 20:05:05.499041 np0000007106 nova-conductor[95855]: INFO dbcounter [None req-2c82d902-af6a-4d06-8190-93ecf351259d tempest-DeleteServersTestJSON-1508640513 tempest-DeleteServersTestJSON-1508640513-project-member] Registered counter for database nova_cell0
Aug 12 20:05:05.535860 np0000007106 nova-conductor[95855]: DEBUG oslo_db.sqlalchemy.engines [None req-2c82d902-af6a-4d06-8190-93ecf351259d tempest-DeleteServersTestJSON-1508640513 tempest-DeleteServersTestJSON-1508640513-project-member] MySQL server mode set to STRICT_TRANS_TABLES,STRICT_ALL_TABLES,NO_ZERO_IN_DATE,NO_ZERO_DATE,ERROR_FOR_DIVISION_BY_ZERO,TRADITIONAL,NO_ENGINE_SUBSTITUTION {{(pid=95855) _check_effective_sql_mode /opt/stack/data/venv/lib/python3.12/site-packages/oslo_db/sqlalchemy/engines.py:325}}
Aug 12 20:05:05.540899 np0000007106 nova-conductor[95855]: DEBUG dbcounter [-] [95855] Writer thread running {{(pid=95855) stat_writer /opt/stack/data/venv/lib/python3.12/site-packages/dbcounter.py:102}}
Aug 12 20:05:05.554797 np0000007106 nova-conductor[95855]: DEBUG nova.quota [None req-2c82d902-af6a-4d06-8190-93ecf351259d tempest-DeleteServersTestJSON-1508640513 tempest-DeleteServersTestJSON-1508640513-project-member] Getting quotas for project 4c43d010c2c24a0198a4cccccf62d9c5. Resources: {'cores', 'instances', 'ram'} {{(pid=95855) _get_quotas /opt/stack/nova/nova/quota.py:389}}
Aug 12 20:05:05.555255 np0000007106 nova-conductor[95855]: DEBUG nova.quota [None req-2c82d902-af6a-4d06-8190-93ecf351259d tempest-DeleteServersTestJSON-1508640513 tempest-DeleteServersTestJSON-1508640513-project-member] Getting quotas for user 0b23ab135a6a4098a0fc4a4240bd67b3 and project 4c43d010c2c24a0198a4cccccf62d9c5. Resources: {'cores', 'instances', 'ram'} {{(pid=95855) _get_quotas /opt/stack/nova/nova/quota.py:379}}
Aug 12 20:05:05.563891 np0000007106 nova-conductor[95855]: DEBUG nova.conductor.manager [None req-2c82d902-af6a-4d06-8190-93ecf351259d tempest-DeleteServersTestJSON-1508640513 tempest-DeleteServersTestJSON-1508640513-project-member] [instance: 76c929ef-c0b9-4de9-aabd-d86adc0c6a11] Selected host: np0000007106; Selected node: np0000007106; Alternates: [] {{(pid=95855) schedule_and_build_instances /opt/stack/nova/nova/conductor/manager.py:1784}}
Aug 12 20:05:05.564434 np0000007106 nova-conductor[95855]: DEBUG oslo_concurrency.lockutils [None req-2c82d902-af6a-4d06-8190-93ecf351259d tempest-DeleteServersTestJSON-1508640513 tempest-DeleteServersTestJSON-1508640513-project-member] Acquiring lock "5aa41ae7-20ac-417a-a008-71cfba768b7c" by "nova.context.set_target_cell..get_or_set_cached_cell_and_set_connections" {{(pid=95855) inner /opt/stack/data/venv/lib/python3.12/site-packages/oslo_concurrency/lockutils.py:512}}
Aug 12 20:05:05.564623 np0000007106 nova-conductor[95855]: DEBUG oslo_concurrency.lockutils [None req-2c82d902-af6a-4d06-8190-93ecf351259d tempest-DeleteServersTestJSON-1508640513 tempest-DeleteServersTestJSON-1508640513-project-member] Lock "5aa41ae7-20ac-417a-a008-71cfba768b7c" acquired by "nova.context.set_target_cell..get_or_set_cached_cell_and_set_connections" :: waited 0.000s {{(pid=95855) inner /opt/stack/data/venv/lib/python3.12/site-packages/oslo_concurrency/lockutils.py:525}}
Aug 12 20:05:05.564789 np0000007106 nova-conductor[95855]: DEBUG oslo_concurrency.lockutils [None req-2c82d902-af6a-4d06-8190-93ecf351259d tempest-DeleteServersTestJSON-1508640513 tempest-DeleteServersTestJSON-1508640513-project-member] Lock "5aa41ae7-20ac-417a-a008-71cfba768b7c" "released" by "nova.context.set_target_cell..get_or_set_cached_cell_and_set_connections" :: held 0.000s {{(pid=95855) inner /opt/stack/data/venv/lib/python3.12/site-packages/oslo_concurrency/lockutils.py:544}}
Aug 12 20:05:05.575211 np0000007106 nova-conductor[95855]: DEBUG nova.conductor.manager [None req-2c82d902-af6a-4d06-8190-93ecf351259d tempest-DeleteServersTestJSON-1508640513 tempest-DeleteServersTestJSON-1508640513-project-member] [instance: 76c929ef-c0b9-4de9-aabd-d86adc0c6a11] block_device_mapping [BlockDeviceMapping(attachment_id=,boot_index=0,connection_info=None,created_at=,delete_on_termination=True,deleted=,deleted_at=,destination_type='local',device_name=None,device_type='disk',disk_bus=None,encrypted=False,encryption_format=None,encryption_options=None,encryption_secret_uuid=None,guest_format=None,id=,image_id='f909eb16-c230-49d8-8f23-a6aef34b1cf2',instance=,instance_uuid=,no_device=False,snapshot_id=None,source_type='image',tag=None,updated_at=,uuid=,volume_id=None,volume_size=None,volume_type=None)] {{(pid=95855) _create_block_device_mapping /opt/stack/nova/nova/conductor/manager.py:1529}}
Aug 12 20:05:05.577390 np0000007106 nova-conductor[95855]: DEBUG oslo_concurrency.lockutils [None req-2c82d902-af6a-4d06-8190-93ecf351259d tempest-DeleteServersTestJSON-1508640513 tempest-DeleteServersTestJSON-1508640513-project-member] Acquiring lock "5aa41ae7-20ac-417a-a008-71cfba768b7c" by "nova.context.set_target_cell..get_or_set_cached_cell_and_set_connections" {{(pid=95855) inner /opt/stack/data/venv/lib/python3.12/site-packages/oslo_concurrency/lockutils.py:512}}
Aug 12 20:05:05.577598 np0000007106 nova-conductor[95855]: DEBUG oslo_concurrency.lockutils [None req-2c82d902-af6a-4d06-8190-93ecf351259d tempest-DeleteServersTestJSON-1508640513 tempest-DeleteServersTestJSON-1508640513-project-member] Lock "5aa41ae7-20ac-417a-a008-71cfba768b7c" acquired by "nova.context.set_target_cell..get_or_set_cached_cell_and_set_connections" :: waited 0.001s {{(pid=95855) inner /opt/stack/data/venv/lib/python3.12/site-packages/oslo_concurrency/lockutils.py:525}}
Aug 12 20:05:05.577765 np0000007106 nova-conductor[95855]: DEBUG oslo_concurrency.lockutils [None req-2c82d902-af6a-4d06-8190-93ecf351259d tempest-DeleteServersTestJSON-1508640513 tempest-DeleteServersTestJSON-1508640513-project-member] Lock "5aa41ae7-20ac-417a-a008-71cfba768b7c" "released" by "nova.context.set_target_cell..get_or_set_cached_cell_and_set_connections" :: held 0.000s {{(pid=95855) inner /opt/stack/data/venv/lib/python3.12/site-packages/oslo_concurrency/lockutils.py:544}}
Aug 12 20:05:05.616242 np0000007106 nova-conductor[95855]: DEBUG oslo_concurrency.lockutils [None req-2c82d902-af6a-4d06-8190-93ecf351259d tempest-DeleteServersTestJSON-1508640513 tempest-DeleteServersTestJSON-1508640513-project-member] Acquiring lock "5aa41ae7-20ac-417a-a008-71cfba768b7c" by "nova.context.set_target_cell..get_or_set_cached_cell_and_set_connections" {{(pid=95855) inner /opt/stack/data/venv/lib/python3.12/site-packages/oslo_concurrency/lockutils.py:512}}
Aug 12 20:05:05.616393 np0000007106 nova-conductor[95855]: DEBUG oslo_concurrency.lockutils [None req-2c82d902-af6a-4d06-8190-93ecf351259d tempest-DeleteServersTestJSON-1508640513 tempest-DeleteServersTestJSON-1508640513-project-member] Lock "5aa41ae7-20ac-417a-a008-71cfba768b7c" acquired by "nova.context.set_target_cell..get_or_set_cached_cell_and_set_connections" :: waited 0.000s {{(pid=95855) inner /opt/stack/data/venv/lib/python3.12/site-packages/oslo_concurrency/lockutils.py:525}}
Aug 12 20:05:05.616450 np0000007106 nova-conductor[95855]: DEBUG oslo_concurrency.lockutils [None req-2c82d902-af6a-4d06-8190-93ecf351259d tempest-DeleteServersTestJSON-1508640513 tempest-DeleteServersTestJSON-1508640513-project-member] Lock "5aa41ae7-20ac-417a-a008-71cfba768b7c" "released" by "nova.context.set_target_cell..get_or_set_cached_cell_and_set_connections" :: held 0.000s {{(pid=95855) inner /opt/stack/data/venv/lib/python3.12/site-packages/oslo_concurrency/lockutils.py:544}}
Aug 12 20:05:05.616703 np0000007106 nova-conductor[95855]: DEBUG oslo_concurrency.lockutils [None req-2c82d902-af6a-4d06-8190-93ecf351259d tempest-DeleteServersTestJSON-1508640513 tempest-DeleteServersTestJSON-1508640513-project-member] Acquiring lock "compute-rpcapi-router" {{(pid=95855) lock /opt/stack/data/venv/lib/python3.12/site-packages/oslo_concurrency/lockutils.py:396}}
Aug 12 20:05:05.616848 np0000007106 nova-conductor[95855]: DEBUG oslo_concurrency.lockutils [None req-2c82d902-af6a-4d06-8190-93ecf351259d tempest-DeleteServersTestJSON-1508640513 tempest-DeleteServersTestJSON-1508640513-project-member] Acquired lock "compute-rpcapi-router" {{(pid=95855) lock /opt/stack/data/venv/lib/python3.12/site-packages/oslo_concurrency/lockutils.py:399}}
Aug 12 20:05:05.617313 np0000007106 nova-conductor[95855]: DEBUG oslo_concurrency.lockutils [None req-fc9f8ce7-a253-4766-ae34-855adb5f40dc None None] Acquiring lock "00000000-0000-0000-0000-000000000000" by "nova.context.set_target_cell..get_or_set_cached_cell_and_set_connections" {{(pid=95855) inner /opt/stack/data/venv/lib/python3.12/site-packages/oslo_concurrency/lockutils.py:512}}
Aug 12 20:05:05.617855 np0000007106 nova-conductor[95855]: DEBUG oslo_concurrency.lockutils [None req-fc9f8ce7-a253-4766-ae34-855adb5f40dc None None] Lock "00000000-0000-0000-0000-000000000000" acquired by "nova.context.set_target_cell..get_or_set_cached_cell_and_set_connections" :: waited 0.001s {{(pid=95855) inner /opt/stack/data/venv/lib/python3.12/site-packages/oslo_concurrency/lockutils.py:525}}
Aug 12 20:05:05.618003 np0000007106 nova-conductor[95855]: DEBUG oslo_concurrency.lockutils [None req-fc9f8ce7-a253-4766-ae34-855adb5f40dc None None] Lock "00000000-0000-0000-0000-000000000000" "released" by "nova.context.set_target_cell..get_or_set_cached_cell_and_set_connections" :: held 0.000s {{(pid=95855) inner /opt/stack/data/venv/lib/python3.12/site-packages/oslo_concurrency/lockutils.py:544}}
Aug 12 20:05:05.619436 np0000007106 nova-conductor[95855]: DEBUG oslo_concurrency.lockutils [None req-fc9f8ce7-a253-4766-ae34-855adb5f40dc None None] Acquiring lock "5aa41ae7-20ac-417a-a008-71cfba768b7c" by "nova.context.set_target_cell..get_or_set_cached_cell_and_set_connections" {{(pid=95855) inner /opt/stack/data/venv/lib/python3.12/site-packages/oslo_concurrency/lockutils.py:512}}
Aug 12 20:05:05.620186 np0000007106 nova-conductor[95855]: DEBUG oslo_concurrency.lockutils [None req-fc9f8ce7-a253-4766-ae34-855adb5f40dc None None] Lock "5aa41ae7-20ac-417a-a008-71cfba768b7c" acquired by "nova.context.set_target_cell..get_or_set_cached_cell_and_set_connections" :: waited 0.001s {{(pid=95855) inner /opt/stack/data/venv/lib/python3.12/site-packages/oslo_concurrency/lockutils.py:525}}
Aug 12 20:05:05.620442 np0000007106 nova-conductor[95855]: DEBUG oslo_concurrency.lockutils [None req-fc9f8ce7-a253-4766-ae34-855adb5f40dc None None] Lock "5aa41ae7-20ac-417a-a008-71cfba768b7c" "released" by "nova.context.set_target_cell..get_or_set_cached_cell_and_set_connections" :: held 0.000s {{(pid=95855) inner /opt/stack/data/venv/lib/python3.12/site-packages/oslo_concurrency/lockutils.py:544}}
Aug 12 20:05:05.625660 np0000007106 nova-conductor[95855]: INFO nova.compute.rpcapi [None req-fc9f8ce7-a253-4766-ae34-855adb5f40dc None None] Automatically selected compute RPC version 6.5 from minimum service version 72
Aug 12 20:05:05.626046 np0000007106 nova-conductor[95855]: DEBUG oslo_concurrency.lockutils [None req-fc9f8ce7-a253-4766-ae34-855adb5f40dc None None] Releasing lock "compute-rpcapi-router" {{(pid=95855) lock /opt/stack/data/venv/lib/python3.12/site-packages/oslo_concurrency/lockutils.py:419}}
Aug 12 20:05:07.269563 np0000007106 nova-conductor[95863]: DEBUG dbcounter [-] [95863] Writer thread running {{(pid=95863) stat_writer /opt/stack/data/venv/lib/python3.12/site-packages/dbcounter.py:102}}
Aug 12 20:05:07.676641 np0000007106 nova-conductor[95863]: DEBUG nova.conductor.manager [None req-72620239-af8e-4a44-a680-b114741f6125 tempest-ServerRescueNegativeTestJSON-280750888 tempest-ServerRescueNegativeTestJSON-280750888-project-member] Took 0.40 seconds to select destinations for 1 instance(s). {{(pid=95863) _schedule_instances /opt/stack/nova/nova/conductor/manager.py:968}}
Aug 12 20:05:07.706305 np0000007106 nova-conductor[95863]: DEBUG oslo_concurrency.lockutils [None req-72620239-af8e-4a44-a680-b114741f6125 tempest-ServerRescueNegativeTestJSON-280750888 tempest-ServerRescueNegativeTestJSON-280750888-project-member] Acquiring lock "5aa41ae7-20ac-417a-a008-71cfba768b7c" by "nova.context.set_target_cell..get_or_set_cached_cell_and_set_connections" {{(pid=95863) inner /opt/stack/data/venv/lib/python3.12/site-packages/oslo_concurrency/lockutils.py:512}}
Aug 12 20:05:07.706475 np0000007106 nova-conductor[95863]: DEBUG oslo_concurrency.lockutils [None req-72620239-af8e-4a44-a680-b114741f6125 tempest-ServerRescueNegativeTestJSON-280750888 tempest-ServerRescueNegativeTestJSON-280750888-project-member] Lock "5aa41ae7-20ac-417a-a008-71cfba768b7c" acquired by "nova.context.set_target_cell..get_or_set_cached_cell_and_set_connections" :: waited 0.000s {{(pid=95863) inner /opt/stack/data/venv/lib/python3.12/site-packages/oslo_concurrency/lockutils.py:525}}
Aug 12 20:05:07.707642 np0000007106 nova-conductor[95863]: DEBUG oslo_concurrency.lockutils [None req-72620239-af8e-4a44-a680-b114741f6125 tempest-ServerRescueNegativeTestJSON-280750888 tempest-ServerRescueNegativeTestJSON-280750888-project-member] Lock "5aa41ae7-20ac-417a-a008-71cfba768b7c" "released" by "nova.context.set_target_cell..get_or_set_cached_cell_and_set_connections" :: held 0.001s {{(pid=95863) inner /opt/stack/data/venv/lib/python3.12/site-packages/oslo_concurrency/lockutils.py:544}}
Aug 12 20:05:07.709466 np0000007106 nova-conductor[95863]: INFO dbcounter [None req-72620239-af8e-4a44-a680-b114741f6125 tempest-ServerRescueNegativeTestJSON-280750888 tempest-ServerRescueNegativeTestJSON-280750888-project-member] Registered counter for database nova_cell1
Aug 12 20:05:07.740529 np0000007106 nova-conductor[95863]: DEBUG oslo_db.sqlalchemy.engines [None req-72620239-af8e-4a44-a680-b114741f6125 tempest-ServerRescueNegativeTestJSON-280750888 tempest-ServerRescueNegativeTestJSON-280750888-project-member] MySQL server mode set to STRICT_TRANS_TABLES,STRICT_ALL_TABLES,NO_ZERO_IN_DATE,NO_ZERO_DATE,ERROR_FOR_DIVISION_BY_ZERO,TRADITIONAL,NO_ENGINE_SUBSTITUTION {{(pid=95863) _check_effective_sql_mode /opt/stack/data/venv/lib/python3.12/site-packages/oslo_db/sqlalchemy/engines.py:325}}
Aug 12 20:05:07.747225 np0000007106 nova-conductor[95863]: DEBUG dbcounter [-] [95863] Writer thread running {{(pid=95863) stat_writer /opt/stack/data/venv/lib/python3.12/site-packages/dbcounter.py:102}}
Aug 12 20:05:07.795999 np0000007106 nova-conductor[95863]: INFO nova.utils [None req-72620239-af8e-4a44-a680-b114741f6125 tempest-ServerRescueNegativeTestJSON-280750888 tempest-ServerRescueNegativeTestJSON-280750888-project-member] The cell worker thread pool ForkProcess-2.cell_worker is initialized
Aug 12 20:05:07.796333 np0000007106 nova-conductor[95863]: DEBUG oslo_concurrency.lockutils [None req-72620239-af8e-4a44-a680-b114741f6125 tempest-ServerRescueNegativeTestJSON-280750888 tempest-ServerRescueNegativeTestJSON-280750888-project-member] Acquiring lock "00000000-0000-0000-0000-000000000000" by "nova.context.set_target_cell..get_or_set_cached_cell_and_set_connections" {{(pid=95863) inner /opt/stack/data/venv/lib/python3.12/site-packages/oslo_concurrency/lockutils.py:512}}
Aug 12 20:05:07.796569 np0000007106 nova-conductor[95863]: DEBUG oslo_concurrency.lockutils [None req-72620239-af8e-4a44-a680-b114741f6125 tempest-ServerRescueNegativeTestJSON-280750888 tempest-ServerRescueNegativeTestJSON-280750888-project-member] Lock "00000000-0000-0000-0000-000000000000" acquired by "nova.context.set_target_cell..get_or_set_cached_cell_and_set_connections" :: waited 0.000s {{(pid=95863) inner /opt/stack/data/venv/lib/python3.12/site-packages/oslo_concurrency/lockutils.py:525}}
Aug 12 20:05:07.797000 np0000007106 nova-conductor[95863]: DEBUG oslo_concurrency.lockutils [None req-72620239-af8e-4a44-a680-b114741f6125 tempest-ServerRescueNegativeTestJSON-280750888 tempest-ServerRescueNegativeTestJSON-280750888-project-member] Lock "00000000-0000-0000-0000-000000000000" "released" by "nova.context.set_target_cell..get_or_set_cached_cell_and_set_connections" :: held 0.000s {{(pid=95863) inner /opt/stack/data/venv/lib/python3.12/site-packages/oslo_concurrency/lockutils.py:544}}
Aug 12 20:05:07.797755 np0000007106 nova-conductor[95863]: DEBUG oslo_concurrency.lockutils [None req-72620239-af8e-4a44-a680-b114741f6125 tempest-ServerRescueNegativeTestJSON-280750888 tempest-ServerRescueNegativeTestJSON-280750888-project-member] Acquiring lock "5aa41ae7-20ac-417a-a008-71cfba768b7c" by "nova.context.set_target_cell..get_or_set_cached_cell_and_set_connections" {{(pid=95863) inner /opt/stack/data/venv/lib/python3.12/site-packages/oslo_concurrency/lockutils.py:512}}
Aug 12 20:05:07.797957 np0000007106 nova-conductor[95863]: DEBUG oslo_concurrency.lockutils [None req-72620239-af8e-4a44-a680-b114741f6125 tempest-ServerRescueNegativeTestJSON-280750888 tempest-ServerRescueNegativeTestJSON-280750888-project-member] Lock "5aa41ae7-20ac-417a-a008-71cfba768b7c" acquired by "nova.context.set_target_cell..get_or_set_cached_cell_and_set_connections" :: waited 0.000s {{(pid=95863) inner /opt/stack/data/venv/lib/python3.12/site-packages/oslo_concurrency/lockutils.py:525}}
Aug 12 20:05:07.798155 np0000007106 nova-conductor[95863]: DEBUG oslo_concurrency.lockutils [None req-72620239-af8e-4a44-a680-b114741f6125 tempest-ServerRescueNegativeTestJSON-280750888 tempest-ServerRescueNegativeTestJSON-280750888-project-member] Lock "5aa41ae7-20ac-417a-a008-71cfba768b7c" "released" by "nova.context.set_target_cell..get_or_set_cached_cell_and_set_connections" :: held 0.000s {{(pid=95863) inner /opt/stack/data/venv/lib/python3.12/site-packages/oslo_concurrency/lockutils.py:544}}
Aug 12 20:05:07.799791 np0000007106 nova-conductor[95863]: INFO dbcounter [None req-72620239-af8e-4a44-a680-b114741f6125 tempest-ServerRescueNegativeTestJSON-280750888 tempest-ServerRescueNegativeTestJSON-280750888-project-member] Registered counter for database nova_cell0
