Aug 12 20:07:41.358812 np0000007106 devstack@placement-api.service[90016]: DEBUG placement.objects.research_context [req-00b03a89-aa52-414a-a829-d275e476b128 req-5f6a48eb-d328-4b74-bd36-dfb5a08586c4 service nova] found 1 providers after filtering by previous result {{(pid=90016) get_provider_ids_matching /opt/stack/placement/placement/objects/research_context.py:597}}
Aug 12 20:07:41.364758 np0000007106 devstack@placement-api.service[90016]: DEBUG placement.objects.allocation_candidate [req-00b03a89-aa52-414a-a829-d275e476b128 req-5f6a48eb-d328-4b74-bd36-dfb5a08586c4 service nova] RequestGroup(use_same_provider=False, resources={DISK_GB:1, MEMORY_MB:192, VCPU:1}, traits=(), aggregates=[]) (suffix '') returned 1 matches {{(pid=90016) _get_by_requests /opt/stack/placement/placement/objects/allocation_candidate.py:158}}
Aug 12 20:07:41.364897 np0000007106 devstack@placement-api.service[90016]: DEBUG placement.objects.allocation_candidate [req-00b03a89-aa52-414a-a829-d275e476b128 req-5f6a48eb-d328-4b74-bd36-dfb5a08586c4 service nova] Merging candidates yields 1 allocation requests and 1 provider summaries {{(pid=90016) _merge_candidates /opt/stack/placement/placement/objects/allocation_candidate.py:973}}
Aug 12 20:07:41.365792 np0000007106 devstack@placement-api.service[90016]: INFO placement.requestlog [req-00b03a89-aa52-414a-a829-d275e476b128 req-5f6a48eb-d328-4b74-bd36-dfb5a08586c4 service nova] 10.4.3.188 "GET /placement/allocation_candidates?limit=1000&resources=DISK_GB%3A1%2CMEMORY_MB%3A192%2CVCPU%3A1&root_required=%21COMPUTE_STATUS_DISABLED" status: 200 len: 2492 microversion: 1.36
Aug 12 20:07:41.366018 np0000007106 devstack@placement-api.service[90016]: [pid: 90016|app: 0|req: 176/530] 10.4.3.188 () {68 vars in 1625 bytes} [Wed Aug 12 20:07:41 2026] GET /placement/allocation_candidates?limit=1000&resources=DISK_GB%3A1%2CMEMORY_MB%3A192%2CVCPU%3A1&root_required=%21COMPUTE_STATUS_DISABLED => generated 2492 bytes in 49 msecs (HTTP/1.1 200) 8 headers in 297 bytes (1 switches on core 0)
Aug 12 20:07:41.415545 np0000007106 devstack@placement-api.service[90017]: DEBUG placement.requestlog [req-00b03a89-aa52-414a-a829-d275e476b128 req-b23a5c6a-061e-4ccb-889b-f41afd858d01 None None] Starting request: 10.4.3.188 "GET /placement/allocations/4e8b8ad4-863e-4808-9fe4-08cc6eb63551" {{(pid=90017) __call__ /opt/stack/placement/placement/requestlog.py:55}}
Aug 12 20:07:41.422158 np0000007106 devstack@placement-api.service[90017]: INFO placement.requestlog [req-00b03a89-aa52-414a-a829-d275e476b128 req-b23a5c6a-061e-4ccb-889b-f41afd858d01 service nova] 10.4.3.188 "GET /placement/allocations/4e8b8ad4-863e-4808-9fe4-08cc6eb63551" status: 200 len: 19 microversion: 1.28
Aug 12 20:07:41.422447 np0000007106 devstack@placement-api.service[90017]: [pid: 90017|app: 0|req: 177/531] 10.4.3.188 () {68 vars in 1501 bytes} [Wed Aug 12 20:07:41 2026] GET /placement/allocations/4e8b8ad4-863e-4808-9fe4-08cc6eb63551 => generated 19 bytes in 7 msecs (HTTP/1.1 200) 8 headers in 295 bytes (1 switches on core 0)
Aug 12 20:07:41.453543 np0000007106 devstack@placement-api.service[90015]: DEBUG placement.requestlog [req-00b03a89-aa52-414a-a829-d275e476b128 req-7fd8b3ef-7c2b-41c5-b072-bd0dfeed0dc6 None None] Starting request: 10.4.3.188 "PUT /placement/allocations/4e8b8ad4-863e-4808-9fe4-08cc6eb63551" {{(pid=90015) __call__ /opt/stack/placement/placement/requestlog.py:55}}
Aug 12 20:07:41.492573 np0000007106 devstack@placement-api.service[90015]: DEBUG placement.handlers.allocation [req-00b03a89-aa52-414a-a829-d275e476b128 req-7fd8b3ef-7c2b-41c5-b072-bd0dfeed0dc6 service nova] Successfully wrote allocations [, , ] {{(pid=90015) _update_consumers_and_create_allocations /opt/stack/placement/placement/handlers/allocation.py:462}}
Aug 12 20:07:41.495884 np0000007106 devstack@placement-api.service[90015]: INFO placement.requestlog [req-00b03a89-aa52-414a-a829-d275e476b128 req-7fd8b3ef-7c2b-41c5-b072-bd0dfeed0dc6 service nova] 10.4.3.188 "PUT /placement/allocations/4e8b8ad4-863e-4808-9fe4-08cc6eb63551" status: 204 len: 0 microversion: 1.36
Aug 12 20:07:41.496125 np0000007106 devstack@placement-api.service[90015]: [pid: 90015|app: 0|req: 179/532] 10.4.3.188 () {72 vars in 1554 bytes} [Wed Aug 12 20:07:41 2026] PUT /placement/allocations/4e8b8ad4-863e-4808-9fe4-08cc6eb63551 => generated 0 bytes in 43 msecs (HTTP/1.1 204) 5 headers in 199 bytes (1 switches on core 0)
Aug 12 20:07:41.771811 np0000007106 devstack@placement-api.service[90016]: DEBUG placement.requestlog [req-00b03a89-aa52-414a-a829-d275e476b128 req-2022f170-38c2-4ce7-8eae-ac5855899520 None None] Starting request: 10.4.3.188 "GET /placement/allocations/4e8b8ad4-863e-4808-9fe4-08cc6eb63551" {{(pid=90016) __call__ /opt/stack/placement/placement/requestlog.py:55}}
Aug 12 20:07:41.781749 np0000007106 devstack@placement-api.service[90016]: INFO placement.requestlog [req-00b03a89-aa52-414a-a829-d275e476b128 req-2022f170-38c2-4ce7-8eae-ac5855899520 service nova] 10.4.3.188 "GET /placement/allocations/4e8b8ad4-863e-4808-9fe4-08cc6eb63551" status: 200 len: 258 microversion: 1.28
Aug 12 20:07:41.782101 np0000007106 devstack@placement-api.service[90016]: [pid: 90016|app: 0|req: 177/533] 10.4.3.188 () {68 vars in 1499 bytes} [Wed Aug 12 20:07:41 2026] GET /placement/allocations/4e8b8ad4-863e-4808-9fe4-08cc6eb63551 => generated 258 bytes in 10 msecs (HTTP/1.1 200) 8 headers in 296 bytes (1 switches on core 0)
Aug 12 20:07:41.912291 np0000007106 devstack@placement-api.service[90017]: DEBUG placement.requestlog [req-00b03a89-aa52-414a-a829-d275e476b128 req-f14de6a6-1116-4525-82db-3c0fd31e9203 None None] Starting request: 10.4.3.188 "GET /placement/resource_providers/a6dd176b-a38f-4c9f-ae95-a98f906ba9f9/allocations" {{(pid=90017) __call__ /opt/stack/placement/placement/requestlog.py:55}}
Aug 12 20:07:41.928812 np0000007106 devstack@placement-api.service[90017]: INFO placement.requestlog [req-00b03a89-aa52-414a-a829-d275e476b128 req-f14de6a6-1116-4525-82db-3c0fd31e9203 service nova] 10.4.3.188 "GET /placement/resource_providers/a6dd176b-a38f-4c9f-ae95-a98f906ba9f9/allocations" status: 200 len: 439 microversion: 1.0
Aug 12 20:07:41.929072 np0000007106 devstack@placement-api.service[90017]: [pid: 90017|app: 0|req: 178/534] 10.4.3.188 () {66 vars in 1512 bytes} [Wed Aug 12 20:07:41 2026] GET /placement/resource_providers/a6dd176b-a38f-4c9f-ae95-a98f906ba9f9/allocations => generated 439 bytes in 17 msecs (HTTP/1.1 200) 6 headers in 224 bytes (1 switches on core 0)
Aug 12 20:07:41.982350 np0000007106 devstack@placement-api.service[90015]: DEBUG placement.requestlog [req-00b03a89-aa52-414a-a829-d275e476b128 req-1ff59755-dc16-4ca1-a185-1a9faead1d6c None None] Starting request: 10.4.3.188 "GET /placement/allocations/4e8b8ad4-863e-4808-9fe4-08cc6eb63551" {{(pid=90015) __call__ /opt/stack/placement/placement/requestlog.py:55}}
Aug 12 20:07:42.002162 np0000007106 devstack@placement-api.service[90015]: INFO placement.requestlog [req-00b03a89-aa52-414a-a829-d275e476b128 req-1ff59755-dc16-4ca1-a185-1a9faead1d6c service nova] 10.4.3.188 "GET /placement/allocations/4e8b8ad4-863e-4808-9fe4-08cc6eb63551" status: 200 len: 258 microversion: 1.28
Aug 12 20:07:42.002829 np0000007106 devstack@placement-api.service[90015]: [pid: 90015|app: 0|req: 180/535] 10.4.3.188 () {68 vars in 1499 bytes} [Wed Aug 12 20:07:41 2026] GET /placement/allocations/4e8b8ad4-863e-4808-9fe4-08cc6eb63551 => generated 258 bytes in 21 msecs (HTTP/1.1 200) 8 headers in 296 bytes (1 switches on core 0)
Aug 12 20:07:42.044945 np0000007106 devstack@placement-api.service[90016]: DEBUG placement.requestlog [req-00b03a89-aa52-414a-a829-d275e476b128 req-d6c8bbc2-cf1d-4e1a-a5c8-2de873c8ce39 None None] Starting request: 10.4.3.188 "GET /placement/allocations/e6935c90-b7a8-4e8d-9bac-a7fb279cf9a2" {{(pid=90016) __call__ /opt/stack/placement/placement/requestlog.py:55}}
Aug 12 20:07:42.062790 np0000007106 devstack@placement-api.service[90016]: INFO placement.requestlog [req-00b03a89-aa52-414a-a829-d275e476b128 req-d6c8bbc2-cf1d-4e1a-a5c8-2de873c8ce39 service nova] 10.4.3.188 "GET /placement/allocations/e6935c90-b7a8-4e8d-9bac-a7fb279cf9a2" status: 200 len: 258 microversion: 1.28
Aug 12 20:07:42.063223 np0000007106 devstack@placement-api.service[90016]: [pid: 90016|app: 0|req: 178/536] 10.4.3.188 () {68 vars in 1499 bytes} [Wed Aug 12 20:07:42 2026] GET /placement/allocations/e6935c90-b7a8-4e8d-9bac-a7fb279cf9a2 => generated 258 bytes in 18 msecs (HTTP/1.1 200) 8 headers in 296 bytes (1 switches on core 0)
Aug 12 20:07:42.103277 np0000007106 devstack@placement-api.service[90017]: DEBUG placement.requestlog [req-00b03a89-aa52-414a-a829-d275e476b128 req-1f5c847d-06f9-4248-a0ce-8d1797e61e62 None None] Starting request: 10.4.3.188 "GET /placement/allocations/73541957-c935-4219-84d2-cb51b49f4c68" {{(pid=90017) __call__ /opt/stack/placement/placement/requestlog.py:55}}
Aug 12 20:07:42.116308 np0000007106 devstack@placement-api.service[90017]: INFO placement.requestlog [req-00b03a89-aa52-414a-a829-d275e476b128 req-1f5c847d-06f9-4248-a0ce-8d1797e61e62 service nova] 10.4.3.188 "GET /placement/allocations/73541957-c935-4219-84d2-cb51b49f4c68" status: 200 len: 244 microversion: 1.28
Aug 12 20:07:42.116583 np0000007106 devstack@placement-api.service[90017]: [pid: 90017|app: 0|req: 179/537] 10.4.3.188 () {68 vars in 1499 bytes} [Wed Aug 12 20:07:42 2026] GET /placement/allocations/73541957-c935-4219-84d2-cb51b49f4c68 => generated 244 bytes in 13 msecs (HTTP/1.1 200) 8 headers in 296 bytes (1 switches on core 0)
Aug 12 20:07:42.159936 np0000007106 devstack@placement-api.service[90015]: DEBUG placement.requestlog [req-00b03a89-aa52-414a-a829-d275e476b128 req-145c3df2-bee3-4347-a226-597139af18c3 None None] Starting request: 10.4.3.188 "GET /placement/allocations/dd5a6723-3ad4-4cf8-b257-29687a386924" {{(pid=90015) __call__ /opt/stack/placement/placement/requestlog.py:55}}
Aug 12 20:07:42.175862 np0000007106 devstack@placement-api.service[90015]: INFO placement.requestlog [req-00b03a89-aa52-414a-a829-d275e476b128 req-145c3df2-bee3-4347-a226-597139af18c3 service nova] 10.4.3.188 "GET /placement/allocations/dd5a6723-3ad4-4cf8-b257-29687a386924" status: 200 len: 258 microversion: 1.28
Aug 12 20:07:42.176296 np0000007106 devstack@placement-api.service[90015]: [pid: 90015|app: 0|req: 181/538] 10.4.3.188 () {68 vars in 1499 bytes} [Wed Aug 12 20:07:42 2026] GET /placement/allocations/dd5a6723-3ad4-4cf8-b257-29687a386924 => generated 258 bytes in 16 msecs (HTTP/1.1 200) 8 headers in 296 bytes (1 switches on core 0)
Aug 12 20:07:50.754508 np0000007106 devstack@placement-api.service[90016]: DEBUG placement.requestlog [None req-9561f036-424d-4b4a-8fd6-4dcc8570b719 None None] Starting request: 10.4.3.188 "GET /placement/resource_providers/16a7a72d-1a13-44b8-a0fc-1115133b2c66/aggregates" {{(pid=90016) __call__ /opt/stack/placement/placement/requestlog.py:55}}
Aug 12 20:07:50.759935 np0000007106 devstack@placement-api.service[90016]: INFO placement.requestlog [None req-9561f036-424d-4b4a-8fd6-4dcc8570b719 service placement] 10.4.3.188 "GET /placement/resource_providers/16a7a72d-1a13-44b8-a0fc-1115133b2c66/aggregates" status: 404 len: 235 microversion: 1.1
Aug 12 20:07:50.760280 np0000007106 devstack@placement-api.service[90016]: [pid: 90016|app: 0|req: 179/539] 10.4.3.188 () {66 vars in 1474 bytes} [Wed Aug 12 20:07:50 2026] GET /placement/resource_providers/16a7a72d-1a13-44b8-a0fc-1115133b2c66/aggregates => generated 235 bytes in 6 msecs (HTTP/1.1 404) 5 headers in 202 bytes (1 switches on core 0)
Aug 12 20:07:50.801327 np0000007106 devstack@placement-api.service[90017]: DEBUG placement.requestlog [None req-d0e9da07-c4ae-48f5-a01e-296237d93a4a None None] Starting request: 10.4.3.188 "DELETE /placement/resource_providers/16a7a72d-1a13-44b8-a0fc-1115133b2c66" {{(pid=90017) __call__ /opt/stack/placement/placement/requestlog.py:55}}
Aug 12 20:07:50.806342 np0000007106 devstack@placement-api.service[90017]: DEBUG placement.wsgi_wrapper [None req-d0e9da07-c4ae-48f5-a01e-296237d93a4a service placement] Placement API returning an error response: No resource provider with uuid 16a7a72d-1a13-44b8-a0fc-1115133b2c66 found for delete {{(pid=90017) call_func /opt/stack/placement/placement/wsgi_wrapper.py:31}}
Aug 12 20:07:50.806741 np0000007106 devstack@placement-api.service[90017]: INFO placement.requestlog [None req-d0e9da07-c4ae-48f5-a01e-296237d93a4a service placement] 10.4.3.188 "DELETE /placement/resource_providers/16a7a72d-1a13-44b8-a0fc-1115133b2c66" status: 404 len: 246 microversion: 1.1
Aug 12 20:07:50.806952 np0000007106 devstack@placement-api.service[90017]: [pid: 90017|app: 0|req: 180/540] 10.4.3.188 () {68 vars in 1463 bytes} [Wed Aug 12 20:07:50 2026] DELETE /placement/resource_providers/16a7a72d-1a13-44b8-a0fc-1115133b2c66 => generated 246 bytes in 6 msecs (HTTP/1.1 404) 6 headers in 231 bytes (1 switches on core 0)
Aug 12 20:07:52.172437 np0000007106 devstack@placement-api.service[90015]: DEBUG dbcounter [-] [90015] Writing DB stats placement:SELECT=144,placement:DELETE=12,placement:INSERT=18,placement:UPDATE=6 {{(pid=90015) stat_writer /opt/stack/data/venv/lib/python3.12/site-packages/dbcounter.py:115}}
Aug 12 20:07:58.212940 np0000007106 devstack@placement-api.service[90015]: DEBUG placement.requestlog [req-a292535b-bfeb-4539-b93b-2520d5f63c3b req-24cfd299-cfd1-46ad-9145-5920a5000f1d None None] Starting request: 10.4.3.188 "GET /placement/allocation_candidates?limit=1000&resources=MEMORY_MB%3A192%2CVCPU%3A1&root_required=%21COMPUTE_STATUS_DISABLED" {{(pid=90015) __call__ /opt/stack/placement/placement/requestlog.py:55}}
Aug 12 20:07:58.237438 np0000007106 devstack@placement-api.service[90015]: DEBUG placement.objects.research_context [req-a292535b-bfeb-4539-b93b-2520d5f63c3b req-24cfd299-cfd1-46ad-9145-5920a5000f1d service nova] getting providers with 192 MEMORY_MB {{(pid=90015) __init__ /opt/stack/placement/placement/objects/research_context.py:137}}
Aug 12 20:07:58.241066 np0000007106 devstack@placement-api.service[90015]: DEBUG placement.objects.research_context [req-a292535b-bfeb-4539-b93b-2520d5f63c3b req-24cfd299-cfd1-46ad-9145-5920a5000f1d service nova] getting providers with 1 VCPU {{(pid=90015) __init__ /opt/stack/placement/placement/objects/research_context.py:137}}
Aug 12 20:07:58.244015 np0000007106 devstack@placement-api.service[90015]: DEBUG placement.objects.research_context [req-a292535b-bfeb-4539-b93b-2520d5f63c3b req-24cfd299-cfd1-46ad-9145-5920a5000f1d service nova] found 1 providers with available 192 MEMORY_MB {{(pid=90015) get_provider_ids_matching /opt/stack/placement/placement/objects/research_context.py:566}}
Aug 12 20:07:58.244155 np0000007106 devstack@placement-api.service[90015]: DEBUG placement.objects.research_context [req-a292535b-bfeb-4539-b93b-2520d5f63c3b req-24cfd299-cfd1-46ad-9145-5920a5000f1d service nova] found 1 providers with available 1 VCPU {{(pid=90015) get_provider_ids_matching /opt/stack/placement/placement/objects/research_context.py:566}}
Aug 12 20:07:58.244290 np0000007106 devstack@placement-api.service[90015]: DEBUG placement.objects.research_context [req-a292535b-bfeb-4539-b93b-2520d5f63c3b req-24cfd299-cfd1-46ad-9145-5920a5000f1d service nova] found 1 providers after filtering by previous result {{(pid=90015) get_provider_ids_matching /opt/stack/placement/placement/objects/research_context.py:597}}
Aug 12 20:07:58.251138 np0000007106 devstack@placement-api.service[90015]: DEBUG placement.objects.allocation_candidate [req-a292535b-bfeb-4539-b93b-2520d5f63c3b req-24cfd299-cfd1-46ad-9145-5920a5000f1d service nova] RequestGroup(use_same_provider=False, resources={MEMORY_MB:192, VCPU:1}, traits=(), aggregates=[]) (suffix '') returned 1 matches {{(pid=90015) _get_by_requests /opt/stack/placement/placement/objects/allocation_candidate.py:158}}
Aug 12 20:07:58.251326 np0000007106 devstack@placement-api.service[90015]: DEBUG placement.objects.allocation_candidate [req-a292535b-bfeb-4539-b93b-2520d5f63c3b req-24cfd299-cfd1-46ad-9145-5920a5000f1d service nova] Merging candidates yields 1 allocation requests and 1 provider summaries {{(pid=90015) _merge_candidates /opt/stack/placement/placement/objects/allocation_candidate.py:973}}
Aug 12 20:07:58.252422 np0000007106 devstack@placement-api.service[90015]: INFO placement.requestlog [req-a292535b-bfeb-4539-b93b-2520d5f63c3b req-24cfd299-cfd1-46ad-9145-5920a5000f1d service nova] 10.4.3.188 "GET /placement/allocation_candidates?limit=1000&resources=MEMORY_MB%3A192%2CVCPU%3A1&root_required=%21COMPUTE_STATUS_DISABLED" status: 200 len: 2478 microversion: 1.36
Aug 12 20:07:58.252707 np0000007106 devstack@placement-api.service[90015]: [pid: 90015|app: 0|req: 182/541] 10.4.3.188 () {68 vars in 1597 bytes} [Wed Aug 12 20:07:58 2026] GET /placement/allocation_candidates?limit=1000&resources=MEMORY_MB%3A192%2CVCPU%3A1&root_required=%21COMPUTE_STATUS_DISABLED => generated 2478 bytes in 40 msecs (HTTP/1.1 200) 8 headers in 297 bytes (1 switches on core 0)
Aug 12 20:07:58.301275 np0000007106 devstack@placement-api.service[90016]: DEBUG placement.requestlog [req-a292535b-bfeb-4539-b93b-2520d5f63c3b req-ce9ddbec-ccad-4712-b421-fbbce844f966 None None] Starting request: 10.4.3.188 "GET /placement/allocations/75646a7f-c006-4c78-9922-f3998fa2ee94" {{(pid=90016) __call__ /opt/stack/placement/placement/requestlog.py:55}}
Aug 12 20:07:58.306612 np0000007106 devstack@placement-api.service[90016]: INFO placement.requestlog [req-a292535b-bfeb-4539-b93b-2520d5f63c3b req-ce9ddbec-ccad-4712-b421-fbbce844f966 service nova] 10.4.3.188 "GET /placement/allocations/75646a7f-c006-4c78-9922-f3998fa2ee94" status: 200 len: 19 microversion: 1.28
Aug 12 20:07:58.306809 np0000007106 devstack@placement-api.service[90016]: [pid: 90016|app: 0|req: 180/542] 10.4.3.188 () {68 vars in 1501 bytes} [Wed Aug 12 20:07:58 2026] GET /placement/allocations/75646a7f-c006-4c78-9922-f3998fa2ee94 => generated 19 bytes in 5 msecs (HTTP/1.1 200) 8 headers in 295 bytes (1 switches on core 0)
Aug 12 20:07:58.332946 np0000007106 devstack@placement-api.service[90017]: DEBUG placement.requestlog [req-a292535b-bfeb-4539-b93b-2520d5f63c3b req-f7675846-9ae0-4f3a-a8e5-99e0f40a4210 None None] Starting request: 10.4.3.188 "PUT /placement/allocations/75646a7f-c006-4c78-9922-f3998fa2ee94" {{(pid=90017) __call__ /opt/stack/placement/placement/requestlog.py:55}}
Aug 12 20:07:58.380137 np0000007106 devstack@placement-api.service[90017]: DEBUG placement.handlers.allocation [req-a292535b-bfeb-4539-b93b-2520d5f63c3b req-f7675846-9ae0-4f3a-a8e5-99e0f40a4210 service nova] Successfully wrote allocations [, ] {{(pid=90017) _update_consumers_and_create_allocations /opt/stack/placement/placement/handlers/allocation.py:462}}
Aug 12 20:07:58.386619 np0000007106 devstack@placement-api.service[90017]: INFO placement.requestlog [req-a292535b-bfeb-4539-b93b-2520d5f63c3b req-f7675846-9ae0-4f3a-a8e5-99e0f40a4210 service nova] 10.4.3.188 "PUT /placement/allocations/75646a7f-c006-4c78-9922-f3998fa2ee94" status: 204 len: 0 microversion: 1.36
Aug 12 20:07:58.387176 np0000007106 devstack@placement-api.service[90017]: [pid: 90017|app: 0|req: 181/543] 10.4.3.188 () {72 vars in 1554 bytes} [Wed Aug 12 20:07:58 2026] PUT /placement/allocations/75646a7f-c006-4c78-9922-f3998fa2ee94 => generated 0 bytes in 54 msecs (HTTP/1.1 204) 5 headers in 199 bytes (1 switches on core 0)
Aug 12 20:07:58.640222 np0000007106 devstack@placement-api.service[90015]: DEBUG placement.requestlog [req-a292535b-bfeb-4539-b93b-2520d5f63c3b req-1950668f-d4c7-40d7-ae90-ff32682613e4 None None] Starting request: 10.4.3.188 "GET /placement/allocations/75646a7f-c006-4c78-9922-f3998fa2ee94" {{(pid=90015) __call__ /opt/stack/placement/placement/requestlog.py:55}}
Aug 12 20:07:58.738145 np0000007106 devstack@placement-api.service[90015]: INFO placement.requestlog [req-a292535b-bfeb-4539-b93b-2520d5f63c3b req-1950668f-d4c7-40d7-ae90-ff32682613e4 service nova] 10.4.3.188 "GET /placement/allocations/75646a7f-c006-4c78-9922-f3998fa2ee94" status: 200 len: 244 microversion: 1.28
Aug 12 20:07:58.738347 np0000007106 devstack@placement-api.service[90015]: [pid: 90015|app: 0|req: 183/544] 10.4.3.188 () {68 vars in 1499 bytes} [Wed Aug 12 20:07:58 2026] GET /placement/allocations/75646a7f-c006-4c78-9922-f3998fa2ee94 => generated 244 bytes in 98 msecs (HTTP/1.1 200) 8 headers in 296 bytes (1 switches on core 0)
Aug 12 20:07:58.861660 np0000007106 devstack@placement-api.service[90016]: DEBUG placement.requestlog [req-a292535b-bfeb-4539-b93b-2520d5f63c3b req-927ccaee-bd2d-4f5d-9537-ba0baf4b3576 None None] Starting request: 10.4.3.188 "GET /placement/resource_providers?in_tree=a6dd176b-a38f-4c9f-ae95-a98f906ba9f9" {{(pid=90016) __call__ /opt/stack/placement/placement/requestlog.py:55}}
Aug 12 20:07:58.876767 np0000007106 devstack@placement-api.service[90016]: INFO placement.requestlog [req-a292535b-bfeb-4539-b93b-2520d5f63c3b req-927ccaee-bd2d-4f5d-9537-ba0baf4b3576 service nova] 10.4.3.188 "GET /placement/resource_providers?in_tree=a6dd176b-a38f-4c9f-ae95-a98f906ba9f9" status: 200 len: 862 microversion: 1.14
Aug 12 20:07:58.877175 np0000007106 devstack@placement-api.service[90016]: [pid: 90016|app: 0|req: 181/545] 10.4.3.188 () {68 vars in 1498 bytes} [Wed Aug 12 20:07:58 2026] GET /placement/resource_providers?in_tree=a6dd176b-a38f-4c9f-ae95-a98f906ba9f9 => generated 862 bytes in 15 msecs (HTTP/1.1 200) 6 headers in 225 bytes (1 switches on core 0)
Aug 12 20:07:58.910202 np0000007106 devstack@placement-api.service[90017]: DEBUG placement.requestlog [req-a292535b-bfeb-4539-b93b-2520d5f63c3b req-76b3f3df-0645-44e5-9908-33926b912ad3 None None] Starting request: 10.4.3.188 "GET /placement/resource_providers/a6dd176b-a38f-4c9f-ae95-a98f906ba9f9/inventories" {{(pid=90017) __call__ /opt/stack/placement/placement/requestlog.py:55}}
Aug 12 20:07:58.922531 np0000007106 devstack@placement-api.service[90017]: INFO placement.requestlog [req-a292535b-bfeb-4539-b93b-2520d5f63c3b req-76b3f3df-0645-44e5-9908-33926b912ad3 service nova] 10.4.3.188 "GET /placement/resource_providers/a6dd176b-a38f-4c9f-ae95-a98f906ba9f9/inventories" status: 200 len: 399 microversion: 1.0
Aug 12 20:07:58.923026 np0000007106 devstack@placement-api.service[90017]: [pid: 90017|app: 0|req: 182/546] 10.4.3.188 () {66 vars in 1512 bytes} [Wed Aug 12 20:07:58 2026] GET /placement/resource_providers/a6dd176b-a38f-4c9f-ae95-a98f906ba9f9/inventories => generated 399 bytes in 13 msecs (HTTP/1.1 200) 6 headers in 224 bytes (1 switches on core 0)
Aug 12 20:07:58.963301 np0000007106 devstack@placement-api.service[90015]: DEBUG placement.requestlog [req-a292535b-bfeb-4539-b93b-2520d5f63c3b req-16ed80cd-7f91-418b-bd0e-fde139d2f735 None None] Starting request: 10.4.3.188 "GET /placement/resource_providers/a6dd176b-a38f-4c9f-ae95-a98f906ba9f9/aggregates" {{(pid=90015) __call__ /opt/stack/placement/placement/requestlog.py:55}}
Aug 12 20:07:58.969422 np0000007106 devstack@placement-api.service[90016]: DEBUG placement.requestlog [req-ce2bd8ba-fe18-42bc-a7cc-c6d91ec1791c req-5290487f-4450-40c8-9afc-5189dea9ddb1 None None] Starting request: 10.4.3.188 "GET /placement/allocation_candidates?limit=1000&resources=DISK_GB%3A1%2CMEMORY_MB%3A192%2CVCPU%3A1&root_required=%21COMPUTE_STATUS_DISABLED" {{(pid=90016) __call__ /opt/stack/placement/placement/requestlog.py:55}}
Aug 12 20:07:58.988913 np0000007106 devstack@placement-api.service[90015]: INFO placement.requestlog [req-a292535b-bfeb-4539-b93b-2520d5f63c3b req-16ed80cd-7f91-418b-bd0e-fde139d2f735 service nova] 10.4.3.188 "GET /placement/resource_providers/a6dd176b-a38f-4c9f-ae95-a98f906ba9f9/aggregates" status: 200 len: 54 microversion: 1.19
Aug 12 20:07:58.989044 np0000007106 devstack@placement-api.service[90015]: [pid: 90015|app: 0|req: 184/547] 10.4.3.188 () {68 vars in 1553 bytes} [Wed Aug 12 20:07:58 2026] GET /placement/resource_providers/a6dd176b-a38f-4c9f-ae95-a98f906ba9f9/aggregates => generated 54 bytes in 26 msecs (HTTP/1.1 200) 8 headers in 295 bytes (1 switches on core 0)
Aug 12 20:07:59.003664 np0000007106 devstack@placement-api.service[90016]: DEBUG placement.objects.research_context [req-ce2bd8ba-fe18-42bc-a7cc-c6d91ec1791c req-5290487f-4450-40c8-9afc-5189dea9ddb1 service nova] getting providers with 1 DISK_GB {{(pid=90016) __init__ /opt/stack/placement/placement/objects/research_context.py:137}}
Aug 12 20:07:59.014848 np0000007106 devstack@placement-api.service[90016]: DEBUG placement.objects.research_context [req-ce2bd8ba-fe18-42bc-a7cc-c6d91ec1791c req-5290487f-4450-40c8-9afc-5189dea9ddb1 service nova] getting providers with 192 MEMORY_MB {{(pid=90016) __init__ /opt/stack/placement/placement/objects/research_context.py:137}}
Aug 12 20:07:59.016875 np0000007106 devstack@placement-api.service[90016]: DEBUG placement.objects.research_context [req-ce2bd8ba-fe18-42bc-a7cc-c6d91ec1791c req-5290487f-4450-40c8-9afc-5189dea9ddb1 service nova] getting providers with 1 VCPU {{(pid=90016) __init__ /opt/stack/placement/placement/objects/research_context.py:137}}
Aug 12 20:07:59.020966 np0000007106 devstack@placement-api.service[90016]: DEBUG placement.objects.research_context [req-ce2bd8ba-fe18-42bc-a7cc-c6d91ec1791c req-5290487f-4450-40c8-9afc-5189dea9ddb1 service nova] found 1 providers with available 1 DISK_GB {{(pid=90016) get_provider_ids_matching /opt/stack/placement/placement/objects/research_context.py:566}}
Aug 12 20:07:59.021220 np0000007106 devstack@placement-api.service[90016]: DEBUG placement.objects.research_context [req-ce2bd8ba-fe18-42bc-a7cc-c6d91ec1791c req-5290487f-4450-40c8-9afc-5189dea9ddb1 service nova] found 1 providers with available 192 MEMORY_MB {{(pid=90016) get_provider_ids_matching /opt/stack/placement/placement/objects/research_context.py:566}}
Aug 12 20:07:59.021413 np0000007106 devstack@placement-api.service[90016]: DEBUG placement.objects.research_context [req-ce2bd8ba-fe18-42bc-a7cc-c6d91ec1791c req-5290487f-4450-40c8-9afc-5189dea9ddb1 service nova] found 1 providers after filtering by previous result {{(pid=90016) get_provider_ids_matching /opt/stack/placement/placement/objects/research_context.py:597}}
Aug 12 20:07:59.021552 np0000007106 devstack@placement-api.service[90016]: DEBUG placement.objects.research_context [req-ce2bd8ba-fe18-42bc-a7cc-c6d91ec1791c req-5290487f-4450-40c8-9afc-5189dea9ddb1 service nova] found 1 providers with available 1 VCPU {{(pid=90016) get_provider_ids_matching /opt/stack/placement/placement/objects/research_context.py:566}}
Aug 12 20:07:59.021687 np0000007106 devstack@placement-api.service[90016]: DEBUG placement.objects.research_context [req-ce2bd8ba-fe18-42bc-a7cc-c6d91ec1791c req-5290487f-4450-40c8-9afc-5189dea9ddb1 service nova] found 1 providers after filtering by previous result {{(pid=90016) get_provider_ids_matching /opt/stack/placement/placement/objects/research_context.py:597}}
Aug 12 20:07:59.033028 np0000007106 devstack@placement-api.service[90017]: DEBUG placement.requestlog [req-a292535b-bfeb-4539-b93b-2520d5f63c3b req-2e82a71e-1b80-4496-a6ad-6043a98c4536 None None] Starting request: 10.4.3.188 "GET /placement/resource_providers/a6dd176b-a38f-4c9f-ae95-a98f906ba9f9/traits" {{(pid=90017) __call__ /opt/stack/placement/placement/requestlog.py:55}}
Aug 12 20:07:59.033089 np0000007106 devstack@placement-api.service[90016]: DEBUG placement.objects.allocation_candidate [req-ce2bd8ba-fe18-42bc-a7cc-c6d91ec1791c req-5290487f-4450-40c8-9afc-5189dea9ddb1 service nova] RequestGroup(use_same_provider=False, resources={DISK_GB:1, MEMORY_MB:192, VCPU:1}, traits=(), aggregates=[]) (suffix '') returned 1 matches {{(pid=90016) _get_by_requests /opt/stack/placement/placement/objects/allocation_candidate.py:158}}
Aug 12 20:07:59.033220 np0000007106 devstack@placement-api.service[90016]: DEBUG placement.objects.allocation_candidate [req-ce2bd8ba-fe18-42bc-a7cc-c6d91ec1791c req-5290487f-4450-40c8-9afc-5189dea9ddb1 service nova] Merging candidates yields 1 allocation requests and 1 provider summaries {{(pid=90016) _merge_candidates /opt/stack/placement/placement/objects/allocation_candidate.py:973}}
Aug 12 20:07:59.034399 np0000007106 devstack@placement-api.service[90016]: INFO placement.requestlog [req-ce2bd8ba-fe18-42bc-a7cc-c6d91ec1791c req-5290487f-4450-40c8-9afc-5189dea9ddb1 service nova] 10.4.3.188 "GET /placement/allocation_candidates?limit=1000&resources=DISK_GB%3A1%2CMEMORY_MB%3A192%2CVCPU%3A1&root_required=%21COMPUTE_STATUS_DISABLED" status: 200 len: 2492 microversion: 1.36
Aug 12 20:07:59.034869 np0000007106 devstack@placement-api.service[90016]: [pid: 90016|app: 0|req: 182/548] 10.4.3.188 () {68 vars in 1625 bytes} [Wed Aug 12 20:07:58 2026] GET /placement/allocation_candidates?limit=1000&resources=DISK_GB%3A1%2CMEMORY_MB%3A192%2CVCPU%3A1&root_required=%21COMPUTE_STATUS_DISABLED => generated 2492 bytes in 65 msecs (HTTP/1.1 200) 8 headers in 297 bytes (1 switches on core 0)
Aug 12 20:07:59.056730 np0000007106 devstack@placement-api.service[90017]: INFO placement.requestlog [req-a292535b-bfeb-4539-b93b-2520d5f63c3b req-2e82a71e-1b80-4496-a6ad-6043a98c4536 service nova] 10.4.3.188 "GET /placement/resource_providers/a6dd176b-a38f-4c9f-ae95-a98f906ba9f9/traits" status: 200 len: 2027 microversion: 1.6
Aug 12 20:07:59.057060 np0000007106 devstack@placement-api.service[90017]: [pid: 90017|app: 0|req: 183/549] 10.4.3.188 () {68 vars in 1540 bytes} [Wed Aug 12 20:07:59 2026] GET /placement/resource_providers/a6dd176b-a38f-4c9f-ae95-a98f906ba9f9/traits => generated 2027 bytes in 24 msecs (HTTP/1.1 200) 6 headers in 225 bytes (1 switches on core 0)
Aug 12 20:07:59.100965 np0000007106 devstack@placement-api.service[90015]: DEBUG placement.requestlog [req-a292535b-bfeb-4539-b93b-2520d5f63c3b req-09d460d5-2696-47a6-9a72-c2363b7049f2 None None] Starting request: 10.4.3.188 "GET /placement/resource_providers/a6dd176b-a38f-4c9f-ae95-a98f906ba9f9/allocations" {{(pid=90015) __call__ /opt/stack/placement/placement/requestlog.py:55}}
Aug 12 20:07:59.108109 np0000007106 devstack@placement-api.service[90016]: DEBUG placement.requestlog [req-ce2bd8ba-fe18-42bc-a7cc-c6d91ec1791c req-d4e5b12e-dad6-409b-bbee-e347a5a0c483 None None] Starting request: 10.4.3.188 "GET /placement/allocations/325986fb-6f5c-46a5-b53f-d656d0e32232" {{(pid=90016) __call__ /opt/stack/placement/placement/requestlog.py:55}}
Aug 12 20:07:59.116275 np0000007106 devstack@placement-api.service[90016]: INFO placement.requestlog [req-ce2bd8ba-fe18-42bc-a7cc-c6d91ec1791c req-d4e5b12e-dad6-409b-bbee-e347a5a0c483 service nova] 10.4.3.188 "GET /placement/allocations/325986fb-6f5c-46a5-b53f-d656d0e32232" status: 200 len: 19 microversion: 1.28
Aug 12 20:07:59.116497 np0000007106 devstack@placement-api.service[90016]: [pid: 90016|app: 0|req: 183/550] 10.4.3.188 () {68 vars in 1501 bytes} [Wed Aug 12 20:07:59 2026] GET /placement/allocations/325986fb-6f5c-46a5-b53f-d656d0e32232 => generated 19 bytes in 8 msecs (HTTP/1.1 200) 8 headers in 295 bytes (1 switches on core 0)
Aug 12 20:07:59.125370 np0000007106 devstack@placement-api.service[90015]: INFO placement.requestlog [req-a292535b-bfeb-4539-b93b-2520d5f63c3b req-09d460d5-2696-47a6-9a72-c2363b7049f2 service nova] 10.4.3.188 "GET /placement/resource_providers/a6dd176b-a38f-4c9f-ae95-a98f906ba9f9/allocations" status: 200 len: 525 microversion: 1.0
Aug 12 20:07:59.125706 np0000007106 devstack@placement-api.service[90015]: [pid: 90015|app: 0|req: 185/551] 10.4.3.188 () {66 vars in 1512 bytes} [Wed Aug 12 20:07:59 2026] GET /placement/resource_providers/a6dd176b-a38f-4c9f-ae95-a98f906ba9f9/allocations => generated 525 bytes in 25 msecs (HTTP/1.1 200) 6 headers in 224 bytes (1 switches on core 0)
Aug 12 20:07:59.153730 np0000007106 devstack@placement-api.service[90017]: DEBUG placement.requestlog [req-ce2bd8ba-fe18-42bc-a7cc-c6d91ec1791c req-df63cfc4-cccb-4a39-af10-1944a59948f6 None None] Starting request: 10.4.3.188 "PUT /placement/allocations/325986fb-6f5c-46a5-b53f-d656d0e32232" {{(pid=90017) __call__ /opt/stack/placement/placement/requestlog.py:55}}
Aug 12 20:07:59.155258 np0000007106 devstack@placement-api.service[90016]: DEBUG placement.requestlog [req-a292535b-bfeb-4539-b93b-2520d5f63c3b req-a23c4ca1-a192-456d-9ddc-8ec684c057ef None None] Starting request: 10.4.3.188 "GET /placement/allocations/4e8b8ad4-863e-4808-9fe4-08cc6eb63551" {{(pid=90016) __call__ /opt/stack/placement/placement/requestlog.py:55}}
Aug 12 20:07:59.162905 np0000007106 devstack@placement-api.service[90016]: INFO placement.requestlog [req-a292535b-bfeb-4539-b93b-2520d5f63c3b req-a23c4ca1-a192-456d-9ddc-8ec684c057ef service nova] 10.4.3.188 "GET /placement/allocations/4e8b8ad4-863e-4808-9fe4-08cc6eb63551" status: 200 len: 258 microversion: 1.28
Aug 12 20:07:59.163056 np0000007106 devstack@placement-api.service[90016]: [pid: 90016|app: 0|req: 184/552] 10.4.3.188 () {68 vars in 1499 bytes} [Wed Aug 12 20:07:59 2026] GET /placement/allocations/4e8b8ad4-863e-4808-9fe4-08cc6eb63551 => generated 258 bytes in 8 msecs (HTTP/1.1 200) 8 headers in 296 bytes (1 switches on core 0)
Aug 12 20:07:59.189926 np0000007106 devstack@placement-api.service[90015]: DEBUG placement.requestlog [req-a292535b-bfeb-4539-b93b-2520d5f63c3b req-b9c73b54-b20e-4632-a710-b05f735403b4 None None] Starting request: 10.4.3.188 "GET /placement/allocations/e6935c90-b7a8-4e8d-9bac-a7fb279cf9a2" {{(pid=90015) __call__ /opt/stack/placement/placement/requestlog.py:55}}
Aug 12 20:07:59.199239 np0000007106 devstack@placement-api.service[90015]: INFO placement.requestlog [req-a292535b-bfeb-4539-b93b-2520d5f63c3b req-b9c73b54-b20e-4632-a710-b05f735403b4 service nova] 10.4.3.188 "GET /placement/allocations/e6935c90-b7a8-4e8d-9bac-a7fb279cf9a2" status: 200 len: 258 microversion: 1.28
Aug 12 20:07:59.199512 np0000007106 devstack@placement-api.service[90015]: [pid: 90015|app: 0|req: 186/553] 10.4.3.188 () {68 vars in 1499 bytes} [Wed Aug 12 20:07:59 2026] GET /placement/allocations/e6935c90-b7a8-4e8d-9bac-a7fb279cf9a2 => generated 258 bytes in 10 msecs (HTTP/1.1 200) 8 headers in 296 bytes (1 switches on core 0)
Aug 12 20:07:59.204197 np0000007106 devstack@placement-api.service[90017]: DEBUG placement.handlers.allocation [req-ce2bd8ba-fe18-42bc-a7cc-c6d91ec1791c req-df63cfc4-cccb-4a39-af10-1944a59948f6 service nova] Successfully wrote allocations [, , ] {{(pid=90017) _update_consumers_and_create_allocations /opt/stack/placement/placement/handlers/allocation.py:462}}
Aug 12 20:07:59.207190 np0000007106 devstack@placement-api.service[90017]: INFO placement.requestlog [req-ce2bd8ba-fe18-42bc-a7cc-c6d91ec1791c req-df63cfc4-cccb-4a39-af10-1944a59948f6 service nova] 10.4.3.188 "PUT /placement/allocations/325986fb-6f5c-46a5-b53f-d656d0e32232" status: 204 len: 0 microversion: 1.36
Aug 12 20:07:59.207489 np0000007106 devstack@placement-api.service[90017]: [pid: 90017|app: 0|req: 184/554] 10.4.3.188 () {72 vars in 1554 bytes} [Wed Aug 12 20:07:59 2026] PUT /placement/allocations/325986fb-6f5c-46a5-b53f-d656d0e32232 => generated 0 bytes in 54 msecs (HTTP/1.1 204) 5 headers in 199 bytes (1 switches on core 0)
Aug 12 20:07:59.232707 np0000007106 devstack@placement-api.service[90016]: DEBUG placement.requestlog [req-a292535b-bfeb-4539-b93b-2520d5f63c3b req-e97466bb-e939-4686-8808-3c897818cf45 None None] Starting request: 10.4.3.188 "GET /placement/allocations/75646a7f-c006-4c78-9922-f3998fa2ee94" {{(pid=90016) __call__ /opt/stack/placement/placement/requestlog.py:55}}
Aug 12 20:07:59.239302 np0000007106 devstack@placement-api.service[90016]: DEBUG dbcounter [-] [90016] Writing DB stats placement:SELECT=217,placement:INSERT=9,placement:DELETE=16,placement:UPDATE=4 {{(pid=90016) stat_writer /opt/stack/data/venv/lib/python3.12/site-packages/dbcounter.py:115}}
Aug 12 20:07:59.243998 np0000007106 devstack@placement-api.service[90016]: INFO placement.requestlog [req-a292535b-bfeb-4539-b93b-2520d5f63c3b req-e97466bb-e939-4686-8808-3c897818cf45 service nova] 10.4.3.188 "GET /placement/allocations/75646a7f-c006-4c78-9922-f3998fa2ee94" status: 200 len: 244 microversion: 1.28
Aug 12 20:07:59.244358 np0000007106 devstack@placement-api.service[90016]: [pid: 90016|app: 0|req: 185/555] 10.4.3.188 () {68 vars in 1499 bytes} [Wed Aug 12 20:07:59 2026] GET /placement/allocations/75646a7f-c006-4c78-9922-f3998fa2ee94 => generated 244 bytes in 12 msecs (HTTP/1.1 200) 8 headers in 296 bytes (1 switches on core 0)
Aug 12 20:07:59.279852 np0000007106 devstack@placement-api.service[90015]: DEBUG placement.requestlog [req-a292535b-bfeb-4539-b93b-2520d5f63c3b req-45aa28e4-5b50-4b08-8a06-874e5a61521c None None] Starting request: 10.4.3.188 "GET /placement/allocations/73541957-c935-4219-84d2-cb51b49f4c68" {{(pid=90015) __call__ /opt/stack/placement/placement/requestlog.py:55}}
Aug 12 20:07:59.290080 np0000007106 devstack@placement-api.service[90015]: INFO placement.requestlog [req-a292535b-bfeb-4539-b93b-2520d5f63c3b req-45aa28e4-5b50-4b08-8a06-874e5a61521c service nova] 10.4.3.188 "GET /placement/allocations/73541957-c935-4219-84d2-cb51b49f4c68" status: 200 len: 244 microversion: 1.28
Aug 12 20:07:59.290343 np0000007106 devstack@placement-api.service[90015]: [pid: 90015|app: 0|req: 187/556] 10.4.3.188 () {68 vars in 1499 bytes} [Wed Aug 12 20:07:59 2026] GET /placement/allocations/73541957-c935-4219-84d2-cb51b49f4c68 => generated 244 bytes in 11 msecs (HTTP/1.1 200) 8 headers in 296 bytes (1 switches on core 0)
Aug 12 20:07:59.324067 np0000007106 devstack@placement-api.service[90017]: DEBUG placement.requestlog [req-a292535b-bfeb-4539-b93b-2520d5f63c3b req-daacd5e7-9674-4e49-bff3-e7b68e2d0970 None None] Starting request: 10.4.3.188 "GET /placement/allocations/dd5a6723-3ad4-4cf8-b257-29687a386924" {{(pid=90017) __call__ /opt/stack/placement/placement/requestlog.py:55}}
Aug 12 20:07:59.336266 np0000007106 devstack@placement-api.service[90017]: INFO placement.requestlog [req-a292535b-bfeb-4539-b93b-2520d5f63c3b req-daacd5e7-9674-4e49-bff3-e7b68e2d0970 service nova] 10.4.3.188 "GET /placement/allocations/dd5a6723-3ad4-4cf8-b257-29687a386924" status: 200 len: 258 microversion: 1.28
Aug 12 20:07:59.336717 np0000007106 devstack@placement-api.service[90017]: [pid: 90017|app: 0|req: 185/557] 10.4.3.188 () {68 vars in 1499 bytes} [Wed Aug 12 20:07:59 2026] GET /placement/allocations/dd5a6723-3ad4-4cf8-b257-29687a386924 => generated 258 bytes in 13 msecs (HTTP/1.1 200) 8 headers in 296 bytes (1 switches on core 0)
Aug 12 20:07:59.407789 np0000007106 devstack@placement-api.service[90016]: DEBUG placement.requestlog [req-ce2bd8ba-fe18-42bc-a7cc-c6d91ec1791c req-b45db122-efc8-473a-9152-0256ee2b870c None None] Starting request: 10.4.3.188 "GET /placement/allocations/325986fb-6f5c-46a5-b53f-d656d0e32232" {{(pid=90016) __call__ /opt/stack/placement/placement/requestlog.py:55}}
Aug 12 20:07:59.422281 np0000007106 devstack@placement-api.service[90016]: INFO placement.requestlog [req-ce2bd8ba-fe18-42bc-a7cc-c6d91ec1791c req-b45db122-efc8-473a-9152-0256ee2b870c service nova] 10.4.3.188 "GET /placement/allocations/325986fb-6f5c-46a5-b53f-d656d0e32232" status: 200 len: 258 microversion: 1.28
Aug 12 20:07:59.422597 np0000007106 devstack@placement-api.service[90016]: [pid: 90016|app: 0|req: 186/558] 10.4.3.188 () {68 vars in 1499 bytes} [Wed Aug 12 20:07:59 2026] GET /placement/allocations/325986fb-6f5c-46a5-b53f-d656d0e32232 => generated 258 bytes in 15 msecs (HTTP/1.1 200) 8 headers in 296 bytes (1 switches on core 0)
Aug 12 20:07:59.506986 np0000007106 devstack@placement-api.service[90015]: DEBUG placement.requestlog [req-ce2bd8ba-fe18-42bc-a7cc-c6d91ec1791c req-3c0eb55a-9dfc-4daa-8994-e3dedf655626 None None] Starting request: 10.4.3.188 "GET /placement/resource_providers/a6dd176b-a38f-4c9f-ae95-a98f906ba9f9/allocations" {{(pid=90015) __call__ /opt/stack/placement/placement/requestlog.py:55}}
Aug 12 20:07:59.522511 np0000007106 devstack@placement-api.service[90015]: INFO placement.requestlog [req-ce2bd8ba-fe18-42bc-a7cc-c6d91ec1791c req-3c0eb55a-9dfc-4daa-8994-e3dedf655626 service nova] 10.4.3.188 "GET /placement/resource_providers/a6dd176b-a38f-4c9f-ae95-a98f906ba9f9/allocations" status: 200 len: 625 microversion: 1.0
Aug 12 20:07:59.522698 np0000007106 devstack@placement-api.service[90015]: [pid: 90015|app: 0|req: 188/559] 10.4.3.188 () {66 vars in 1512 bytes} [Wed Aug 12 20:07:59 2026] GET /placement/resource_providers/a6dd176b-a38f-4c9f-ae95-a98f906ba9f9/allocations => generated 625 bytes in 16 msecs (HTTP/1.1 200) 6 headers in 224 bytes (1 switches on core 0)
Aug 12 20:07:59.563102 np0000007106 devstack@placement-api.service[90017]: DEBUG placement.requestlog [req-ce2bd8ba-fe18-42bc-a7cc-c6d91ec1791c req-953534cf-ae05-49f0-ba40-af7ed1104915 None None] Starting request: 10.4.3.188 "GET /placement/allocations/4e8b8ad4-863e-4808-9fe4-08cc6eb63551" {{(pid=90017) __call__ /opt/stack/placement/placement/requestlog.py:55}}
Aug 12 20:07:59.571838 np0000007106 devstack@placement-api.service[90017]: INFO placement.requestlog [req-ce2bd8ba-fe18-42bc-a7cc-c6d91ec1791c req-953534cf-ae05-49f0-ba40-af7ed1104915 service nova] 10.4.3.188 "GET /placement/allocations/4e8b8ad4-863e-4808-9fe4-08cc6eb63551" status: 200 len: 258 microversion: 1.28
Aug 12 20:07:59.572038 np0000007106 devstack@placement-api.service[90017]: [pid: 90017|app: 0|req: 186/560] 10.4.3.188 () {68 vars in 1499 bytes} [Wed Aug 12 20:07:59 2026] GET /placement/allocations/4e8b8ad4-863e-4808-9fe4-08cc6eb63551 => generated 258 bytes in 9 msecs (HTTP/1.1 200) 8 headers in 296 bytes (1 switches on core 0)
Aug 12 20:07:59.615522 np0000007106 devstack@placement-api.service[90016]: DEBUG placement.requestlog [req-ce2bd8ba-fe18-42bc-a7cc-c6d91ec1791c req-3f09265c-4484-4e6a-9902-1eaf025522f1 None None] Starting request: 10.4.3.188 "GET /placement/allocations/e6935c90-b7a8-4e8d-9bac-a7fb279cf9a2" {{(pid=90016) __call__ /opt/stack/placement/placement/requestlog.py:55}}
Aug 12 20:07:59.624821 np0000007106 devstack@placement-api.service[90016]: INFO placement.requestlog [req-ce2bd8ba-fe18-42bc-a7cc-c6d91ec1791c req-3f09265c-4484-4e6a-9902-1eaf025522f1 service nova] 10.4.3.188 "GET /placement/allocations/e6935c90-b7a8-4e8d-9bac-a7fb279cf9a2" status: 200 len: 258 microversion: 1.28
Aug 12 20:07:59.625050 np0000007106 devstack@placement-api.service[90016]: [pid: 90016|app: 0|req: 187/561] 10.4.3.188 () {68 vars in 1499 bytes} [Wed Aug 12 20:07:59 2026] GET /placement/allocations/e6935c90-b7a8-4e8d-9bac-a7fb279cf9a2 => generated 258 bytes in 10 msecs (HTTP/1.1 200) 8 headers in 296 bytes (1 switches on core 0)
Aug 12 20:07:59.664059 np0000007106 devstack@placement-api.service[90015]: DEBUG placement.requestlog [req-ce2bd8ba-fe18-42bc-a7cc-c6d91ec1791c req-7c9198fa-0112-4b02-bc6c-a3a07834e892 None None] Starting request: 10.4.3.188 "GET /placement/allocations/325986fb-6f5c-46a5-b53f-d656d0e32232" {{(pid=90015) __call__ /opt/stack/placement/placement/requestlog.py:55}}
Aug 12 20:07:59.672787 np0000007106 devstack@placement-api.service[90015]: INFO placement.requestlog [req-ce2bd8ba-fe18-42bc-a7cc-c6d91ec1791c req-7c9198fa-0112-4b02-bc6c-a3a07834e892 service nova] 10.4.3.188 "GET /placement/allocations/325986fb-6f5c-46a5-b53f-d656d0e32232" status: 200 len: 258 microversion: 1.28
Aug 12 20:07:59.673048 np0000007106 devstack@placement-api.service[90015]: [pid: 90015|app: 0|req: 189/562] 10.4.3.188 () {68 vars in 1499 bytes} [Wed Aug 12 20:07:59 2026] GET /placement/allocations/325986fb-6f5c-46a5-b53f-d656d0e32232 => generated 258 bytes in 9 msecs (HTTP/1.1 200) 8 headers in 296 bytes (1 switches on core 0)
Aug 12 20:07:59.716434 np0000007106 devstack@placement-api.service[90017]: DEBUG placement.requestlog [req-ce2bd8ba-fe18-42bc-a7cc-c6d91ec1791c req-3f0c0ea2-4196-4782-8b50-771cbcbb15d1 None None] Starting request: 10.4.3.188 "GET /placement/allocations/75646a7f-c006-4c78-9922-f3998fa2ee94" {{(pid=90017) __call__ /opt/stack/placement/placement/requestlog.py:55}}
Aug 12 20:07:59.723859 np0000007106 devstack@placement-api.service[90017]: INFO placement.requestlog [req-ce2bd8ba-fe18-42bc-a7cc-c6d91ec1791c req-3f0c0ea2-4196-4782-8b50-771cbcbb15d1 service nova] 10.4.3.188 "GET /placement/allocations/75646a7f-c006-4c78-9922-f3998fa2ee94" status: 200 len: 244 microversion: 1.28
Aug 12 20:07:59.724103 np0000007106 devstack@placement-api.service[90017]: [pid: 90017|app: 0|req: 187/563] 10.4.3.188 () {68 vars in 1499 bytes} [Wed Aug 12 20:07:59 2026] GET /placement/allocations/75646a7f-c006-4c78-9922-f3998fa2ee94 => generated 244 bytes in 8 msecs (HTTP/1.1 200) 8 headers in 296 bytes (1 switches on core 0)
Aug 12 20:07:59.758505 np0000007106 devstack@placement-api.service[90016]: DEBUG placement.requestlog [req-ce2bd8ba-fe18-42bc-a7cc-c6d91ec1791c req-3421ad5a-077b-4679-a29b-29e606641d93 None None] Starting request: 10.4.3.188 "GET /placement/allocations/73541957-c935-4219-84d2-cb51b49f4c68" {{(pid=90016) __call__ /opt/stack/placement/placement/requestlog.py:55}}
Aug 12 20:07:59.767875 np0000007106 devstack@placement-api.service[90016]: INFO placement.requestlog [req-ce2bd8ba-fe18-42bc-a7cc-c6d91ec1791c req-3421ad5a-077b-4679-a29b-29e606641d93 service nova] 10.4.3.188 "GET /placement/allocations/73541957-c935-4219-84d2-cb51b49f4c68" status: 200 len: 244 microversion: 1.28
Aug 12 20:07:59.768075 np0000007106 devstack@placement-api.service[90016]: [pid: 90016|app: 0|req: 188/564] 10.4.3.188 () {68 vars in 1499 bytes} [Wed Aug 12 20:07:59 2026] GET /placement/allocations/73541957-c935-4219-84d2-cb51b49f4c68 => generated 244 bytes in 10 msecs (HTTP/1.1 200) 8 headers in 296 bytes (1 switches on core 0)
Aug 12 20:07:59.796451 np0000007106 devstack@placement-api.service[90015]: DEBUG placement.requestlog [req-ce2bd8ba-fe18-42bc-a7cc-c6d91ec1791c req-add0e781-94ae-4e34-82bd-f0e98dc2755e None None] Starting request: 10.4.3.188 "GET /placement/allocations/dd5a6723-3ad4-4cf8-b257-29687a386924" {{(pid=90015) __call__ /opt/stack/placement/placement/requestlog.py:55}}
Aug 12 20:07:59.804605 np0000007106 devstack@placement-api.service[90015]: INFO placement.requestlog [req-ce2bd8ba-fe18-42bc-a7cc-c6d91ec1791c req-add0e781-94ae-4e34-82bd-f0e98dc2755e service nova] 10.4.3.188 "GET /placement/allocations/dd5a6723-3ad4-4cf8-b257-29687a386924" status: 200 len: 258 microversion: 1.28
Aug 12 20:07:59.804858 np0000007106 devstack@placement-api.service[90015]: [pid: 90015|app: 0|req: 190/565] 10.4.3.188 () {68 vars in 1499 bytes} [Wed Aug 12 20:07:59 2026] GET /placement/allocations/dd5a6723-3ad4-4cf8-b257-29687a386924 => generated 258 bytes in 8 msecs (HTTP/1.1 200) 8 headers in 296 bytes (1 switches on core 0)
Aug 12 20:08:04.583017 np0000007106 devstack@placement-api.service[90017]: DEBUG placement.requestlog [req-b9e99b76-b608-4898-bedc-e021675547ed req-5ec0b37e-5be5-41bd-9d70-506c179eb222 None None] Starting request: 10.4.3.188 "GET /placement/allocation_candidates?limit=1000&resources=DISK_GB%3A1%2CMEMORY_MB%3A192%2CVCPU%3A1&root_required=%21COMPUTE_STATUS_DISABLED" {{(pid=90017) __call__ /opt/stack/placement/placement/requestlog.py:55}}
Aug 12 20:08:04.609062 np0000007106 devstack@placement-api.service[90017]: DEBUG placement.objects.research_context [req-b9e99b76-b608-4898-bedc-e021675547ed req-5ec0b37e-5be5-41bd-9d70-506c179eb222 service nova] getting providers with 1 DISK_GB {{(pid=90017) __init__ /opt/stack/placement/placement/objects/research_context.py:137}}
Aug 12 20:08:04.614110 np0000007106 devstack@placement-api.service[90017]: DEBUG placement.objects.research_context [req-b9e99b76-b608-4898-bedc-e021675547ed req-5ec0b37e-5be5-41bd-9d70-506c179eb222 service nova] getting providers with 192 MEMORY_MB {{(pid=90017) __init__ /opt/stack/placement/placement/objects/research_context.py:137}}
Aug 12 20:08:04.616858 np0000007106 devstack@placement-api.service[90017]: DEBUG placement.objects.research_context [req-b9e99b76-b608-4898-bedc-e021675547ed req-5ec0b37e-5be5-41bd-9d70-506c179eb222 service nova] getting providers with 1 VCPU {{(pid=90017) __init__ /opt/stack/placement/placement/objects/research_context.py:137}}
Aug 12 20:08:04.619694 np0000007106 devstack@placement-api.service[90017]: DEBUG placement.objects.research_context [req-b9e99b76-b608-4898-bedc-e021675547ed req-5ec0b37e-5be5-41bd-9d70-506c179eb222 service nova] found 1 providers with available 1 DISK_GB {{(pid=90017) get_provider_ids_matching /opt/stack/placement/placement/objects/research_context.py:566}}
Aug 12 20:08:04.619816 np0000007106 devstack@placement-api.service[90017]: DEBUG placement.objects.research_context [req-b9e99b76-b608-4898-bedc-e021675547ed req-5ec0b37e-5be5-41bd-9d70-506c179eb222 service nova] found 1 providers with available 192 MEMORY_MB {{(pid=90017) get_provider_ids_matching /opt/stack/placement/placement/objects/research_context.py:566}}
Aug 12 20:08:04.619912 np0000007106 devstack@placement-api.service[90017]: DEBUG placement.objects.research_context [req-b9e99b76-b608-4898-bedc-e021675547ed req-5ec0b37e-5be5-41bd-9d70-506c179eb222 service nova] found 1 providers after filtering by previous result {{(pid=90017) get_provider_ids_matching /opt/stack/placement/placement/objects/research_context.py:597}}
Aug 12 20:08:04.620752 np0000007106 devstack@placement-api.service[90017]: DEBUG placement.objects.research_context [req-b9e99b76-b608-4898-bedc-e021675547ed req-5ec0b37e-5be5-41bd-9d70-506c179eb222 service nova] found 1 providers with available 1 VCPU {{(pid=90017) get_provider_ids_matching /opt/stack/placement/placement/objects/research_context.py:566}}
Aug 12 20:08:04.620752 np0000007106 devstack@placement-api.service[90017]: DEBUG placement.objects.research_context [req-b9e99b76-b608-4898-bedc-e021675547ed req-5ec0b37e-5be5-41bd-9d70-506c179eb222 service nova] found 1 providers after filtering by previous result {{(pid=90017) get_provider_ids_matching /opt/stack/placement/placement/objects/research_context.py:597}}
