Jul 03 20:15:28.735629 np0000004463 devstack@g-api.service[99616]: DEBUG glance_store.location [-] Registering scheme swift+https with {'store': , 'location_class': , 'store_entry': 'swift'} {{(pid=99616) register_scheme_map /opt/stack/data/venv/lib/python3.12/site-packages/glance_store/location.py:146}}
Jul 03 20:15:28.735670 np0000004463 devstack@g-api.service[99614]: DEBUG glance_store.location [-] Registering scheme swift+https with {'store': , 'location_class': , 'store_entry': 'swift'} {{(pid=99614) register_scheme_map /opt/stack/data/venv/lib/python3.12/site-packages/glance_store/location.py:146}}
Jul 03 20:15:28.735721 np0000004463 devstack@g-api.service[99615]: DEBUG glance_store.location [-] Registering scheme swift with {'store': , 'location_class': , 'store_entry': 'swift'} {{(pid=99615) register_scheme_map /opt/stack/data/venv/lib/python3.12/site-packages/glance_store/location.py:146}}
Jul 03 20:15:28.735761 np0000004463 devstack@g-api.service[99616]: DEBUG glance_store.location [-] Registering scheme swift with {'store': , 'location_class': , 'store_entry': 'swift'} {{(pid=99616) register_scheme_map /opt/stack/data/venv/lib/python3.12/site-packages/glance_store/location.py:146}}
Jul 03 20:15:28.735811 np0000004463 devstack@g-api.service[99614]: DEBUG glance_store.location [-] Registering scheme swift+https with {'store': , 'location_class': , 'store_entry': 'swift'} {{(pid=99614) register_scheme_map /opt/stack/data/venv/lib/python3.12/site-packages/glance_store/location.py:146}}
Jul 03 20:15:28.735852 np0000004463 devstack@g-api.service[99615]: DEBUG glance_store.location [-] Registering scheme swift+http with {'store': , 'location_class': , 'store_entry': 'swift'} {{(pid=99615) register_scheme_map /opt/stack/data/venv/lib/python3.12/site-packages/glance_store/location.py:146}}
Jul 03 20:15:28.735891 np0000004463 devstack@g-api.service[99616]: DEBUG glance_store.location [-] Registering scheme swift+https with {'store': , 'location_class': , 'store_entry': 'swift'} {{(pid=99616) register_scheme_map /opt/stack/data/venv/lib/python3.12/site-packages/glance_store/location.py:146}}
Jul 03 20:15:28.735930 np0000004463 devstack@g-api.service[99615]: DEBUG glance_store.location [-] Registering scheme swift+config with {'store': , 'location_class': , 'store_entry': 'swift'} {{(pid=99615) register_scheme_map /opt/stack/data/venv/lib/python3.12/site-packages/glance_store/location.py:146}}
Jul 03 20:15:28.735982 np0000004463 devstack@g-api.service[99614]: DEBUG glance_store.location [-] Registering scheme swift with {'store': , 'location_class': , 'store_entry': 'swift'} {{(pid=99614) register_scheme_map /opt/stack/data/venv/lib/python3.12/site-packages/glance_store/location.py:146}}
Jul 03 20:15:28.736025 np0000004463 devstack@g-api.service[99616]: DEBUG glance_store.location [-] Registering scheme swift with {'store': , 'location_class': , 'store_entry': 'swift'} {{(pid=99616) register_scheme_map /opt/stack/data/venv/lib/python3.12/site-packages/glance_store/location.py:146}}
Jul 03 20:15:28.736078 np0000004463 devstack@g-api.service[99614]: DEBUG glance_store.location [-] Registering scheme swift+https with {'store': , 'location_class': , 'store_entry': 'swift'} {{(pid=99614) register_scheme_map /opt/stack/data/venv/lib/python3.12/site-packages/glance_store/location.py:146}}
Jul 03 20:15:28.736123 np0000004463 devstack@g-api.service[99616]: DEBUG glance_store.location [-] Registering scheme swift+http with {'store': , 'location_class': , 'store_entry': 'swift'} {{(pid=99616) register_scheme_map /opt/stack/data/venv/lib/python3.12/site-packages/glance_store/location.py:146}}
Jul 03 20:15:28.736172 np0000004463 devstack@g-api.service[99614]: DEBUG glance_store.location [-] Registering scheme swift with {'store': , 'location_class': , 'store_entry': 'swift'} {{(pid=99614) register_scheme_map /opt/stack/data/venv/lib/python3.12/site-packages/glance_store/location.py:146}}
Jul 03 20:15:28.736221 np0000004463 devstack@g-api.service[99616]: DEBUG glance_store.location [-] Registering scheme swift+https with {'store': , 'location_class': , 'store_entry': 'swift'} {{(pid=99616) register_scheme_map /opt/stack/data/venv/lib/python3.12/site-packages/glance_store/location.py:146}}
Jul 03 20:15:28.736221 np0000004463 devstack@g-api.service[99616]: DEBUG glance_store.location [-] Registering scheme swift with {'store': , 'location_class': , 'store_entry': 'swift'} {{(pid=99616) register_scheme_map /opt/stack/data/venv/lib/python3.12/site-packages/glance_store/location.py:146}}
Jul 03 20:15:28.736295 np0000004463 devstack@g-api.service[99614]: DEBUG glance_store.location [-] Registering scheme swift+http with {'store': , 'location_class': , 'store_entry': 'swift'} {{(pid=99614) register_scheme_map /opt/stack/data/venv/lib/python3.12/site-packages/glance_store/location.py:146}}
Jul 03 20:15:28.736338 np0000004463 devstack@g-api.service[99616]: DEBUG glance_store.location [-] Registering scheme swift+http with {'store': , 'location_class': , 'store_entry': 'swift'} {{(pid=99616) register_scheme_map /opt/stack/data/venv/lib/python3.12/site-packages/glance_store/location.py:146}}
Jul 03 20:15:28.736377 np0000004463 devstack@g-api.service[99614]: DEBUG glance_store.location [-] Registering scheme swift+https with {'store': , 'location_class': , 'store_entry': 'swift'} {{(pid=99614) register_scheme_map /opt/stack/data/venv/lib/python3.12/site-packages/glance_store/location.py:146}}
Jul 03 20:15:28.736417 np0000004463 devstack@g-api.service[99615]: DEBUG glance.sqlite_migration [-] SQLite caching database not located, skipping migration {{(pid=99615) get_db_path /opt/stack/glance/glance/sqlite_migration.py:68}}
Jul 03 20:15:28.736471 np0000004463 devstack@g-api.service[99616]: DEBUG glance_store.location [-] Registering scheme swift+config with {'store': , 'location_class': , 'store_entry': 'swift'} {{(pid=99616) register_scheme_map /opt/stack/data/venv/lib/python3.12/site-packages/glance_store/location.py:146}}
Jul 03 20:15:28.736519 np0000004463 devstack@g-api.service[99614]: DEBUG glance_store.location [-] Registering scheme swift with {'store': , 'location_class': , 'store_entry': 'swift'} {{(pid=99614) register_scheme_map /opt/stack/data/venv/lib/python3.12/site-packages/glance_store/location.py:146}}
Jul 03 20:15:28.736519 np0000004463 devstack@g-api.service[99614]: DEBUG glance_store.location [-] Registering scheme swift+http with {'store': , 'location_class': , 'store_entry': 'swift'} {{(pid=99614) register_scheme_map /opt/stack/data/venv/lib/python3.12/site-packages/glance_store/location.py:146}}
Jul 03 20:15:28.736519 np0000004463 devstack@g-api.service[99614]: DEBUG glance_store.location [-] Registering scheme swift+config with {'store': , 'location_class': , 'store_entry': 'swift'} {{(pid=99614) register_scheme_map /opt/stack/data/venv/lib/python3.12/site-packages/glance_store/location.py:146}}
Jul 03 20:15:28.736625 np0000004463 devstack@g-api.service[99615]: WARNING glance.common.wsgi_app [-] Import methods are enabled but staging directory /tmp/staging/ does not exist; Imports will fail!
Jul 03 20:15:28.736669 np0000004463 devstack@g-api.service[99616]: DEBUG glance.sqlite_migration [-] SQLite caching database not located, skipping migration {{(pid=99616) get_db_path /opt/stack/glance/glance/sqlite_migration.py:68}}
Jul 03 20:15:28.736720 np0000004463 devstack@g-api.service[99614]: DEBUG glance.sqlite_migration [-] SQLite caching database not located, skipping migration {{(pid=99614) get_db_path /opt/stack/glance/glance/sqlite_migration.py:68}}
Jul 03 20:15:28.736759 np0000004463 devstack@g-api.service[99616]: WARNING glance.common.wsgi_app [-] Import methods are enabled but staging directory /tmp/staging/ does not exist; Imports will fail!
Jul 03 20:15:28.736799 np0000004463 devstack@g-api.service[99614]: WARNING glance.common.wsgi_app [-] Import methods are enabled but staging directory /tmp/staging/ does not exist; Imports will fail!
Jul 03 20:15:28.865451 np0000004463 devstack@g-api.service[99614]: DEBUG glance.common.config [None req-ed702511-6780-4a31-8cbe-f9180f7d009c None None] Loading glance-api-keystone+cachemanagement from /etc/glance/glance-api-paste.ini {{(pid=99614) load_paste_app /opt/stack/glance/glance/common/config.py:765}}
Jul 03 20:15:28.867405 np0000004463 devstack@g-api.service[99616]: DEBUG glance.common.config [None req-9610d4b0-86e8-4f45-b9f6-e266eef46a4c None None] Loading glance-api-keystone+cachemanagement from /etc/glance/glance-api-paste.ini {{(pid=99616) load_paste_app /opt/stack/glance/glance/common/config.py:765}}
Jul 03 20:15:28.870897 np0000004463 devstack@g-api.service[99615]: DEBUG glance.common.config [None req-0a58e60e-676d-4b45-8521-214dd3cd0a8c None None] Loading glance-api-keystone+cachemanagement from /etc/glance/glance-api-paste.ini {{(pid=99615) load_paste_app /opt/stack/glance/glance/common/config.py:765}}
Jul 03 20:15:29.486814 np0000004463 devstack@g-api.service[99616]: INFO glance.image_cache [None req-9610d4b0-86e8-4f45-b9f6-e266eef46a4c None None] Image cache loaded driver 'centralized_db'.
Jul 03 20:15:29.487004 np0000004463 devstack@g-api.service[99615]: INFO glance.image_cache [None req-0a58e60e-676d-4b45-8521-214dd3cd0a8c None None] Image cache loaded driver 'centralized_db'.
Jul 03 20:15:29.487660 np0000004463 devstack@g-api.service[99614]: INFO glance.image_cache [None req-ed702511-6780-4a31-8cbe-f9180f7d009c None None] Image cache loaded driver 'centralized_db'.
Jul 03 20:15:29.534245 np0000004463 devstack@g-api.service[99615]: INFO dbcounter [None req-0a58e60e-676d-4b45-8521-214dd3cd0a8c None None] Registered counter for database glance
Jul 03 20:15:29.535247 np0000004463 devstack@g-api.service[99614]: INFO dbcounter [None req-ed702511-6780-4a31-8cbe-f9180f7d009c None None] Registered counter for database glance
Jul 03 20:15:29.536184 np0000004463 devstack@g-api.service[99616]: INFO dbcounter [None req-9610d4b0-86e8-4f45-b9f6-e266eef46a4c None None] Registered counter for database glance
Jul 03 20:15:29.571121 np0000004463 devstack@g-api.service[99615]: DEBUG oslo_db.sqlalchemy.engines [None req-0a58e60e-676d-4b45-8521-214dd3cd0a8c None None] MySQL server mode set to STRICT_TRANS_TABLES,STRICT_ALL_TABLES,NO_ZERO_IN_DATE,NO_ZERO_DATE,ERROR_FOR_DIVISION_BY_ZERO,TRADITIONAL,NO_ENGINE_SUBSTITUTION {{(pid=99615) _check_effective_sql_mode /opt/stack/data/venv/lib/python3.12/site-packages/oslo_db/sqlalchemy/engines.py:325}}
Jul 03 20:15:29.577210 np0000004463 devstack@g-api.service[99614]: DEBUG oslo_db.sqlalchemy.engines [None req-ed702511-6780-4a31-8cbe-f9180f7d009c None None] MySQL server mode set to STRICT_TRANS_TABLES,STRICT_ALL_TABLES,NO_ZERO_IN_DATE,NO_ZERO_DATE,ERROR_FOR_DIVISION_BY_ZERO,TRADITIONAL,NO_ENGINE_SUBSTITUTION {{(pid=99614) _check_effective_sql_mode /opt/stack/data/venv/lib/python3.12/site-packages/oslo_db/sqlalchemy/engines.py:325}}
Jul 03 20:15:29.581845 np0000004463 devstack@g-api.service[99616]: DEBUG oslo_db.sqlalchemy.engines [None req-9610d4b0-86e8-4f45-b9f6-e266eef46a4c None None] MySQL server mode set to STRICT_TRANS_TABLES,STRICT_ALL_TABLES,NO_ZERO_IN_DATE,NO_ZERO_DATE,ERROR_FOR_DIVISION_BY_ZERO,TRADITIONAL,NO_ENGINE_SUBSTITUTION {{(pid=99616) _check_effective_sql_mode /opt/stack/data/venv/lib/python3.12/site-packages/oslo_db/sqlalchemy/engines.py:325}}
Jul 03 20:15:29.593456 np0000004463 devstack@g-api.service[99615]: DEBUG dbcounter [-] [99615] Writer thread running {{(pid=99615) stat_writer /opt/stack/data/venv/lib/python3.12/site-packages/dbcounter.py:102}}
Jul 03 20:15:29.603944 np0000004463 devstack@g-api.service[99614]: DEBUG dbcounter [-] [99614] Writer thread running {{(pid=99614) stat_writer /opt/stack/data/venv/lib/python3.12/site-packages/dbcounter.py:102}}
Jul 03 20:15:29.605855 np0000004463 devstack@g-api.service[99616]: DEBUG dbcounter [-] [99616] Writer thread running {{(pid=99616) stat_writer /opt/stack/data/venv/lib/python3.12/site-packages/dbcounter.py:102}}
Jul 03 20:15:29.606513 np0000004463 devstack@g-api.service[99615]: INFO glance.image_cache [None req-0a58e60e-676d-4b45-8521-214dd3cd0a8c None None] Image cache loaded driver 'centralized_db'.
Jul 03 20:15:29.608624 np0000004463 devstack@g-api.service[99614]: DEBUG glance.image_cache.drivers.centralized_db [None req-ed702511-6780-4a31-8cbe-f9180f7d009c None None] Node reference is already recorded, ignoring it {{(pid=99614) configure /opt/stack/glance/glance/image_cache/drivers/centralized_db.py:71}}
Jul 03 20:15:29.609737 np0000004463 devstack@g-api.service[99616]: DEBUG glance.image_cache.drivers.centralized_db [None req-9610d4b0-86e8-4f45-b9f6-e266eef46a4c None None] Node reference is already recorded, ignoring it {{(pid=99616) configure /opt/stack/glance/glance/image_cache/drivers/centralized_db.py:71}}
Jul 03 20:15:29.615710 np0000004463 devstack@g-api.service[99614]: INFO glance.image_cache [None req-ed702511-6780-4a31-8cbe-f9180f7d009c None None] Image cache loaded driver 'centralized_db'.
Jul 03 20:15:29.615931 np0000004463 devstack@g-api.service[99616]: INFO glance.image_cache [None req-9610d4b0-86e8-4f45-b9f6-e266eef46a4c None None] Image cache loaded driver 'centralized_db'.
Jul 03 20:15:29.709442 np0000004463 devstack@g-api.service[99615]: DEBUG glance.image_cache.drivers.centralized_db [None req-0a58e60e-676d-4b45-8521-214dd3cd0a8c None None] Node reference is already recorded, ignoring it {{(pid=99615) configure /opt/stack/glance/glance/image_cache/drivers/centralized_db.py:71}}
Jul 03 20:15:29.715014 np0000004463 devstack@g-api.service[99615]: DEBUG glance.api.v2.cached_images [None req-0a58e60e-676d-4b45-8521-214dd3cd0a8c None None] Started cache worker thread {{(pid=99615) __init__ /opt/stack/glance/glance/api/v2/cached_images.py:71}}
Jul 03 20:15:29.715014 np0000004463 devstack@g-api.service[99615]: INFO glance.image_cache [None req-0a58e60e-676d-4b45-8521-214dd3cd0a8c None None] Image cache loaded driver 'centralized_db'.
Jul 03 20:15:29.724016 np0000004463 devstack@g-api.service[99615]: DEBUG glance.image_cache.drivers.centralized_db [None req-0a58e60e-676d-4b45-8521-214dd3cd0a8c None None] Node reference is already recorded, ignoring it {{(pid=99615) configure /opt/stack/glance/glance/image_cache/drivers/centralized_db.py:71}}
Jul 03 20:15:29.729040 np0000004463 devstack@g-api.service[99616]: DEBUG glance.image_cache.drivers.centralized_db [None req-9610d4b0-86e8-4f45-b9f6-e266eef46a4c None None] Node reference is already recorded, ignoring it {{(pid=99616) configure /opt/stack/glance/glance/image_cache/drivers/centralized_db.py:71}}
Jul 03 20:15:29.730222 np0000004463 devstack@g-api.service[99614]: DEBUG glance.image_cache.drivers.centralized_db [None req-ed702511-6780-4a31-8cbe-f9180f7d009c None None] Node reference is already recorded, ignoring it {{(pid=99614) configure /opt/stack/glance/glance/image_cache/drivers/centralized_db.py:71}}
Jul 03 20:15:29.731709 np0000004463 devstack@g-api.service[99615]: INFO glance.api.middleware.cache_manage [None req-0a58e60e-676d-4b45-8521-214dd3cd0a8c None None] Initialized image cache management middleware
Jul 03 20:15:29.731709 np0000004463 devstack@g-api.service[99615]: INFO glance.image_cache [None req-0a58e60e-676d-4b45-8521-214dd3cd0a8c None None] Image cache loaded driver 'centralized_db'.
Jul 03 20:15:29.734662 np0000004463 devstack@g-api.service[99614]: DEBUG glance.api.v2.cached_images [None req-ed702511-6780-4a31-8cbe-f9180f7d009c None None] Started cache worker thread {{(pid=99614) __init__ /opt/stack/glance/glance/api/v2/cached_images.py:71}}
Jul 03 20:15:29.735947 np0000004463 devstack@g-api.service[99616]: DEBUG glance.api.v2.cached_images [None req-9610d4b0-86e8-4f45-b9f6-e266eef46a4c None None] Started cache worker thread {{(pid=99616) __init__ /opt/stack/glance/glance/api/v2/cached_images.py:71}}
Jul 03 20:15:29.737039 np0000004463 devstack@g-api.service[99614]: INFO glance.image_cache [None req-ed702511-6780-4a31-8cbe-f9180f7d009c None None] Image cache loaded driver 'centralized_db'.
Jul 03 20:15:29.738727 np0000004463 devstack@g-api.service[99616]: INFO glance.image_cache [None req-9610d4b0-86e8-4f45-b9f6-e266eef46a4c None None] Image cache loaded driver 'centralized_db'.
Jul 03 20:15:29.739844 np0000004463 devstack@g-api.service[99615]: DEBUG glance.image_cache.drivers.centralized_db [None req-0a58e60e-676d-4b45-8521-214dd3cd0a8c None None] Node reference is already recorded, ignoring it {{(pid=99615) configure /opt/stack/glance/glance/image_cache/drivers/centralized_db.py:71}}
Jul 03 20:15:29.743975 np0000004463 devstack@g-api.service[99615]: INFO glance.api.middleware.cache [None req-0a58e60e-676d-4b45-8521-214dd3cd0a8c None None] Initialized image cache middleware
Jul 03 20:15:29.745376 np0000004463 devstack@g-api.service[99614]: DEBUG glance.image_cache.drivers.centralized_db [None req-ed702511-6780-4a31-8cbe-f9180f7d009c None None] Node reference is already recorded, ignoring it {{(pid=99614) configure /opt/stack/glance/glance/image_cache/drivers/centralized_db.py:71}}
Jul 03 20:15:29.746505 np0000004463 devstack@g-api.service[99616]: DEBUG glance.image_cache.drivers.centralized_db [None req-9610d4b0-86e8-4f45-b9f6-e266eef46a4c None None] Node reference is already recorded, ignoring it {{(pid=99616) configure /opt/stack/glance/glance/image_cache/drivers/centralized_db.py:71}}
Jul 03 20:15:29.748855 np0000004463 devstack@g-api.service[99614]: INFO glance.api.middleware.cache_manage [None req-ed702511-6780-4a31-8cbe-f9180f7d009c None None] Initialized image cache management middleware
Jul 03 20:15:29.748855 np0000004463 devstack@g-api.service[99614]: INFO glance.image_cache [None req-ed702511-6780-4a31-8cbe-f9180f7d009c None None] Image cache loaded driver 'centralized_db'.
Jul 03 20:15:29.749839 np0000004463 devstack@g-api.service[99616]: INFO glance.api.middleware.cache_manage [None req-9610d4b0-86e8-4f45-b9f6-e266eef46a4c None None] Initialized image cache management middleware
Jul 03 20:15:29.749839 np0000004463 devstack@g-api.service[99616]: INFO glance.image_cache [None req-9610d4b0-86e8-4f45-b9f6-e266eef46a4c None None] Image cache loaded driver 'centralized_db'.
Jul 03 20:15:29.754967 np0000004463 devstack@g-api.service[99615]: DEBUG glance.common.config [None req-0a58e60e-676d-4b45-8521-214dd3cd0a8c None None] ******************************************************************************** {{(pid=99615) log_opt_values /opt/stack/data/venv/lib/python3.12/site-packages/oslo_config/cfg.py:3226}}
Jul 03 20:15:29.754967 np0000004463 devstack@g-api.service[99615]: DEBUG glance.common.config [None req-0a58e60e-676d-4b45-8521-214dd3cd0a8c None None] Configuration options gathered from: {{(pid=99615) log_opt_values /opt/stack/data/venv/lib/python3.12/site-packages/oslo_config/cfg.py:3227}}
Jul 03 20:15:29.754967 np0000004463 devstack@g-api.service[99615]: DEBUG glance.common.config [None req-0a58e60e-676d-4b45-8521-214dd3cd0a8c None None] command line args: [] {{(pid=99615) log_opt_values /opt/stack/data/venv/lib/python3.12/site-packages/oslo_config/cfg.py:3228}}
Jul 03 20:15:29.754967 np0000004463 devstack@g-api.service[99615]: DEBUG glance.common.config [None req-0a58e60e-676d-4b45-8521-214dd3cd0a8c None None] config files: ['/etc/glance/glance-image-import.conf', '/etc/glance/glance-api.conf'] {{(pid=99615) log_opt_values /opt/stack/data/venv/lib/python3.12/site-packages/oslo_config/cfg.py:3229}}
Jul 03 20:15:29.754967 np0000004463 devstack@g-api.service[99615]: DEBUG glance.common.config [None req-0a58e60e-676d-4b45-8521-214dd3cd0a8c None None] ================================================================================ {{(pid=99615) log_opt_values /opt/stack/data/venv/lib/python3.12/site-packages/oslo_config/cfg.py:3234}}
Jul 03 20:15:29.754967 np0000004463 devstack@g-api.service[99615]: DEBUG glance.common.config [None req-0a58e60e-676d-4b45-8521-214dd3cd0a8c None None] allow_anonymous_access = False {{(pid=99615) log_opt_values /opt/stack/data/venv/lib/python3.12/site-packages/oslo_config/cfg.py:3242}}
Jul 03 20:15:29.754967 np0000004463 devstack@g-api.service[99615]: DEBUG glance.common.config [None req-0a58e60e-676d-4b45-8521-214dd3cd0a8c None None] api_limit_max = 1000 {{(pid=99615) log_opt_values /opt/stack/data/venv/lib/python3.12/site-packages/oslo_config/cfg.py:3242}}
Jul 03 20:15:29.755866 np0000004463 devstack@g-api.service[99615]: DEBUG glance.common.config [None req-0a58e60e-676d-4b45-8521-214dd3cd0a8c None None] backlog = 4096 {{(pid=99615) log_opt_values /opt/stack/data/venv/lib/python3.12/site-packages/oslo_config/cfg.py:3242}}
Jul 03 20:15:29.756957 np0000004463 devstack@g-api.service[99614]: DEBUG glance.image_cache.drivers.centralized_db [None req-ed702511-6780-4a31-8cbe-f9180f7d009c None None] Node reference is already recorded, ignoring it {{(pid=99614) configure /opt/stack/glance/glance/image_cache/drivers/centralized_db.py:71}}
Jul 03 20:15:29.758240 np0000004463 devstack@g-api.service[99615]: DEBUG glance.common.config [None req-0a58e60e-676d-4b45-8521-214dd3cd0a8c None None] bind_host = 0.0.0.0 {{(pid=99615) log_opt_values /opt/stack/data/venv/lib/python3.12/site-packages/oslo_config/cfg.py:3242}}
Jul 03 20:15:29.758240 np0000004463 devstack@g-api.service[99615]: DEBUG glance.common.config [None req-0a58e60e-676d-4b45-8521-214dd3cd0a8c None None] bind_port = 19292 {{(pid=99615) log_opt_values /opt/stack/data/venv/lib/python3.12/site-packages/oslo_config/cfg.py:3242}}
Jul 03 20:15:29.758240 np0000004463 devstack@g-api.service[99615]: DEBUG glance.common.config [None req-0a58e60e-676d-4b45-8521-214dd3cd0a8c None None] client_socket_timeout = 900 {{(pid=99615) log_opt_values /opt/stack/data/venv/lib/python3.12/site-packages/oslo_config/cfg.py:3242}}
Jul 03 20:15:29.758240 np0000004463 devstack@g-api.service[99615]: DEBUG glance.common.config [None req-0a58e60e-676d-4b45-8521-214dd3cd0a8c None None] config_dir = [] {{(pid=99615) log_opt_values /opt/stack/data/venv/lib/python3.12/site-packages/oslo_config/cfg.py:3242}}
Jul 03 20:15:29.758240 np0000004463 devstack@g-api.service[99615]: DEBUG glance.common.config [None req-0a58e60e-676d-4b45-8521-214dd3cd0a8c None None] config_file = ['/etc/glance/glance-image-import.conf', '/etc/glance/glance-api.conf'] {{(pid=99615) log_opt_values /opt/stack/data/venv/lib/python3.12/site-packages/oslo_config/cfg.py:3242}}
Jul 03 20:15:29.759635 np0000004463 devstack@g-api.service[99616]: DEBUG glance.image_cache.drivers.centralized_db [None req-9610d4b0-86e8-4f45-b9f6-e266eef46a4c None None] Node reference is already recorded, ignoring it {{(pid=99616) configure /opt/stack/glance/glance/image_cache/drivers/centralized_db.py:71}}
Jul 03 20:15:29.760650 np0000004463 devstack@g-api.service[99615]: DEBUG glance.common.config [None req-0a58e60e-676d-4b45-8521-214dd3cd0a8c None None] config_source = [] {{(pid=99615) log_opt_values /opt/stack/data/venv/lib/python3.12/site-packages/oslo_config/cfg.py:3242}}
Jul 03 20:15:29.760650 np0000004463 devstack@g-api.service[99615]: DEBUG glance.common.config [None req-0a58e60e-676d-4b45-8521-214dd3cd0a8c None None] control_exchange = glance {{(pid=99615) log_opt_values /opt/stack/data/venv/lib/python3.12/site-packages/oslo_config/cfg.py:3242}}
Jul 03 20:15:29.760650 np0000004463 devstack@g-api.service[99615]: DEBUG glance.common.config [None req-0a58e60e-676d-4b45-8521-214dd3cd0a8c None None] debug = True {{(pid=99615) log_opt_values /opt/stack/data/venv/lib/python3.12/site-packages/oslo_config/cfg.py:3242}}
Jul 03 20:15:29.760650 np0000004463 devstack@g-api.service[99615]: DEBUG glance.common.config [None req-0a58e60e-676d-4b45-8521-214dd3cd0a8c None None] default_log_levels = ['amqp=WARN', 'boto=WARN', 'sqlalchemy=WARN', 'suds=INFO', 'oslo.messaging=INFO', 'oslo_messaging=INFO', 'iso8601=WARN', 'requests.packages.urllib3.connectionpool=WARN', 'urllib3.connectionpool=WARN', 'websocket=WARN', 'requests.packages.urllib3.util.retry=WARN', 'urllib3.util.retry=WARN', 'keystonemiddleware=WARN', 'routes.middleware=WARN', 'stevedore=WARN', 'taskflow=WARN', 'keystoneauth=WARN', 'oslo.cache=INFO', 'oslo_policy=INFO', 'dogpile.core.dogpile=INFO'] {{(pid=99615) log_opt_values /opt/stack/data/venv/lib/python3.12/site-packages/oslo_config/cfg.py:3242}}
Jul 03 20:15:29.760650 np0000004463 devstack@g-api.service[99615]: DEBUG glance.common.config [None req-0a58e60e-676d-4b45-8521-214dd3cd0a8c None None] default_publisher_id = image.localhost {{(pid=99615) log_opt_values /opt/stack/data/venv/lib/python3.12/site-packages/oslo_config/cfg.py:3242}}
Jul 03 20:15:29.761741 np0000004463 devstack@g-api.service[99615]: DEBUG glance.common.config [None req-0a58e60e-676d-4b45-8521-214dd3cd0a8c None None] delayed_delete = False {{(pid=99615) log_opt_values /opt/stack/data/venv/lib/python3.12/site-packages/oslo_config/cfg.py:3242}}
Jul 03 20:15:29.761741 np0000004463 devstack@g-api.service[99615]: DEBUG glance.common.config [None req-0a58e60e-676d-4b45-8521-214dd3cd0a8c None None] digest_algorithm = sha256 {{(pid=99615) log_opt_values /opt/stack/data/venv/lib/python3.12/site-packages/oslo_config/cfg.py:3242}}
Jul 03 20:15:29.761741 np0000004463 devstack@g-api.service[99615]: DEBUG glance.common.config [None req-0a58e60e-676d-4b45-8521-214dd3cd0a8c None None] disabled_notifications = [] {{(pid=99615) log_opt_values /opt/stack/data/venv/lib/python3.12/site-packages/oslo_config/cfg.py:3242}}
Jul 03 20:15:29.761741 np0000004463 devstack@g-api.service[99615]: DEBUG glance.common.config [None req-0a58e60e-676d-4b45-8521-214dd3cd0a8c None None] do_secure_hash = True {{(pid=99615) log_opt_values /opt/stack/data/venv/lib/python3.12/site-packages/oslo_config/cfg.py:3242}}
Jul 03 20:15:29.761741 np0000004463 devstack@g-api.service[99615]: DEBUG glance.common.config [None req-0a58e60e-676d-4b45-8521-214dd3cd0a8c None None] enabled_backends = None {{(pid=99615) log_opt_values /opt/stack/data/venv/lib/python3.12/site-packages/oslo_config/cfg.py:3242}}
Jul 03 20:15:29.761741 np0000004463 devstack@g-api.service[99615]: DEBUG glance.common.config [None req-0a58e60e-676d-4b45-8521-214dd3cd0a8c None None] enabled_import_methods = ['glance-direct', 'web-download', 'copy-image'] {{(pid=99615) log_opt_values /opt/stack/data/venv/lib/python3.12/site-packages/oslo_config/cfg.py:3242}}
Jul 03 20:15:29.761741 np0000004463 devstack@g-api.service[99615]: DEBUG glance.common.config [None req-0a58e60e-676d-4b45-8521-214dd3cd0a8c None None] fatal_deprecations = False {{(pid=99615) log_opt_values /opt/stack/data/venv/lib/python3.12/site-packages/oslo_config/cfg.py:3242}}
Jul 03 20:15:29.762711 np0000004463 devstack@g-api.service[99615]: DEBUG glance.common.config [None req-0a58e60e-676d-4b45-8521-214dd3cd0a8c None None] hashing_algorithm = sha512 {{(pid=99615) log_opt_values /opt/stack/data/venv/lib/python3.12/site-packages/oslo_config/cfg.py:3242}}
Jul 03 20:15:29.762711 np0000004463 devstack@g-api.service[99615]: DEBUG glance.common.config [None req-0a58e60e-676d-4b45-8521-214dd3cd0a8c None None] http_keepalive = True {{(pid=99615) log_opt_values /opt/stack/data/venv/lib/python3.12/site-packages/oslo_config/cfg.py:3242}}
Jul 03 20:15:29.762711 np0000004463 devstack@g-api.service[99615]: DEBUG glance.common.config [None req-0a58e60e-676d-4b45-8521-214dd3cd0a8c None None] http_retries = 3 {{(pid=99615) log_opt_values /opt/stack/data/venv/lib/python3.12/site-packages/oslo_config/cfg.py:3242}}
Jul 03 20:15:29.762711 np0000004463 devstack@g-api.service[99615]: DEBUG glance.common.config [None req-0a58e60e-676d-4b45-8521-214dd3cd0a8c None None] image_cache_dir = /opt/stack/data/glance/cache/ {{(pid=99615) log_opt_values /opt/stack/data/venv/lib/python3.12/site-packages/oslo_config/cfg.py:3242}}
Jul 03 20:15:29.762711 np0000004463 devstack@g-api.service[99615]: DEBUG glance.common.config [None req-0a58e60e-676d-4b45-8521-214dd3cd0a8c None None] image_cache_driver = centralized_db {{(pid=99615) log_opt_values /opt/stack/data/venv/lib/python3.12/site-packages/oslo_config/cfg.py:3242}}
Jul 03 20:15:29.762711 np0000004463 devstack@g-api.service[99615]: DEBUG glance.common.config [None req-0a58e60e-676d-4b45-8521-214dd3cd0a8c None None] image_cache_max_size = 10737418240 {{(pid=99615) log_opt_values /opt/stack/data/venv/lib/python3.12/site-packages/oslo_config/cfg.py:3242}}
Jul 03 20:15:29.762711 np0000004463 devstack@g-api.service[99615]: DEBUG glance.common.config [None req-0a58e60e-676d-4b45-8521-214dd3cd0a8c None None] image_cache_sqlite_db = cache.db {{(pid=99615) log_opt_values /opt/stack/data/venv/lib/python3.12/site-packages/oslo_config/cfg.py:3242}}
Jul 03 20:15:29.765296 np0000004463 devstack@g-api.service[99615]: DEBUG glance.common.config [None req-0a58e60e-676d-4b45-8521-214dd3cd0a8c None None] image_cache_stall_time = 86400 {{(pid=99615) log_opt_values /opt/stack/data/venv/lib/python3.12/site-packages/oslo_config/cfg.py:3242}}
Jul 03 20:15:29.765296 np0000004463 devstack@g-api.service[99615]: DEBUG glance.common.config [None req-0a58e60e-676d-4b45-8521-214dd3cd0a8c None None] image_location_quota = 10 {{(pid=99615) log_opt_values /opt/stack/data/venv/lib/python3.12/site-packages/oslo_config/cfg.py:3242}}
Jul 03 20:15:29.765296 np0000004463 devstack@g-api.service[99615]: DEBUG glance.common.config [None req-0a58e60e-676d-4b45-8521-214dd3cd0a8c None None] image_member_quota = 128 {{(pid=99615) log_opt_values /opt/stack/data/venv/lib/python3.12/site-packages/oslo_config/cfg.py:3242}}
Jul 03 20:15:29.765296 np0000004463 devstack@g-api.service[99615]: DEBUG glance.common.config [None req-0a58e60e-676d-4b45-8521-214dd3cd0a8c None None] image_property_quota = 128 {{(pid=99615) log_opt_values /opt/stack/data/venv/lib/python3.12/site-packages/oslo_config/cfg.py:3242}}
Jul 03 20:15:29.765296 np0000004463 devstack@g-api.service[99615]: DEBUG glance.common.config [None req-0a58e60e-676d-4b45-8521-214dd3cd0a8c None None] image_size_cap = 1099511627776 {{(pid=99615) log_opt_values /opt/stack/data/venv/lib/python3.12/site-packages/oslo_config/cfg.py:3242}}
Jul 03 20:15:29.765296 np0000004463 devstack@g-api.service[99615]: DEBUG glance.common.config [None req-0a58e60e-676d-4b45-8521-214dd3cd0a8c None None] image_tag_quota = 128 {{(pid=99615) log_opt_values /opt/stack/data/venv/lib/python3.12/site-packages/oslo_config/cfg.py:3242}}
Jul 03 20:15:29.765296 np0000004463 devstack@g-api.service[99615]: DEBUG glance.common.config [None req-0a58e60e-676d-4b45-8521-214dd3cd0a8c None None] instance_format = [instance: %(uuid)s] {{(pid=99615) log_opt_values /opt/stack/data/venv/lib/python3.12/site-packages/oslo_config/cfg.py:3242}}
Jul 03 20:15:29.767051 np0000004463 devstack@g-api.service[99615]: DEBUG glance.common.config [None req-0a58e60e-676d-4b45-8521-214dd3cd0a8c None None] instance_uuid_format = [instance: %(uuid)s] {{(pid=99615) log_opt_values /opt/stack/data/venv/lib/python3.12/site-packages/oslo_config/cfg.py:3242}}
Jul 03 20:15:29.767051 np0000004463 devstack@g-api.service[99615]: DEBUG glance.common.config [None req-0a58e60e-676d-4b45-8521-214dd3cd0a8c None None] limit_param_default = 25 {{(pid=99615) log_opt_values /opt/stack/data/venv/lib/python3.12/site-packages/oslo_config/cfg.py:3242}}
Jul 03 20:15:29.767051 np0000004463 devstack@g-api.service[99615]: DEBUG glance.common.config [None req-0a58e60e-676d-4b45-8521-214dd3cd0a8c None None] log_color = False {{(pid=99615) log_opt_values /opt/stack/data/venv/lib/python3.12/site-packages/oslo_config/cfg.py:3242}}
Jul 03 20:15:29.767051 np0000004463 devstack@g-api.service[99615]: DEBUG glance.common.config [None req-0a58e60e-676d-4b45-8521-214dd3cd0a8c None None] log_config_append = None {{(pid=99615) log_opt_values /opt/stack/data/venv/lib/python3.12/site-packages/oslo_config/cfg.py:3242}}
Jul 03 20:15:29.767051 np0000004463 devstack@g-api.service[99615]: DEBUG glance.common.config [None req-0a58e60e-676d-4b45-8521-214dd3cd0a8c None None] log_date_format = %Y-%m-%d %H:%M:%S {{(pid=99615) log_opt_values /opt/stack/data/venv/lib/python3.12/site-packages/oslo_config/cfg.py:3242}}
Jul 03 20:15:29.767051 np0000004463 devstack@g-api.service[99615]: DEBUG glance.common.config [None req-0a58e60e-676d-4b45-8521-214dd3cd0a8c None None] log_dir = None {{(pid=99615) log_opt_values /opt/stack/data/venv/lib/python3.12/site-packages/oslo_config/cfg.py:3242}}
Jul 03 20:15:29.767051 np0000004463 devstack@g-api.service[99615]: DEBUG glance.common.config [None req-0a58e60e-676d-4b45-8521-214dd3cd0a8c None None] log_file = None {{(pid=99615) log_opt_values /opt/stack/data/venv/lib/python3.12/site-packages/oslo_config/cfg.py:3242}}
Jul 03 20:15:29.768391 np0000004463 devstack@g-api.service[99615]: DEBUG glance.common.config [None req-0a58e60e-676d-4b45-8521-214dd3cd0a8c None None] log_rotate_interval = 1 {{(pid=99615) log_opt_values /opt/stack/data/venv/lib/python3.12/site-packages/oslo_config/cfg.py:3242}}
Jul 03 20:15:29.768391 np0000004463 devstack@g-api.service[99615]: DEBUG glance.common.config [None req-0a58e60e-676d-4b45-8521-214dd3cd0a8c None None] log_rotate_interval_type = days {{(pid=99615) log_opt_values /opt/stack/data/venv/lib/python3.12/site-packages/oslo_config/cfg.py:3242}}
Jul 03 20:15:29.768391 np0000004463 devstack@g-api.service[99615]: DEBUG glance.common.config [None req-0a58e60e-676d-4b45-8521-214dd3cd0a8c None None] log_rotation_type = none {{(pid=99615) log_opt_values /opt/stack/data/venv/lib/python3.12/site-packages/oslo_config/cfg.py:3242}}
Jul 03 20:15:29.768391 np0000004463 devstack@g-api.service[99615]: DEBUG glance.common.config [None req-0a58e60e-676d-4b45-8521-214dd3cd0a8c None None] logging_context_format_string = %(color)s%(levelname)s %(name)s [%(global_request_id)s %(request_id)s %(project_name)s %(user_name)s%(color)s] %(instance)s%(color)s%(message)s {{(pid=99615) log_opt_values /opt/stack/data/venv/lib/python3.12/site-packages/oslo_config/cfg.py:3242}}
Jul 03 20:15:29.768391 np0000004463 devstack@g-api.service[99615]: DEBUG glance.common.config [None req-0a58e60e-676d-4b45-8521-214dd3cd0a8c None None] logging_debug_format_suffix = {{(pid=%(process)d) %(funcName)s %(pathname)s:%(lineno)d}} {{(pid=99615) log_opt_values /opt/stack/data/venv/lib/python3.12/site-packages/oslo_config/cfg.py:3242}}
Jul 03 20:15:29.768391 np0000004463 devstack@g-api.service[99615]: DEBUG glance.common.config [None req-0a58e60e-676d-4b45-8521-214dd3cd0a8c None None] logging_default_format_string = %(color)s%(levelname)s %(name)s [-%(color)s] %(instance)s%(color)s%(message)s {{(pid=99615) log_opt_values /opt/stack/data/venv/lib/python3.12/site-packages/oslo_config/cfg.py:3242}}
Jul 03 20:15:29.769276 np0000004463 devstack@g-api.service[99615]: DEBUG glance.common.config [None req-0a58e60e-676d-4b45-8521-214dd3cd0a8c None None] logging_exception_prefix = ERROR %(name)s %(instance)s {{(pid=99615) log_opt_values /opt/stack/data/venv/lib/python3.12/site-packages/oslo_config/cfg.py:3242}}
Jul 03 20:15:29.769276 np0000004463 devstack@g-api.service[99615]: DEBUG glance.common.config [None req-0a58e60e-676d-4b45-8521-214dd3cd0a8c None None] logging_user_identity_format = %(user)s %(project)s %(domain)s %(system_scope)s %(user_domain)s %(project_domain)s {{(pid=99615) log_opt_values /opt/stack/data/venv/lib/python3.12/site-packages/oslo_config/cfg.py:3242}}
Jul 03 20:15:29.769276 np0000004463 devstack@g-api.service[99615]: DEBUG glance.common.config [None req-0a58e60e-676d-4b45-8521-214dd3cd0a8c None None] max_header_line = 16384 {{(pid=99615) log_opt_values /opt/stack/data/venv/lib/python3.12/site-packages/oslo_config/cfg.py:3242}}
Jul 03 20:15:29.769276 np0000004463 devstack@g-api.service[99615]: DEBUG glance.common.config [None req-0a58e60e-676d-4b45-8521-214dd3cd0a8c None None] max_logfile_count = 30 {{(pid=99615) log_opt_values /opt/stack/data/venv/lib/python3.12/site-packages/oslo_config/cfg.py:3242}}
Jul 03 20:15:29.769276 np0000004463 devstack@g-api.service[99615]: DEBUG glance.common.config [None req-0a58e60e-676d-4b45-8521-214dd3cd0a8c None None] max_logfile_size_mb = 200 {{(pid=99615) log_opt_values /opt/stack/data/venv/lib/python3.12/site-packages/oslo_config/cfg.py:3242}}
Jul 03 20:15:29.769276 np0000004463 devstack@g-api.service[99615]: DEBUG glance.common.config [None req-0a58e60e-676d-4b45-8521-214dd3cd0a8c None None] max_request_id_length = 64 {{(pid=99615) log_opt_values /opt/stack/data/venv/lib/python3.12/site-packages/oslo_config/cfg.py:3242}}
Jul 03 20:15:29.769276 np0000004463 devstack@g-api.service[99615]: DEBUG glance.common.config [None req-0a58e60e-676d-4b45-8521-214dd3cd0a8c None None] metadata_encryption_key = **** {{(pid=99615) log_opt_values /opt/stack/data/venv/lib/python3.12/site-packages/oslo_config/cfg.py:3242}}
Jul 03 20:15:29.770016 np0000004463 devstack@g-api.service[99615]: DEBUG glance.common.config [None req-0a58e60e-676d-4b45-8521-214dd3cd0a8c None None] node_staging_uri = file:///tmp/staging/ {{(pid=99615) log_opt_values /opt/stack/data/venv/lib/python3.12/site-packages/oslo_config/cfg.py:3242}}
Jul 03 20:15:29.770016 np0000004463 devstack@g-api.service[99615]: DEBUG glance.common.config [None req-0a58e60e-676d-4b45-8521-214dd3cd0a8c None None] property_protection_file = None {{(pid=99615) log_opt_values /opt/stack/data/venv/lib/python3.12/site-packages/oslo_config/cfg.py:3242}}
Jul 03 20:15:29.770016 np0000004463 devstack@g-api.service[99615]: DEBUG glance.common.config [None req-0a58e60e-676d-4b45-8521-214dd3cd0a8c None None] property_protection_rule_format = roles {{(pid=99615) log_opt_values /opt/stack/data/venv/lib/python3.12/site-packages/oslo_config/cfg.py:3242}}
Jul 03 20:15:29.770016 np0000004463 devstack@g-api.service[99615]: DEBUG glance.common.config [None req-0a58e60e-676d-4b45-8521-214dd3cd0a8c None None] public_endpoint = https://10.4.3.33/image {{(pid=99615) log_opt_values /opt/stack/data/venv/lib/python3.12/site-packages/oslo_config/cfg.py:3242}}
Jul 03 20:15:29.771398 np0000004463 devstack@g-api.service[99616]: INFO glance.api.middleware.cache [None req-9610d4b0-86e8-4f45-b9f6-e266eef46a4c None None] Initialized image cache middleware
Jul 03 20:15:29.772718 np0000004463 devstack@g-api.service[99615]: DEBUG glance.common.config [None req-0a58e60e-676d-4b45-8521-214dd3cd0a8c None None] publish_errors = False {{(pid=99615) log_opt_values /opt/stack/data/venv/lib/python3.12/site-packages/oslo_config/cfg.py:3242}}
Jul 03 20:15:29.772718 np0000004463 devstack@g-api.service[99615]: DEBUG glance.common.config [None req-0a58e60e-676d-4b45-8521-214dd3cd0a8c None None] pydev_worker_debug_host = None {{(pid=99615) log_opt_values /opt/stack/data/venv/lib/python3.12/site-packages/oslo_config/cfg.py:3242}}
Jul 03 20:15:29.772718 np0000004463 devstack@g-api.service[99615]: DEBUG glance.common.config [None req-0a58e60e-676d-4b45-8521-214dd3cd0a8c None None] pydev_worker_debug_port = 5678 {{(pid=99615) log_opt_values /opt/stack/data/venv/lib/python3.12/site-packages/oslo_config/cfg.py:3242}}
Jul 03 20:15:29.772718 np0000004463 devstack@g-api.service[99615]: DEBUG glance.common.config [None req-0a58e60e-676d-4b45-8521-214dd3cd0a8c None None] rate_limit_burst = 0 {{(pid=99615) log_opt_values /opt/stack/data/venv/lib/python3.12/site-packages/oslo_config/cfg.py:3242}}
Jul 03 20:15:29.772718 np0000004463 devstack@g-api.service[99615]: DEBUG glance.common.config [None req-0a58e60e-676d-4b45-8521-214dd3cd0a8c None None] rate_limit_except_level = CRITICAL {{(pid=99615) log_opt_values /opt/stack/data/venv/lib/python3.12/site-packages/oslo_config/cfg.py:3242}}
Jul 03 20:15:29.772718 np0000004463 devstack@g-api.service[99615]: DEBUG glance.common.config [None req-0a58e60e-676d-4b45-8521-214dd3cd0a8c None None] rate_limit_interval = 0 {{(pid=99615) log_opt_values /opt/stack/data/venv/lib/python3.12/site-packages/oslo_config/cfg.py:3242}}
Jul 03 20:15:29.772718 np0000004463 devstack@g-api.service[99615]: DEBUG glance.common.config [None req-0a58e60e-676d-4b45-8521-214dd3cd0a8c None None] scrub_pool_size = 1 {{(pid=99615) log_opt_values /opt/stack/data/venv/lib/python3.12/site-packages/oslo_config/cfg.py:3242}}
Jul 03 20:15:29.774023 np0000004463 devstack@g-api.service[99615]: DEBUG glance.common.config [None req-0a58e60e-676d-4b45-8521-214dd3cd0a8c None None] scrub_time = 0 {{(pid=99615) log_opt_values /opt/stack/data/venv/lib/python3.12/site-packages/oslo_config/cfg.py:3242}}
Jul 03 20:15:29.774023 np0000004463 devstack@g-api.service[99615]: DEBUG glance.common.config [None req-0a58e60e-676d-4b45-8521-214dd3cd0a8c None None] shell_completion = None {{(pid=99615) log_opt_values /opt/stack/data/venv/lib/python3.12/site-packages/oslo_config/cfg.py:3242}}
Jul 03 20:15:29.774023 np0000004463 devstack@g-api.service[99615]: DEBUG glance.common.config [None req-0a58e60e-676d-4b45-8521-214dd3cd0a8c None None] show_image_direct_url = False {{(pid=99615) log_opt_values /opt/stack/data/venv/lib/python3.12/site-packages/oslo_config/cfg.py:3242}}
Jul 03 20:15:29.774023 np0000004463 devstack@g-api.service[99615]: WARNING oslo_config.cfg [None req-0a58e60e-676d-4b45-8521-214dd3cd0a8c None None] Deprecated: Option "show_multiple_locations" from group "DEFAULT" is deprecated for removal (Use of this option, deprecated since Newton, is a security risk and will be removed once we figure out a way to satisfy those use cases that currently require it. An earlier announcement that the same functionality can be achieved with greater granularity by using policies is incorrect. You cannot work around this option via policy configuration at the present time, though that is the direction we believe the fix will take. Please keep an eye on the Glance release notes to stay up to date on progress in addressing this issue.). Its value may be silently ignored in the future.
Jul 03 20:15:29.774023 np0000004463 devstack@g-api.service[99615]: DEBUG glance.common.config [None req-0a58e60e-676d-4b45-8521-214dd3cd0a8c None None] show_multiple_locations = False {{(pid=99615) log_opt_values /opt/stack/data/venv/lib/python3.12/site-packages/oslo_config/cfg.py:3242}}
Jul 03 20:15:29.775655 np0000004463 devstack@g-api.service[99615]: DEBUG glance.common.config [None req-0a58e60e-676d-4b45-8521-214dd3cd0a8c None None] syslog_log_facility = LOG_USER {{(pid=99615) log_opt_values /opt/stack/data/venv/lib/python3.12/site-packages/oslo_config/cfg.py:3242}}
Jul 03 20:15:29.775655 np0000004463 devstack@g-api.service[99615]: DEBUG glance.common.config [None req-0a58e60e-676d-4b45-8521-214dd3cd0a8c None None] tcp_keepidle = 600 {{(pid=99615) log_opt_values /opt/stack/data/venv/lib/python3.12/site-packages/oslo_config/cfg.py:3242}}
Jul 03 20:15:29.775655 np0000004463 devstack@g-api.service[99615]: DEBUG glance.common.config [None req-0a58e60e-676d-4b45-8521-214dd3cd0a8c None None] transport_url = **** {{(pid=99615) log_opt_values /opt/stack/data/venv/lib/python3.12/site-packages/oslo_config/cfg.py:3242}}
Jul 03 20:15:29.775655 np0000004463 devstack@g-api.service[99615]: DEBUG glance.common.config [None req-0a58e60e-676d-4b45-8521-214dd3cd0a8c None None] use_journal = False {{(pid=99615) log_opt_values /opt/stack/data/venv/lib/python3.12/site-packages/oslo_config/cfg.py:3242}}
Jul 03 20:15:29.775655 np0000004463 devstack@g-api.service[99615]: DEBUG glance.common.config [None req-0a58e60e-676d-4b45-8521-214dd3cd0a8c None None] use_json = False {{(pid=99615) log_opt_values /opt/stack/data/venv/lib/python3.12/site-packages/oslo_config/cfg.py:3242}}
Jul 03 20:15:29.775655 np0000004463 devstack@g-api.service[99615]: DEBUG glance.common.config [None req-0a58e60e-676d-4b45-8521-214dd3cd0a8c None None] use_keystone_limits = True {{(pid=99615) log_opt_values /opt/stack/data/venv/lib/python3.12/site-packages/oslo_config/cfg.py:3242}}
Jul 03 20:15:29.775655 np0000004463 devstack@g-api.service[99615]: DEBUG glance.common.config [None req-0a58e60e-676d-4b45-8521-214dd3cd0a8c None None] use_stderr = False {{(pid=99615) log_opt_values /opt/stack/data/venv/lib/python3.12/site-packages/oslo_config/cfg.py:3242}}
Jul 03 20:15:29.777554 np0000004463 devstack@g-api.service[99615]: DEBUG glance.common.config [None req-0a58e60e-676d-4b45-8521-214dd3cd0a8c None None] use_syslog = False {{(pid=99615) log_opt_values /opt/stack/data/venv/lib/python3.12/site-packages/oslo_config/cfg.py:3242}}
Jul 03 20:15:29.777554 np0000004463 devstack@g-api.service[99615]: DEBUG glance.common.config [None req-0a58e60e-676d-4b45-8521-214dd3cd0a8c None None] user_storage_quota = 0 {{(pid=99615) log_opt_values /opt/stack/data/venv/lib/python3.12/site-packages/oslo_config/cfg.py:3242}}
Jul 03 20:15:29.777554 np0000004463 devstack@g-api.service[99615]: DEBUG glance.common.config [None req-0a58e60e-676d-4b45-8521-214dd3cd0a8c None None] worker_self_reference_url = http://127.0.0.1:60999 {{(pid=99615) log_opt_values /opt/stack/data/venv/lib/python3.12/site-packages/oslo_config/cfg.py:3242}}
Jul 03 20:15:29.777554 np0000004463 devstack@g-api.service[99615]: DEBUG glance.common.config [None req-0a58e60e-676d-4b45-8521-214dd3cd0a8c None None] workers = None {{(pid=99615) log_opt_values /opt/stack/data/venv/lib/python3.12/site-packages/oslo_config/cfg.py:3242}}
Jul 03 20:15:29.777554 np0000004463 devstack@g-api.service[99615]: DEBUG glance.common.config [None req-0a58e60e-676d-4b45-8521-214dd3cd0a8c None None] oslo_concurrency.disable_process_locking = False {{(pid=99615) log_opt_values /opt/stack/data/venv/lib/python3.12/site-packages/oslo_config/cfg.py:3253}}
Jul 03 20:15:29.777554 np0000004463 devstack@g-api.service[99615]: DEBUG glance.common.config [None req-0a58e60e-676d-4b45-8521-214dd3cd0a8c None None] oslo_concurrency.lock_path = /opt/stack/data/glance/locks {{(pid=99615) log_opt_values /opt/stack/data/venv/lib/python3.12/site-packages/oslo_config/cfg.py:3253}}
Jul 03 20:15:29.777554 np0000004463 devstack@g-api.service[99615]: DEBUG glance.common.config [None req-0a58e60e-676d-4b45-8521-214dd3cd0a8c None None] oslo_middleware.enable_proxy_headers_parsing = False {{(pid=99615) log_opt_values /opt/stack/data/venv/lib/python3.12/site-packages/oslo_config/cfg.py:3253}}
Jul 03 20:15:29.779405 np0000004463 devstack@g-api.service[99615]: DEBUG glance.common.config [None req-0a58e60e-676d-4b45-8521-214dd3cd0a8c None None] oslo_middleware.http_basic_auth_user_file = /etc/htpasswd {{(pid=99615) log_opt_values /opt/stack/data/venv/lib/python3.12/site-packages/oslo_config/cfg.py:3253}}
Jul 03 20:15:29.779405 np0000004463 devstack@g-api.service[99615]: DEBUG glance.common.config [None req-0a58e60e-676d-4b45-8521-214dd3cd0a8c None None] paste_deploy.config_file = None {{(pid=99615) log_opt_values /opt/stack/data/venv/lib/python3.12/site-packages/oslo_config/cfg.py:3253}}
Jul 03 20:15:29.779405 np0000004463 devstack@g-api.service[99615]: DEBUG glance.common.config [None req-0a58e60e-676d-4b45-8521-214dd3cd0a8c None None] paste_deploy.flavor = keystone+cachemanagement {{(pid=99615) log_opt_values /opt/stack/data/venv/lib/python3.12/site-packages/oslo_config/cfg.py:3253}}
Jul 03 20:15:29.779405 np0000004463 devstack@g-api.service[99615]: DEBUG glance.common.config [None req-0a58e60e-676d-4b45-8521-214dd3cd0a8c None None] image_format.container_formats = ['ami', 'ari', 'aki', 'bare', 'ovf', 'ova', 'docker', 'compressed'] {{(pid=99615) log_opt_values /opt/stack/data/venv/lib/python3.12/site-packages/oslo_config/cfg.py:3253}}
Jul 03 20:15:29.780096 np0000004463 devstack@g-api.service[99614]: INFO glance.api.middleware.cache [None req-ed702511-6780-4a31-8cbe-f9180f7d009c None None] Initialized image cache middleware
Jul 03 20:15:29.780131 np0000004463 devstack@g-api.service[99615]: DEBUG glance.common.config [None req-0a58e60e-676d-4b45-8521-214dd3cd0a8c None None] image_format.disk_formats = ['ami', 'ari', 'aki', 'vhd', 'vhdx', 'vmdk', 'raw', 'qcow2', 'vdi', 'iso', 'ploop'] {{(pid=99615) log_opt_values /opt/stack/data/venv/lib/python3.12/site-packages/oslo_config/cfg.py:3253}}
Jul 03 20:15:29.780131 np0000004463 devstack@g-api.service[99615]: DEBUG glance.common.config [None req-0a58e60e-676d-4b45-8521-214dd3cd0a8c None None] image_format.gpt_safety_checks_nonfatal = [] {{(pid=99615) log_opt_values /opt/stack/data/venv/lib/python3.12/site-packages/oslo_config/cfg.py:3253}}
Jul 03 20:15:29.780131 np0000004463 devstack@g-api.service[99615]: DEBUG glance.common.config [None req-0a58e60e-676d-4b45-8521-214dd3cd0a8c None None] image_format.require_image_format_match = True {{(pid=99615) log_opt_values /opt/stack/data/venv/lib/python3.12/site-packages/oslo_config/cfg.py:3253}}
Jul 03 20:15:29.780131 np0000004463 devstack@g-api.service[99615]: DEBUG glance.common.config [None req-0a58e60e-676d-4b45-8521-214dd3cd0a8c None None] image_format.vmdk_allowed_types = ['streamOptimized', 'monolithicSparse'] {{(pid=99615) log_opt_values /opt/stack/data/venv/lib/python3.12/site-packages/oslo_config/cfg.py:3253}}
Jul 03 20:15:29.780131 np0000004463 devstack@g-api.service[99615]: DEBUG glance.common.config [None req-0a58e60e-676d-4b45-8521-214dd3cd0a8c None None] task.task_executor = taskflow {{(pid=99615) log_opt_values /opt/stack/data/venv/lib/python3.12/site-packages/oslo_config/cfg.py:3253}}
Jul 03 20:15:29.780131 np0000004463 devstack@g-api.service[99615]: DEBUG glance.common.config [None req-0a58e60e-676d-4b45-8521-214dd3cd0a8c None None] task.task_time_to_live = 48 {{(pid=99615) log_opt_values /opt/stack/data/venv/lib/python3.12/site-packages/oslo_config/cfg.py:3253}}
Jul 03 20:15:29.780131 np0000004463 devstack@g-api.service[99615]: DEBUG glance.common.config [None req-0a58e60e-676d-4b45-8521-214dd3cd0a8c None None] task.work_dir = None {{(pid=99615) log_opt_values /opt/stack/data/venv/lib/python3.12/site-packages/oslo_config/cfg.py:3253}}
Jul 03 20:15:29.780282 np0000004463 devstack@g-api.service[99615]: DEBUG glance.common.config [None req-0a58e60e-676d-4b45-8521-214dd3cd0a8c None None] wsgi.python_interpreter = /opt/stack/data/venv/bin/python3 {{(pid=99615) log_opt_values /opt/stack/data/venv/lib/python3.12/site-packages/oslo_config/cfg.py:3253}}
