Jul 03 20:17:42.932828 np0000004463 devstack@g-api.service[99614]: [pid: 99614|app: 0|req: 18/51] 127.0.0.1 () {44 vars in 1121 bytes} [Fri Jul 3 20:17:42 2026] GET /v2/images/30e09a5e-aeb1-44c5-bbc5-86d5632eb6a9/file => generated 21692416 bytes in 741 msecs (HTTP/1.1 200) 4 headers in 191 bytes (334 switches on core 0)
Jul 03 20:17:43.475511 np0000004463 devstack@g-api.service[99615]: DEBUG glance.api.middleware.version_negotiation [None req-20aca44d-b25c-447c-b3b4-aafeba2f68ba tempest-TaggedBootDevicesTest-1118436007 tempest-TaggedBootDevicesTest-1118436007-project-member] Determining version of request: GET /v2/images/30e09a5e-aeb1-44c5-bbc5-86d5632eb6a9 Accept: application/json {{(pid=99615) process_request /opt/stack/glance/glance/api/middleware/version_negotiation.py:44}}
Jul 03 20:17:43.475978 np0000004463 devstack@g-api.service[99615]: DEBUG glance.api.middleware.version_negotiation [None req-20aca44d-b25c-447c-b3b4-aafeba2f68ba tempest-TaggedBootDevicesTest-1118436007 tempest-TaggedBootDevicesTest-1118436007-project-member] Using url versioning {{(pid=99615) process_request /opt/stack/glance/glance/api/middleware/version_negotiation.py:57}}
Jul 03 20:17:43.475978 np0000004463 devstack@g-api.service[99615]: DEBUG glance.api.middleware.version_negotiation [None req-20aca44d-b25c-447c-b3b4-aafeba2f68ba tempest-TaggedBootDevicesTest-1118436007 tempest-TaggedBootDevicesTest-1118436007-project-member] Matched version: v2 {{(pid=99615) process_request /opt/stack/glance/glance/api/middleware/version_negotiation.py:69}}
Jul 03 20:17:43.475978 np0000004463 devstack@g-api.service[99615]: DEBUG glance.api.middleware.version_negotiation [None req-20aca44d-b25c-447c-b3b4-aafeba2f68ba tempest-TaggedBootDevicesTest-1118436007 tempest-TaggedBootDevicesTest-1118436007-project-member] new path /v2/images/30e09a5e-aeb1-44c5-bbc5-86d5632eb6a9 {{(pid=99615) process_request /opt/stack/glance/glance/api/middleware/version_negotiation.py:70}}
Jul 03 20:17:43.794248 np0000004463 devstack@g-api.service[99615]: [pid: 99615|app: 0|req: 16/52] 127.0.0.1 () {40 vars in 834 bytes} [Fri Jul 3 20:17:43 2026] GET /v2/images/30e09a5e-aeb1-44c5-bbc5-86d5632eb6a9 => generated 1044 bytes in 319 msecs (HTTP/1.1 200) 4 headers in 158 bytes (1 switches on core 0)
Jul 03 20:17:43.800941 np0000004463 devstack@g-api.service[99616]: DEBUG glance.api.middleware.version_negotiation [None req-95ab5954-5f15-49f4-b0e2-2137b04e4c44 tempest-TaggedBootDevicesTest_v242-1995141354 tempest-TaggedBootDevicesTest_v242-1995141354-project-member] Determining version of request: GET /v2/images/30e09a5e-aeb1-44c5-bbc5-86d5632eb6a9/file Accept: application/json {{(pid=99616) process_request /opt/stack/glance/glance/api/middleware/version_negotiation.py:44}}
Jul 03 20:17:43.801368 np0000004463 devstack@g-api.service[99616]: DEBUG glance.api.middleware.version_negotiation [None req-95ab5954-5f15-49f4-b0e2-2137b04e4c44 tempest-TaggedBootDevicesTest_v242-1995141354 tempest-TaggedBootDevicesTest_v242-1995141354-project-member] Using url versioning {{(pid=99616) process_request /opt/stack/glance/glance/api/middleware/version_negotiation.py:57}}
Jul 03 20:17:43.801368 np0000004463 devstack@g-api.service[99616]: DEBUG glance.api.middleware.version_negotiation [None req-95ab5954-5f15-49f4-b0e2-2137b04e4c44 tempest-TaggedBootDevicesTest_v242-1995141354 tempest-TaggedBootDevicesTest_v242-1995141354-project-member] Matched version: v2 {{(pid=99616) process_request /opt/stack/glance/glance/api/middleware/version_negotiation.py:69}}
Jul 03 20:17:43.801368 np0000004463 devstack@g-api.service[99616]: DEBUG glance.api.middleware.version_negotiation [None req-95ab5954-5f15-49f4-b0e2-2137b04e4c44 tempest-TaggedBootDevicesTest_v242-1995141354 tempest-TaggedBootDevicesTest_v242-1995141354-project-member] new path /v2/images/30e09a5e-aeb1-44c5-bbc5-86d5632eb6a9/file {{(pid=99616) process_request /opt/stack/glance/glance/api/middleware/version_negotiation.py:70}}
Jul 03 20:17:43.920938 np0000004463 devstack@g-api.service[99614]: DEBUG glance.api.middleware.version_negotiation [None req-95ab5954-5f15-49f4-b0e2-2137b04e4c44 tempest-TaggedBootDevicesTest_v242-1995141354 tempest-TaggedBootDevicesTest_v242-1995141354-project-member] Determining version of request: GET /v2/images/30e09a5e-aeb1-44c5-bbc5-86d5632eb6a9 Accept: */* {{(pid=99614) process_request /opt/stack/glance/glance/api/middleware/version_negotiation.py:44}}
Jul 03 20:17:43.921355 np0000004463 devstack@g-api.service[99614]: DEBUG glance.api.middleware.version_negotiation [None req-95ab5954-5f15-49f4-b0e2-2137b04e4c44 tempest-TaggedBootDevicesTest_v242-1995141354 tempest-TaggedBootDevicesTest_v242-1995141354-project-member] Using url versioning {{(pid=99614) process_request /opt/stack/glance/glance/api/middleware/version_negotiation.py:57}}
Jul 03 20:17:43.921673 np0000004463 devstack@g-api.service[99614]: DEBUG glance.api.middleware.version_negotiation [None req-95ab5954-5f15-49f4-b0e2-2137b04e4c44 tempest-TaggedBootDevicesTest_v242-1995141354 tempest-TaggedBootDevicesTest_v242-1995141354-project-member] Matched version: v2 {{(pid=99614) process_request /opt/stack/glance/glance/api/middleware/version_negotiation.py:69}}
Jul 03 20:17:43.924084 np0000004463 devstack@g-api.service[99614]: DEBUG glance.api.middleware.version_negotiation [None req-95ab5954-5f15-49f4-b0e2-2137b04e4c44 tempest-TaggedBootDevicesTest_v242-1995141354 tempest-TaggedBootDevicesTest_v242-1995141354-project-member] new path /v2/images/30e09a5e-aeb1-44c5-bbc5-86d5632eb6a9 {{(pid=99614) process_request /opt/stack/glance/glance/api/middleware/version_negotiation.py:70}}
Jul 03 20:17:43.935027 np0000004463 devstack@g-api.service[99614]: [pid: 99614|app: 0|req: 19/53] 127.0.0.1 () {44 vars in 1111 bytes} [Fri Jul 3 20:17:43 2026] GET /v2/images/30e09a5e-aeb1-44c5-bbc5-86d5632eb6a9 => generated 1044 bytes in 14 msecs (HTTP/1.1 200) 4 headers in 158 bytes (1 switches on core 0)
Jul 03 20:17:43.943659 np0000004463 devstack@g-api.service[99615]: DEBUG glance.api.middleware.version_negotiation [None req-3842b53d-007c-4a49-a643-79beeee6c62e tempest-AttachSCSIVolumeTestJSON-1946666821 tempest-AttachSCSIVolumeTestJSON-1946666821-project-reader] Determining version of request: GET /v2/schemas/image Accept: */* {{(pid=99615) process_request /opt/stack/glance/glance/api/middleware/version_negotiation.py:44}}
Jul 03 20:17:43.943873 np0000004463 devstack@g-api.service[99615]: DEBUG glance.api.middleware.version_negotiation [None req-3842b53d-007c-4a49-a643-79beeee6c62e tempest-AttachSCSIVolumeTestJSON-1946666821 tempest-AttachSCSIVolumeTestJSON-1946666821-project-reader] Using url versioning {{(pid=99615) process_request /opt/stack/glance/glance/api/middleware/version_negotiation.py:57}}
Jul 03 20:17:43.943969 np0000004463 devstack@g-api.service[99615]: DEBUG glance.api.middleware.version_negotiation [None req-3842b53d-007c-4a49-a643-79beeee6c62e tempest-AttachSCSIVolumeTestJSON-1946666821 tempest-AttachSCSIVolumeTestJSON-1946666821-project-reader] Matched version: v2 {{(pid=99615) process_request /opt/stack/glance/glance/api/middleware/version_negotiation.py:69}}
Jul 03 20:17:43.944098 np0000004463 devstack@g-api.service[99615]: DEBUG glance.api.middleware.version_negotiation [None req-3842b53d-007c-4a49-a643-79beeee6c62e tempest-AttachSCSIVolumeTestJSON-1946666821 tempest-AttachSCSIVolumeTestJSON-1946666821-project-reader] new path /v2/schemas/image {{(pid=99615) process_request /opt/stack/glance/glance/api/middleware/version_negotiation.py:70}}
Jul 03 20:17:43.948381 np0000004463 devstack@g-api.service[99615]: [pid: 99615|app: 0|req: 17/54] 127.0.0.1 () {44 vars in 1051 bytes} [Fri Jul 3 20:17:43 2026] GET /v2/schemas/image => generated 6083 bytes in 5 msecs (HTTP/1.1 200) 4 headers in 158 bytes (1 switches on core 0)
Jul 03 20:17:44.118730 np0000004463 devstack@g-api.service[99616]: DEBUG glance.api.middleware.cache [None req-600b4d78-761c-4faf-967f-0e645e8c002e tempest-AttachSCSIVolumeTestJSON-1996634167 tempest-AttachSCSIVolumeTestJSON-1996634167-project-admin] Cache hit for image '30e09a5e-aeb1-44c5-bbc5-86d5632eb6a9' {{(pid=99616) process_request /opt/stack/glance/glance/api/middleware/cache.py:160}}
Jul 03 20:17:44.130213 np0000004463 devstack@g-api.service[99614]: DEBUG glance.api.middleware.version_negotiation [None req-95ab5954-5f15-49f4-b0e2-2137b04e4c44 tempest-TaggedBootDevicesTest_v242-1995141354 tempest-TaggedBootDevicesTest_v242-1995141354-project-member] Determining version of request: POST /v2/images Accept: application/json {{(pid=99614) process_request /opt/stack/glance/glance/api/middleware/version_negotiation.py:44}}
Jul 03 20:17:44.130396 np0000004463 devstack@g-api.service[99614]: DEBUG glance.api.middleware.version_negotiation [None req-95ab5954-5f15-49f4-b0e2-2137b04e4c44 tempest-TaggedBootDevicesTest_v242-1995141354 tempest-TaggedBootDevicesTest_v242-1995141354-project-member] Using url versioning {{(pid=99614) process_request /opt/stack/glance/glance/api/middleware/version_negotiation.py:57}}
Jul 03 20:17:44.130559 np0000004463 devstack@g-api.service[99614]: DEBUG glance.api.middleware.version_negotiation [None req-95ab5954-5f15-49f4-b0e2-2137b04e4c44 tempest-TaggedBootDevicesTest_v242-1995141354 tempest-TaggedBootDevicesTest_v242-1995141354-project-member] Matched version: v2 {{(pid=99614) process_request /opt/stack/glance/glance/api/middleware/version_negotiation.py:69}}
Jul 03 20:17:44.130651 np0000004463 devstack@g-api.service[99614]: DEBUG glance.api.middleware.version_negotiation [None req-95ab5954-5f15-49f4-b0e2-2137b04e4c44 tempest-TaggedBootDevicesTest_v242-1995141354 tempest-TaggedBootDevicesTest_v242-1995141354-project-member] new path /v2/images {{(pid=99614) process_request /opt/stack/glance/glance/api/middleware/version_negotiation.py:70}}
Jul 03 20:17:45.014626 np0000004463 devstack@g-api.service[99614]: [pid: 99614|app: 0|req: 20/55] 127.0.0.1 () {42 vars in 782 bytes} [Fri Jul 3 20:17:44 2026] POST /v2/images => generated 690 bytes in 884 msecs (HTTP/1.1 201) 6 headers in 315 bytes (1 switches on core 0)
Jul 03 20:17:45.023721 np0000004463 devstack@g-api.service[99615]: DEBUG glance.api.middleware.version_negotiation [None req-95ab5954-5f15-49f4-b0e2-2137b04e4c44 tempest-TaggedBootDevicesTest_v242-1995141354 tempest-TaggedBootDevicesTest_v242-1995141354-project-member] Determining version of request: PUT /v2/images/5f62469d-dcd9-40bc-8adc-3dde80549616/file Accept: {{(pid=99615) process_request /opt/stack/glance/glance/api/middleware/version_negotiation.py:44}}
Jul 03 20:17:45.024148 np0000004463 devstack@g-api.service[99615]: DEBUG glance.api.middleware.version_negotiation [None req-95ab5954-5f15-49f4-b0e2-2137b04e4c44 tempest-TaggedBootDevicesTest_v242-1995141354 tempest-TaggedBootDevicesTest_v242-1995141354-project-member] Using url versioning {{(pid=99615) process_request /opt/stack/glance/glance/api/middleware/version_negotiation.py:57}}
Jul 03 20:17:45.024148 np0000004463 devstack@g-api.service[99615]: DEBUG glance.api.middleware.version_negotiation [None req-95ab5954-5f15-49f4-b0e2-2137b04e4c44 tempest-TaggedBootDevicesTest_v242-1995141354 tempest-TaggedBootDevicesTest_v242-1995141354-project-member] Matched version: v2 {{(pid=99615) process_request /opt/stack/glance/glance/api/middleware/version_negotiation.py:69}}
Jul 03 20:17:45.024148 np0000004463 devstack@g-api.service[99615]: DEBUG glance.api.middleware.version_negotiation [None req-95ab5954-5f15-49f4-b0e2-2137b04e4c44 tempest-TaggedBootDevicesTest_v242-1995141354 tempest-TaggedBootDevicesTest_v242-1995141354-project-member] new path /v2/images/5f62469d-dcd9-40bc-8adc-3dde80549616/file {{(pid=99615) process_request /opt/stack/glance/glance/api/middleware/version_negotiation.py:70}}
Jul 03 20:17:45.089623 np0000004463 devstack@g-api.service[99616]: [pid: 99616|app: 0|req: 19/56] 127.0.0.1 () {40 vars in 844 bytes} [Fri Jul 3 20:17:43 2026] GET /v2/images/30e09a5e-aeb1-44c5-bbc5-86d5632eb6a9/file => generated 21692416 bytes in 1289 msecs (HTTP/1.1 200) 5 headers in 217 bytes (337 switches on core 0)
Jul 03 20:17:45.497177 np0000004463 devstack@g-api.service[99614]: DEBUG glance.api.middleware.version_negotiation [None req-635b7113-2cd9-44ff-97f2-c2597330c79e tempest-AttachSCSIVolumeTestJSON-1996634167 tempest-AttachSCSIVolumeTestJSON-1996634167-project-admin] Determining version of request: GET /v2/images/30e09a5e-aeb1-44c5-bbc5-86d5632eb6a9 Accept: */* {{(pid=99614) process_request /opt/stack/glance/glance/api/middleware/version_negotiation.py:44}}
Jul 03 20:17:45.497177 np0000004463 devstack@g-api.service[99614]: DEBUG glance.api.middleware.version_negotiation [None req-635b7113-2cd9-44ff-97f2-c2597330c79e tempest-AttachSCSIVolumeTestJSON-1996634167 tempest-AttachSCSIVolumeTestJSON-1996634167-project-admin] Using url versioning {{(pid=99614) process_request /opt/stack/glance/glance/api/middleware/version_negotiation.py:57}}
Jul 03 20:17:45.497177 np0000004463 devstack@g-api.service[99614]: DEBUG glance.api.middleware.version_negotiation [None req-635b7113-2cd9-44ff-97f2-c2597330c79e tempest-AttachSCSIVolumeTestJSON-1996634167 tempest-AttachSCSIVolumeTestJSON-1996634167-project-admin] Matched version: v2 {{(pid=99614) process_request /opt/stack/glance/glance/api/middleware/version_negotiation.py:69}}
Jul 03 20:17:45.497177 np0000004463 devstack@g-api.service[99614]: DEBUG glance.api.middleware.version_negotiation [None req-635b7113-2cd9-44ff-97f2-c2597330c79e tempest-AttachSCSIVolumeTestJSON-1996634167 tempest-AttachSCSIVolumeTestJSON-1996634167-project-admin] new path /v2/images/30e09a5e-aeb1-44c5-bbc5-86d5632eb6a9 {{(pid=99614) process_request /opt/stack/glance/glance/api/middleware/version_negotiation.py:70}}
Jul 03 20:17:45.516201 np0000004463 devstack@g-api.service[99614]: [pid: 99614|app: 0|req: 21/57] 127.0.0.1 () {44 vars in 1111 bytes} [Fri Jul 3 20:17:45 2026] GET /v2/images/30e09a5e-aeb1-44c5-bbc5-86d5632eb6a9 => generated 1044 bytes in 18 msecs (HTTP/1.1 200) 4 headers in 158 bytes (1 switches on core 0)
Jul 03 20:17:45.531508 np0000004463 devstack@g-api.service[99616]: DEBUG glance.api.middleware.version_negotiation [None req-600b4d78-761c-4faf-967f-0e645e8c002e tempest-AttachSCSIVolumeTestJSON-1996634167 tempest-AttachSCSIVolumeTestJSON-1996634167-project-admin] Determining version of request: GET /v2/schemas/image Accept: */* {{(pid=99616) process_request /opt/stack/glance/glance/api/middleware/version_negotiation.py:44}}
Jul 03 20:17:45.531741 np0000004463 devstack@g-api.service[99616]: DEBUG glance.api.middleware.version_negotiation [None req-600b4d78-761c-4faf-967f-0e645e8c002e tempest-AttachSCSIVolumeTestJSON-1996634167 tempest-AttachSCSIVolumeTestJSON-1996634167-project-admin] Using url versioning {{(pid=99616) process_request /opt/stack/glance/glance/api/middleware/version_negotiation.py:57}}
Jul 03 20:17:45.531924 np0000004463 devstack@g-api.service[99616]: DEBUG glance.api.middleware.version_negotiation [None req-600b4d78-761c-4faf-967f-0e645e8c002e tempest-AttachSCSIVolumeTestJSON-1996634167 tempest-AttachSCSIVolumeTestJSON-1996634167-project-admin] Matched version: v2 {{(pid=99616) process_request /opt/stack/glance/glance/api/middleware/version_negotiation.py:69}}
Jul 03 20:17:45.532544 np0000004463 devstack@g-api.service[99616]: DEBUG glance.api.middleware.version_negotiation [None req-600b4d78-761c-4faf-967f-0e645e8c002e tempest-AttachSCSIVolumeTestJSON-1996634167 tempest-AttachSCSIVolumeTestJSON-1996634167-project-admin] new path /v2/schemas/image {{(pid=99616) process_request /opt/stack/glance/glance/api/middleware/version_negotiation.py:70}}
Jul 03 20:17:45.540592 np0000004463 devstack@g-api.service[99616]: [pid: 99616|app: 0|req: 20/58] 127.0.0.1 () {44 vars in 1051 bytes} [Fri Jul 3 20:17:45 2026] GET /v2/schemas/image => generated 6083 bytes in 10 msecs (HTTP/1.1 200) 4 headers in 158 bytes (1 switches on core 0)
Jul 03 20:17:45.751083 np0000004463 devstack@g-api.service[99615]: INFO glance.api.v2.image_data [None req-ebdb702c-17c8-4b34-8c7b-90199d5f01fe tempest-AttachSCSIVolumeTestJSON-1996634167 tempest-AttachSCSIVolumeTestJSON-1996634167-project-admin] Unable to create trust: no such option collect_timing in group [keystone_authtoken] Use the existing user token.
Jul 03 20:17:46.555345 np0000004463 devstack@g-api.service[99615]: DEBUG glance.location [None req-ebdb702c-17c8-4b34-8c7b-90199d5f01fe tempest-AttachSCSIVolumeTestJSON-1996634167 tempest-AttachSCSIVolumeTestJSON-1996634167-project-admin] Enabling in-flight format inspection for qcow2 {{(pid=99615) set_data /opt/stack/glance/glance/location.py:596}}
Jul 03 20:17:46.555345 np0000004463 devstack@g-api.service[99615]: DEBUG glance_store.backend [None req-ebdb702c-17c8-4b34-8c7b-90199d5f01fe tempest-AttachSCSIVolumeTestJSON-1996634167 tempest-AttachSCSIVolumeTestJSON-1996634167-project-admin] Attempting to import store swift {{(pid=99615) _load_store /opt/stack/data/venv/lib/python3.12/site-packages/glance_store/backend.py:215}}
Jul 03 20:17:46.556621 np0000004463 devstack@g-api.service[99615]: DEBUG glance_store.capabilities [None req-ebdb702c-17c8-4b34-8c7b-90199d5f01fe tempest-AttachSCSIVolumeTestJSON-1996634167 tempest-AttachSCSIVolumeTestJSON-1996634167-project-admin] Store glance_store._drivers.swift.store.SingleTenantStore doesn't support updating dynamic storage capabilities. Please overwrite 'update_capabilities' method of the store to implement updating logics if needed. {{(pid=99615) update_capabilities /opt/stack/data/venv/lib/python3.12/site-packages/glance_store/capabilities.py:91}}
Jul 03 20:17:46.556776 np0000004463 devstack@g-api.service[99615]: DEBUG glance_store.driver [None req-ebdb702c-17c8-4b34-8c7b-90199d5f01fe tempest-AttachSCSIVolumeTestJSON-1996634167 tempest-AttachSCSIVolumeTestJSON-1996634167-project-admin] Late loading location class glance_store._drivers.swift.store.StoreLocation {{(pid=99615) get_store_location_class /opt/stack/data/venv/lib/python3.12/site-packages/glance_store/driver.py:134}}
Jul 03 20:17:46.556855 np0000004463 devstack@g-api.service[99615]: DEBUG glance_store.location [None req-ebdb702c-17c8-4b34-8c7b-90199d5f01fe tempest-AttachSCSIVolumeTestJSON-1996634167 tempest-AttachSCSIVolumeTestJSON-1996634167-project-admin] Registering scheme swift+https with {'store': , 'location_class': , 'store_entry': 'swift'} {{(pid=99615) register_scheme_map /opt/stack/data/venv/lib/python3.12/site-packages/glance_store/location.py:146}}
Jul 03 20:17:46.556931 np0000004463 devstack@g-api.service[99615]: DEBUG glance_store.location [None req-ebdb702c-17c8-4b34-8c7b-90199d5f01fe tempest-AttachSCSIVolumeTestJSON-1996634167 tempest-AttachSCSIVolumeTestJSON-1996634167-project-admin] Registering scheme swift+https with {'store': , 'location_class': , 'store_entry': 'swift'} {{(pid=99615) register_scheme_map /opt/stack/data/venv/lib/python3.12/site-packages/glance_store/location.py:146}}
Jul 03 20:17:46.556993 np0000004463 devstack@g-api.service[99615]: DEBUG glance_store.location [None req-ebdb702c-17c8-4b34-8c7b-90199d5f01fe tempest-AttachSCSIVolumeTestJSON-1996634167 tempest-AttachSCSIVolumeTestJSON-1996634167-project-admin] Registering scheme swift with {'store': , 'location_class': , 'store_entry': 'swift'} {{(pid=99615) register_scheme_map /opt/stack/data/venv/lib/python3.12/site-packages/glance_store/location.py:146}}
Jul 03 20:17:46.557050 np0000004463 devstack@g-api.service[99615]: DEBUG glance_store.location [None req-ebdb702c-17c8-4b34-8c7b-90199d5f01fe tempest-AttachSCSIVolumeTestJSON-1996634167 tempest-AttachSCSIVolumeTestJSON-1996634167-project-admin] Registering scheme swift+https with {'store': , 'location_class': , 'store_entry': 'swift'} {{(pid=99615) register_scheme_map /opt/stack/data/venv/lib/python3.12/site-packages/glance_store/location.py:146}}
Jul 03 20:17:46.557164 np0000004463 devstack@g-api.service[99615]: DEBUG glance_store.location [None req-ebdb702c-17c8-4b34-8c7b-90199d5f01fe tempest-AttachSCSIVolumeTestJSON-1996634167 tempest-AttachSCSIVolumeTestJSON-1996634167-project-admin] Registering scheme swift with {'store': , 'location_class': , 'store_entry': 'swift'} {{(pid=99615) register_scheme_map /opt/stack/data/venv/lib/python3.12/site-packages/glance_store/location.py:146}}
Jul 03 20:17:46.557224 np0000004463 devstack@g-api.service[99615]: DEBUG glance_store.location [None req-ebdb702c-17c8-4b34-8c7b-90199d5f01fe tempest-AttachSCSIVolumeTestJSON-1996634167 tempest-AttachSCSIVolumeTestJSON-1996634167-project-admin] Registering scheme swift+http with {'store': , 'location_class': , 'store_entry': 'swift'} {{(pid=99615) register_scheme_map /opt/stack/data/venv/lib/python3.12/site-packages/glance_store/location.py:146}}
Jul 03 20:17:46.557380 np0000004463 devstack@g-api.service[99615]: DEBUG glance_store.location [None req-ebdb702c-17c8-4b34-8c7b-90199d5f01fe tempest-AttachSCSIVolumeTestJSON-1996634167 tempest-AttachSCSIVolumeTestJSON-1996634167-project-admin] Registering scheme swift+https with {'store': , 'location_class': , 'store_entry': 'swift'} {{(pid=99615) register_scheme_map /opt/stack/data/venv/lib/python3.12/site-packages/glance_store/location.py:146}}
Jul 03 20:17:46.557380 np0000004463 devstack@g-api.service[99615]: DEBUG glance_store.location [None req-ebdb702c-17c8-4b34-8c7b-90199d5f01fe tempest-AttachSCSIVolumeTestJSON-1996634167 tempest-AttachSCSIVolumeTestJSON-1996634167-project-admin] Registering scheme swift with {'store': , 'location_class': , 'store_entry': 'swift'} {{(pid=99615) register_scheme_map /opt/stack/data/venv/lib/python3.12/site-packages/glance_store/location.py:146}}
Jul 03 20:17:46.557578 np0000004463 devstack@g-api.service[99615]: DEBUG glance_store.location [None req-ebdb702c-17c8-4b34-8c7b-90199d5f01fe tempest-AttachSCSIVolumeTestJSON-1996634167 tempest-AttachSCSIVolumeTestJSON-1996634167-project-admin] Registering scheme swift+http with {'store': , 'location_class': , 'store_entry': 'swift'} {{(pid=99615) register_scheme_map /opt/stack/data/venv/lib/python3.12/site-packages/glance_store/location.py:146}}
Jul 03 20:17:46.557578 np0000004463 devstack@g-api.service[99615]: DEBUG glance_store.location [None req-ebdb702c-17c8-4b34-8c7b-90199d5f01fe tempest-AttachSCSIVolumeTestJSON-1996634167 tempest-AttachSCSIVolumeTestJSON-1996634167-project-admin] Registering scheme swift+config with {'store': , 'location_class': , 'store_entry': 'swift'} {{(pid=99615) register_scheme_map /opt/stack/data/venv/lib/python3.12/site-packages/glance_store/location.py:146}}
Jul 03 20:17:46.952059 np0000004463 devstack@g-api.service[99615]: DEBUG swiftclient [None req-ebdb702c-17c8-4b34-8c7b-90199d5f01fe tempest-AttachSCSIVolumeTestJSON-1996634167 tempest-AttachSCSIVolumeTestJSON-1996634167-project-admin] REQ: curl -i https://10.4.3.33:8080/v1/AUTH_b8731d50c4a64b5ba10efa54b1bda625/glance -I -H "X-Auth-Token: gAAAAABqSBjqwEZJ..." {{(pid=99615) http_log /opt/stack/data/venv/lib/python3.12/site-packages/swiftclient/client.py:160}}
Jul 03 20:17:46.952599 np0000004463 devstack@g-api.service[99615]: DEBUG swiftclient [None req-ebdb702c-17c8-4b34-8c7b-90199d5f01fe tempest-AttachSCSIVolumeTestJSON-1996634167 tempest-AttachSCSIVolumeTestJSON-1996634167-project-admin] RESP STATUS: 204 No Content {{(pid=99615) http_log /opt/stack/data/venv/lib/python3.12/site-packages/swiftclient/client.py:161}}
Jul 03 20:17:46.952599 np0000004463 devstack@g-api.service[99615]: DEBUG swiftclient [None req-ebdb702c-17c8-4b34-8c7b-90199d5f01fe tempest-AttachSCSIVolumeTestJSON-1996634167 tempest-AttachSCSIVolumeTestJSON-1996634167-project-admin] RESP HEADERS: {'Date': 'Fri, 03 Jul 2026 20:17:46 GMT', 'Server': 'Apache/2.4.58 (Ubuntu)', 'Content-Type': 'text/plain; charset=utf-8', 'X-Container-Object-Count': '3', 'X-Container-Bytes-Used': '64356352', 'X-Timestamp': '1783109736.05291', 'Last-Modified': 'Fri, 03 Jul 2026 20:15:37 GMT', 'Accept-Ranges': 'bytes', 'X-Storage-Policy': 'Policy-0', 'X-Container-Sharding': 'False', 'Vary': 'Accept', 'X-Trans-Id': 'tx54e88a9d92234e9d84945-006a4818ea', 'X-Openstack-Request-Id': 'tx54e88a9d92234e9d84945-006a4818ea', 'Connection': 'close'} {{(pid=99615) http_log /opt/stack/data/venv/lib/python3.12/site-packages/swiftclient/client.py:162}}
Jul 03 20:17:46.952599 np0000004463 devstack@g-api.service[99615]: DEBUG glance_store._drivers.swift.store [None req-ebdb702c-17c8-4b34-8c7b-90199d5f01fe tempest-AttachSCSIVolumeTestJSON-1996634167 tempest-AttachSCSIVolumeTestJSON-1996634167-project-admin] Adding image object '5f62469d-dcd9-40bc-8adc-3dde80549616' to Swift {{(pid=99615) add /opt/stack/data/venv/lib/python3.12/site-packages/glance_store/_drivers/swift/store.py:970}}
Jul 03 20:17:46.952929 np0000004463 devstack@g-api.service[99615]: DEBUG glance_store._drivers.swift.store [None req-ebdb702c-17c8-4b34-8c7b-90199d5f01fe tempest-AttachSCSIVolumeTestJSON-1996634167 tempest-AttachSCSIVolumeTestJSON-1996634167-project-admin] Cannot determine image size because it is either not provided in the request or chunked-transfer encoding is used. Adding image as a segmented object to Swift. {{(pid=99615) add /opt/stack/data/venv/lib/python3.12/site-packages/glance_store/_drivers/swift/store.py:994}}
Jul 03 20:17:46.962803 np0000004463 devstack@g-api.service[99615]: DEBUG oslo_utils.imageutils.format_inspector [None req-ebdb702c-17c8-4b34-8c7b-90199d5f01fe tempest-AttachSCSIVolumeTestJSON-1996634167 tempest-AttachSCSIVolumeTestJSON-1996634167-project-admin] Format inspector for vmdk does not match, excluding from consideration (Signature KDMV not found: b'QFI\xfb') {{(pid=99615) _process_chunk /opt/stack/data/venv/lib/python3.12/site-packages/oslo_utils/imageutils/format_inspector.py:1758}}
Jul 03 20:17:46.967880 np0000004463 devstack@g-api.service[99615]: DEBUG oslo_utils.imageutils.format_inspector [None req-ebdb702c-17c8-4b34-8c7b-90199d5f01fe tempest-AttachSCSIVolumeTestJSON-1996634167 tempest-AttachSCSIVolumeTestJSON-1996634167-project-admin] Format inspector for vhdx does not match, excluding from consideration (Region signature not found at 30000) {{(pid=99615) _process_chunk /opt/stack/data/venv/lib/python3.12/site-packages/oslo_utils/imageutils/format_inspector.py:1758}}
Jul 03 20:17:47.231566 np0000004463 devstack@g-api.service[99615]: DEBUG swiftclient [None req-ebdb702c-17c8-4b34-8c7b-90199d5f01fe tempest-AttachSCSIVolumeTestJSON-1996634167 tempest-AttachSCSIVolumeTestJSON-1996634167-project-admin] REQ: curl -i https://10.4.3.33:8080/v1/AUTH_b8731d50c4a64b5ba10efa54b1bda625/glance/5f62469d-dcd9-40bc-8adc-3dde80549616-00001 -X PUT -H "X-Auth-Token: gAAAAABqSBjqwEZJ..." {{(pid=99615) http_log /opt/stack/data/venv/lib/python3.12/site-packages/swiftclient/client.py:160}}
Jul 03 20:17:47.231566 np0000004463 devstack@g-api.service[99615]: DEBUG swiftclient [None req-ebdb702c-17c8-4b34-8c7b-90199d5f01fe tempest-AttachSCSIVolumeTestJSON-1996634167 tempest-AttachSCSIVolumeTestJSON-1996634167-project-admin] RESP STATUS: 201 Created {{(pid=99615) http_log /opt/stack/data/venv/lib/python3.12/site-packages/swiftclient/client.py:161}}
Jul 03 20:17:47.231566 np0000004463 devstack@g-api.service[99615]: DEBUG swiftclient [None req-ebdb702c-17c8-4b34-8c7b-90199d5f01fe tempest-AttachSCSIVolumeTestJSON-1996634167 tempest-AttachSCSIVolumeTestJSON-1996634167-project-admin] RESP HEADERS: {'Date': 'Fri, 03 Jul 2026 20:17:47 GMT', 'Server': 'Apache/2.4.58 (Ubuntu)', 'Content-Type': 'text/html; charset=UTF-8', 'Content-Length': '0', 'Etag': '87617e24a5e30cb3b87fda8c0764838f', 'Last-Modified': 'Fri, 03 Jul 2026 20:17:47 GMT', 'X-Trans-Id': 'tx8a3f4591a81f4ca9b1944-006a4818ea', 'X-Openstack-Request-Id': 'tx8a3f4591a81f4ca9b1944-006a4818ea', 'Connection': 'close'} {{(pid=99615) http_log /opt/stack/data/venv/lib/python3.12/site-packages/swiftclient/client.py:162}}
Jul 03 20:17:47.231875 np0000004463 devstack@g-api.service[99615]: DEBUG glance_store._drivers.swift.store [None req-ebdb702c-17c8-4b34-8c7b-90199d5f01fe tempest-AttachSCSIVolumeTestJSON-1996634167 tempest-AttachSCSIVolumeTestJSON-1996634167-project-admin] Wrote chunk 5f62469d-dcd9-40bc-8adc-3dde80549616-00001 (1/?) of length 21692416 to Swift returning MD5 of content: 87617e24a5e30cb3b87fda8c0764838f {{(pid=99615) add /opt/stack/data/venv/lib/python3.12/site-packages/glance_store/_drivers/swift/store.py:1059}}
Jul 03 20:17:47.232580 np0000004463 devstack@g-api.service[99615]: DEBUG glance_store._drivers.swift.store [None req-ebdb702c-17c8-4b34-8c7b-90199d5f01fe tempest-AttachSCSIVolumeTestJSON-1996634167 tempest-AttachSCSIVolumeTestJSON-1996634167-project-admin] Not writing zero-length chunk. {{(pid=99615) add /opt/stack/data/venv/lib/python3.12/site-packages/glance_store/_drivers/swift/store.py:1028}}
Jul 03 20:17:47.260112 np0000004463 devstack@g-api.service[99615]: DEBUG swiftclient [None req-ebdb702c-17c8-4b34-8c7b-90199d5f01fe tempest-AttachSCSIVolumeTestJSON-1996634167 tempest-AttachSCSIVolumeTestJSON-1996634167-project-admin] REQ: curl -i https://10.4.3.33:8080/v1/AUTH_b8731d50c4a64b5ba10efa54b1bda625/glance/5f62469d-dcd9-40bc-8adc-3dde80549616 -X PUT -H "X-Object-Manifest: glance/5f62469d-dcd9-40bc-8adc-3dde80549616-" -H "X-Auth-Token: gAAAAABqSBjqwEZJ..." -H "Content-Length: 0" {{(pid=99615) http_log /opt/stack/data/venv/lib/python3.12/site-packages/swiftclient/client.py:160}}
Jul 03 20:17:47.260261 np0000004463 devstack@g-api.service[99615]: DEBUG swiftclient [None req-ebdb702c-17c8-4b34-8c7b-90199d5f01fe tempest-AttachSCSIVolumeTestJSON-1996634167 tempest-AttachSCSIVolumeTestJSON-1996634167-project-admin] RESP STATUS: 201 Created {{(pid=99615) http_log /opt/stack/data/venv/lib/python3.12/site-packages/swiftclient/client.py:161}}
Jul 03 20:17:47.260390 np0000004463 devstack@g-api.service[99615]: DEBUG swiftclient [None req-ebdb702c-17c8-4b34-8c7b-90199d5f01fe tempest-AttachSCSIVolumeTestJSON-1996634167 tempest-AttachSCSIVolumeTestJSON-1996634167-project-admin] RESP HEADERS: {'Date': 'Fri, 03 Jul 2026 20:17:47 GMT', 'Server': 'Apache/2.4.58 (Ubuntu)', 'Content-Type': 'text/html; charset=UTF-8', 'Content-Length': '0', 'Etag': 'd41d8cd98f00b204e9800998ecf8427e', 'Last-Modified': 'Fri, 03 Jul 2026 20:17:48 GMT', 'X-Trans-Id': 'tx52778e3df15a4ca5a95f8-006a4818eb', 'X-Openstack-Request-Id': 'tx52778e3df15a4ca5a95f8-006a4818eb', 'Connection': 'close'} {{(pid=99615) http_log /opt/stack/data/venv/lib/python3.12/site-packages/swiftclient/client.py:162}}
Jul 03 20:17:47.261489 np0000004463 devstack@g-api.service[99615]: INFO glance.location [None req-ebdb702c-17c8-4b34-8c7b-90199d5f01fe tempest-AttachSCSIVolumeTestJSON-1996634167 tempest-AttachSCSIVolumeTestJSON-1996634167-project-admin] Image format matched and virtual size computed: 117440512
Jul 03 20:17:47.282174 np0000004463 devstack@g-api.service[99614]: DEBUG glance.api.middleware.version_negotiation [None req-95ab5954-5f15-49f4-b0e2-2137b04e4c44 tempest-TaggedBootDevicesTest_v242-1995141354 tempest-TaggedBootDevicesTest_v242-1995141354-project-member] Determining version of request: GET /v2/images/30e09a5e-aeb1-44c5-bbc5-86d5632eb6a9 Accept: */* {{(pid=99614) process_request /opt/stack/glance/glance/api/middleware/version_negotiation.py:44}}
Jul 03 20:17:47.282642 np0000004463 devstack@g-api.service[99614]: DEBUG glance.api.middleware.version_negotiation [None req-95ab5954-5f15-49f4-b0e2-2137b04e4c44 tempest-TaggedBootDevicesTest_v242-1995141354 tempest-TaggedBootDevicesTest_v242-1995141354-project-member] Using url versioning {{(pid=99614) process_request /opt/stack/glance/glance/api/middleware/version_negotiation.py:57}}
Jul 03 20:17:47.282642 np0000004463 devstack@g-api.service[99614]: DEBUG glance.api.middleware.version_negotiation [None req-95ab5954-5f15-49f4-b0e2-2137b04e4c44 tempest-TaggedBootDevicesTest_v242-1995141354 tempest-TaggedBootDevicesTest_v242-1995141354-project-member] Matched version: v2 {{(pid=99614) process_request /opt/stack/glance/glance/api/middleware/version_negotiation.py:69}}
Jul 03 20:17:47.282642 np0000004463 devstack@g-api.service[99614]: DEBUG glance.api.middleware.version_negotiation [None req-95ab5954-5f15-49f4-b0e2-2137b04e4c44 tempest-TaggedBootDevicesTest_v242-1995141354 tempest-TaggedBootDevicesTest_v242-1995141354-project-member] new path /v2/images/30e09a5e-aeb1-44c5-bbc5-86d5632eb6a9 {{(pid=99614) process_request /opt/stack/glance/glance/api/middleware/version_negotiation.py:70}}
Jul 03 20:17:47.292966 np0000004463 devstack@g-api.service[99615]: DEBUG glance_store.backend [None req-ebdb702c-17c8-4b34-8c7b-90199d5f01fe tempest-AttachSCSIVolumeTestJSON-1996634167 tempest-AttachSCSIVolumeTestJSON-1996634167-project-admin] Attempting to import store swift {{(pid=99615) _load_store /opt/stack/data/venv/lib/python3.12/site-packages/glance_store/backend.py:215}}
Jul 03 20:17:47.294233 np0000004463 devstack@g-api.service[99615]: DEBUG glance_store.capabilities [None req-ebdb702c-17c8-4b34-8c7b-90199d5f01fe tempest-AttachSCSIVolumeTestJSON-1996634167 tempest-AttachSCSIVolumeTestJSON-1996634167-project-admin] Store glance_store._drivers.swift.store.SingleTenantStore doesn't support updating dynamic storage capabilities. Please overwrite 'update_capabilities' method of the store to implement updating logics if needed. {{(pid=99615) update_capabilities /opt/stack/data/venv/lib/python3.12/site-packages/glance_store/capabilities.py:91}}
Jul 03 20:17:47.294350 np0000004463 devstack@g-api.service[99615]: DEBUG glance_store.driver [None req-ebdb702c-17c8-4b34-8c7b-90199d5f01fe tempest-AttachSCSIVolumeTestJSON-1996634167 tempest-AttachSCSIVolumeTestJSON-1996634167-project-admin] Late loading location class glance_store._drivers.swift.store.StoreLocation {{(pid=99615) get_store_location_class /opt/stack/data/venv/lib/python3.12/site-packages/glance_store/driver.py:134}}
Jul 03 20:17:47.294519 np0000004463 devstack@g-api.service[99615]: DEBUG glance_store.location [None req-ebdb702c-17c8-4b34-8c7b-90199d5f01fe tempest-AttachSCSIVolumeTestJSON-1996634167 tempest-AttachSCSIVolumeTestJSON-1996634167-project-admin] Registering scheme swift+https with {'store': , 'location_class': , 'store_entry': 'swift'} {{(pid=99615) register_scheme_map /opt/stack/data/venv/lib/python3.12/site-packages/glance_store/location.py:146}}
Jul 03 20:17:47.294640 np0000004463 devstack@g-api.service[99615]: DEBUG glance_store.location [None req-ebdb702c-17c8-4b34-8c7b-90199d5f01fe tempest-AttachSCSIVolumeTestJSON-1996634167 tempest-AttachSCSIVolumeTestJSON-1996634167-project-admin] Registering scheme swift+https with {'store': , 'location_class': , 'store_entry': 'swift'} {{(pid=99615) register_scheme_map /opt/stack/data/venv/lib/python3.12/site-packages/glance_store/location.py:146}}
Jul 03 20:17:47.294690 np0000004463 devstack@g-api.service[99614]: [pid: 99614|app: 0|req: 22/59] 127.0.0.1 () {44 vars in 1111 bytes} [Fri Jul 3 20:17:47 2026] GET /v2/images/30e09a5e-aeb1-44c5-bbc5-86d5632eb6a9 => generated 1044 bytes in 12 msecs (HTTP/1.1 200) 4 headers in 158 bytes (1 switches on core 0)
Jul 03 20:17:47.294738 np0000004463 devstack@g-api.service[99615]: DEBUG glance_store.location [None req-ebdb702c-17c8-4b34-8c7b-90199d5f01fe tempest-AttachSCSIVolumeTestJSON-1996634167 tempest-AttachSCSIVolumeTestJSON-1996634167-project-admin] Registering scheme swift with {'store': , 'location_class': , 'store_entry': 'swift'} {{(pid=99615) register_scheme_map /opt/stack/data/venv/lib/python3.12/site-packages/glance_store/location.py:146}}
Jul 03 20:17:47.294790 np0000004463 devstack@g-api.service[99615]: DEBUG glance_store.location [None req-ebdb702c-17c8-4b34-8c7b-90199d5f01fe tempest-AttachSCSIVolumeTestJSON-1996634167 tempest-AttachSCSIVolumeTestJSON-1996634167-project-admin] Registering scheme swift+https with {'store': , 'location_class': , 'store_entry': 'swift'} {{(pid=99615) register_scheme_map /opt/stack/data/venv/lib/python3.12/site-packages/glance_store/location.py:146}}
Jul 03 20:17:47.294830 np0000004463 devstack@g-api.service[99615]: DEBUG glance_store.location [None req-ebdb702c-17c8-4b34-8c7b-90199d5f01fe tempest-AttachSCSIVolumeTestJSON-1996634167 tempest-AttachSCSIVolumeTestJSON-1996634167-project-admin] Registering scheme swift with {'store': , 'location_class': , 'store_entry': 'swift'} {{(pid=99615) register_scheme_map /opt/stack/data/venv/lib/python3.12/site-packages/glance_store/location.py:146}}
Jul 03 20:17:47.294954 np0000004463 devstack@g-api.service[99615]: DEBUG glance_store.location [None req-ebdb702c-17c8-4b34-8c7b-90199d5f01fe tempest-AttachSCSIVolumeTestJSON-1996634167 tempest-AttachSCSIVolumeTestJSON-1996634167-project-admin] Registering scheme swift+http with {'store': , 'location_class': , 'store_entry': 'swift'} {{(pid=99615) register_scheme_map /opt/stack/data/venv/lib/python3.12/site-packages/glance_store/location.py:146}}
Jul 03 20:17:47.294954 np0000004463 devstack@g-api.service[99615]: DEBUG glance_store.location [None req-ebdb702c-17c8-4b34-8c7b-90199d5f01fe tempest-AttachSCSIVolumeTestJSON-1996634167 tempest-AttachSCSIVolumeTestJSON-1996634167-project-admin] Registering scheme swift+https with {'store': , 'location_class': , 'store_entry': 'swift'} {{(pid=99615) register_scheme_map /opt/stack/data/venv/lib/python3.12/site-packages/glance_store/location.py:146}}
Jul 03 20:17:47.295046 np0000004463 devstack@g-api.service[99615]: DEBUG glance_store.location [None req-ebdb702c-17c8-4b34-8c7b-90199d5f01fe tempest-AttachSCSIVolumeTestJSON-1996634167 tempest-AttachSCSIVolumeTestJSON-1996634167-project-admin] Registering scheme swift with {'store': , 'location_class': , 'store_entry': 'swift'} {{(pid=99615) register_scheme_map /opt/stack/data/venv/lib/python3.12/site-packages/glance_store/location.py:146}}
Jul 03 20:17:47.295188 np0000004463 devstack@g-api.service[99615]: DEBUG glance_store.location [None req-ebdb702c-17c8-4b34-8c7b-90199d5f01fe tempest-AttachSCSIVolumeTestJSON-1996634167 tempest-AttachSCSIVolumeTestJSON-1996634167-project-admin] Registering scheme swift+http with {'store': , 'location_class': , 'store_entry': 'swift'} {{(pid=99615) register_scheme_map /opt/stack/data/venv/lib/python3.12/site-packages/glance_store/location.py:146}}
Jul 03 20:17:47.295328 np0000004463 devstack@g-api.service[99615]: DEBUG glance_store.location [None req-ebdb702c-17c8-4b34-8c7b-90199d5f01fe tempest-AttachSCSIVolumeTestJSON-1996634167 tempest-AttachSCSIVolumeTestJSON-1996634167-project-admin] Registering scheme swift+config with {'store': , 'location_class': , 'store_entry': 'swift'} {{(pid=99615) register_scheme_map /opt/stack/data/venv/lib/python3.12/site-packages/glance_store/location.py:146}}
Jul 03 20:17:47.295416 np0000004463 devstack@g-api.service[99615]: DEBUG glance_store.backend [None req-ebdb702c-17c8-4b34-8c7b-90199d5f01fe tempest-AttachSCSIVolumeTestJSON-1996634167 tempest-AttachSCSIVolumeTestJSON-1996634167-project-admin] Skipping store.set_acls... not implemented. {{(pid=99615) set_acls /opt/stack/data/venv/lib/python3.12/site-packages/glance_store/backend.py:507}}
Jul 03 20:17:47.297392 np0000004463 devstack@g-api.service[99615]: [pid: 99615|app: 0|req: 18/60] 127.0.0.1 () {40 vars in 854 bytes} [Fri Jul 3 20:17:45 2026] PUT /v2/images/5f62469d-dcd9-40bc-8adc-3dde80549616/file => generated 0 bytes in 2274 msecs (HTTP/1.1 204) 4 headers in 171 bytes (1 switches on core 0)
Jul 03 20:17:47.303542 np0000004463 devstack@g-api.service[99616]: DEBUG glance.api.middleware.version_negotiation [None req-95ab5954-5f15-49f4-b0e2-2137b04e4c44 tempest-TaggedBootDevicesTest_v242-1995141354 tempest-TaggedBootDevicesTest_v242-1995141354-project-member] Determining version of request: GET /v2/schemas/image Accept: */* {{(pid=99616) process_request /opt/stack/glance/glance/api/middleware/version_negotiation.py:44}}
Jul 03 20:17:47.304003 np0000004463 devstack@g-api.service[99616]: DEBUG glance.api.middleware.version_negotiation [None req-95ab5954-5f15-49f4-b0e2-2137b04e4c44 tempest-TaggedBootDevicesTest_v242-1995141354 tempest-TaggedBootDevicesTest_v242-1995141354-project-member] Using url versioning {{(pid=99616) process_request /opt/stack/glance/glance/api/middleware/version_negotiation.py:57}}
Jul 03 20:17:47.304133 np0000004463 devstack@g-api.service[99616]: DEBUG glance.api.middleware.version_negotiation [None req-95ab5954-5f15-49f4-b0e2-2137b04e4c44 tempest-TaggedBootDevicesTest_v242-1995141354 tempest-TaggedBootDevicesTest_v242-1995141354-project-member] Matched version: v2 {{(pid=99616) process_request /opt/stack/glance/glance/api/middleware/version_negotiation.py:69}}
Jul 03 20:17:47.304251 np0000004463 devstack@g-api.service[99616]: DEBUG glance.api.middleware.version_negotiation [None req-95ab5954-5f15-49f4-b0e2-2137b04e4c44 tempest-TaggedBootDevicesTest_v242-1995141354 tempest-TaggedBootDevicesTest_v242-1995141354-project-member] new path /v2/schemas/image {{(pid=99616) process_request /opt/stack/glance/glance/api/middleware/version_negotiation.py:70}}
Jul 03 20:17:47.308831 np0000004463 devstack@g-api.service[99616]: [pid: 99616|app: 0|req: 21/61] 127.0.0.1 () {44 vars in 1051 bytes} [Fri Jul 3 20:17:47 2026] GET /v2/schemas/image => generated 6083 bytes in 5 msecs (HTTP/1.1 200) 4 headers in 158 bytes (1 switches on core 0)
Jul 03 20:17:49.354180 np0000004463 devstack@g-api.service[99614]: DEBUG glance.api.middleware.version_negotiation [None req-95ab5954-5f15-49f4-b0e2-2137b04e4c44 tempest-TaggedBootDevicesTest_v242-1995141354 tempest-TaggedBootDevicesTest_v242-1995141354-project-member] Determining version of request: GET /v2/images/30e09a5e-aeb1-44c5-bbc5-86d5632eb6a9 Accept: */* {{(pid=99614) process_request /opt/stack/glance/glance/api/middleware/version_negotiation.py:44}}
Jul 03 20:17:49.354704 np0000004463 devstack@g-api.service[99614]: DEBUG glance.api.middleware.version_negotiation [None req-95ab5954-5f15-49f4-b0e2-2137b04e4c44 tempest-TaggedBootDevicesTest_v242-1995141354 tempest-TaggedBootDevicesTest_v242-1995141354-project-member] Using url versioning {{(pid=99614) process_request /opt/stack/glance/glance/api/middleware/version_negotiation.py:57}}
Jul 03 20:17:49.354704 np0000004463 devstack@g-api.service[99614]: DEBUG glance.api.middleware.version_negotiation [None req-95ab5954-5f15-49f4-b0e2-2137b04e4c44 tempest-TaggedBootDevicesTest_v242-1995141354 tempest-TaggedBootDevicesTest_v242-1995141354-project-member] Matched version: v2 {{(pid=99614) process_request /opt/stack/glance/glance/api/middleware/version_negotiation.py:69}}
Jul 03 20:17:49.354704 np0000004463 devstack@g-api.service[99614]: DEBUG glance.api.middleware.version_negotiation [None req-95ab5954-5f15-49f4-b0e2-2137b04e4c44 tempest-TaggedBootDevicesTest_v242-1995141354 tempest-TaggedBootDevicesTest_v242-1995141354-project-member] new path /v2/images/30e09a5e-aeb1-44c5-bbc5-86d5632eb6a9 {{(pid=99614) process_request /opt/stack/glance/glance/api/middleware/version_negotiation.py:70}}
Jul 03 20:17:49.376598 np0000004463 devstack@g-api.service[99614]: [pid: 99614|app: 0|req: 23/62] 127.0.0.1 () {44 vars in 1111 bytes} [Fri Jul 3 20:17:49 2026] GET /v2/images/30e09a5e-aeb1-44c5-bbc5-86d5632eb6a9 => generated 1044 bytes in 22 msecs (HTTP/1.1 200) 4 headers in 158 bytes (1 switches on core 0)
Jul 03 20:17:49.413815 np0000004463 devstack@g-api.service[99615]: DEBUG glance.api.middleware.version_negotiation [None req-ebdb702c-17c8-4b34-8c7b-90199d5f01fe tempest-AttachSCSIVolumeTestJSON-1996634167 tempest-AttachSCSIVolumeTestJSON-1996634167-project-admin] Determining version of request: GET /v2/schemas/image Accept: */* {{(pid=99615) process_request /opt/stack/glance/glance/api/middleware/version_negotiation.py:44}}
Jul 03 20:17:49.414153 np0000004463 devstack@g-api.service[99615]: DEBUG glance.api.middleware.version_negotiation [None req-ebdb702c-17c8-4b34-8c7b-90199d5f01fe tempest-AttachSCSIVolumeTestJSON-1996634167 tempest-AttachSCSIVolumeTestJSON-1996634167-project-admin] Using url versioning {{(pid=99615) process_request /opt/stack/glance/glance/api/middleware/version_negotiation.py:57}}
Jul 03 20:17:49.414250 np0000004463 devstack@g-api.service[99615]: DEBUG glance.api.middleware.version_negotiation [None req-ebdb702c-17c8-4b34-8c7b-90199d5f01fe tempest-AttachSCSIVolumeTestJSON-1996634167 tempest-AttachSCSIVolumeTestJSON-1996634167-project-admin] Matched version: v2 {{(pid=99615) process_request /opt/stack/glance/glance/api/middleware/version_negotiation.py:69}}
Jul 03 20:17:49.414403 np0000004463 devstack@g-api.service[99615]: DEBUG glance.api.middleware.version_negotiation [None req-ebdb702c-17c8-4b34-8c7b-90199d5f01fe tempest-AttachSCSIVolumeTestJSON-1996634167 tempest-AttachSCSIVolumeTestJSON-1996634167-project-admin] new path /v2/schemas/image {{(pid=99615) process_request /opt/stack/glance/glance/api/middleware/version_negotiation.py:70}}
Jul 03 20:17:49.418798 np0000004463 devstack@g-api.service[99615]: [pid: 99615|app: 0|req: 19/63] 127.0.0.1 () {44 vars in 1051 bytes} [Fri Jul 3 20:17:49 2026] GET /v2/schemas/image => generated 6083 bytes in 5 msecs (HTTP/1.1 200) 4 headers in 158 bytes (1 switches on core 0)
Jul 03 20:17:50.581102 np0000004463 devstack@g-api.service[99616]: DEBUG glance.api.middleware.version_negotiation [None req-95ab5954-5f15-49f4-b0e2-2137b04e4c44 tempest-TaggedBootDevicesTest_v242-1995141354 tempest-TaggedBootDevicesTest_v242-1995141354-project-member] Determining version of request: GET / Accept: application/json {{(pid=99616) process_request /opt/stack/glance/glance/api/middleware/version_negotiation.py:44}}
Jul 03 20:17:50.581102 np0000004463 devstack@g-api.service[99616]: DEBUG glance.api.middleware.version_negotiation [None req-95ab5954-5f15-49f4-b0e2-2137b04e4c44 tempest-TaggedBootDevicesTest_v242-1995141354 tempest-TaggedBootDevicesTest_v242-1995141354-project-member] Using url versioning {{(pid=99616) process_request /opt/stack/glance/glance/api/middleware/version_negotiation.py:57}}
Jul 03 20:17:50.581640 np0000004463 devstack@g-api.service[99616]: DEBUG glance.api.middleware.version_negotiation [None req-95ab5954-5f15-49f4-b0e2-2137b04e4c44 tempest-TaggedBootDevicesTest_v242-1995141354 tempest-TaggedBootDevicesTest_v242-1995141354-project-member] Unknown version. Returning version choices. {{(pid=99616) process_request /opt/stack/glance/glance/api/middleware/version_negotiation.py:64}}
Jul 03 20:17:50.582246 np0000004463 devstack@g-api.service[99616]: [pid: 99616|app: 0|req: 22/64] 127.0.0.1 () {36 vars in 555 bytes} [Fri Jul 3 20:17:50 2026] GET / => generated 1501 bytes in 2 msecs (HTTP/1.1 300) 3 headers in 106 bytes (1 switches on core 0)
Jul 03 20:17:50.616180 np0000004463 devstack@g-api.service[99614]: DEBUG glance.api.middleware.version_negotiation [None req-0ffc036b-1ef4-4e74-a8cb-940ddf5a6dfe tempest-VolumesAdminNegativeTest-1194811303 tempest-VolumesAdminNegativeTest-1194811303-project-member] Determining version of request: GET /v2/images/30e09a5e-aeb1-44c5-bbc5-86d5632eb6a9 Accept: */* {{(pid=99614) process_request /opt/stack/glance/glance/api/middleware/version_negotiation.py:44}}
Jul 03 20:17:50.616928 np0000004463 devstack@g-api.service[99614]: DEBUG glance.api.middleware.version_negotiation [None req-0ffc036b-1ef4-4e74-a8cb-940ddf5a6dfe tempest-VolumesAdminNegativeTest-1194811303 tempest-VolumesAdminNegativeTest-1194811303-project-member] Using url versioning {{(pid=99614) process_request /opt/stack/glance/glance/api/middleware/version_negotiation.py:57}}
Jul 03 20:17:50.616928 np0000004463 devstack@g-api.service[99614]: DEBUG glance.api.middleware.version_negotiation [None req-0ffc036b-1ef4-4e74-a8cb-940ddf5a6dfe tempest-VolumesAdminNegativeTest-1194811303 tempest-VolumesAdminNegativeTest-1194811303-project-member] Matched version: v2 {{(pid=99614) process_request /opt/stack/glance/glance/api/middleware/version_negotiation.py:69}}
Jul 03 20:17:50.616928 np0000004463 devstack@g-api.service[99614]: DEBUG glance.api.middleware.version_negotiation [None req-0ffc036b-1ef4-4e74-a8cb-940ddf5a6dfe tempest-VolumesAdminNegativeTest-1194811303 tempest-VolumesAdminNegativeTest-1194811303-project-member] new path /v2/images/30e09a5e-aeb1-44c5-bbc5-86d5632eb6a9 {{(pid=99614) process_request /opt/stack/glance/glance/api/middleware/version_negotiation.py:70}}
Jul 03 20:17:50.627790 np0000004463 devstack@g-api.service[99614]: [pid: 99614|app: 0|req: 24/65] 127.0.0.1 () {44 vars in 1111 bytes} [Fri Jul 3 20:17:50 2026] GET /v2/images/30e09a5e-aeb1-44c5-bbc5-86d5632eb6a9 => generated 1044 bytes in 12 msecs (HTTP/1.1 200) 4 headers in 158 bytes (1 switches on core 0)
Jul 03 20:17:50.659899 np0000004463 devstack@g-api.service[99615]: DEBUG glance.api.middleware.version_negotiation [None req-0ffc036b-1ef4-4e74-a8cb-940ddf5a6dfe tempest-VolumesAdminNegativeTest-1194811303 tempest-VolumesAdminNegativeTest-1194811303-project-member] Determining version of request: GET /v2/schemas/image Accept: */* {{(pid=99615) process_request /opt/stack/glance/glance/api/middleware/version_negotiation.py:44}}
Jul 03 20:17:50.660258 np0000004463 devstack@g-api.service[99615]: DEBUG glance.api.middleware.version_negotiation [None req-0ffc036b-1ef4-4e74-a8cb-940ddf5a6dfe tempest-VolumesAdminNegativeTest-1194811303 tempest-VolumesAdminNegativeTest-1194811303-project-member] Using url versioning {{(pid=99615) process_request /opt/stack/glance/glance/api/middleware/version_negotiation.py:57}}
Jul 03 20:17:50.660258 np0000004463 devstack@g-api.service[99615]: DEBUG glance.api.middleware.version_negotiation [None req-0ffc036b-1ef4-4e74-a8cb-940ddf5a6dfe tempest-VolumesAdminNegativeTest-1194811303 tempest-VolumesAdminNegativeTest-1194811303-project-member] Matched version: v2 {{(pid=99615) process_request /opt/stack/glance/glance/api/middleware/version_negotiation.py:69}}
