Jul 03 20:15:07.246585 np0000004463 nova-scheduler[93364]: DEBUG cotyledon.oslo_config_glue [-] oslo_limit.certfile = None {{(pid=93364) log_opt_values /opt/stack/data/venv/lib/python3.12/site-packages/oslo_config/cfg.py:3253}}
Jul 03 20:15:07.246861 np0000004463 nova-scheduler[93364]: DEBUG cotyledon.oslo_config_glue [-] oslo_limit.collect_timing = False {{(pid=93364) log_opt_values /opt/stack/data/venv/lib/python3.12/site-packages/oslo_config/cfg.py:3253}}
Jul 03 20:15:07.246861 np0000004463 nova-scheduler[93364]: DEBUG cotyledon.oslo_config_glue [-] oslo_limit.connect_retries = None {{(pid=93364) log_opt_values /opt/stack/data/venv/lib/python3.12/site-packages/oslo_config/cfg.py:3253}}
Jul 03 20:15:07.246861 np0000004463 nova-scheduler[93364]: DEBUG cotyledon.oslo_config_glue [-] oslo_limit.connect_retry_delay = None {{(pid=93364) log_opt_values /opt/stack/data/venv/lib/python3.12/site-packages/oslo_config/cfg.py:3253}}
Jul 03 20:15:07.246861 np0000004463 nova-scheduler[93364]: DEBUG cotyledon.oslo_config_glue [-] oslo_limit.endpoint_id = None {{(pid=93364) log_opt_values /opt/stack/data/venv/lib/python3.12/site-packages/oslo_config/cfg.py:3253}}
Jul 03 20:15:07.246861 np0000004463 nova-scheduler[93364]: DEBUG cotyledon.oslo_config_glue [-] oslo_limit.endpoint_interface = public {{(pid=93364) log_opt_values /opt/stack/data/venv/lib/python3.12/site-packages/oslo_config/cfg.py:3253}}
Jul 03 20:15:07.246861 np0000004463 nova-scheduler[93364]: DEBUG cotyledon.oslo_config_glue [-] oslo_limit.endpoint_override = None {{(pid=93364) log_opt_values /opt/stack/data/venv/lib/python3.12/site-packages/oslo_config/cfg.py:3253}}
Jul 03 20:15:07.246861 np0000004463 nova-scheduler[93364]: DEBUG cotyledon.oslo_config_glue [-] oslo_limit.endpoint_region_name = None {{(pid=93364) log_opt_values /opt/stack/data/venv/lib/python3.12/site-packages/oslo_config/cfg.py:3253}}
Jul 03 20:15:07.246861 np0000004463 nova-scheduler[93364]: DEBUG cotyledon.oslo_config_glue [-] oslo_limit.endpoint_service_name = None {{(pid=93364) log_opt_values /opt/stack/data/venv/lib/python3.12/site-packages/oslo_config/cfg.py:3253}}
Jul 03 20:15:07.246861 np0000004463 nova-scheduler[93364]: DEBUG cotyledon.oslo_config_glue [-] oslo_limit.endpoint_service_type = None {{(pid=93364) log_opt_values /opt/stack/data/venv/lib/python3.12/site-packages/oslo_config/cfg.py:3253}}
Jul 03 20:15:07.247193 np0000004463 nova-scheduler[93364]: DEBUG cotyledon.oslo_config_glue [-] oslo_limit.insecure = False {{(pid=93364) log_opt_values /opt/stack/data/venv/lib/python3.12/site-packages/oslo_config/cfg.py:3253}}
Jul 03 20:15:07.247193 np0000004463 nova-scheduler[93364]: DEBUG cotyledon.oslo_config_glue [-] oslo_limit.keyfile = None {{(pid=93364) log_opt_values /opt/stack/data/venv/lib/python3.12/site-packages/oslo_config/cfg.py:3253}}
Jul 03 20:15:07.247193 np0000004463 nova-scheduler[93364]: DEBUG cotyledon.oslo_config_glue [-] oslo_limit.max_version = None {{(pid=93364) log_opt_values /opt/stack/data/venv/lib/python3.12/site-packages/oslo_config/cfg.py:3253}}
Jul 03 20:15:07.247193 np0000004463 nova-scheduler[93364]: DEBUG cotyledon.oslo_config_glue [-] oslo_limit.min_version = None {{(pid=93364) log_opt_values /opt/stack/data/venv/lib/python3.12/site-packages/oslo_config/cfg.py:3253}}
Jul 03 20:15:07.247193 np0000004463 nova-scheduler[93364]: DEBUG cotyledon.oslo_config_glue [-] oslo_limit.region_name = None {{(pid=93364) log_opt_values /opt/stack/data/venv/lib/python3.12/site-packages/oslo_config/cfg.py:3253}}
Jul 03 20:15:07.247193 np0000004463 nova-scheduler[93364]: DEBUG cotyledon.oslo_config_glue [-] oslo_limit.retriable_status_codes = None {{(pid=93364) log_opt_values /opt/stack/data/venv/lib/python3.12/site-packages/oslo_config/cfg.py:3253}}
Jul 03 20:15:07.247193 np0000004463 nova-scheduler[93364]: DEBUG cotyledon.oslo_config_glue [-] oslo_limit.service_name = None {{(pid=93364) log_opt_values /opt/stack/data/venv/lib/python3.12/site-packages/oslo_config/cfg.py:3253}}
Jul 03 20:15:07.247193 np0000004463 nova-scheduler[93364]: DEBUG cotyledon.oslo_config_glue [-] oslo_limit.service_type = None {{(pid=93364) log_opt_values /opt/stack/data/venv/lib/python3.12/site-packages/oslo_config/cfg.py:3253}}
Jul 03 20:15:07.247193 np0000004463 nova-scheduler[93364]: DEBUG cotyledon.oslo_config_glue [-] oslo_limit.split_loggers = False {{(pid=93364) log_opt_values /opt/stack/data/venv/lib/python3.12/site-packages/oslo_config/cfg.py:3253}}
Jul 03 20:15:07.247504 np0000004463 nova-scheduler[93364]: DEBUG cotyledon.oslo_config_glue [-] oslo_limit.status_code_retries = None {{(pid=93364) log_opt_values /opt/stack/data/venv/lib/python3.12/site-packages/oslo_config/cfg.py:3253}}
Jul 03 20:15:07.247504 np0000004463 nova-scheduler[93364]: DEBUG cotyledon.oslo_config_glue [-] oslo_limit.status_code_retry_delay = None {{(pid=93364) log_opt_values /opt/stack/data/venv/lib/python3.12/site-packages/oslo_config/cfg.py:3253}}
Jul 03 20:15:07.247504 np0000004463 nova-scheduler[93364]: DEBUG cotyledon.oslo_config_glue [-] oslo_limit.timeout = None {{(pid=93364) log_opt_values /opt/stack/data/venv/lib/python3.12/site-packages/oslo_config/cfg.py:3253}}
Jul 03 20:15:07.247504 np0000004463 nova-scheduler[93364]: DEBUG cotyledon.oslo_config_glue [-] oslo_limit.valid_interfaces = None {{(pid=93364) log_opt_values /opt/stack/data/venv/lib/python3.12/site-packages/oslo_config/cfg.py:3253}}
Jul 03 20:15:07.247504 np0000004463 nova-scheduler[93364]: DEBUG cotyledon.oslo_config_glue [-] oslo_limit.version = None {{(pid=93364) log_opt_values /opt/stack/data/venv/lib/python3.12/site-packages/oslo_config/cfg.py:3253}}
Jul 03 20:15:07.247504 np0000004463 nova-scheduler[93364]: DEBUG cotyledon.oslo_config_glue [-] oslo_reports.file_event_handler = None {{(pid=93364) log_opt_values /opt/stack/data/venv/lib/python3.12/site-packages/oslo_config/cfg.py:3253}}
Jul 03 20:15:07.247504 np0000004463 nova-scheduler[93364]: DEBUG cotyledon.oslo_config_glue [-] oslo_reports.file_event_handler_interval = 1 {{(pid=93364) log_opt_values /opt/stack/data/venv/lib/python3.12/site-packages/oslo_config/cfg.py:3253}}
Jul 03 20:15:07.247504 np0000004463 nova-scheduler[93364]: DEBUG cotyledon.oslo_config_glue [-] oslo_reports.log_dir = None {{(pid=93364) log_opt_values /opt/stack/data/venv/lib/python3.12/site-packages/oslo_config/cfg.py:3253}}
Jul 03 20:15:07.247504 np0000004463 nova-scheduler[93364]: DEBUG cotyledon.oslo_config_glue [-] ******************************************************************************** {{(pid=93364) log_opt_values /opt/stack/data/venv/lib/python3.12/site-packages/oslo_config/cfg.py:3260}}
Jul 03 20:15:07.247777 np0000004463 nova-scheduler[93364]: DEBUG cotyledon._service_worker [-] Run service ServiceWrapper(2) [93364] {{(pid=93364) wait_forever /opt/stack/data/venv/lib/python3.12/site-packages/cotyledon/_service_worker.py:218}}
Jul 03 20:15:07.247777 np0000004463 nova-scheduler[93364]: INFO nova.service [-] Starting scheduler node (version 33.1.0)
Jul 03 20:15:07.247837 np0000004463 nova-scheduler[93360]: INFO dbcounter [None req-cab8c56d-cf30-4339-b0d7-bb3df3a09efd None None] Registered counter for database nova_cell0
Jul 03 20:15:07.247873 np0000004463 nova-scheduler[93364]: INFO dbcounter [None req-aecca0a7-7be3-4cdf-83bb-3775b6ad1721 None None] Registered counter for database nova_cell0
Jul 03 20:15:07.247912 np0000004463 nova-scheduler[93358]: DEBUG oslo_db.sqlalchemy.engines [None req-ece9c036-b9b8-4719-809a-89520f4fd39b None None] MySQL server mode set to STRICT_TRANS_TABLES,STRICT_ALL_TABLES,NO_ZERO_IN_DATE,NO_ZERO_DATE,ERROR_FOR_DIVISION_BY_ZERO,TRADITIONAL,NO_ENGINE_SUBSTITUTION {{(pid=93358) _check_effective_sql_mode /opt/stack/data/venv/lib/python3.12/site-packages/oslo_db/sqlalchemy/engines.py:325}}
Jul 03 20:15:07.257640 np0000004463 nova-scheduler[93358]: DEBUG dbcounter [-] [93358] Writer thread running {{(pid=93358) stat_writer /opt/stack/data/venv/lib/python3.12/site-packages/dbcounter.py:102}}
Jul 03 20:15:07.262884 np0000004463 nova-scheduler[93364]: DEBUG oslo_db.sqlalchemy.engines [None req-aecca0a7-7be3-4cdf-83bb-3775b6ad1721 None None] MySQL server mode set to STRICT_TRANS_TABLES,STRICT_ALL_TABLES,NO_ZERO_IN_DATE,NO_ZERO_DATE,ERROR_FOR_DIVISION_BY_ZERO,TRADITIONAL,NO_ENGINE_SUBSTITUTION {{(pid=93364) _check_effective_sql_mode /opt/stack/data/venv/lib/python3.12/site-packages/oslo_db/sqlalchemy/engines.py:325}}
Jul 03 20:15:07.270884 np0000004463 nova-scheduler[93360]: DEBUG oslo_db.sqlalchemy.engines [None req-cab8c56d-cf30-4339-b0d7-bb3df3a09efd None None] MySQL server mode set to STRICT_TRANS_TABLES,STRICT_ALL_TABLES,NO_ZERO_IN_DATE,NO_ZERO_DATE,ERROR_FOR_DIVISION_BY_ZERO,TRADITIONAL,NO_ENGINE_SUBSTITUTION {{(pid=93360) _check_effective_sql_mode /opt/stack/data/venv/lib/python3.12/site-packages/oslo_db/sqlalchemy/engines.py:325}}
Jul 03 20:15:07.273516 np0000004463 nova-scheduler[93364]: DEBUG dbcounter [-] [93364] Writer thread running {{(pid=93364) stat_writer /opt/stack/data/venv/lib/python3.12/site-packages/dbcounter.py:102}}
Jul 03 20:15:07.278770 np0000004463 nova-scheduler[93358]: DEBUG nova.service [None req-ece9c036-b9b8-4719-809a-89520f4fd39b None None] Creating RPC server for service: nova-scheduler on topic: scheduler {{(pid=93358) start /opt/stack/nova/nova/service.py:196}}
Jul 03 20:15:07.292220 np0000004463 nova-scheduler[93360]: DEBUG dbcounter [-] [93360] Writer thread running {{(pid=93360) stat_writer /opt/stack/data/venv/lib/python3.12/site-packages/dbcounter.py:102}}
Jul 03 20:15:07.296596 np0000004463 nova-scheduler[93364]: DEBUG nova.service [None req-aecca0a7-7be3-4cdf-83bb-3775b6ad1721 None None] Creating RPC server for service: nova-scheduler on topic: scheduler {{(pid=93364) start /opt/stack/nova/nova/service.py:196}}
Jul 03 20:15:07.296684 np0000004463 nova-scheduler[93360]: DEBUG nova.service [None req-cab8c56d-cf30-4339-b0d7-bb3df3a09efd None None] Creating RPC server for service: nova-scheduler on topic: scheduler {{(pid=93360) start /opt/stack/nova/nova/service.py:196}}
Jul 03 20:15:07.299380 np0000004463 nova-scheduler[93358]: DEBUG nova.service [None req-ece9c036-b9b8-4719-809a-89520f4fd39b None None] Join ServiceGroup membership for this service scheduler {{(pid=93358) start /opt/stack/nova/nova/service.py:222}}
Jul 03 20:15:07.299580 np0000004463 nova-scheduler[93358]: DEBUG nova.servicegroup.drivers.db [None req-ece9c036-b9b8-4719-809a-89520f4fd39b None None] DB_Driver: join new ServiceGroup member np0000004463 to the scheduler group, service = {{(pid=93358) join /opt/stack/nova/nova/servicegroup/drivers/db.py:44}}
Jul 03 20:15:07.315672 np0000004463 nova-scheduler[93364]: DEBUG nova.service [None req-aecca0a7-7be3-4cdf-83bb-3775b6ad1721 None None] Join ServiceGroup membership for this service scheduler {{(pid=93364) start /opt/stack/nova/nova/service.py:222}}
Jul 03 20:15:07.315980 np0000004463 nova-scheduler[93360]: DEBUG nova.service [None req-cab8c56d-cf30-4339-b0d7-bb3df3a09efd None None] Join ServiceGroup membership for this service scheduler {{(pid=93360) start /opt/stack/nova/nova/service.py:222}}
Jul 03 20:15:07.316057 np0000004463 nova-scheduler[93364]: DEBUG nova.servicegroup.drivers.db [None req-aecca0a7-7be3-4cdf-83bb-3775b6ad1721 None None] DB_Driver: join new ServiceGroup member np0000004463 to the scheduler group, service = {{(pid=93364) join /opt/stack/nova/nova/servicegroup/drivers/db.py:44}}
Jul 03 20:15:07.316194 np0000004463 nova-scheduler[93360]: DEBUG nova.servicegroup.drivers.db [None req-cab8c56d-cf30-4339-b0d7-bb3df3a09efd None None] DB_Driver: join new ServiceGroup member np0000004463 to the scheduler group, service = {{(pid=93360) join /opt/stack/nova/nova/servicegroup/drivers/db.py:44}}
Jul 03 20:15:12.318886 np0000004463 nova-scheduler[93358]: DEBUG oslo.service.backend._threading.loopingcall [-] Fixed interval looping call 'nova.servicegroup.drivers.db.DbDriver._report_state' sleeping for 119.98 seconds {{(pid=93358) _run_loop /opt/stack/data/venv/lib/python3.12/site-packages/oslo_service/backend/_threading/loopingcall.py:125}}
Jul 03 20:15:12.323789 np0000004463 nova-scheduler[93364]: DEBUG oslo.service.backend._threading.loopingcall [-] Fixed interval looping call 'nova.servicegroup.drivers.db.DbDriver._report_state' sleeping for 119.99 seconds {{(pid=93364) _run_loop /opt/stack/data/venv/lib/python3.12/site-packages/oslo_service/backend/_threading/loopingcall.py:125}}
Jul 03 20:15:12.327926 np0000004463 nova-scheduler[93360]: DEBUG oslo.service.backend._threading.loopingcall [-] Fixed interval looping call 'nova.servicegroup.drivers.db.DbDriver._report_state' sleeping for 119.99 seconds {{(pid=93360) _run_loop /opt/stack/data/venv/lib/python3.12/site-packages/oslo_service/backend/_threading/loopingcall.py:125}}
Jul 03 20:15:15.868501 np0000004463 nova-scheduler[92151]: DEBUG dbcounter [-] [92151] Writing DB stats nova_api:SELECT=3 {{(pid=92151) stat_writer /opt/stack/data/venv/lib/python3.12/site-packages/dbcounter.py:115}}
Jul 03 20:15:15.997331 np0000004463 nova-scheduler[92151]: DEBUG dbcounter [-] [92151] Writing DB stats nova_cell0:SELECT=1 {{(pid=92151) stat_writer /opt/stack/data/venv/lib/python3.12/site-packages/dbcounter.py:115}}
Jul 03 20:15:16.004736 np0000004463 nova-scheduler[92151]: DEBUG dbcounter [-] [92151] Writing DB stats nova_cell1:SELECT=1 {{(pid=92151) stat_writer /opt/stack/data/venv/lib/python3.12/site-packages/dbcounter.py:115}}
Jul 03 20:15:16.301603 np0000004463 nova-scheduler[93358]: DEBUG oslo.service.backend._threading.loopingcall [None req-b8a82b36-a7f2-4220-a534-17d1b1c5a53a None None] Dynamic interval looping call 'nova.service.Service.periodic_tasks' sleeping for 60.00 seconds {{(pid=93358) _run_loop /opt/stack/data/venv/lib/python3.12/site-packages/oslo_service/backend/_threading/loopingcall.py:125}}
Jul 03 20:15:22.313879 np0000004463 nova-scheduler[93358]: DEBUG dbcounter [-] [93358] Writing DB stats nova_cell0:SELECT=4,nova_cell0:INSERT=1,nova_cell0:UPDATE=1 {{(pid=93358) stat_writer /opt/stack/data/venv/lib/python3.12/site-packages/dbcounter.py:115}}
Jul 03 20:15:22.320680 np0000004463 nova-scheduler[93364]: DEBUG dbcounter [-] [93364] Writing DB stats nova_cell0:SELECT=4,nova_cell0:INSERT=1 {{(pid=93364) stat_writer /opt/stack/data/venv/lib/python3.12/site-packages/dbcounter.py:115}}
Jul 03 20:15:22.325275 np0000004463 nova-scheduler[93360]: DEBUG dbcounter [-] [93360] Writing DB stats nova_cell0:SELECT=3 {{(pid=93360) stat_writer /opt/stack/data/venv/lib/python3.12/site-packages/dbcounter.py:115}}
Jul 03 20:15:56.318692 np0000004463 nova-scheduler[93360]: DEBUG oslo.service.backend._threading.loopingcall [None req-5cc88493-922d-4108-bef6-6d34dc6c92f0 None None] Dynamic interval looping call 'nova.service.Service.periodic_tasks' sleeping for 60.00 seconds {{(pid=93360) _run_loop /opt/stack/data/venv/lib/python3.12/site-packages/oslo_service/backend/_threading/loopingcall.py:125}}
Jul 03 20:16:01.318696 np0000004463 nova-scheduler[93364]: DEBUG oslo.service.backend._threading.loopingcall [None req-6c3c0836-5a32-4aea-a1bc-941f71209e86 None None] Dynamic interval looping call 'nova.service.Service.periodic_tasks' sleeping for 60.00 seconds {{(pid=93364) _run_loop /opt/stack/data/venv/lib/python3.12/site-packages/oslo_service/backend/_threading/loopingcall.py:125}}
Jul 03 20:16:16.302285 np0000004463 nova-scheduler[93358]: DEBUG oslo.service.backend._threading.loopingcall [None req-b8a82b36-a7f2-4220-a534-17d1b1c5a53a None None] Dynamic interval looping call 'nova.service.Service.periodic_tasks' sleeping for 60.00 seconds {{(pid=93358) _run_loop /opt/stack/data/venv/lib/python3.12/site-packages/oslo_service/backend/_threading/loopingcall.py:125}}
Jul 03 20:16:56.319223 np0000004463 nova-scheduler[93360]: DEBUG oslo.service.backend._threading.loopingcall [None req-5cc88493-922d-4108-bef6-6d34dc6c92f0 None None] Dynamic interval looping call 'nova.service.Service.periodic_tasks' sleeping for 60.00 seconds {{(pid=93360) _run_loop /opt/stack/data/venv/lib/python3.12/site-packages/oslo_service/backend/_threading/loopingcall.py:125}}
Jul 03 20:17:01.319324 np0000004463 nova-scheduler[93364]: DEBUG oslo.service.backend._threading.loopingcall [None req-6c3c0836-5a32-4aea-a1bc-941f71209e86 None None] Dynamic interval looping call 'nova.service.Service.periodic_tasks' sleeping for 60.00 seconds {{(pid=93364) _run_loop /opt/stack/data/venv/lib/python3.12/site-packages/oslo_service/backend/_threading/loopingcall.py:125}}
Jul 03 20:17:12.310465 np0000004463 nova-scheduler[93358]: DEBUG oslo.service.backend._threading.loopingcall [-] Fixed interval looping call 'nova.servicegroup.drivers.db.DbDriver._report_state' sleeping for 119.99 seconds {{(pid=93358) _run_loop /opt/stack/data/venv/lib/python3.12/site-packages/oslo_service/backend/_threading/loopingcall.py:125}}
Jul 03 20:17:12.319369 np0000004463 nova-scheduler[93364]: DEBUG oslo.service.backend._threading.loopingcall [-] Fixed interval looping call 'nova.servicegroup.drivers.db.DbDriver._report_state' sleeping for 119.99 seconds {{(pid=93364) _run_loop /opt/stack/data/venv/lib/python3.12/site-packages/oslo_service/backend/_threading/loopingcall.py:125}}
Jul 03 20:17:12.321874 np0000004463 nova-scheduler[93360]: DEBUG oslo.service.backend._threading.loopingcall [-] Fixed interval looping call 'nova.servicegroup.drivers.db.DbDriver._report_state' sleeping for 120.00 seconds {{(pid=93360) _run_loop /opt/stack/data/venv/lib/python3.12/site-packages/oslo_service/backend/_threading/loopingcall.py:125}}
Jul 03 20:17:16.303402 np0000004463 nova-scheduler[93358]: DEBUG oslo.service.backend._threading.loopingcall [None req-b8a82b36-a7f2-4220-a534-17d1b1c5a53a None None] Dynamic interval looping call 'nova.service.Service.periodic_tasks' sleeping for 60.00 seconds {{(pid=93358) _run_loop /opt/stack/data/venv/lib/python3.12/site-packages/oslo_service/backend/_threading/loopingcall.py:125}}
Jul 03 20:17:22.307594 np0000004463 nova-scheduler[93358]: DEBUG dbcounter [-] [93358] Writing DB stats nova_cell0:SELECT=1,nova_cell0:UPDATE=1 {{(pid=93358) stat_writer /opt/stack/data/venv/lib/python3.12/site-packages/dbcounter.py:115}}
Jul 03 20:17:22.316469 np0000004463 nova-scheduler[93364]: DEBUG dbcounter [-] [93364] Writing DB stats nova_cell0:SELECT=1 {{(pid=93364) stat_writer /opt/stack/data/venv/lib/python3.12/site-packages/dbcounter.py:115}}
Jul 03 20:17:22.321326 np0000004463 nova-scheduler[93360]: DEBUG dbcounter [-] [93360] Writing DB stats nova_cell0:SELECT=1 {{(pid=93360) stat_writer /opt/stack/data/venv/lib/python3.12/site-packages/dbcounter.py:115}}
Jul 03 20:17:45.793936 np0000004463 nova-scheduler[93358]: DEBUG nova.scheduler.manager [None req-3e674acd-3a1b-4c2d-9e83-1ea4c6667f39 tempest-ServersNegativeTestJSON-592332201 tempest-ServersNegativeTestJSON-592332201-project-member] Starting to schedule for instances: ['40a8cdc9-3b89-4e4b-aafc-9070259dfc7c'] {{(pid=93358) select_destinations /opt/stack/nova/nova/scheduler/manager.py:209}}
Jul 03 20:17:45.794905 np0000004463 nova-scheduler[93358]: DEBUG nova.scheduler.request_filter [None req-3e674acd-3a1b-4c2d-9e83-1ea4c6667f39 tempest-ServersNegativeTestJSON-592332201 tempest-ServersNegativeTestJSON-592332201-project-member] compute_status_filter request filter added forbidden trait COMPUTE_STATUS_DISABLED {{(pid=93358) compute_status_filter /opt/stack/nova/nova/scheduler/request_filter.py:253}}
Jul 03 20:17:45.795194 np0000004463 nova-scheduler[93358]: DEBUG nova.scheduler.request_filter [None req-3e674acd-3a1b-4c2d-9e83-1ea4c6667f39 tempest-ServersNegativeTestJSON-592332201 tempest-ServersNegativeTestJSON-592332201-project-member] Request filter 'compute_status_filter' took 0.0 seconds {{(pid=93358) wrapper /opt/stack/nova/nova/scheduler/request_filter.py:46}}
Jul 03 20:17:45.795544 np0000004463 nova-scheduler[93358]: DEBUG nova.scheduler.request_filter [None req-3e674acd-3a1b-4c2d-9e83-1ea4c6667f39 tempest-ServersNegativeTestJSON-592332201 tempest-ServersNegativeTestJSON-592332201-project-member] Request filter 'accelerators_filter' took 0.0 seconds {{(pid=93358) wrapper /opt/stack/nova/nova/scheduler/request_filter.py:46}}
Jul 03 20:17:45.795980 np0000004463 nova-scheduler[93358]: DEBUG nova.scheduler.request_filter [None req-3e674acd-3a1b-4c2d-9e83-1ea4c6667f39 tempest-ServersNegativeTestJSON-592332201 tempest-ServersNegativeTestJSON-592332201-project-member] Request filter 'packed_virtqueue_filter' took 0.0 seconds {{(pid=93358) wrapper /opt/stack/nova/nova/scheduler/request_filter.py:46}}
Jul 03 20:17:45.796305 np0000004463 nova-scheduler[93358]: DEBUG nova.scheduler.request_filter [None req-3e674acd-3a1b-4c2d-9e83-1ea4c6667f39 tempest-ServersNegativeTestJSON-592332201 tempest-ServersNegativeTestJSON-592332201-project-member] Request filter 'remote_managed_ports_filter' took 0.0 seconds {{(pid=93358) wrapper /opt/stack/nova/nova/scheduler/request_filter.py:46}}
Jul 03 20:17:45.796835 np0000004463 nova-scheduler[93358]: DEBUG nova.scheduler.request_filter [None req-3e674acd-3a1b-4c2d-9e83-1ea4c6667f39 tempest-ServersNegativeTestJSON-592332201 tempest-ServersNegativeTestJSON-592332201-project-member] ephemeral_encryption_filter skipped {{(pid=93358) ephemeral_encryption_filter /opt/stack/nova/nova/scheduler/request_filter.py:426}}
Jul 03 20:17:45.797107 np0000004463 nova-scheduler[93358]: DEBUG nova.scheduler.request_filter [None req-3e674acd-3a1b-4c2d-9e83-1ea4c6667f39 tempest-ServersNegativeTestJSON-592332201 tempest-ServersNegativeTestJSON-592332201-project-member] virtio_sound_filter skipped {{(pid=93358) virtio_sound_filter /opt/stack/nova/nova/scheduler/request_filter.py:460}}
Jul 03 20:17:45.797326 np0000004463 nova-scheduler[93358]: DEBUG nova.scheduler.request_filter [None req-3e674acd-3a1b-4c2d-9e83-1ea4c6667f39 tempest-ServersNegativeTestJSON-592332201 tempest-ServersNegativeTestJSON-592332201-project-member] tpm_secret_security_filter skipped {{(pid=93358) tpm_secret_security_filter /opt/stack/nova/nova/scheduler/request_filter.py:477}}
Jul 03 20:17:46.487017 np0000004463 nova-scheduler[93358]: INFO nova.utils [None req-3e674acd-3a1b-4c2d-9e83-1ea4c6667f39 tempest-ServersNegativeTestJSON-592332201 tempest-ServersNegativeTestJSON-592332201-project-member] The cell worker thread pool ForkProcess-1.cell_worker is initialized
Jul 03 20:17:46.487486 np0000004463 nova-scheduler[93358]: DEBUG oslo_concurrency.lockutils [None req-3e674acd-3a1b-4c2d-9e83-1ea4c6667f39 tempest-ServersNegativeTestJSON-592332201 tempest-ServersNegativeTestJSON-592332201-project-member] Acquiring lock "2b8a01b4-6fe8-4640-b34f-562990b9d241" by "nova.context.set_target_cell..get_or_set_cached_cell_and_set_connections" {{(pid=93358) inner /opt/stack/data/venv/lib/python3.12/site-packages/oslo_concurrency/lockutils.py:511}}
Jul 03 20:17:46.487742 np0000004463 nova-scheduler[93358]: DEBUG oslo_concurrency.lockutils [None req-3e674acd-3a1b-4c2d-9e83-1ea4c6667f39 tempest-ServersNegativeTestJSON-592332201 tempest-ServersNegativeTestJSON-592332201-project-member] Lock "2b8a01b4-6fe8-4640-b34f-562990b9d241" acquired by "nova.context.set_target_cell..get_or_set_cached_cell_and_set_connections" :: waited 0.000s {{(pid=93358) inner /opt/stack/data/venv/lib/python3.12/site-packages/oslo_concurrency/lockutils.py:524}}
Jul 03 20:17:46.489589 np0000004463 nova-scheduler[93358]: DEBUG oslo_concurrency.lockutils [None req-3e674acd-3a1b-4c2d-9e83-1ea4c6667f39 tempest-ServersNegativeTestJSON-592332201 tempest-ServersNegativeTestJSON-592332201-project-member] Lock "2b8a01b4-6fe8-4640-b34f-562990b9d241" "released" by "nova.context.set_target_cell..get_or_set_cached_cell_and_set_connections" :: held 0.002s {{(pid=93358) inner /opt/stack/data/venv/lib/python3.12/site-packages/oslo_concurrency/lockutils.py:543}}
Jul 03 20:17:46.491939 np0000004463 nova-scheduler[93358]: INFO dbcounter [None req-3e674acd-3a1b-4c2d-9e83-1ea4c6667f39 tempest-ServersNegativeTestJSON-592332201 tempest-ServersNegativeTestJSON-592332201-project-member] Registered counter for database nova_cell1
Jul 03 20:17:46.543996 np0000004463 nova-scheduler[93358]: DEBUG oslo_db.sqlalchemy.engines [None req-3e674acd-3a1b-4c2d-9e83-1ea4c6667f39 tempest-ServersNegativeTestJSON-592332201 tempest-ServersNegativeTestJSON-592332201-project-member] MySQL server mode set to STRICT_TRANS_TABLES,STRICT_ALL_TABLES,NO_ZERO_IN_DATE,NO_ZERO_DATE,ERROR_FOR_DIVISION_BY_ZERO,TRADITIONAL,NO_ENGINE_SUBSTITUTION {{(pid=93358) _check_effective_sql_mode /opt/stack/data/venv/lib/python3.12/site-packages/oslo_db/sqlalchemy/engines.py:325}}
Jul 03 20:17:46.550896 np0000004463 nova-scheduler[93358]: DEBUG dbcounter [-] [93358] Writer thread running {{(pid=93358) stat_writer /opt/stack/data/venv/lib/python3.12/site-packages/dbcounter.py:102}}
Jul 03 20:17:46.565503 np0000004463 nova-scheduler[93358]: DEBUG oslo_db.sqlalchemy.engines [None req-3e674acd-3a1b-4c2d-9e83-1ea4c6667f39 tempest-ServersNegativeTestJSON-592332201 tempest-ServersNegativeTestJSON-592332201-project-member] Parent process 92151 forked (93358) with an open database connection, which is being discarded and recreated. {{(pid=93358) checkout /opt/stack/data/venv/lib/python3.12/site-packages/oslo_db/sqlalchemy/engines.py:402}}
Jul 03 20:17:46.622478 np0000004463 nova-scheduler[93358]: DEBUG dbcounter [-] [93358] Writer thread running {{(pid=93358) stat_writer /opt/stack/data/venv/lib/python3.12/site-packages/dbcounter.py:102}}
Jul 03 20:17:46.625853 np0000004463 nova-scheduler[93358]: DEBUG oslo_concurrency.lockutils [None req-3e674acd-3a1b-4c2d-9e83-1ea4c6667f39 tempest-ServersNegativeTestJSON-592332201 tempest-ServersNegativeTestJSON-592332201-project-member] Acquiring lock "2b8a01b4-6fe8-4640-b34f-562990b9d241" by "nova.context.set_target_cell..get_or_set_cached_cell_and_set_connections" {{(pid=93358) inner /opt/stack/data/venv/lib/python3.12/site-packages/oslo_concurrency/lockutils.py:511}}
Jul 03 20:17:46.626034 np0000004463 nova-scheduler[93358]: DEBUG oslo_concurrency.lockutils [None req-3e674acd-3a1b-4c2d-9e83-1ea4c6667f39 tempest-ServersNegativeTestJSON-592332201 tempest-ServersNegativeTestJSON-592332201-project-member] Lock "2b8a01b4-6fe8-4640-b34f-562990b9d241" acquired by "nova.context.set_target_cell..get_or_set_cached_cell_and_set_connections" :: waited 0.000s {{(pid=93358) inner /opt/stack/data/venv/lib/python3.12/site-packages/oslo_concurrency/lockutils.py:524}}
Jul 03 20:17:46.626177 np0000004463 nova-scheduler[93358]: DEBUG oslo_concurrency.lockutils [None req-3e674acd-3a1b-4c2d-9e83-1ea4c6667f39 tempest-ServersNegativeTestJSON-592332201 tempest-ServersNegativeTestJSON-592332201-project-member] Lock "2b8a01b4-6fe8-4640-b34f-562990b9d241" "released" by "nova.context.set_target_cell..get_or_set_cached_cell_and_set_connections" :: held 0.000s {{(pid=93358) inner /opt/stack/data/venv/lib/python3.12/site-packages/oslo_concurrency/lockutils.py:543}}
Jul 03 20:17:46.631242 np0000004463 nova-scheduler[93358]: DEBUG oslo_concurrency.lockutils [None req-3e674acd-3a1b-4c2d-9e83-1ea4c6667f39 tempest-ServersNegativeTestJSON-592332201 tempest-ServersNegativeTestJSON-592332201-project-member] Acquiring lock "np0000004463-np0000004463" by "nova.scheduler.host_manager.HostState.update.._locked_update" {{(pid=93358) inner /opt/stack/data/venv/lib/python3.12/site-packages/oslo_concurrency/lockutils.py:511}}
Jul 03 20:17:46.631641 np0000004463 nova-scheduler[93358]: DEBUG oslo_concurrency.lockutils [None req-3e674acd-3a1b-4c2d-9e83-1ea4c6667f39 tempest-ServersNegativeTestJSON-592332201 tempest-ServersNegativeTestJSON-592332201-project-member] Lock "np0000004463-np0000004463" acquired by "nova.scheduler.host_manager.HostState.update.._locked_update" :: waited 0.000s {{(pid=93358) inner /opt/stack/data/venv/lib/python3.12/site-packages/oslo_concurrency/lockutils.py:524}}
Jul 03 20:17:46.634692 np0000004463 nova-scheduler[93358]: DEBUG nova.scheduler.host_manager [None req-3e674acd-3a1b-4c2d-9e83-1ea4c6667f39 tempest-ServersNegativeTestJSON-592332201 tempest-ServersNegativeTestJSON-592332201-project-member] Update host state from compute node: ComputeNode(cpu_allocation_ratio=4.0,cpu_info='{"arch": "x86_64", "model": "EPYC-Milan", "vendor": "AMD", "topology": {"cells": 1, "sockets": 16, "cores": 1, "threads": 1}, "maxphysaddr": {"mode": "emulate", "bits": 40}, "features": ["clwb", "fpu", "bmi1", "gds-no", "mmx", "ssse3", "vpclmulqdq", "lahf_lm", "arch-capabilities", "rdrand", "clflushopt", "fxsr", "fma", "invpcid", "tsc", "xsaves", "mca", "clzero", "sse4.1", "xsaveerptr", "nrip-save", "pause-filter", "lfence-always-serializing", "null-sel-clr-base", "npt", "pae", "flushbyasid", "osvw", "cx8", "aes", "cx16", "no-nested-data-bp", "smap", "syscall", "tsc-scale", "pku", "pni", "misalignsse", "bmi2", "wbnoinvd", "ssbd", "ibrs", "stibp", "pdpe1gb", "umip", "sha-ni", "stibp-always-on", "mds-no", "clflush", "vgif", "cmov", "svme-addr-chk", "lm", "3dnowprefetch", "svm", "sse4a", "cr8legacy", "pschange-mc-no", "pse36", "nx", "de", "avx2", "abm", "hypervisor", "arat", "mce", "xgetbv1", "mtrr", "rdseed", "skip-l1dfl-vmentry", "fxsr_opt", "movbe", "erms", "apic", "sep", "adx", "xsaveopt", "pge", "smep", "popcnt", "sse2", "spec-ctrl", "topoext", "vaes", "pclmuldq", "vmcb-clean", "vme", "virt-ssbd", "rdtscp", "lbrv", "ibpb", "rdctl-no", "x2apic", "xsave", "f16c", "fsgsbase", "pse", "tsc_adjust", "sse", "amd-stibp", "v-vmsave-vmload", "amd-psfd", "avx", "cmp_legacy", "pat", "pcid", "perfctr_core", "pfthreshold", "xsavec", "fsrm", "rdpid", "mmxext", "msr", "sse4.2", "tsc-deadline", "amd-ssbd"]}',created_at=2026-07-03T20:15:33Z,current_workload=0,deleted=False,deleted_at=None,disk_allocation_ratio=1.0,disk_available_least=73,free_disk_gb=95,free_ram_mb=62765,host='np0000004463',host_ip=10.4.3.33,hypervisor_hostname='np0000004463',hypervisor_type='QEMU',hypervisor_version=8002002,id=1,local_gb=95,local_gb_used=0,mapped=1,memory_mb=63277,memory_mb_used=512,metrics='[]',numa_topology='{"nova_object.name": "NUMATopology", "nova_object.namespace": "nova", "nova_object.version": "1.2", "nova_object.data": {"cells": [{"nova_object.name": "NUMACell", "nova_object.namespace": "nova", "nova_object.version": "1.5", "nova_object.data": {"id": 0, "cpuset": [0, 1, 2, 3, 4, 5, 6, 7, 8, 9, 10, 11, 12, 13, 14, 15], "pcpuset": [0, 1, 2, 3, 4, 5, 6, 7, 8, 9, 10, 11, 12, 13, 14, 15], "memory": 63277, "cpu_usage": 0, "memory_usage": 0, "pinned_cpus": [], "siblings": [[6], [12], [2], [15], [5], [11], [8], [14], [4], [1], [7], [10], [0], [13], [3], [9]], "mempages": [{"nova_object.name": "NUMAPagesTopology", "nova_object.namespace": "nova", "nova_object.version": "1.1", "nova_object.data": {"size_kb": 4, "total": 16177931, "used": 0, "reserved": 0}, "nova_object.changes": ["total", "size_kb", "reserved", "used"]}, {"nova_object.name": "NUMAPagesTopology", "nova_object.namespace": "nova", "nova_object.version": "1.1", "nova_object.data": {"size_kb": 2048, "total": 41, "used": 0, "reserved": 0}, "nova_object.changes": ["total", "size_kb", "reserved", "used"]}, {"nova_object.name": "NUMAPagesTopology", "nova_object.namespace": "nova", "nova_object.version": "1.1", "nova_object.data": {"size_kb": 1048576, "total": 0, "used": 0, "reserved": 0}, "nova_object.changes": ["total", "size_kb", "reserved", "used"]}], "network_metadata": {"nova_object.name": "NetworkMetadata", "nova_object.namespace": "nova", "nova_object.version": "1.0", "nova_object.data": {"physnets": [], "tunneled": false}, "nova_object.changes": ["tunneled", "physnets"]}, "socket": null}, "nova_object.changes": ["pinned_cpus", "siblings", "id", "socket", "cpu_usage", "pcpuset", "cpuset", "network_metadata", "mempages", "memory_usage", "memory"]}]}, "nova_object.changes": ["cells"]}',pci_device_pools=PciDevicePoolList,ram_allocation_ratio=1.0,running_vms=0,service_id=2,stats={failed_builds='0',uptime=' 20:17:18 up 14 min, 2 users, load average: 1.18, 1.30, 0.77
Jul 03 20:17:46.634692 np0000004463 nova-scheduler[93358]: '},supported_hv_specs=[HVSpec,HVSpec,HVSpec,HVSpec,HVSpec,HVSpec,HVSpec,HVSpec,HVSpec,HVSpec,HVSpec,HVSpec,HVSpec,HVSpec,HVSpec,HVSpec,HVSpec,HVSpec,HVSpec,HVSpec,HVSpec,HVSpec,HVSpec,HVSpec,HVSpec],updated_at=2026-07-03T20:17:20Z,uuid=0d01d3a9-844b-417c-aab2-60b7d24b2faa,vcpus=16,vcpus_used=0) {{(pid=93358) _locked_update /opt/stack/nova/nova/scheduler/host_manager.py:168}}
Jul 03 20:17:46.636028 np0000004463 nova-scheduler[93358]: DEBUG nova.scheduler.host_manager [None req-3e674acd-3a1b-4c2d-9e83-1ea4c6667f39 tempest-ServersNegativeTestJSON-592332201 tempest-ServersNegativeTestJSON-592332201-project-member] Update host state with aggregates: [] {{(pid=93358) _locked_update /opt/stack/nova/nova/scheduler/host_manager.py:171}}
Jul 03 20:17:46.636360 np0000004463 nova-scheduler[93358]: DEBUG nova.scheduler.host_manager [None req-3e674acd-3a1b-4c2d-9e83-1ea4c6667f39 tempest-ServersNegativeTestJSON-592332201 tempest-ServersNegativeTestJSON-592332201-project-member] Update host state with service dict: {'id': 2, 'uuid': 'dda007b3-103d-4196-8755-e9cf13842b03', 'host': 'np0000004463', 'binary': 'nova-compute', 'topic': 'compute', 'report_count': 2, 'disabled': False, 'disabled_reason': None, 'last_seen_up': datetime.datetime(2026, 7, 3, 20, 17, 42, tzinfo=datetime.timezone.utc), 'forced_down': False, 'version': 72, 'created_at': datetime.datetime(2026, 7, 3, 20, 15, 32, tzinfo=datetime.timezone.utc), 'updated_at': datetime.datetime(2026, 7, 3, 20, 17, 42, tzinfo=datetime.timezone.utc), 'deleted_at': None, 'deleted': False} {{(pid=93358) _locked_update /opt/stack/nova/nova/scheduler/host_manager.py:174}}
Jul 03 20:17:46.636571 np0000004463 nova-scheduler[93358]: DEBUG nova.scheduler.host_manager [None req-3e674acd-3a1b-4c2d-9e83-1ea4c6667f39 tempest-ServersNegativeTestJSON-592332201 tempest-ServersNegativeTestJSON-592332201-project-member] Update host state with instances: [] {{(pid=93358) _locked_update /opt/stack/nova/nova/scheduler/host_manager.py:177}}
Jul 03 20:17:46.636933 np0000004463 nova-scheduler[93358]: DEBUG oslo_concurrency.lockutils [None req-3e674acd-3a1b-4c2d-9e83-1ea4c6667f39 tempest-ServersNegativeTestJSON-592332201 tempest-ServersNegativeTestJSON-592332201-project-member] Lock "np0000004463-np0000004463" "released" by "nova.scheduler.host_manager.HostState.update.._locked_update" :: held 0.005s {{(pid=93358) inner /opt/stack/data/venv/lib/python3.12/site-packages/oslo_concurrency/lockutils.py:543}}
Jul 03 20:17:46.637425 np0000004463 nova-scheduler[93358]: DEBUG nova.filters [None req-3e674acd-3a1b-4c2d-9e83-1ea4c6667f39 tempest-ServersNegativeTestJSON-592332201 tempest-ServersNegativeTestJSON-592332201-project-member] Starting with 1 host(s) {{(pid=93358) get_filtered_objects /opt/stack/nova/nova/filters.py:70}}
Jul 03 20:17:46.637660 np0000004463 nova-scheduler[93358]: DEBUG nova.filters [None req-3e674acd-3a1b-4c2d-9e83-1ea4c6667f39 tempest-ServersNegativeTestJSON-592332201 tempest-ServersNegativeTestJSON-592332201-project-member] Filter ComputeFilter returned 1 host(s) {{(pid=93358) get_filtered_objects /opt/stack/nova/nova/filters.py:102}}
Jul 03 20:17:46.637834 np0000004463 nova-scheduler[93358]: DEBUG nova.filters [None req-3e674acd-3a1b-4c2d-9e83-1ea4c6667f39 tempest-ServersNegativeTestJSON-592332201 tempest-ServersNegativeTestJSON-592332201-project-member] Filter ComputeCapabilitiesFilter returned 1 host(s) {{(pid=93358) get_filtered_objects /opt/stack/nova/nova/filters.py:102}}
Jul 03 20:17:46.638043 np0000004463 nova-scheduler[93358]: DEBUG nova.filters [None req-3e674acd-3a1b-4c2d-9e83-1ea4c6667f39 tempest-ServersNegativeTestJSON-592332201 tempest-ServersNegativeTestJSON-592332201-project-member] Filter ImagePropertiesFilter returned 1 host(s) {{(pid=93358) get_filtered_objects /opt/stack/nova/nova/filters.py:102}}
Jul 03 20:17:46.638220 np0000004463 nova-scheduler[93358]: DEBUG nova.filters [None req-3e674acd-3a1b-4c2d-9e83-1ea4c6667f39 tempest-ServersNegativeTestJSON-592332201 tempest-ServersNegativeTestJSON-592332201-project-member] Filter ServerGroupAntiAffinityFilter returned 1 host(s) {{(pid=93358) get_filtered_objects /opt/stack/nova/nova/filters.py:102}}
Jul 03 20:17:46.638337 np0000004463 nova-scheduler[93358]: DEBUG nova.filters [None req-3e674acd-3a1b-4c2d-9e83-1ea4c6667f39 tempest-ServersNegativeTestJSON-592332201 tempest-ServersNegativeTestJSON-592332201-project-member] Filter ServerGroupAffinityFilter returned 1 host(s) {{(pid=93358) get_filtered_objects /opt/stack/nova/nova/filters.py:102}}
Jul 03 20:17:46.638521 np0000004463 nova-scheduler[93358]: DEBUG nova.filters [None req-3e674acd-3a1b-4c2d-9e83-1ea4c6667f39 tempest-ServersNegativeTestJSON-592332201 tempest-ServersNegativeTestJSON-592332201-project-member] Filter SameHostFilter returned 1 host(s) {{(pid=93358) get_filtered_objects /opt/stack/nova/nova/filters.py:102}}
Jul 03 20:17:46.638623 np0000004463 nova-scheduler[93358]: DEBUG nova.filters [None req-3e674acd-3a1b-4c2d-9e83-1ea4c6667f39 tempest-ServersNegativeTestJSON-592332201 tempest-ServersNegativeTestJSON-592332201-project-member] Filter DifferentHostFilter returned 1 host(s) {{(pid=93358) get_filtered_objects /opt/stack/nova/nova/filters.py:102}}
Jul 03 20:17:46.638746 np0000004463 nova-scheduler[93358]: DEBUG nova.scheduler.manager [None req-3e674acd-3a1b-4c2d-9e83-1ea4c6667f39 tempest-ServersNegativeTestJSON-592332201 tempest-ServersNegativeTestJSON-592332201-project-member] Filtered [(np0000004463, np0000004463) ram: 62765MB disk: 74752MB io_ops: 0 instances: 0, allocation_candidates: 1] {{(pid=93358) _get_sorted_hosts /opt/stack/nova/nova/scheduler/manager.py:742}}
Jul 03 20:17:46.639042 np0000004463 nova-scheduler[93358]: DEBUG nova.scheduler.manager [None req-3e674acd-3a1b-4c2d-9e83-1ea4c6667f39 tempest-ServersNegativeTestJSON-592332201 tempest-ServersNegativeTestJSON-592332201-project-member] Weighed [WeighedHost [host: (np0000004463, np0000004463) ram: 62765MB disk: 74752MB io_ops: 0 instances: 0, allocation_candidates: 1, weight: 0.0]] {{(pid=93358) _get_sorted_hosts /opt/stack/nova/nova/scheduler/manager.py:764}}
Jul 03 20:17:46.640611 np0000004463 nova-scheduler[93358]: DEBUG nova.scheduler.utils [None req-3e674acd-3a1b-4c2d-9e83-1ea4c6667f39 tempest-ServersNegativeTestJSON-592332201 tempest-ServersNegativeTestJSON-592332201-project-member] Attempting to claim resources in the placement API for instance 40a8cdc9-3b89-4e4b-aafc-9070259dfc7c {{(pid=93358) claim_resources /opt/stack/nova/nova/scheduler/utils.py:1345}}
Jul 03 20:17:46.808877 np0000004463 nova-scheduler[93358]: DEBUG nova.scheduler.manager [None req-3e674acd-3a1b-4c2d-9e83-1ea4c6667f39 tempest-ServersNegativeTestJSON-592332201 tempest-ServersNegativeTestJSON-592332201-project-member] [instance: 40a8cdc9-3b89-4e4b-aafc-9070259dfc7c] Selected host: (np0000004463, np0000004463) ram: 62765MB disk: 74752MB io_ops: 0 instances: 0, allocation_candidates: 1 {{(pid=93358) _consume_selected_host /opt/stack/nova/nova/scheduler/manager.py:624}}
Jul 03 20:17:46.809420 np0000004463 nova-scheduler[93358]: DEBUG oslo_concurrency.lockutils [None req-3e674acd-3a1b-4c2d-9e83-1ea4c6667f39 tempest-ServersNegativeTestJSON-592332201 tempest-ServersNegativeTestJSON-592332201-project-member] Acquiring lock "np0000004463-np0000004463" by "nova.scheduler.host_manager.HostState.consume_from_request.._locked" {{(pid=93358) inner /opt/stack/data/venv/lib/python3.12/site-packages/oslo_concurrency/lockutils.py:511}}
Jul 03 20:17:46.809555 np0000004463 nova-scheduler[93358]: DEBUG oslo_concurrency.lockutils [None req-3e674acd-3a1b-4c2d-9e83-1ea4c6667f39 tempest-ServersNegativeTestJSON-592332201 tempest-ServersNegativeTestJSON-592332201-project-member] Lock "np0000004463-np0000004463" acquired by "nova.scheduler.host_manager.HostState.consume_from_request.._locked" :: waited 0.000s {{(pid=93358) inner /opt/stack/data/venv/lib/python3.12/site-packages/oslo_concurrency/lockutils.py:524}}
Jul 03 20:17:46.810054 np0000004463 nova-scheduler[93358]: DEBUG oslo_concurrency.lockutils [None req-3e674acd-3a1b-4c2d-9e83-1ea4c6667f39 tempest-ServersNegativeTestJSON-592332201 tempest-ServersNegativeTestJSON-592332201-project-member] Lock "np0000004463-np0000004463" "released" by "nova.scheduler.host_manager.HostState.consume_from_request.._locked" :: held 0.000s {{(pid=93358) inner /opt/stack/data/venv/lib/python3.12/site-packages/oslo_concurrency/lockutils.py:543}}
Jul 03 20:17:52.558553 np0000004463 nova-scheduler[93364]: DEBUG nova.scheduler.manager [None req-0ffc036b-1ef4-4e74-a8cb-940ddf5a6dfe tempest-VolumesAdminNegativeTest-1194811303 tempest-VolumesAdminNegativeTest-1194811303-project-member] Starting to schedule for instances: ['1bc0b59f-7336-4854-b615-92364f74890f'] {{(pid=93364) select_destinations /opt/stack/nova/nova/scheduler/manager.py:209}}
Jul 03 20:17:52.559193 np0000004463 nova-scheduler[93364]: DEBUG nova.scheduler.request_filter [None req-0ffc036b-1ef4-4e74-a8cb-940ddf5a6dfe tempest-VolumesAdminNegativeTest-1194811303 tempest-VolumesAdminNegativeTest-1194811303-project-member] compute_status_filter request filter added forbidden trait COMPUTE_STATUS_DISABLED {{(pid=93364) compute_status_filter /opt/stack/nova/nova/scheduler/request_filter.py:253}}
Jul 03 20:17:52.559373 np0000004463 nova-scheduler[93364]: DEBUG nova.scheduler.request_filter [None req-0ffc036b-1ef4-4e74-a8cb-940ddf5a6dfe tempest-VolumesAdminNegativeTest-1194811303 tempest-VolumesAdminNegativeTest-1194811303-project-member] Request filter 'compute_status_filter' took 0.0 seconds {{(pid=93364) wrapper /opt/stack/nova/nova/scheduler/request_filter.py:46}}
Jul 03 20:17:52.559646 np0000004463 nova-scheduler[93364]: DEBUG nova.scheduler.request_filter [None req-0ffc036b-1ef4-4e74-a8cb-940ddf5a6dfe tempest-VolumesAdminNegativeTest-1194811303 tempest-VolumesAdminNegativeTest-1194811303-project-member] Request filter 'accelerators_filter' took 0.0 seconds {{(pid=93364) wrapper /opt/stack/nova/nova/scheduler/request_filter.py:46}}
Jul 03 20:17:52.559892 np0000004463 nova-scheduler[93364]: DEBUG nova.scheduler.request_filter [None req-0ffc036b-1ef4-4e74-a8cb-940ddf5a6dfe tempest-VolumesAdminNegativeTest-1194811303 tempest-VolumesAdminNegativeTest-1194811303-project-member] Request filter 'packed_virtqueue_filter' took 0.0 seconds {{(pid=93364) wrapper /opt/stack/nova/nova/scheduler/request_filter.py:46}}
Jul 03 20:17:52.560265 np0000004463 nova-scheduler[93364]: DEBUG nova.scheduler.request_filter [None req-0ffc036b-1ef4-4e74-a8cb-940ddf5a6dfe tempest-VolumesAdminNegativeTest-1194811303 tempest-VolumesAdminNegativeTest-1194811303-project-member] Request filter 'remote_managed_ports_filter' took 0.0 seconds {{(pid=93364) wrapper /opt/stack/nova/nova/scheduler/request_filter.py:46}}
Jul 03 20:17:52.560500 np0000004463 nova-scheduler[93364]: DEBUG nova.scheduler.request_filter [None req-0ffc036b-1ef4-4e74-a8cb-940ddf5a6dfe tempest-VolumesAdminNegativeTest-1194811303 tempest-VolumesAdminNegativeTest-1194811303-project-member] ephemeral_encryption_filter skipped {{(pid=93364) ephemeral_encryption_filter /opt/stack/nova/nova/scheduler/request_filter.py:426}}
Jul 03 20:17:52.560718 np0000004463 nova-scheduler[93364]: DEBUG nova.scheduler.request_filter [None req-0ffc036b-1ef4-4e74-a8cb-940ddf5a6dfe tempest-VolumesAdminNegativeTest-1194811303 tempest-VolumesAdminNegativeTest-1194811303-project-member] virtio_sound_filter skipped {{(pid=93364) virtio_sound_filter /opt/stack/nova/nova/scheduler/request_filter.py:460}}
Jul 03 20:17:52.560924 np0000004463 nova-scheduler[93364]: DEBUG nova.scheduler.request_filter [None req-0ffc036b-1ef4-4e74-a8cb-940ddf5a6dfe tempest-VolumesAdminNegativeTest-1194811303 tempest-VolumesAdminNegativeTest-1194811303-project-member] tpm_secret_security_filter skipped {{(pid=93364) tpm_secret_security_filter /opt/stack/nova/nova/scheduler/request_filter.py:477}}
Jul 03 20:17:52.662546 np0000004463 nova-scheduler[93364]: INFO nova.utils [None req-0ffc036b-1ef4-4e74-a8cb-940ddf5a6dfe tempest-VolumesAdminNegativeTest-1194811303 tempest-VolumesAdminNegativeTest-1194811303-project-member] The cell worker thread pool ForkProcess-3.cell_worker is initialized
Jul 03 20:17:52.662883 np0000004463 nova-scheduler[93364]: DEBUG oslo_concurrency.lockutils [None req-0ffc036b-1ef4-4e74-a8cb-940ddf5a6dfe tempest-VolumesAdminNegativeTest-1194811303 tempest-VolumesAdminNegativeTest-1194811303-project-member] Acquiring lock "2b8a01b4-6fe8-4640-b34f-562990b9d241" by "nova.context.set_target_cell..get_or_set_cached_cell_and_set_connections" {{(pid=93364) inner /opt/stack/data/venv/lib/python3.12/site-packages/oslo_concurrency/lockutils.py:511}}
Jul 03 20:17:52.663169 np0000004463 nova-scheduler[93364]: DEBUG oslo_concurrency.lockutils [None req-0ffc036b-1ef4-4e74-a8cb-940ddf5a6dfe tempest-VolumesAdminNegativeTest-1194811303 tempest-VolumesAdminNegativeTest-1194811303-project-member] Lock "2b8a01b4-6fe8-4640-b34f-562990b9d241" acquired by "nova.context.set_target_cell..get_or_set_cached_cell_and_set_connections" :: waited 0.000s {{(pid=93364) inner /opt/stack/data/venv/lib/python3.12/site-packages/oslo_concurrency/lockutils.py:524}}
Jul 03 20:17:52.664576 np0000004463 nova-scheduler[93364]: DEBUG oslo_concurrency.lockutils [None req-0ffc036b-1ef4-4e74-a8cb-940ddf5a6dfe tempest-VolumesAdminNegativeTest-1194811303 tempest-VolumesAdminNegativeTest-1194811303-project-member] Lock "2b8a01b4-6fe8-4640-b34f-562990b9d241" "released" by "nova.context.set_target_cell..get_or_set_cached_cell_and_set_connections" :: held 0.001s {{(pid=93364) inner /opt/stack/data/venv/lib/python3.12/site-packages/oslo_concurrency/lockutils.py:543}}
Jul 03 20:17:52.668267 np0000004463 nova-scheduler[93364]: INFO dbcounter [None req-0ffc036b-1ef4-4e74-a8cb-940ddf5a6dfe tempest-VolumesAdminNegativeTest-1194811303 tempest-VolumesAdminNegativeTest-1194811303-project-member] Registered counter for database nova_cell1
Jul 03 20:17:52.705244 np0000004463 nova-scheduler[93364]: DEBUG oslo_db.sqlalchemy.engines [None req-0ffc036b-1ef4-4e74-a8cb-940ddf5a6dfe tempest-VolumesAdminNegativeTest-1194811303 tempest-VolumesAdminNegativeTest-1194811303-project-member] MySQL server mode set to STRICT_TRANS_TABLES,STRICT_ALL_TABLES,NO_ZERO_IN_DATE,NO_ZERO_DATE,ERROR_FOR_DIVISION_BY_ZERO,TRADITIONAL,NO_ENGINE_SUBSTITUTION {{(pid=93364) _check_effective_sql_mode /opt/stack/data/venv/lib/python3.12/site-packages/oslo_db/sqlalchemy/engines.py:325}}
Jul 03 20:17:52.712872 np0000004463 nova-scheduler[93364]: DEBUG dbcounter [-] [93364] Writer thread running {{(pid=93364) stat_writer /opt/stack/data/venv/lib/python3.12/site-packages/dbcounter.py:102}}
Jul 03 20:17:52.773701 np0000004463 nova-scheduler[93364]: DEBUG dbcounter [-] [93364] Writer thread running {{(pid=93364) stat_writer /opt/stack/data/venv/lib/python3.12/site-packages/dbcounter.py:102}}
Jul 03 20:17:52.776768 np0000004463 nova-scheduler[93364]: DEBUG oslo_concurrency.lockutils [None req-0ffc036b-1ef4-4e74-a8cb-940ddf5a6dfe tempest-VolumesAdminNegativeTest-1194811303 tempest-VolumesAdminNegativeTest-1194811303-project-member] Acquiring lock "2b8a01b4-6fe8-4640-b34f-562990b9d241" by "nova.context.set_target_cell..get_or_set_cached_cell_and_set_connections" {{(pid=93364) inner /opt/stack/data/venv/lib/python3.12/site-packages/oslo_concurrency/lockutils.py:511}}
Jul 03 20:17:52.776926 np0000004463 nova-scheduler[93364]: DEBUG oslo_concurrency.lockutils [None req-0ffc036b-1ef4-4e74-a8cb-940ddf5a6dfe tempest-VolumesAdminNegativeTest-1194811303 tempest-VolumesAdminNegativeTest-1194811303-project-member] Lock "2b8a01b4-6fe8-4640-b34f-562990b9d241" acquired by "nova.context.set_target_cell..get_or_set_cached_cell_and_set_connections" :: waited 0.000s {{(pid=93364) inner /opt/stack/data/venv/lib/python3.12/site-packages/oslo_concurrency/lockutils.py:524}}
Jul 03 20:17:52.777167 np0000004463 nova-scheduler[93364]: DEBUG oslo_concurrency.lockutils [None req-0ffc036b-1ef4-4e74-a8cb-940ddf5a6dfe tempest-VolumesAdminNegativeTest-1194811303 tempest-VolumesAdminNegativeTest-1194811303-project-member] Lock "2b8a01b4-6fe8-4640-b34f-562990b9d241" "released" by "nova.context.set_target_cell..get_or_set_cached_cell_and_set_connections" :: held 0.000s {{(pid=93364) inner /opt/stack/data/venv/lib/python3.12/site-packages/oslo_concurrency/lockutils.py:543}}
Jul 03 20:17:52.781700 np0000004463 nova-scheduler[93364]: DEBUG oslo_concurrency.lockutils [None req-0ffc036b-1ef4-4e74-a8cb-940ddf5a6dfe tempest-VolumesAdminNegativeTest-1194811303 tempest-VolumesAdminNegativeTest-1194811303-project-member] Acquiring lock "np0000004463-np0000004463" by "nova.scheduler.host_manager.HostState.update.._locked_update" {{(pid=93364) inner /opt/stack/data/venv/lib/python3.12/site-packages/oslo_concurrency/lockutils.py:511}}
Jul 03 20:17:52.781890 np0000004463 nova-scheduler[93364]: DEBUG oslo_concurrency.lockutils [None req-0ffc036b-1ef4-4e74-a8cb-940ddf5a6dfe tempest-VolumesAdminNegativeTest-1194811303 tempest-VolumesAdminNegativeTest-1194811303-project-member] Lock "np0000004463-np0000004463" acquired by "nova.scheduler.host_manager.HostState.update.._locked_update" :: waited 0.000s {{(pid=93364) inner /opt/stack/data/venv/lib/python3.12/site-packages/oslo_concurrency/lockutils.py:524}}
