Jul 03 20:33:41.502674 np0000004463 devstack@placement-api.service[89902]: DEBUG placement.wsgi_wrapper [None req-a17528ab-93a7-4ebd-85d7-6da58c294e8d service placement] Placement API returning an error response: No resource provider with uuid 7feb5fff-51a7-46d3-9df8-38477c8afed4 found for delete {{(pid=89902) call_func /opt/stack/placement/placement/wsgi_wrapper.py:31}}
Jul 03 20:33:41.503018 np0000004463 devstack@placement-api.service[89902]: INFO placement.requestlog [None req-a17528ab-93a7-4ebd-85d7-6da58c294e8d service placement] 10.4.3.33 "DELETE /placement/resource_providers/7feb5fff-51a7-46d3-9df8-38477c8afed4" status: 404 len: 246 microversion: 1.1
Jul 03 20:33:41.503213 np0000004463 devstack@placement-api.service[89902]: [pid: 89902|app: 0|req: 507/1514] 10.4.3.33 () {68 vars in 1456 bytes} [Fri Jul 3 20:33:41 2026] DELETE /placement/resource_providers/7feb5fff-51a7-46d3-9df8-38477c8afed4 => generated 246 bytes in 6 msecs (HTTP/1.1 404) 6 headers in 231 bytes (1 switches on core 0)
Jul 03 20:33:43.699402 np0000004463 devstack@placement-api.service[89900]: DEBUG placement.requestlog [None req-482fe98f-1197-4422-bf2f-237d7a1aed92 None None] Starting request: 10.4.3.33 "GET /placement/resource_providers/22c01121-5c18-4e44-ab54-1fe779d97394/aggregates" {{(pid=89900) __call__ /opt/stack/placement/placement/requestlog.py:55}}
Jul 03 20:33:43.714117 np0000004463 devstack@placement-api.service[89900]: INFO placement.requestlog [None req-482fe98f-1197-4422-bf2f-237d7a1aed92 service placement] 10.4.3.33 "GET /placement/resource_providers/22c01121-5c18-4e44-ab54-1fe779d97394/aggregates" status: 404 len: 235 microversion: 1.1
Jul 03 20:33:43.714117 np0000004463 devstack@placement-api.service[89900]: [pid: 89900|app: 0|req: 504/1515] 10.4.3.33 () {66 vars in 1467 bytes} [Fri Jul 3 20:33:43 2026] GET /placement/resource_providers/22c01121-5c18-4e44-ab54-1fe779d97394/aggregates => generated 235 bytes in 14 msecs (HTTP/1.1 404) 5 headers in 202 bytes (1 switches on core 0)
Jul 03 20:33:43.749576 np0000004463 devstack@placement-api.service[89901]: DEBUG placement.requestlog [None req-873efdbf-48f6-4dd3-b7b2-e6402ae9607d None None] Starting request: 10.4.3.33 "DELETE /placement/resource_providers/22c01121-5c18-4e44-ab54-1fe779d97394" {{(pid=89901) __call__ /opt/stack/placement/placement/requestlog.py:55}}
Jul 03 20:33:43.756577 np0000004463 devstack@placement-api.service[89901]: DEBUG placement.wsgi_wrapper [None req-873efdbf-48f6-4dd3-b7b2-e6402ae9607d service placement] Placement API returning an error response: No resource provider with uuid 22c01121-5c18-4e44-ab54-1fe779d97394 found for delete {{(pid=89901) call_func /opt/stack/placement/placement/wsgi_wrapper.py:31}}
Jul 03 20:33:43.756926 np0000004463 devstack@placement-api.service[89901]: INFO placement.requestlog [None req-873efdbf-48f6-4dd3-b7b2-e6402ae9607d service placement] 10.4.3.33 "DELETE /placement/resource_providers/22c01121-5c18-4e44-ab54-1fe779d97394" status: 404 len: 246 microversion: 1.1
Jul 03 20:33:43.757135 np0000004463 devstack@placement-api.service[89901]: [pid: 89901|app: 0|req: 505/1516] 10.4.3.33 () {68 vars in 1456 bytes} [Fri Jul 3 20:33:43 2026] DELETE /placement/resource_providers/22c01121-5c18-4e44-ab54-1fe779d97394 => generated 246 bytes in 7 msecs (HTTP/1.1 404) 6 headers in 231 bytes (1 switches on core 0)
Jul 03 20:33:51.382794 np0000004463 devstack@placement-api.service[89902]: DEBUG placement.requestlog [None req-ac14a23f-a19b-44c9-9586-9f2507c89e0f None None] Starting request: 10.4.3.33 "GET /placement/resource_providers/0d1c284b-05c0-465c-80c1-2d869b0f1dc9/aggregates" {{(pid=89902) __call__ /opt/stack/placement/placement/requestlog.py:55}}
Jul 03 20:33:51.394256 np0000004463 devstack@placement-api.service[89902]: INFO placement.requestlog [None req-ac14a23f-a19b-44c9-9586-9f2507c89e0f service placement] 10.4.3.33 "GET /placement/resource_providers/0d1c284b-05c0-465c-80c1-2d869b0f1dc9/aggregates" status: 404 len: 235 microversion: 1.1
Jul 03 20:33:51.394256 np0000004463 devstack@placement-api.service[89902]: [pid: 89902|app: 0|req: 508/1517] 10.4.3.33 () {66 vars in 1467 bytes} [Fri Jul 3 20:33:51 2026] GET /placement/resource_providers/0d1c284b-05c0-465c-80c1-2d869b0f1dc9/aggregates => generated 235 bytes in 12 msecs (HTTP/1.1 404) 5 headers in 202 bytes (1 switches on core 0)
Jul 03 20:33:51.425333 np0000004463 devstack@placement-api.service[89900]: DEBUG placement.requestlog [None req-bf94cbd4-a689-4648-bbd8-b569e599cd7b None None] Starting request: 10.4.3.33 "DELETE /placement/resource_providers/0d1c284b-05c0-465c-80c1-2d869b0f1dc9" {{(pid=89900) __call__ /opt/stack/placement/placement/requestlog.py:55}}
Jul 03 20:33:51.430360 np0000004463 devstack@placement-api.service[89900]: DEBUG placement.wsgi_wrapper [None req-bf94cbd4-a689-4648-bbd8-b569e599cd7b service placement] Placement API returning an error response: No resource provider with uuid 0d1c284b-05c0-465c-80c1-2d869b0f1dc9 found for delete {{(pid=89900) call_func /opt/stack/placement/placement/wsgi_wrapper.py:31}}
Jul 03 20:33:51.430701 np0000004463 devstack@placement-api.service[89900]: INFO placement.requestlog [None req-bf94cbd4-a689-4648-bbd8-b569e599cd7b service placement] 10.4.3.33 "DELETE /placement/resource_providers/0d1c284b-05c0-465c-80c1-2d869b0f1dc9" status: 404 len: 246 microversion: 1.1
Jul 03 20:33:51.430890 np0000004463 devstack@placement-api.service[89900]: [pid: 89900|app: 0|req: 505/1518] 10.4.3.33 () {68 vars in 1456 bytes} [Fri Jul 3 20:33:51 2026] DELETE /placement/resource_providers/0d1c284b-05c0-465c-80c1-2d869b0f1dc9 => generated 246 bytes in 6 msecs (HTTP/1.1 404) 6 headers in 231 bytes (1 switches on core 0)
Jul 03 20:33:53.755145 np0000004463 devstack@placement-api.service[89901]: DEBUG dbcounter [-] [89901] Writing DB stats placement:SELECT=16 {{(pid=89901) stat_writer /opt/stack/data/venv/lib/python3.12/site-packages/dbcounter.py:115}}
Jul 03 20:33:53.773670 np0000004463 devstack@placement-api.service[89901]: DEBUG placement.requestlog [None req-a4a2076f-42e9-40e0-accd-8bfe54a608fe None None] Starting request: 10.4.3.33 "GET /placement/resource_providers/d2929119-bcf3-4a20-aead-081a6b7c22df/aggregates" {{(pid=89901) __call__ /opt/stack/placement/placement/requestlog.py:55}}
Jul 03 20:33:53.782538 np0000004463 devstack@placement-api.service[89901]: INFO placement.requestlog [None req-a4a2076f-42e9-40e0-accd-8bfe54a608fe service placement] 10.4.3.33 "GET /placement/resource_providers/d2929119-bcf3-4a20-aead-081a6b7c22df/aggregates" status: 404 len: 235 microversion: 1.1
Jul 03 20:33:53.782538 np0000004463 devstack@placement-api.service[89901]: [pid: 89901|app: 0|req: 506/1519] 10.4.3.33 () {66 vars in 1467 bytes} [Fri Jul 3 20:33:53 2026] GET /placement/resource_providers/d2929119-bcf3-4a20-aead-081a6b7c22df/aggregates => generated 235 bytes in 9 msecs (HTTP/1.1 404) 5 headers in 202 bytes (1 switches on core 0)
Jul 03 20:33:53.818374 np0000004463 devstack@placement-api.service[89902]: DEBUG placement.requestlog [None req-c719e205-2300-4719-a38f-3d43effd3df2 None None] Starting request: 10.4.3.33 "DELETE /placement/resource_providers/d2929119-bcf3-4a20-aead-081a6b7c22df" {{(pid=89902) __call__ /opt/stack/placement/placement/requestlog.py:55}}
Jul 03 20:33:53.825734 np0000004463 devstack@placement-api.service[89902]: DEBUG placement.wsgi_wrapper [None req-c719e205-2300-4719-a38f-3d43effd3df2 service placement] Placement API returning an error response: No resource provider with uuid d2929119-bcf3-4a20-aead-081a6b7c22df found for delete {{(pid=89902) call_func /opt/stack/placement/placement/wsgi_wrapper.py:31}}
Jul 03 20:33:53.826267 np0000004463 devstack@placement-api.service[89902]: INFO placement.requestlog [None req-c719e205-2300-4719-a38f-3d43effd3df2 service placement] 10.4.3.33 "DELETE /placement/resource_providers/d2929119-bcf3-4a20-aead-081a6b7c22df" status: 404 len: 246 microversion: 1.1
Jul 03 20:33:53.826652 np0000004463 devstack@placement-api.service[89902]: [pid: 89902|app: 0|req: 509/1520] 10.4.3.33 () {68 vars in 1456 bytes} [Fri Jul 3 20:33:53 2026] DELETE /placement/resource_providers/d2929119-bcf3-4a20-aead-081a6b7c22df => generated 246 bytes in 8 msecs (HTTP/1.1 404) 6 headers in 231 bytes (1 switches on core 0)
Jul 03 20:33:55.464762 np0000004463 devstack@placement-api.service[89900]: DEBUG placement.requestlog [req-701daf82-c5fb-47b1-9b6e-87ca77271c50 req-7f275d08-6037-4700-8a6c-02134aa4da14 None None] Starting request: 10.4.3.33 "GET /placement/allocation_candidates?limit=1000&resources=DISK_GB%3A1%2CMEMORY_MB%3A192%2CVCPU%3A1&root_required=%21COMPUTE_STATUS_DISABLED" {{(pid=89900) __call__ /opt/stack/placement/placement/requestlog.py:55}}
Jul 03 20:33:55.485261 np0000004463 devstack@placement-api.service[89900]: DEBUG placement.objects.research_context [req-701daf82-c5fb-47b1-9b6e-87ca77271c50 req-7f275d08-6037-4700-8a6c-02134aa4da14 service nova] getting providers with 1 DISK_GB {{(pid=89900) __init__ /opt/stack/placement/placement/objects/research_context.py:137}}
Jul 03 20:33:55.491453 np0000004463 devstack@placement-api.service[89900]: DEBUG placement.objects.research_context [req-701daf82-c5fb-47b1-9b6e-87ca77271c50 req-7f275d08-6037-4700-8a6c-02134aa4da14 service nova] getting providers with 192 MEMORY_MB {{(pid=89900) __init__ /opt/stack/placement/placement/objects/research_context.py:137}}
Jul 03 20:33:55.494622 np0000004463 devstack@placement-api.service[89900]: DEBUG placement.objects.research_context [req-701daf82-c5fb-47b1-9b6e-87ca77271c50 req-7f275d08-6037-4700-8a6c-02134aa4da14 service nova] getting providers with 1 VCPU {{(pid=89900) __init__ /opt/stack/placement/placement/objects/research_context.py:137}}
Jul 03 20:33:55.498455 np0000004463 devstack@placement-api.service[89900]: DEBUG placement.objects.research_context [req-701daf82-c5fb-47b1-9b6e-87ca77271c50 req-7f275d08-6037-4700-8a6c-02134aa4da14 service nova] found 1 providers with available 1 DISK_GB {{(pid=89900) get_provider_ids_matching /opt/stack/placement/placement/objects/research_context.py:563}}
Jul 03 20:33:55.498597 np0000004463 devstack@placement-api.service[89900]: DEBUG placement.objects.research_context [req-701daf82-c5fb-47b1-9b6e-87ca77271c50 req-7f275d08-6037-4700-8a6c-02134aa4da14 service nova] found 1 providers with available 192 MEMORY_MB {{(pid=89900) get_provider_ids_matching /opt/stack/placement/placement/objects/research_context.py:563}}
Jul 03 20:33:55.498748 np0000004463 devstack@placement-api.service[89900]: DEBUG placement.objects.research_context [req-701daf82-c5fb-47b1-9b6e-87ca77271c50 req-7f275d08-6037-4700-8a6c-02134aa4da14 service nova] found 1 providers after filtering by previous result {{(pid=89900) get_provider_ids_matching /opt/stack/placement/placement/objects/research_context.py:594}}
Jul 03 20:33:55.498870 np0000004463 devstack@placement-api.service[89900]: DEBUG placement.objects.research_context [req-701daf82-c5fb-47b1-9b6e-87ca77271c50 req-7f275d08-6037-4700-8a6c-02134aa4da14 service nova] found 1 providers with available 1 VCPU {{(pid=89900) get_provider_ids_matching /opt/stack/placement/placement/objects/research_context.py:563}}
Jul 03 20:33:55.499007 np0000004463 devstack@placement-api.service[89900]: DEBUG placement.objects.research_context [req-701daf82-c5fb-47b1-9b6e-87ca77271c50 req-7f275d08-6037-4700-8a6c-02134aa4da14 service nova] found 1 providers after filtering by previous result {{(pid=89900) get_provider_ids_matching /opt/stack/placement/placement/objects/research_context.py:594}}
Jul 03 20:33:55.507442 np0000004463 devstack@placement-api.service[89900]: DEBUG placement.objects.allocation_candidate [req-701daf82-c5fb-47b1-9b6e-87ca77271c50 req-7f275d08-6037-4700-8a6c-02134aa4da14 service nova] RequestGroup(use_same_provider=False, resources={DISK_GB:1, MEMORY_MB:192, VCPU:1}, traits=(), aggregates=[]) (suffix '') returned 1 matches {{(pid=89900) _get_by_requests /opt/stack/placement/placement/objects/allocation_candidate.py:158}}
Jul 03 20:33:55.507601 np0000004463 devstack@placement-api.service[89900]: DEBUG placement.objects.allocation_candidate [req-701daf82-c5fb-47b1-9b6e-87ca77271c50 req-7f275d08-6037-4700-8a6c-02134aa4da14 service nova] Merging candidates yields 1 allocation requests and 1 provider summaries {{(pid=89900) _merge_candidates /opt/stack/placement/placement/objects/allocation_candidate.py:908}}
Jul 03 20:33:55.508536 np0000004463 devstack@placement-api.service[89900]: INFO placement.requestlog [req-701daf82-c5fb-47b1-9b6e-87ca77271c50 req-7f275d08-6037-4700-8a6c-02134aa4da14 service nova] 10.4.3.33 "GET /placement/allocation_candidates?limit=1000&resources=DISK_GB%3A1%2CMEMORY_MB%3A192%2CVCPU%3A1&root_required=%21COMPUTE_STATUS_DISABLED" status: 200 len: 2492 microversion: 1.36
Jul 03 20:33:55.508760 np0000004463 devstack@placement-api.service[89900]: [pid: 89900|app: 0|req: 506/1521] 10.4.3.33 () {68 vars in 1618 bytes} [Fri Jul 3 20:33:55 2026] GET /placement/allocation_candidates?limit=1000&resources=DISK_GB%3A1%2CMEMORY_MB%3A192%2CVCPU%3A1&root_required=%21COMPUTE_STATUS_DISABLED => generated 2492 bytes in 44 msecs (HTTP/1.1 200) 8 headers in 297 bytes (1 switches on core 0)
Jul 03 20:33:55.559362 np0000004463 devstack@placement-api.service[89901]: DEBUG placement.requestlog [req-701daf82-c5fb-47b1-9b6e-87ca77271c50 req-cedbb4a5-55f9-4703-b42d-ee26e5d02912 None None] Starting request: 10.4.3.33 "GET /placement/allocations/e01ba50a-9dc9-410e-ab18-4ba0e59283a1" {{(pid=89901) __call__ /opt/stack/placement/placement/requestlog.py:55}}
Jul 03 20:33:55.565025 np0000004463 devstack@placement-api.service[89901]: INFO placement.requestlog [req-701daf82-c5fb-47b1-9b6e-87ca77271c50 req-cedbb4a5-55f9-4703-b42d-ee26e5d02912 service nova] 10.4.3.33 "GET /placement/allocations/e01ba50a-9dc9-410e-ab18-4ba0e59283a1" status: 200 len: 19 microversion: 1.28
Jul 03 20:33:55.565227 np0000004463 devstack@placement-api.service[89901]: [pid: 89901|app: 0|req: 507/1522] 10.4.3.33 () {68 vars in 1494 bytes} [Fri Jul 3 20:33:55 2026] GET /placement/allocations/e01ba50a-9dc9-410e-ab18-4ba0e59283a1 => generated 19 bytes in 6 msecs (HTTP/1.1 200) 8 headers in 295 bytes (1 switches on core 0)
Jul 03 20:33:55.598083 np0000004463 devstack@placement-api.service[89902]: DEBUG placement.requestlog [req-701daf82-c5fb-47b1-9b6e-87ca77271c50 req-08060207-37ca-4009-88fa-e9762b5e53f7 None None] Starting request: 10.4.3.33 "PUT /placement/allocations/e01ba50a-9dc9-410e-ab18-4ba0e59283a1" {{(pid=89902) __call__ /opt/stack/placement/placement/requestlog.py:55}}
Jul 03 20:33:55.656687 np0000004463 devstack@placement-api.service[89902]: DEBUG placement.handlers.allocation [req-701daf82-c5fb-47b1-9b6e-87ca77271c50 req-08060207-37ca-4009-88fa-e9762b5e53f7 service nova] Successfully wrote allocations [, , ] {{(pid=89902) _update_consumers_and_create_allocations /opt/stack/placement/placement/handlers/allocation.py:462}}
Jul 03 20:33:55.660334 np0000004463 devstack@placement-api.service[89902]: INFO placement.requestlog [req-701daf82-c5fb-47b1-9b6e-87ca77271c50 req-08060207-37ca-4009-88fa-e9762b5e53f7 service nova] 10.4.3.33 "PUT /placement/allocations/e01ba50a-9dc9-410e-ab18-4ba0e59283a1" status: 204 len: 0 microversion: 1.36
Jul 03 20:33:55.660574 np0000004463 devstack@placement-api.service[89902]: [pid: 89902|app: 0|req: 510/1523] 10.4.3.33 () {72 vars in 1547 bytes} [Fri Jul 3 20:33:55 2026] PUT /placement/allocations/e01ba50a-9dc9-410e-ab18-4ba0e59283a1 => generated 0 bytes in 63 msecs (HTTP/1.1 204) 5 headers in 199 bytes (1 switches on core 0)
Jul 03 20:33:57.056031 np0000004463 devstack@placement-api.service[89900]: DEBUG placement.requestlog [req-701daf82-c5fb-47b1-9b6e-87ca77271c50 req-67cf313e-8082-4b5e-a50b-f46a63432aaf None None] Starting request: 10.4.3.33 "GET /placement/allocations/e01ba50a-9dc9-410e-ab18-4ba0e59283a1" {{(pid=89900) __call__ /opt/stack/placement/placement/requestlog.py:55}}
Jul 03 20:33:57.065381 np0000004463 devstack@placement-api.service[89900]: INFO placement.requestlog [req-701daf82-c5fb-47b1-9b6e-87ca77271c50 req-67cf313e-8082-4b5e-a50b-f46a63432aaf service nova] 10.4.3.33 "GET /placement/allocations/e01ba50a-9dc9-410e-ab18-4ba0e59283a1" status: 200 len: 258 microversion: 1.28
Jul 03 20:33:57.065675 np0000004463 devstack@placement-api.service[89900]: [pid: 89900|app: 0|req: 507/1524] 10.4.3.33 () {68 vars in 1492 bytes} [Fri Jul 3 20:33:57 2026] GET /placement/allocations/e01ba50a-9dc9-410e-ab18-4ba0e59283a1 => generated 258 bytes in 10 msecs (HTTP/1.1 200) 8 headers in 296 bytes (1 switches on core 0)
Jul 03 20:33:58.108368 np0000004463 devstack@placement-api.service[89901]: DEBUG placement.requestlog [req-701daf82-c5fb-47b1-9b6e-87ca77271c50 req-406d5f03-3e4a-4299-8da0-ea0875f8a303 None None] Starting request: 10.4.3.33 "GET /placement/resource_providers/0d01d3a9-844b-417c-aab2-60b7d24b2faa/allocations" {{(pid=89901) __call__ /opt/stack/placement/placement/requestlog.py:55}}
Jul 03 20:33:58.118002 np0000004463 devstack@placement-api.service[89901]: INFO placement.requestlog [req-701daf82-c5fb-47b1-9b6e-87ca77271c50 req-406d5f03-3e4a-4299-8da0-ea0875f8a303 service nova] 10.4.3.33 "GET /placement/resource_providers/0d01d3a9-844b-417c-aab2-60b7d24b2faa/allocations" status: 200 len: 253 microversion: 1.0
Jul 03 20:33:58.118237 np0000004463 devstack@placement-api.service[89901]: [pid: 89901|app: 0|req: 508/1525] 10.4.3.33 () {66 vars in 1505 bytes} [Fri Jul 3 20:33:58 2026] GET /placement/resource_providers/0d01d3a9-844b-417c-aab2-60b7d24b2faa/allocations => generated 253 bytes in 10 msecs (HTTP/1.1 200) 6 headers in 224 bytes (1 switches on core 0)
Jul 03 20:33:58.145492 np0000004463 devstack@placement-api.service[89902]: DEBUG placement.requestlog [req-701daf82-c5fb-47b1-9b6e-87ca77271c50 req-e602502c-8be9-4965-8ce9-2a91df31865a None None] Starting request: 10.4.3.33 "GET /placement/allocations/e01ba50a-9dc9-410e-ab18-4ba0e59283a1" {{(pid=89902) __call__ /opt/stack/placement/placement/requestlog.py:55}}
Jul 03 20:33:58.153215 np0000004463 devstack@placement-api.service[89902]: INFO placement.requestlog [req-701daf82-c5fb-47b1-9b6e-87ca77271c50 req-e602502c-8be9-4965-8ce9-2a91df31865a service nova] 10.4.3.33 "GET /placement/allocations/e01ba50a-9dc9-410e-ab18-4ba0e59283a1" status: 200 len: 258 microversion: 1.28
Jul 03 20:33:58.153730 np0000004463 devstack@placement-api.service[89902]: [pid: 89902|app: 0|req: 511/1526] 10.4.3.33 () {68 vars in 1492 bytes} [Fri Jul 3 20:33:58 2026] GET /placement/allocations/e01ba50a-9dc9-410e-ab18-4ba0e59283a1 => generated 258 bytes in 9 msecs (HTTP/1.1 200) 8 headers in 296 bytes (1 switches on core 0)
Jul 03 20:33:58.183045 np0000004463 devstack@placement-api.service[89900]: DEBUG placement.requestlog [req-701daf82-c5fb-47b1-9b6e-87ca77271c50 req-d899562b-9834-41a2-8fbd-278e0fe4f79a None None] Starting request: 10.4.3.33 "GET /placement/allocations/6489e78b-88a9-4bd2-a346-beadd3e8f860" {{(pid=89900) __call__ /opt/stack/placement/placement/requestlog.py:55}}
Jul 03 20:33:58.192687 np0000004463 devstack@placement-api.service[89900]: INFO placement.requestlog [req-701daf82-c5fb-47b1-9b6e-87ca77271c50 req-d899562b-9834-41a2-8fbd-278e0fe4f79a service nova] 10.4.3.33 "GET /placement/allocations/6489e78b-88a9-4bd2-a346-beadd3e8f860" status: 200 len: 258 microversion: 1.28
Jul 03 20:33:58.192975 np0000004463 devstack@placement-api.service[89900]: [pid: 89900|app: 0|req: 508/1527] 10.4.3.33 () {68 vars in 1492 bytes} [Fri Jul 3 20:33:58 2026] GET /placement/allocations/6489e78b-88a9-4bd2-a346-beadd3e8f860 => generated 258 bytes in 10 msecs (HTTP/1.1 200) 8 headers in 296 bytes (1 switches on core 0)
Jul 03 20:34:08.116982 np0000004463 devstack@placement-api.service[89901]: DEBUG dbcounter [-] [89901] Writing DB stats placement:SELECT=5 {{(pid=89901) stat_writer /opt/stack/data/venv/lib/python3.12/site-packages/dbcounter.py:115}}
Jul 03 20:34:08.152130 np0000004463 devstack@placement-api.service[89902]: DEBUG dbcounter [-] [89902] Writing DB stats placement:SELECT=34,placement:INSERT=12,placement:DELETE=4,placement:UPDATE=4 {{(pid=89902) stat_writer /opt/stack/data/venv/lib/python3.12/site-packages/dbcounter.py:115}}
Jul 03 20:34:08.191015 np0000004463 devstack@placement-api.service[89900]: DEBUG dbcounter [-] [89900] Writing DB stats placement:SELECT=45,placement:DELETE=4 {{(pid=89900) stat_writer /opt/stack/data/venv/lib/python3.12/site-packages/dbcounter.py:115}}
Jul 03 20:34:13.980337 np0000004463 devstack@placement-api.service[89901]: DEBUG placement.requestlog [req-a3039b99-7bfb-4128-9de1-c17b2390eb30 req-aa655673-7089-478e-a541-405e16f8c502 None None] Starting request: 10.4.3.33 "GET /placement/resource_providers/0d01d3a9-844b-417c-aab2-60b7d24b2faa/allocations" {{(pid=89901) __call__ /opt/stack/placement/placement/requestlog.py:55}}
Jul 03 20:34:13.990773 np0000004463 devstack@placement-api.service[89901]: INFO placement.requestlog [req-a3039b99-7bfb-4128-9de1-c17b2390eb30 req-aa655673-7089-478e-a541-405e16f8c502 service nova] 10.4.3.33 "GET /placement/resource_providers/0d01d3a9-844b-417c-aab2-60b7d24b2faa/allocations" status: 200 len: 253 microversion: 1.0
Jul 03 20:34:13.991334 np0000004463 devstack@placement-api.service[89901]: [pid: 89901|app: 0|req: 509/1528] 10.4.3.33 () {66 vars in 1505 bytes} [Fri Jul 3 20:34:13 2026] GET /placement/resource_providers/0d01d3a9-844b-417c-aab2-60b7d24b2faa/allocations => generated 253 bytes in 11 msecs (HTTP/1.1 200) 6 headers in 224 bytes (1 switches on core 0)
Jul 03 20:34:14.034863 np0000004463 devstack@placement-api.service[89902]: DEBUG placement.requestlog [req-a3039b99-7bfb-4128-9de1-c17b2390eb30 req-d6b1da48-bcbc-4dcf-ba87-aaaeadf7feb3 None None] Starting request: 10.4.3.33 "GET /placement/allocations/e01ba50a-9dc9-410e-ab18-4ba0e59283a1" {{(pid=89902) __call__ /opt/stack/placement/placement/requestlog.py:55}}
Jul 03 20:34:14.050367 np0000004463 devstack@placement-api.service[89902]: INFO placement.requestlog [req-a3039b99-7bfb-4128-9de1-c17b2390eb30 req-d6b1da48-bcbc-4dcf-ba87-aaaeadf7feb3 service nova] 10.4.3.33 "GET /placement/allocations/e01ba50a-9dc9-410e-ab18-4ba0e59283a1" status: 200 len: 258 microversion: 1.28
Jul 03 20:34:14.050602 np0000004463 devstack@placement-api.service[89902]: [pid: 89902|app: 0|req: 512/1529] 10.4.3.33 () {68 vars in 1492 bytes} [Fri Jul 3 20:34:14 2026] GET /placement/allocations/e01ba50a-9dc9-410e-ab18-4ba0e59283a1 => generated 258 bytes in 16 msecs (HTTP/1.1 200) 8 headers in 296 bytes (1 switches on core 0)
Jul 03 20:34:14.087155 np0000004463 devstack@placement-api.service[89900]: DEBUG placement.requestlog [req-a3039b99-7bfb-4128-9de1-c17b2390eb30 req-0699bc21-0980-4285-8a32-fc775b611f55 None None] Starting request: 10.4.3.33 "GET /placement/allocations/6489e78b-88a9-4bd2-a346-beadd3e8f860" {{(pid=89900) __call__ /opt/stack/placement/placement/requestlog.py:55}}
Jul 03 20:34:14.097173 np0000004463 devstack@placement-api.service[89900]: INFO placement.requestlog [req-a3039b99-7bfb-4128-9de1-c17b2390eb30 req-0699bc21-0980-4285-8a32-fc775b611f55 service nova] 10.4.3.33 "GET /placement/allocations/6489e78b-88a9-4bd2-a346-beadd3e8f860" status: 200 len: 258 microversion: 1.28
Jul 03 20:34:14.097486 np0000004463 devstack@placement-api.service[89900]: [pid: 89900|app: 0|req: 509/1530] 10.4.3.33 () {68 vars in 1492 bytes} [Fri Jul 3 20:34:14 2026] GET /placement/allocations/6489e78b-88a9-4bd2-a346-beadd3e8f860 => generated 258 bytes in 10 msecs (HTTP/1.1 200) 8 headers in 296 bytes (1 switches on core 0)
Jul 03 20:34:15.143493 np0000004463 devstack@placement-api.service[89901]: DEBUG placement.requestlog [req-a3039b99-7bfb-4128-9de1-c17b2390eb30 req-782eb0ea-c474-4bab-8423-6882fad21bed None None] Starting request: 10.4.3.33 "DELETE /placement/allocations/e01ba50a-9dc9-410e-ab18-4ba0e59283a1" {{(pid=89901) __call__ /opt/stack/placement/placement/requestlog.py:55}}
Jul 03 20:34:15.159873 np0000004463 devstack@placement-api.service[89901]: DEBUG placement.handlers.allocation [req-a3039b99-7bfb-4128-9de1-c17b2390eb30 req-782eb0ea-c474-4bab-8423-6882fad21bed service nova] Successfully deleted allocations [, , ] {{(pid=89901) delete_allocations /opt/stack/placement/placement/handlers/allocation.py:627}}
Jul 03 20:34:15.160114 np0000004463 devstack@placement-api.service[89901]: INFO placement.requestlog [req-a3039b99-7bfb-4128-9de1-c17b2390eb30 req-782eb0ea-c474-4bab-8423-6882fad21bed service nova] 10.4.3.33 "DELETE /placement/allocations/e01ba50a-9dc9-410e-ab18-4ba0e59283a1" status: 204 len: 0 microversion: 1.0
Jul 03 20:34:15.160352 np0000004463 devstack@placement-api.service[89901]: [pid: 89901|app: 0|req: 510/1531] 10.4.3.33 () {68 vars in 1470 bytes} [Fri Jul 3 20:34:15 2026] DELETE /placement/allocations/e01ba50a-9dc9-410e-ab18-4ba0e59283a1 => generated 0 bytes in 17 msecs (HTTP/1.1 204) 5 headers in 198 bytes (1 switches on core 0)
Jul 03 20:34:24.048792 np0000004463 devstack@placement-api.service[89902]: DEBUG dbcounter [-] [89902] Writing DB stats placement:SELECT=2 {{(pid=89902) stat_writer /opt/stack/data/venv/lib/python3.12/site-packages/dbcounter.py:115}}
Jul 03 20:34:24.095417 np0000004463 devstack@placement-api.service[89900]: DEBUG dbcounter [-] [89900] Writing DB stats placement:SELECT=2 {{(pid=89900) stat_writer /opt/stack/data/venv/lib/python3.12/site-packages/dbcounter.py:115}}
Jul 03 20:34:25.157551 np0000004463 devstack@placement-api.service[89901]: DEBUG dbcounter [-] [89901] Writing DB stats placement:SELECT=6,placement:DELETE=2 {{(pid=89901) stat_writer /opt/stack/data/venv/lib/python3.12/site-packages/dbcounter.py:115}}
Jul 03 20:34:36.200433 np0000004463 devstack@placement-api.service[89902]: DEBUG placement.requestlog [req-9f1f1680-1ea9-4a54-8c3c-68066f704311 req-287832a5-0205-4f3d-9b96-2e0997c81a58 None None] Starting request: 10.4.3.33 "GET /placement/allocation_candidates?limit=1000&resources=MEMORY_MB%3A192%2CVCPU%3A1&root_required=%21COMPUTE_STATUS_DISABLED" {{(pid=89902) __call__ /opt/stack/placement/placement/requestlog.py:55}}
Jul 03 20:34:36.224796 np0000004463 devstack@placement-api.service[89902]: DEBUG placement.objects.research_context [req-9f1f1680-1ea9-4a54-8c3c-68066f704311 req-287832a5-0205-4f3d-9b96-2e0997c81a58 service nova] getting providers with 192 MEMORY_MB {{(pid=89902) __init__ /opt/stack/placement/placement/objects/research_context.py:137}}
Jul 03 20:34:36.228842 np0000004463 devstack@placement-api.service[89902]: DEBUG placement.objects.research_context [req-9f1f1680-1ea9-4a54-8c3c-68066f704311 req-287832a5-0205-4f3d-9b96-2e0997c81a58 service nova] getting providers with 1 VCPU {{(pid=89902) __init__ /opt/stack/placement/placement/objects/research_context.py:137}}
Jul 03 20:34:36.233539 np0000004463 devstack@placement-api.service[89902]: DEBUG placement.objects.research_context [req-9f1f1680-1ea9-4a54-8c3c-68066f704311 req-287832a5-0205-4f3d-9b96-2e0997c81a58 service nova] found 1 providers with available 192 MEMORY_MB {{(pid=89902) get_provider_ids_matching /opt/stack/placement/placement/objects/research_context.py:563}}
Jul 03 20:34:36.233539 np0000004463 devstack@placement-api.service[89902]: DEBUG placement.objects.research_context [req-9f1f1680-1ea9-4a54-8c3c-68066f704311 req-287832a5-0205-4f3d-9b96-2e0997c81a58 service nova] found 1 providers with available 1 VCPU {{(pid=89902) get_provider_ids_matching /opt/stack/placement/placement/objects/research_context.py:563}}
Jul 03 20:34:36.233539 np0000004463 devstack@placement-api.service[89902]: DEBUG placement.objects.research_context [req-9f1f1680-1ea9-4a54-8c3c-68066f704311 req-287832a5-0205-4f3d-9b96-2e0997c81a58 service nova] found 1 providers after filtering by previous result {{(pid=89902) get_provider_ids_matching /opt/stack/placement/placement/objects/research_context.py:594}}
Jul 03 20:34:36.239525 np0000004463 devstack@placement-api.service[89902]: DEBUG placement.objects.allocation_candidate [req-9f1f1680-1ea9-4a54-8c3c-68066f704311 req-287832a5-0205-4f3d-9b96-2e0997c81a58 service nova] RequestGroup(use_same_provider=False, resources={MEMORY_MB:192, VCPU:1}, traits=(), aggregates=[]) (suffix '') returned 1 matches {{(pid=89902) _get_by_requests /opt/stack/placement/placement/objects/allocation_candidate.py:158}}
Jul 03 20:34:36.239705 np0000004463 devstack@placement-api.service[89902]: DEBUG placement.objects.allocation_candidate [req-9f1f1680-1ea9-4a54-8c3c-68066f704311 req-287832a5-0205-4f3d-9b96-2e0997c81a58 service nova] Merging candidates yields 1 allocation requests and 1 provider summaries {{(pid=89902) _merge_candidates /opt/stack/placement/placement/objects/allocation_candidate.py:908}}
Jul 03 20:34:36.240627 np0000004463 devstack@placement-api.service[89902]: INFO placement.requestlog [req-9f1f1680-1ea9-4a54-8c3c-68066f704311 req-287832a5-0205-4f3d-9b96-2e0997c81a58 service nova] 10.4.3.33 "GET /placement/allocation_candidates?limit=1000&resources=MEMORY_MB%3A192%2CVCPU%3A1&root_required=%21COMPUTE_STATUS_DISABLED" status: 200 len: 2478 microversion: 1.36
Jul 03 20:34:36.240839 np0000004463 devstack@placement-api.service[89902]: [pid: 89902|app: 0|req: 513/1532] 10.4.3.33 () {68 vars in 1590 bytes} [Fri Jul 3 20:34:36 2026] GET /placement/allocation_candidates?limit=1000&resources=MEMORY_MB%3A192%2CVCPU%3A1&root_required=%21COMPUTE_STATUS_DISABLED => generated 2478 bytes in 40 msecs (HTTP/1.1 200) 8 headers in 297 bytes (1 switches on core 0)
Jul 03 20:34:36.302377 np0000004463 devstack@placement-api.service[89900]: DEBUG placement.requestlog [req-9f1f1680-1ea9-4a54-8c3c-68066f704311 req-3acdfb12-419d-4e93-81b7-fb1672ab7752 None None] Starting request: 10.4.3.33 "GET /placement/allocations/5172ab10-f453-4fa7-95c4-dbc0e28d6865" {{(pid=89900) __call__ /opt/stack/placement/placement/requestlog.py:55}}
Jul 03 20:34:36.311300 np0000004463 devstack@placement-api.service[89900]: INFO placement.requestlog [req-9f1f1680-1ea9-4a54-8c3c-68066f704311 req-3acdfb12-419d-4e93-81b7-fb1672ab7752 service nova] 10.4.3.33 "GET /placement/allocations/5172ab10-f453-4fa7-95c4-dbc0e28d6865" status: 200 len: 19 microversion: 1.28
Jul 03 20:34:36.311586 np0000004463 devstack@placement-api.service[89900]: [pid: 89900|app: 0|req: 510/1533] 10.4.3.33 () {68 vars in 1494 bytes} [Fri Jul 3 20:34:36 2026] GET /placement/allocations/5172ab10-f453-4fa7-95c4-dbc0e28d6865 => generated 19 bytes in 9 msecs (HTTP/1.1 200) 8 headers in 295 bytes (1 switches on core 0)
Jul 03 20:34:36.342253 np0000004463 devstack@placement-api.service[89901]: DEBUG placement.requestlog [req-9f1f1680-1ea9-4a54-8c3c-68066f704311 req-9088bace-bc36-430e-b059-6445b6268868 None None] Starting request: 10.4.3.33 "PUT /placement/allocations/5172ab10-f453-4fa7-95c4-dbc0e28d6865" {{(pid=89901) __call__ /opt/stack/placement/placement/requestlog.py:55}}
Jul 03 20:34:36.422586 np0000004463 devstack@placement-api.service[89901]: DEBUG placement.handlers.allocation [req-9f1f1680-1ea9-4a54-8c3c-68066f704311 req-9088bace-bc36-430e-b059-6445b6268868 service nova] Successfully wrote allocations [, ] {{(pid=89901) _update_consumers_and_create_allocations /opt/stack/placement/placement/handlers/allocation.py:462}}
Jul 03 20:34:36.431342 np0000004463 devstack@placement-api.service[89901]: INFO placement.requestlog [req-9f1f1680-1ea9-4a54-8c3c-68066f704311 req-9088bace-bc36-430e-b059-6445b6268868 service nova] 10.4.3.33 "PUT /placement/allocations/5172ab10-f453-4fa7-95c4-dbc0e28d6865" status: 204 len: 0 microversion: 1.36
Jul 03 20:34:36.431695 np0000004463 devstack@placement-api.service[89901]: [pid: 89901|app: 0|req: 511/1534] 10.4.3.33 () {72 vars in 1547 bytes} [Fri Jul 3 20:34:36 2026] PUT /placement/allocations/5172ab10-f453-4fa7-95c4-dbc0e28d6865 => generated 0 bytes in 90 msecs (HTTP/1.1 204) 5 headers in 199 bytes (1 switches on core 0)
Jul 03 20:34:37.693214 np0000004463 devstack@placement-api.service[89902]: DEBUG placement.requestlog [req-b98d80be-259d-4c6b-a4ca-4363b8db8ccf req-046700c9-bc70-4705-a553-ac9f4f134107 None None] Starting request: 10.4.3.33 "GET /placement/resource_providers/0d01d3a9-844b-417c-aab2-60b7d24b2faa/allocations" {{(pid=89902) __call__ /opt/stack/placement/placement/requestlog.py:55}}
Jul 03 20:34:37.703389 np0000004463 devstack@placement-api.service[89902]: INFO placement.requestlog [req-b98d80be-259d-4c6b-a4ca-4363b8db8ccf req-046700c9-bc70-4705-a553-ac9f4f134107 service nova] 10.4.3.33 "GET /placement/resource_providers/0d01d3a9-844b-417c-aab2-60b7d24b2faa/allocations" status: 200 len: 239 microversion: 1.0
Jul 03 20:34:37.703593 np0000004463 devstack@placement-api.service[89902]: [pid: 89902|app: 0|req: 514/1535] 10.4.3.33 () {66 vars in 1505 bytes} [Fri Jul 3 20:34:37 2026] GET /placement/resource_providers/0d01d3a9-844b-417c-aab2-60b7d24b2faa/allocations => generated 239 bytes in 10 msecs (HTTP/1.1 200) 6 headers in 224 bytes (1 switches on core 0)
Jul 03 20:34:37.807927 np0000004463 devstack@placement-api.service[89900]: DEBUG placement.requestlog [req-9f1f1680-1ea9-4a54-8c3c-68066f704311 req-67d34b8a-70cf-463f-9a1f-06fed7eada07 None None] Starting request: 10.4.3.33 "GET /placement/allocations/5172ab10-f453-4fa7-95c4-dbc0e28d6865" {{(pid=89900) __call__ /opt/stack/placement/placement/requestlog.py:55}}
Jul 03 20:34:37.814633 np0000004463 devstack@placement-api.service[89900]: INFO placement.requestlog [req-9f1f1680-1ea9-4a54-8c3c-68066f704311 req-67d34b8a-70cf-463f-9a1f-06fed7eada07 service nova] 10.4.3.33 "GET /placement/allocations/5172ab10-f453-4fa7-95c4-dbc0e28d6865" status: 200 len: 244 microversion: 1.28
Jul 03 20:34:37.814825 np0000004463 devstack@placement-api.service[89900]: [pid: 89900|app: 0|req: 511/1536] 10.4.3.33 () {68 vars in 1492 bytes} [Fri Jul 3 20:34:37 2026] GET /placement/allocations/5172ab10-f453-4fa7-95c4-dbc0e28d6865 => generated 244 bytes in 7 msecs (HTTP/1.1 200) 8 headers in 296 bytes (1 switches on core 0)
Jul 03 20:34:38.233219 np0000004463 devstack@placement-api.service[89901]: DEBUG placement.requestlog [req-b98d80be-259d-4c6b-a4ca-4363b8db8ccf req-37b2b35c-257a-49f2-9845-ee49899a2818 None None] Starting request: 10.4.3.33 "GET /placement/resource_providers/0d01d3a9-844b-417c-aab2-60b7d24b2faa/allocations" {{(pid=89901) __call__ /opt/stack/placement/placement/requestlog.py:55}}
Jul 03 20:34:38.243544 np0000004463 devstack@placement-api.service[89901]: INFO placement.requestlog [req-b98d80be-259d-4c6b-a4ca-4363b8db8ccf req-37b2b35c-257a-49f2-9845-ee49899a2818 service nova] 10.4.3.33 "GET /placement/resource_providers/0d01d3a9-844b-417c-aab2-60b7d24b2faa/allocations" status: 200 len: 239 microversion: 1.0
Jul 03 20:34:38.243740 np0000004463 devstack@placement-api.service[89901]: [pid: 89901|app: 0|req: 512/1537] 10.4.3.33 () {66 vars in 1505 bytes} [Fri Jul 3 20:34:38 2026] GET /placement/resource_providers/0d01d3a9-844b-417c-aab2-60b7d24b2faa/allocations => generated 239 bytes in 10 msecs (HTTP/1.1 200) 6 headers in 224 bytes (1 switches on core 0)
Jul 03 20:34:38.270343 np0000004463 devstack@placement-api.service[89902]: DEBUG placement.requestlog [req-b98d80be-259d-4c6b-a4ca-4363b8db8ccf req-ad74be0d-2ab8-4d85-bccb-3ded822ef6ce None None] Starting request: 10.4.3.33 "GET /placement/allocations/5172ab10-f453-4fa7-95c4-dbc0e28d6865" {{(pid=89902) __call__ /opt/stack/placement/placement/requestlog.py:55}}
Jul 03 20:34:38.278684 np0000004463 devstack@placement-api.service[89902]: INFO placement.requestlog [req-b98d80be-259d-4c6b-a4ca-4363b8db8ccf req-ad74be0d-2ab8-4d85-bccb-3ded822ef6ce service nova] 10.4.3.33 "GET /placement/allocations/5172ab10-f453-4fa7-95c4-dbc0e28d6865" status: 200 len: 244 microversion: 1.28
Jul 03 20:34:38.278867 np0000004463 devstack@placement-api.service[89902]: [pid: 89902|app: 0|req: 515/1538] 10.4.3.33 () {68 vars in 1492 bytes} [Fri Jul 3 20:34:38 2026] GET /placement/allocations/5172ab10-f453-4fa7-95c4-dbc0e28d6865 => generated 244 bytes in 8 msecs (HTTP/1.1 200) 8 headers in 296 bytes (1 switches on core 0)
Jul 03 20:34:38.305306 np0000004463 devstack@placement-api.service[89900]: DEBUG placement.requestlog [req-b98d80be-259d-4c6b-a4ca-4363b8db8ccf req-0bcf8f4a-caf0-485c-a00a-0c40a5aab189 None None] Starting request: 10.4.3.33 "GET /placement/allocations/6489e78b-88a9-4bd2-a346-beadd3e8f860" {{(pid=89900) __call__ /opt/stack/placement/placement/requestlog.py:55}}
Jul 03 20:34:38.312002 np0000004463 devstack@placement-api.service[89900]: INFO placement.requestlog [req-b98d80be-259d-4c6b-a4ca-4363b8db8ccf req-0bcf8f4a-caf0-485c-a00a-0c40a5aab189 service nova] 10.4.3.33 "GET /placement/allocations/6489e78b-88a9-4bd2-a346-beadd3e8f860" status: 200 len: 258 microversion: 1.28
Jul 03 20:34:38.312148 np0000004463 devstack@placement-api.service[89900]: [pid: 89900|app: 0|req: 512/1539] 10.4.3.33 () {68 vars in 1492 bytes} [Fri Jul 3 20:34:38 2026] GET /placement/allocations/6489e78b-88a9-4bd2-a346-beadd3e8f860 => generated 258 bytes in 7 msecs (HTTP/1.1 200) 8 headers in 296 bytes (1 switches on core 0)
Jul 03 20:34:40.361958 np0000004463 devstack@placement-api.service[89901]: DEBUG placement.requestlog [req-9f1f1680-1ea9-4a54-8c3c-68066f704311 req-b8258e92-f112-4424-bd55-9725517c76d1 None None] Starting request: 10.4.3.33 "GET /placement/resource_providers/0d01d3a9-844b-417c-aab2-60b7d24b2faa/allocations" {{(pid=89901) __call__ /opt/stack/placement/placement/requestlog.py:55}}
Jul 03 20:34:40.371958 np0000004463 devstack@placement-api.service[89901]: INFO placement.requestlog [req-9f1f1680-1ea9-4a54-8c3c-68066f704311 req-b8258e92-f112-4424-bd55-9725517c76d1 service nova] 10.4.3.33 "GET /placement/resource_providers/0d01d3a9-844b-417c-aab2-60b7d24b2faa/allocations" status: 200 len: 239 microversion: 1.0
Jul 03 20:34:40.372181 np0000004463 devstack@placement-api.service[89901]: [pid: 89901|app: 0|req: 513/1540] 10.4.3.33 () {66 vars in 1505 bytes} [Fri Jul 3 20:34:40 2026] GET /placement/resource_providers/0d01d3a9-844b-417c-aab2-60b7d24b2faa/allocations => generated 239 bytes in 10 msecs (HTTP/1.1 200) 6 headers in 224 bytes (1 switches on core 0)
Jul 03 20:34:40.405718 np0000004463 devstack@placement-api.service[89902]: DEBUG placement.requestlog [req-9f1f1680-1ea9-4a54-8c3c-68066f704311 req-a407be15-b78c-4346-a536-8ad997e8b6de None None] Starting request: 10.4.3.33 "GET /placement/allocations/5172ab10-f453-4fa7-95c4-dbc0e28d6865" {{(pid=89902) __call__ /opt/stack/placement/placement/requestlog.py:55}}
Jul 03 20:34:40.414429 np0000004463 devstack@placement-api.service[89902]: INFO placement.requestlog [req-9f1f1680-1ea9-4a54-8c3c-68066f704311 req-a407be15-b78c-4346-a536-8ad997e8b6de service nova] 10.4.3.33 "GET /placement/allocations/5172ab10-f453-4fa7-95c4-dbc0e28d6865" status: 200 len: 244 microversion: 1.28
Jul 03 20:34:40.414866 np0000004463 devstack@placement-api.service[89902]: [pid: 89902|app: 0|req: 516/1541] 10.4.3.33 () {68 vars in 1492 bytes} [Fri Jul 3 20:34:40 2026] GET /placement/allocations/5172ab10-f453-4fa7-95c4-dbc0e28d6865 => generated 244 bytes in 10 msecs (HTTP/1.1 200) 8 headers in 296 bytes (1 switches on core 0)
Jul 03 20:34:40.441884 np0000004463 devstack@placement-api.service[89900]: DEBUG placement.requestlog [req-9f1f1680-1ea9-4a54-8c3c-68066f704311 req-86ad5808-6589-410d-8c6e-c2e424785369 None None] Starting request: 10.4.3.33 "GET /placement/allocations/6489e78b-88a9-4bd2-a346-beadd3e8f860" {{(pid=89900) __call__ /opt/stack/placement/placement/requestlog.py:55}}
Jul 03 20:34:40.450031 np0000004463 devstack@placement-api.service[89900]: INFO placement.requestlog [req-9f1f1680-1ea9-4a54-8c3c-68066f704311 req-86ad5808-6589-410d-8c6e-c2e424785369 service nova] 10.4.3.33 "GET /placement/allocations/6489e78b-88a9-4bd2-a346-beadd3e8f860" status: 200 len: 258 microversion: 1.28
Jul 03 20:34:40.450259 np0000004463 devstack@placement-api.service[89900]: [pid: 89900|app: 0|req: 513/1542] 10.4.3.33 () {68 vars in 1492 bytes} [Fri Jul 3 20:34:40 2026] GET /placement/allocations/6489e78b-88a9-4bd2-a346-beadd3e8f860 => generated 258 bytes in 8 msecs (HTTP/1.1 200) 8 headers in 296 bytes (1 switches on core 0)
Jul 03 20:34:50.371002 np0000004463 devstack@placement-api.service[89901]: DEBUG dbcounter [-] [89901] Writing DB stats placement:SELECT=14,placement:INSERT=5,placement:DELETE=2,placement:UPDATE=2 {{(pid=89901) stat_writer /opt/stack/data/venv/lib/python3.12/site-packages/dbcounter.py:115}}
Jul 03 20:34:50.412575 np0000004463 devstack@placement-api.service[89902]: DEBUG dbcounter [-] [89902] Writing DB stats placement:SELECT=17 {{(pid=89902) stat_writer /opt/stack/data/venv/lib/python3.12/site-packages/dbcounter.py:115}}
Jul 03 20:34:50.448510 np0000004463 devstack@placement-api.service[89900]: DEBUG dbcounter [-] [89900] Writing DB stats placement:SELECT=7 {{(pid=89900) stat_writer /opt/stack/data/venv/lib/python3.12/site-packages/dbcounter.py:115}}
Jul 03 20:35:02.490138 np0000004463 devstack@placement-api.service[89901]: DEBUG placement.requestlog [req-c22deb19-f665-45e1-a861-57041aaaabda req-56eda6aa-3ca8-4495-b4e4-51ed7cc2ff37 None None] Starting request: 10.4.3.33 "GET /placement/resource_providers/0d01d3a9-844b-417c-aab2-60b7d24b2faa/allocations" {{(pid=89901) __call__ /opt/stack/placement/placement/requestlog.py:55}}
Jul 03 20:35:02.501930 np0000004463 devstack@placement-api.service[89901]: INFO placement.requestlog [req-c22deb19-f665-45e1-a861-57041aaaabda req-56eda6aa-3ca8-4495-b4e4-51ed7cc2ff37 service nova] 10.4.3.33 "GET /placement/resource_providers/0d01d3a9-844b-417c-aab2-60b7d24b2faa/allocations" status: 200 len: 239 microversion: 1.0
Jul 03 20:35:02.502136 np0000004463 devstack@placement-api.service[89901]: [pid: 89901|app: 0|req: 514/1543] 10.4.3.33 () {66 vars in 1505 bytes} [Fri Jul 3 20:35:02 2026] GET /placement/resource_providers/0d01d3a9-844b-417c-aab2-60b7d24b2faa/allocations => generated 239 bytes in 12 msecs (HTTP/1.1 200) 6 headers in 224 bytes (1 switches on core 0)
Jul 03 20:35:02.532706 np0000004463 devstack@placement-api.service[89902]: DEBUG placement.requestlog [req-c22deb19-f665-45e1-a861-57041aaaabda req-65b0aa3d-19a1-40c1-94b5-e3c126d3f570 None None] Starting request: 10.4.3.33 "GET /placement/allocations/5172ab10-f453-4fa7-95c4-dbc0e28d6865" {{(pid=89902) __call__ /opt/stack/placement/placement/requestlog.py:55}}
Jul 03 20:35:02.541079 np0000004463 devstack@placement-api.service[89902]: INFO placement.requestlog [req-c22deb19-f665-45e1-a861-57041aaaabda req-65b0aa3d-19a1-40c1-94b5-e3c126d3f570 service nova] 10.4.3.33 "GET /placement/allocations/5172ab10-f453-4fa7-95c4-dbc0e28d6865" status: 200 len: 244 microversion: 1.28
Jul 03 20:35:02.541320 np0000004463 devstack@placement-api.service[89902]: [pid: 89902|app: 0|req: 517/1544] 10.4.3.33 () {68 vars in 1492 bytes} [Fri Jul 3 20:35:02 2026] GET /placement/allocations/5172ab10-f453-4fa7-95c4-dbc0e28d6865 => generated 244 bytes in 9 msecs (HTTP/1.1 200) 8 headers in 296 bytes (1 switches on core 0)
Jul 03 20:35:02.568781 np0000004463 devstack@placement-api.service[89900]: DEBUG placement.requestlog [req-c22deb19-f665-45e1-a861-57041aaaabda req-41d9d006-d510-4bfb-ba0b-98514a0211e7 None None] Starting request: 10.4.3.33 "GET /placement/allocations/6489e78b-88a9-4bd2-a346-beadd3e8f860" {{(pid=89900) __call__ /opt/stack/placement/placement/requestlog.py:55}}
Jul 03 20:35:02.576720 np0000004463 devstack@placement-api.service[89900]: INFO placement.requestlog [req-c22deb19-f665-45e1-a861-57041aaaabda req-41d9d006-d510-4bfb-ba0b-98514a0211e7 service nova] 10.4.3.33 "GET /placement/allocations/6489e78b-88a9-4bd2-a346-beadd3e8f860" status: 200 len: 258 microversion: 1.28
Jul 03 20:35:02.576955 np0000004463 devstack@placement-api.service[89900]: [pid: 89900|app: 0|req: 514/1545] 10.4.3.33 () {68 vars in 1492 bytes} [Fri Jul 3 20:35:02 2026] GET /placement/allocations/6489e78b-88a9-4bd2-a346-beadd3e8f860 => generated 258 bytes in 8 msecs (HTTP/1.1 200) 8 headers in 296 bytes (1 switches on core 0)
Jul 03 20:35:03.619036 np0000004463 devstack@placement-api.service[89901]: DEBUG placement.requestlog [req-c22deb19-f665-45e1-a861-57041aaaabda req-e45d262b-9519-4d38-a013-6ebfdd9c49b9 None None] Starting request: 10.4.3.33 "DELETE /placement/allocations/5172ab10-f453-4fa7-95c4-dbc0e28d6865" {{(pid=89901) __call__ /opt/stack/placement/placement/requestlog.py:55}}
Jul 03 20:35:03.641770 np0000004463 devstack@placement-api.service[89901]: DEBUG placement.handlers.allocation [req-c22deb19-f665-45e1-a861-57041aaaabda req-e45d262b-9519-4d38-a013-6ebfdd9c49b9 service nova] Successfully deleted allocations [, ] {{(pid=89901) delete_allocations /opt/stack/placement/placement/handlers/allocation.py:627}}
Jul 03 20:35:03.642124 np0000004463 devstack@placement-api.service[89901]: INFO placement.requestlog [req-c22deb19-f665-45e1-a861-57041aaaabda req-e45d262b-9519-4d38-a013-6ebfdd9c49b9 service nova] 10.4.3.33 "DELETE /placement/allocations/5172ab10-f453-4fa7-95c4-dbc0e28d6865" status: 204 len: 0 microversion: 1.0
Jul 03 20:35:03.642416 np0000004463 devstack@placement-api.service[89901]: [pid: 89901|app: 0|req: 515/1546] 10.4.3.33 () {68 vars in 1470 bytes} [Fri Jul 3 20:35:03 2026] DELETE /placement/allocations/5172ab10-f453-4fa7-95c4-dbc0e28d6865 => generated 0 bytes in 24 msecs (HTTP/1.1 204) 5 headers in 198 bytes (1 switches on core 0)
Jul 03 20:35:07.916377 np0000004463 devstack@placement-api.service[89902]: DEBUG placement.requestlog [req-b3f596fc-11f5-4754-9f0d-3c8607bd2a97 req-dfc0517a-edde-4d14-9ca3-c3a4f41db511 None None] Starting request: 10.4.3.33 "GET /placement/allocation_candidates?limit=1000&resources=MEMORY_MB%3A192%2CVCPU%3A1&root_required=%21COMPUTE_STATUS_DISABLED" {{(pid=89902) __call__ /opt/stack/placement/placement/requestlog.py:55}}
Jul 03 20:35:07.941031 np0000004463 devstack@placement-api.service[89902]: DEBUG placement.objects.research_context [req-b3f596fc-11f5-4754-9f0d-3c8607bd2a97 req-dfc0517a-edde-4d14-9ca3-c3a4f41db511 service nova] getting providers with 192 MEMORY_MB {{(pid=89902) __init__ /opt/stack/placement/placement/objects/research_context.py:137}}
Jul 03 20:35:07.945359 np0000004463 devstack@placement-api.service[89902]: DEBUG placement.objects.research_context [req-b3f596fc-11f5-4754-9f0d-3c8607bd2a97 req-dfc0517a-edde-4d14-9ca3-c3a4f41db511 service nova] getting providers with 1 VCPU {{(pid=89902) __init__ /opt/stack/placement/placement/objects/research_context.py:137}}
Jul 03 20:35:07.948933 np0000004463 devstack@placement-api.service[89902]: DEBUG placement.objects.research_context [req-b3f596fc-11f5-4754-9f0d-3c8607bd2a97 req-dfc0517a-edde-4d14-9ca3-c3a4f41db511 service nova] found 1 providers with available 192 MEMORY_MB {{(pid=89902) get_provider_ids_matching /opt/stack/placement/placement/objects/research_context.py:563}}
Jul 03 20:35:07.949043 np0000004463 devstack@placement-api.service[89902]: DEBUG placement.objects.research_context [req-b3f596fc-11f5-4754-9f0d-3c8607bd2a97 req-dfc0517a-edde-4d14-9ca3-c3a4f41db511 service nova] found 1 providers with available 1 VCPU {{(pid=89902) get_provider_ids_matching /opt/stack/placement/placement/objects/research_context.py:563}}
Jul 03 20:35:07.949194 np0000004463 devstack@placement-api.service[89902]: DEBUG placement.objects.research_context [req-b3f596fc-11f5-4754-9f0d-3c8607bd2a97 req-dfc0517a-edde-4d14-9ca3-c3a4f41db511 service nova] found 1 providers after filtering by previous result {{(pid=89902) get_provider_ids_matching /opt/stack/placement/placement/objects/research_context.py:594}}
Jul 03 20:35:07.956152 np0000004463 devstack@placement-api.service[89902]: DEBUG placement.objects.allocation_candidate [req-b3f596fc-11f5-4754-9f0d-3c8607bd2a97 req-dfc0517a-edde-4d14-9ca3-c3a4f41db511 service nova] RequestGroup(use_same_provider=False, resources={MEMORY_MB:192, VCPU:1}, traits=(), aggregates=[]) (suffix '') returned 1 matches {{(pid=89902) _get_by_requests /opt/stack/placement/placement/objects/allocation_candidate.py:158}}
Jul 03 20:35:07.956300 np0000004463 devstack@placement-api.service[89902]: DEBUG placement.objects.allocation_candidate [req-b3f596fc-11f5-4754-9f0d-3c8607bd2a97 req-dfc0517a-edde-4d14-9ca3-c3a4f41db511 service nova] Merging candidates yields 1 allocation requests and 1 provider summaries {{(pid=89902) _merge_candidates /opt/stack/placement/placement/objects/allocation_candidate.py:908}}
Jul 03 20:35:07.958249 np0000004463 devstack@placement-api.service[89902]: INFO placement.requestlog [req-b3f596fc-11f5-4754-9f0d-3c8607bd2a97 req-dfc0517a-edde-4d14-9ca3-c3a4f41db511 service nova] 10.4.3.33 "GET /placement/allocation_candidates?limit=1000&resources=MEMORY_MB%3A192%2CVCPU%3A1&root_required=%21COMPUTE_STATUS_DISABLED" status: 200 len: 2478 microversion: 1.36
Jul 03 20:35:07.958592 np0000004463 devstack@placement-api.service[89902]: [pid: 89902|app: 0|req: 518/1547] 10.4.3.33 () {68 vars in 1590 bytes} [Fri Jul 3 20:35:07 2026] GET /placement/allocation_candidates?limit=1000&resources=MEMORY_MB%3A192%2CVCPU%3A1&root_required=%21COMPUTE_STATUS_DISABLED => generated 2478 bytes in 42 msecs (HTTP/1.1 200) 8 headers in 297 bytes (1 switches on core 0)
Jul 03 20:35:08.017376 np0000004463 devstack@placement-api.service[89900]: DEBUG placement.requestlog [req-b3f596fc-11f5-4754-9f0d-3c8607bd2a97 req-f283cb64-3bdb-420e-a931-362fb4e3c043 None None] Starting request: 10.4.3.33 "GET /placement/allocations/af771a76-1bd0-404b-9fa8-5ee4732b0ec6" {{(pid=89900) __call__ /opt/stack/placement/placement/requestlog.py:55}}
Jul 03 20:35:08.023462 np0000004463 devstack@placement-api.service[89900]: INFO placement.requestlog [req-b3f596fc-11f5-4754-9f0d-3c8607bd2a97 req-f283cb64-3bdb-420e-a931-362fb4e3c043 service nova] 10.4.3.33 "GET /placement/allocations/af771a76-1bd0-404b-9fa8-5ee4732b0ec6" status: 200 len: 19 microversion: 1.28
Jul 03 20:35:08.023711 np0000004463 devstack@placement-api.service[89900]: [pid: 89900|app: 0|req: 515/1548] 10.4.3.33 () {68 vars in 1494 bytes} [Fri Jul 3 20:35:08 2026] GET /placement/allocations/af771a76-1bd0-404b-9fa8-5ee4732b0ec6 => generated 19 bytes in 6 msecs (HTTP/1.1 200) 8 headers in 295 bytes (1 switches on core 0)
