May 13 15:41:15.785428 np0000000711 devstack@g-api.service[101618]: DEBUG glance.api.middleware.version_negotiation [None req-d46919a7-e73f-4a5e-afb8-06a14b2ddb6c tempest-VolumesImageMetadata-1761802266 tempest-VolumesImageMetadata-1761802266-project-member] Determining version of request: DELETE /v2/images/6eb01c98-0aa8-42ba-93c3-cd40e667e189 Accept: application/json {{(pid=101618) process_request /opt/stack/glance/glance/api/middleware/version_negotiation.py:44}}
May 13 15:41:15.785655 np0000000711 devstack@g-api.service[101618]: DEBUG glance.api.middleware.version_negotiation [None req-d46919a7-e73f-4a5e-afb8-06a14b2ddb6c tempest-VolumesImageMetadata-1761802266 tempest-VolumesImageMetadata-1761802266-project-member] Using url versioning {{(pid=101618) process_request /opt/stack/glance/glance/api/middleware/version_negotiation.py:57}}
May 13 15:41:15.787192 np0000000711 devstack@g-api.service[101618]: DEBUG glance.api.middleware.version_negotiation [None req-d46919a7-e73f-4a5e-afb8-06a14b2ddb6c tempest-VolumesImageMetadata-1761802266 tempest-VolumesImageMetadata-1761802266-project-member] Matched version: v2 {{(pid=101618) process_request /opt/stack/glance/glance/api/middleware/version_negotiation.py:69}}
May 13 15:41:15.787942 np0000000711 devstack@g-api.service[101618]: DEBUG glance.api.middleware.version_negotiation [None req-d46919a7-e73f-4a5e-afb8-06a14b2ddb6c tempest-VolumesImageMetadata-1761802266 tempest-VolumesImageMetadata-1761802266-project-member] new path /v2/images/6eb01c98-0aa8-42ba-93c3-cd40e667e189 {{(pid=101618) process_request /opt/stack/glance/glance/api/middleware/version_negotiation.py:70}}
May 13 15:41:15.800366 np0000000711 devstack@g-api.service[101618]: WARNING glance.api.v2.images [None req-d042f616-15d5-409e-8a4e-28a1de742fb2 tempest-VolumesActionsTest-1915848651 tempest-VolumesActionsTest-1915848651-project-member] After upload to backend, deletion of staged image data has failed because it cannot be found at /tmp/staging//6eb01c98-0aa8-42ba-93c3-cd40e667e189
May 13 15:41:15.801088 np0000000711 devstack@g-api.service[101618]: DEBUG glance_store.backend [None req-d042f616-15d5-409e-8a4e-28a1de742fb2 tempest-VolumesActionsTest-1915848651 tempest-VolumesActionsTest-1915848651-project-member] Attempting to import store swift {{(pid=101618) _load_store /opt/stack/data/venv/lib/python3.12/site-packages/glance_store/backend.py:215}}
May 13 15:41:15.804132 np0000000711 devstack@g-api.service[101618]: DEBUG glance_store.capabilities [None req-d042f616-15d5-409e-8a4e-28a1de742fb2 tempest-VolumesActionsTest-1915848651 tempest-VolumesActionsTest-1915848651-project-member] Store glance_store._drivers.swift.store.SingleTenantStore doesn't support updating dynamic storage capabilities. Please overwrite 'update_capabilities' method of the store to implement updating logics if needed. {{(pid=101618) update_capabilities /opt/stack/data/venv/lib/python3.12/site-packages/glance_store/capabilities.py:91}}
May 13 15:41:15.804238 np0000000711 devstack@g-api.service[101618]: DEBUG glance_store.driver [None req-d042f616-15d5-409e-8a4e-28a1de742fb2 tempest-VolumesActionsTest-1915848651 tempest-VolumesActionsTest-1915848651-project-member] Late loading location class glance_store._drivers.swift.store.StoreLocation {{(pid=101618) get_store_location_class /opt/stack/data/venv/lib/python3.12/site-packages/glance_store/driver.py:134}}
May 13 15:41:15.804347 np0000000711 devstack@g-api.service[101618]: DEBUG glance_store.location [None req-d042f616-15d5-409e-8a4e-28a1de742fb2 tempest-VolumesActionsTest-1915848651 tempest-VolumesActionsTest-1915848651-project-member] Registering scheme swift+https with {'store': , 'location_class': , 'store_entry': 'swift'} {{(pid=101618) register_scheme_map /opt/stack/data/venv/lib/python3.12/site-packages/glance_store/location.py:146}}
May 13 15:41:15.804470 np0000000711 devstack@g-api.service[101618]: DEBUG glance_store.location [None req-d042f616-15d5-409e-8a4e-28a1de742fb2 tempest-VolumesActionsTest-1915848651 tempest-VolumesActionsTest-1915848651-project-member] Registering scheme swift+https with {'store': , 'location_class': , 'store_entry': 'swift'} {{(pid=101618) register_scheme_map /opt/stack/data/venv/lib/python3.12/site-packages/glance_store/location.py:146}}
May 13 15:41:15.804580 np0000000711 devstack@g-api.service[101618]: DEBUG glance_store.location [None req-d042f616-15d5-409e-8a4e-28a1de742fb2 tempest-VolumesActionsTest-1915848651 tempest-VolumesActionsTest-1915848651-project-member] Registering scheme swift with {'store': , 'location_class': , 'store_entry': 'swift'} {{(pid=101618) register_scheme_map /opt/stack/data/venv/lib/python3.12/site-packages/glance_store/location.py:146}}
May 13 15:41:15.804661 np0000000711 devstack@g-api.service[101618]: DEBUG glance_store.location [None req-d042f616-15d5-409e-8a4e-28a1de742fb2 tempest-VolumesActionsTest-1915848651 tempest-VolumesActionsTest-1915848651-project-member] Registering scheme swift+https with {'store': , 'location_class': , 'store_entry': 'swift'} {{(pid=101618) register_scheme_map /opt/stack/data/venv/lib/python3.12/site-packages/glance_store/location.py:146}}
May 13 15:41:15.804857 np0000000711 devstack@g-api.service[101618]: DEBUG glance_store.location [None req-d042f616-15d5-409e-8a4e-28a1de742fb2 tempest-VolumesActionsTest-1915848651 tempest-VolumesActionsTest-1915848651-project-member] Registering scheme swift with {'store': , 'location_class': , 'store_entry': 'swift'} {{(pid=101618) register_scheme_map /opt/stack/data/venv/lib/python3.12/site-packages/glance_store/location.py:146}}
May 13 15:41:15.804949 np0000000711 devstack@g-api.service[101618]: DEBUG glance_store.location [None req-d042f616-15d5-409e-8a4e-28a1de742fb2 tempest-VolumesActionsTest-1915848651 tempest-VolumesActionsTest-1915848651-project-member] Registering scheme swift+http with {'store': , 'location_class': , 'store_entry': 'swift'} {{(pid=101618) register_scheme_map /opt/stack/data/venv/lib/python3.12/site-packages/glance_store/location.py:146}}
May 13 15:41:15.805074 np0000000711 devstack@g-api.service[101618]: DEBUG glance_store.location [None req-d042f616-15d5-409e-8a4e-28a1de742fb2 tempest-VolumesActionsTest-1915848651 tempest-VolumesActionsTest-1915848651-project-member] Registering scheme swift+https with {'store': , 'location_class': , 'store_entry': 'swift'} {{(pid=101618) register_scheme_map /opt/stack/data/venv/lib/python3.12/site-packages/glance_store/location.py:146}}
May 13 15:41:15.805158 np0000000711 devstack@g-api.service[101618]: DEBUG glance_store.location [None req-d042f616-15d5-409e-8a4e-28a1de742fb2 tempest-VolumesActionsTest-1915848651 tempest-VolumesActionsTest-1915848651-project-member] Registering scheme swift with {'store': , 'location_class': , 'store_entry': 'swift'} {{(pid=101618) register_scheme_map /opt/stack/data/venv/lib/python3.12/site-packages/glance_store/location.py:146}}
May 13 15:41:15.805812 np0000000711 devstack@g-api.service[101618]: DEBUG glance_store.location [None req-d042f616-15d5-409e-8a4e-28a1de742fb2 tempest-VolumesActionsTest-1915848651 tempest-VolumesActionsTest-1915848651-project-member] Registering scheme swift+http with {'store': , 'location_class': , 'store_entry': 'swift'} {{(pid=101618) register_scheme_map /opt/stack/data/venv/lib/python3.12/site-packages/glance_store/location.py:146}}
May 13 15:41:15.805812 np0000000711 devstack@g-api.service[101618]: DEBUG glance_store.location [None req-d042f616-15d5-409e-8a4e-28a1de742fb2 tempest-VolumesActionsTest-1915848651 tempest-VolumesActionsTest-1915848651-project-member] Registering scheme swift+config with {'store': , 'location_class': , 'store_entry': 'swift'} {{(pid=101618) register_scheme_map /opt/stack/data/venv/lib/python3.12/site-packages/glance_store/location.py:146}}
May 13 15:41:15.807368 np0000000711 devstack@g-api.service[101618]: DEBUG keystoneclient.auth.identity.v3.base [None req-d042f616-15d5-409e-8a4e-28a1de742fb2 tempest-VolumesActionsTest-1915848651 tempest-VolumesActionsTest-1915848651-project-member] Making authentication request to https://10.4.3.77/identity/v3/auth/tokens {{(pid=101618) get_auth_ref /opt/stack/data/venv/lib/python3.12/site-packages/keystoneclient/auth/identity/v3/base.py:185}}
May 13 15:41:15.839744 np0000000711 devstack@g-api.service[101618]: DEBUG keystoneclient.auth.identity.v3.base [None req-d042f616-15d5-409e-8a4e-28a1de742fb2 tempest-VolumesActionsTest-1915848651 tempest-VolumesActionsTest-1915848651-project-member] {"token": {"methods": ["password"], "user": {"domain": {"id": "default", "name": "Default"}, "id": "cd194c1317294523a7d2a0abb8e17097", "name": "glance-swift", "password_expires_at": null}, "audit_ids": ["a-TuwYdbR6-gONs0VnfYWA"], "expires_at": "2026-05-13T16:41:15.000000Z", "issued_at": "2026-05-13T15:41:15.000000Z", "project": {"domain": {"id": "default", "name": "Default"}, "id": "39aa0be213f04733a83b96e798b67fd5", "name": "service"}, "is_domain": false, "roles": [{"id": "6189dc0e2503475c89198c5553b0dabd", "name": "service"}, {"id": "eab3856c83ff41f38a474b377340f393", "name": "ResellerAdmin"}], "catalog": [{"endpoints": [{"id": "cc0dc422c5da49869130dde8f46c8b07", "interface": "public", "region_id": "RegionOne", "url": "https://10.4.3.77/compute/v2.1", "region": "RegionOne"}], "id": "552fec7e3f704e9589fdb00daa6393d2", "type": "compute", "name": "nova"}, {"endpoints": [{"id": "4b0d9006e25f4e0d94a3949ab0c6747d", "interface": "public", "region_id": "RegionOne", "url": "https://10.4.3.77/volume/v3", "region": "RegionOne"}], "id": "983e290ca03b4da497e6e0b724c23af1", "type": "block-storage", "name": "cinder"}, {"endpoints": [{"id": "4e5ea4e7cb5e4e8690771ecd02af950a", "interface": "public", "region_id": "RegionOne", "url": "https://10.4.3.77/compute/v2/39aa0be213f04733a83b96e798b67fd5", "region": "RegionOne"}], "id": "9eb3ea1bdc6a409294bc798ed4c07232", "type": "compute_legacy", "name": "nova_legacy"}, {"endpoints": [{"id": "35b92b7f97b84b82a44e0530fc2ae0e1", "interface": "public", "region_id": "RegionOne", "url": "https://10.4.3.77:8080/v1/AUTH_39aa0be213f04733a83b96e798b67fd5", "region": "RegionOne"}, {"id": "e715687b56704a989b771086a79c2336", "interface": "admin", "region_id": "RegionOne", "url": "https://10.4.3.77:8080", "region": "RegionOne"}], "id": "ab21fd44c39242af9b7033f2c163cdb8", "type": "object-store", "name": "swift"}, {"endpoints": [{"id": "db0ffa80f8c84b778c260e567772124b", "interface": "public", "region_id": "RegionOne", "url": "https://10.4.3.77/networking", "region": "RegionOne"}], "id": "b220e2aa8afb40f587ba309820b292af", "type": "network", "name": "neutron"}, {"endpoints": [{"id": "9c3c9577b2a649789093a86e98e28aab", "interface": "public", "region_id": "RegionOne", "url": "https://10.4.3.77/identity", "region": "RegionOne"}], "id": "c3b039ba3a9946459c8195decdef53f3", "type": "identity", "name": "keystone"}, {"endpoints": [{"id": "949aad9d62964bd6903ee0dc7f67145f", "interface": "public", "region_id": "RegionOne", "url": "https://10.4.3.77/placement", "region": "RegionOne"}], "id": "c5147580c33e4ae1a56ed385d1324ebf", "type": "placement", "name": "placement"}, {"endpoints": [{"id": "bbb174f8e5314c5f8c4e1f54057dbba4", "interface": "public", "region_id": "RegionOne", "url": "https://10.4.3.77/image", "region": "RegionOne"}], "id": "cdde662da8d14aab8d53fc38eeb827f6", "type": "image", "name": "glance"}]}} {{(pid=101618) get_auth_ref /opt/stack/data/venv/lib/python3.12/site-packages/keystoneclient/auth/identity/v3/base.py:190}}
May 13 15:41:15.840241 np0000000711 devstack@g-api.service[101618]: DEBUG keystoneclient.httpclient [None req-d042f616-15d5-409e-8a4e-28a1de742fb2 tempest-VolumesActionsTest-1915848651 tempest-VolumesActionsTest-1915848651-project-member] Failed to find endpoint for management url admin endpoint for identity service not found {{(pid=101618) _process_management_url /opt/stack/data/venv/lib/python3.12/site-packages/keystoneclient/httpclient.py:670}}
May 13 15:41:15.901385 np0000000711 devstack@g-api.service[101618]: DEBUG swiftclient [None req-d042f616-15d5-409e-8a4e-28a1de742fb2 tempest-VolumesActionsTest-1915848651 tempest-VolumesActionsTest-1915848651-project-member] REQ: curl -i https://10.4.3.77:8080/v1/AUTH_39aa0be213f04733a83b96e798b67fd5/glance/6eb01c98-0aa8-42ba-93c3-cd40e667e189 -I -H "X-Auth-Token: gAAAAABqBJubUuk9..." {{(pid=101618) http_log /opt/stack/data/venv/lib/python3.12/site-packages/swiftclient/client.py:160}}
May 13 15:41:15.901664 np0000000711 devstack@g-api.service[101618]: DEBUG swiftclient [None req-d042f616-15d5-409e-8a4e-28a1de742fb2 tempest-VolumesActionsTest-1915848651 tempest-VolumesActionsTest-1915848651-project-member] RESP STATUS: 200 OK {{(pid=101618) http_log /opt/stack/data/venv/lib/python3.12/site-packages/swiftclient/client.py:161}}
May 13 15:41:15.902336 np0000000711 devstack@g-api.service[101618]: DEBUG swiftclient [None req-d042f616-15d5-409e-8a4e-28a1de742fb2 tempest-VolumesActionsTest-1915848651 tempest-VolumesActionsTest-1915848651-project-member] RESP HEADERS: {'Date': 'Wed, 13 May 2026 15:41:15 GMT', 'Server': 'Apache/2.4.58 (Ubuntu)', 'Content-Type': 'application/octet-stream', 'Content-Length': '1073741824', 'X-Object-Manifest': 'glance/6eb01c98-0aa8-42ba-93c3-cd40e667e189-', 'Last-Modified': 'Wed, 13 May 2026 15:40:59 GMT', 'X-Timestamp': '1778686858.47176', 'Accept-Ranges': 'bytes', 'Etag': '"e2b666a07d254dcd948713f72f2c28d8"', 'X-Trans-Id': 'tx21367337257b4c11b18b6-006a049b9b', 'X-Openstack-Request-Id': 'tx21367337257b4c11b18b6-006a049b9b', 'Connection': 'close'} {{(pid=101618) http_log /opt/stack/data/venv/lib/python3.12/site-packages/swiftclient/client.py:162}}
May 13 15:41:15.904460 np0000000711 devstack@g-api.service[101620]: DEBUG glance.api.middleware.version_negotiation [None req-d46919a7-e73f-4a5e-afb8-06a14b2ddb6c tempest-VolumesImageMetadata-1761802266 tempest-VolumesImageMetadata-1761802266-project-member] Determining version of request: GET /versions Accept: */* {{(pid=101620) process_request /opt/stack/glance/glance/api/middleware/version_negotiation.py:44}}
May 13 15:41:15.906482 np0000000711 devstack@g-api.service[101620]: [pid: 101620|app: 0|req: 127/400] 127.0.0.1 () {44 vars in 1035 bytes} [Wed May 13 15:41:15 2026] GET /versions => generated 1394 bytes in 1 msecs (HTTP/1.1 200) 3 headers in 92 bytes (1 switches on core 0)
May 13 15:41:15.912875 np0000000711 devstack@g-api.service[101619]: DEBUG glance.api.middleware.version_negotiation [None req-b1d13a4b-fe46-46d3-8195-90733d6753b5 tempest-VolumesActionsTest-1915848651 tempest-VolumesActionsTest-1915848651-project-member] Determining version of request: GET /v2/images/fe2c4286-8bf4-4753-a74f-6a9e1c0634db/locations Accept: */* {{(pid=101619) process_request /opt/stack/glance/glance/api/middleware/version_negotiation.py:44}}
May 13 15:41:15.913059 np0000000711 devstack@g-api.service[101619]: DEBUG glance.api.middleware.version_negotiation [None req-b1d13a4b-fe46-46d3-8195-90733d6753b5 tempest-VolumesActionsTest-1915848651 tempest-VolumesActionsTest-1915848651-project-member] Using url versioning {{(pid=101619) process_request /opt/stack/glance/glance/api/middleware/version_negotiation.py:57}}
May 13 15:41:15.913968 np0000000711 devstack@g-api.service[101619]: DEBUG glance.api.middleware.version_negotiation [None req-b1d13a4b-fe46-46d3-8195-90733d6753b5 tempest-VolumesActionsTest-1915848651 tempest-VolumesActionsTest-1915848651-project-member] Matched version: v2 {{(pid=101619) process_request /opt/stack/glance/glance/api/middleware/version_negotiation.py:69}}
May 13 15:41:15.913968 np0000000711 devstack@g-api.service[101619]: DEBUG glance.api.middleware.version_negotiation [None req-b1d13a4b-fe46-46d3-8195-90733d6753b5 tempest-VolumesActionsTest-1915848651 tempest-VolumesActionsTest-1915848651-project-member] new path /v2/images/fe2c4286-8bf4-4753-a74f-6a9e1c0634db/locations {{(pid=101619) process_request /opt/stack/glance/glance/api/middleware/version_negotiation.py:70}}
May 13 15:41:15.926380 np0000000711 devstack@g-api.service[101618]: DEBUG swiftclient [None req-d042f616-15d5-409e-8a4e-28a1de742fb2 tempest-VolumesActionsTest-1915848651 tempest-VolumesActionsTest-1915848651-project-member] REQ: curl -i https://10.4.3.77:8080/v1/AUTH_39aa0be213f04733a83b96e798b67fd5/glance?format=json&prefix=6eb01c98-0aa8-42ba-93c3-cd40e667e189- -X GET -H "X-Auth-Token: gAAAAABqBJubUuk9..." -H "Accept-Encoding: gzip" {{(pid=101618) http_log /opt/stack/data/venv/lib/python3.12/site-packages/swiftclient/client.py:160}}
May 13 15:41:15.926380 np0000000711 devstack@g-api.service[101618]: DEBUG swiftclient [None req-d042f616-15d5-409e-8a4e-28a1de742fb2 tempest-VolumesActionsTest-1915848651 tempest-VolumesActionsTest-1915848651-project-member] RESP STATUS: 200 OK {{(pid=101618) http_log /opt/stack/data/venv/lib/python3.12/site-packages/swiftclient/client.py:161}}
May 13 15:41:15.926380 np0000000711 devstack@g-api.service[101618]: DEBUG swiftclient [None req-d042f616-15d5-409e-8a4e-28a1de742fb2 tempest-VolumesActionsTest-1915848651 tempest-VolumesActionsTest-1915848651-project-member] RESP HEADERS: {'Date': 'Wed, 13 May 2026 15:41:15 GMT', 'Server': 'Apache/2.4.58 (Ubuntu)', 'Content-Type': 'application/json; charset=utf-8', 'Content-Length': '1265', 'X-Container-Object-Count': '12', 'X-Container-Bytes-Used': '1191706624', 'X-Timestamp': '1778686327.79910', 'Last-Modified': 'Wed, 13 May 2026 15:32:08 GMT', 'Accept-Ranges': 'bytes', 'X-Storage-Policy': 'Policy-0', 'X-Container-Sharding': 'False', 'X-Trans-Id': 'tx1f1a49a2a71f493dab75f-006a049b9b', 'X-Openstack-Request-Id': 'tx1f1a49a2a71f493dab75f-006a049b9b', 'Connection': 'close'} {{(pid=101618) http_log /opt/stack/data/venv/lib/python3.12/site-packages/swiftclient/client.py:162}}
May 13 15:41:15.926608 np0000000711 devstack@g-api.service[101618]: DEBUG swiftclient [None req-d042f616-15d5-409e-8a4e-28a1de742fb2 tempest-VolumesActionsTest-1915848651 tempest-VolumesActionsTest-1915848651-project-member] RESP BODY: b'[{"bytes": 204800000, "hash": "eda9a9889837ac4bc81d6387d92c1bec", "name": "6eb01c98-0aa8-42ba-93c3-cd40e667e189-00001", "content_type": "application/octet-stream", "last_modified": "2026-05-13T15:40:46.805680"}, {"bytes": 204800000, "hash": "eda9a9889837ac4bc81d6387d92c1bec", "name": "6eb01c98-0aa8-42ba-93c3-cd40e667e189-00002", "content_type": "application/octet-stream", "last_modified": "2026-05-13T15:40:48.840100"}, {"bytes": 204800000, "hash": "eda9a9889837ac4bc81d6387d92c1bec", "name": "6eb01c98-0aa8-42ba-93c3-cd40e667e189-00003", "content_type": "application/octet-stream", "last_modified": "2026-05-13T15:40:50.842270"}, {"bytes": 204800000, "hash": "eda9a9889837ac4bc81d6387d92c1bec", "name": "6eb01c98-0aa8-42ba-93c3-cd40e667e189-00004", "content_type": "application/octet-stream", "last_modified": "2026-05-13T15:40:53.059700"}, {"bytes": 204800000, "hash": "eda9a9889837ac4bc81d6387d92c1bec", "name": "6eb01c98-0aa8-42ba-93c3-cd40e667e189-00005", "content_type": "application/octet-stream", "last_modified": "2026-05-13T15:40:55.440520"}, {"bytes": 49741824, "hash": "708761f3b8777ec77058e63da08eeeb6", "name": "6eb01c98-0aa8-42ba-93c3-cd40e667e189-00006", "content_type": "application/octet-stream", "last_modified": "2026-05-13T15:40:57.884870"}]' {{(pid=101618) http_log /opt/stack/data/venv/lib/python3.12/site-packages/swiftclient/client.py:166}}
May 13 15:41:15.958700 np0000000711 devstack@g-api.service[101618]: DEBUG swiftclient [None req-d042f616-15d5-409e-8a4e-28a1de742fb2 tempest-VolumesActionsTest-1915848651 tempest-VolumesActionsTest-1915848651-project-member] REQ: curl -i https://10.4.3.77:8080/v1/AUTH_39aa0be213f04733a83b96e798b67fd5/glance/6eb01c98-0aa8-42ba-93c3-cd40e667e189-00001 DELETE -H "X-Auth-Token: gAAAAABqBJubUuk9..." {{(pid=101618) http_log /opt/stack/data/venv/lib/python3.12/site-packages/swiftclient/client.py:160}}
May 13 15:41:15.958700 np0000000711 devstack@g-api.service[101618]: DEBUG swiftclient [None req-d042f616-15d5-409e-8a4e-28a1de742fb2 tempest-VolumesActionsTest-1915848651 tempest-VolumesActionsTest-1915848651-project-member] RESP STATUS: 204 No Content {{(pid=101618) http_log /opt/stack/data/venv/lib/python3.12/site-packages/swiftclient/client.py:161}}
May 13 15:41:15.958700 np0000000711 devstack@g-api.service[101618]: DEBUG swiftclient [None req-d042f616-15d5-409e-8a4e-28a1de742fb2 tempest-VolumesActionsTest-1915848651 tempest-VolumesActionsTest-1915848651-project-member] RESP HEADERS: {'Date': 'Wed, 13 May 2026 15:41:15 GMT', 'Server': 'Apache/2.4.58 (Ubuntu)', 'Content-Type': 'text/html; charset=UTF-8', 'X-Trans-Id': 'txacb8f196c7c942fdb5386-006a049b9b', 'X-Openstack-Request-Id': 'txacb8f196c7c942fdb5386-006a049b9b', 'Connection': 'close'} {{(pid=101618) http_log /opt/stack/data/venv/lib/python3.12/site-packages/swiftclient/client.py:162}}
May 13 15:41:15.991928 np0000000711 devstack@g-api.service[101618]: DEBUG swiftclient [None req-d042f616-15d5-409e-8a4e-28a1de742fb2 tempest-VolumesActionsTest-1915848651 tempest-VolumesActionsTest-1915848651-project-member] REQ: curl -i https://10.4.3.77:8080/v1/AUTH_39aa0be213f04733a83b96e798b67fd5/glance/6eb01c98-0aa8-42ba-93c3-cd40e667e189-00002 DELETE -H "X-Auth-Token: gAAAAABqBJubUuk9..." {{(pid=101618) http_log /opt/stack/data/venv/lib/python3.12/site-packages/swiftclient/client.py:160}}
May 13 15:41:15.992299 np0000000711 devstack@g-api.service[101618]: DEBUG swiftclient [None req-d042f616-15d5-409e-8a4e-28a1de742fb2 tempest-VolumesActionsTest-1915848651 tempest-VolumesActionsTest-1915848651-project-member] RESP STATUS: 204 No Content {{(pid=101618) http_log /opt/stack/data/venv/lib/python3.12/site-packages/swiftclient/client.py:161}}
May 13 15:41:15.992427 np0000000711 devstack@g-api.service[101618]: DEBUG swiftclient [None req-d042f616-15d5-409e-8a4e-28a1de742fb2 tempest-VolumesActionsTest-1915848651 tempest-VolumesActionsTest-1915848651-project-member] RESP HEADERS: {'Date': 'Wed, 13 May 2026 15:41:15 GMT', 'Server': 'Apache/2.4.58 (Ubuntu)', 'Content-Type': 'text/html; charset=UTF-8', 'X-Trans-Id': 'tx1d27cd74396d4538b8d80-006a049b9b', 'X-Openstack-Request-Id': 'tx1d27cd74396d4538b8d80-006a049b9b', 'Connection': 'close'} {{(pid=101618) http_log /opt/stack/data/venv/lib/python3.12/site-packages/swiftclient/client.py:162}}
May 13 15:41:16.000446 np0000000711 devstack@g-api.service[101619]: [pid: 101619|app: 0|req: 135/401] 127.0.0.1 () {44 vars in 1131 bytes} [Wed May 13 15:41:15 2026] GET /v2/images/fe2c4286-8bf4-4753-a74f-6a9e1c0634db/locations => generated 92 bytes in 88 msecs (HTTP/1.1 200) 4 headers in 156 bytes (1 switches on core 0)
May 13 15:41:16.016534 np0000000711 devstack@g-api.service[101620]: DEBUG glance.api.middleware.version_negotiation [None req-d46919a7-e73f-4a5e-afb8-06a14b2ddb6c tempest-VolumesImageMetadata-1761802266 tempest-VolumesImageMetadata-1761802266-project-member] Determining version of request: GET /v2/images/fe2c4286-8bf4-4753-a74f-6a9e1c0634db Accept: */* {{(pid=101620) process_request /opt/stack/glance/glance/api/middleware/version_negotiation.py:44}}
May 13 15:41:16.016658 np0000000711 devstack@g-api.service[101620]: DEBUG glance.api.middleware.version_negotiation [None req-d46919a7-e73f-4a5e-afb8-06a14b2ddb6c tempest-VolumesImageMetadata-1761802266 tempest-VolumesImageMetadata-1761802266-project-member] Using url versioning {{(pid=101620) process_request /opt/stack/glance/glance/api/middleware/version_negotiation.py:57}}
May 13 15:41:16.017289 np0000000711 devstack@g-api.service[101620]: DEBUG glance.api.middleware.version_negotiation [None req-d46919a7-e73f-4a5e-afb8-06a14b2ddb6c tempest-VolumesImageMetadata-1761802266 tempest-VolumesImageMetadata-1761802266-project-member] Matched version: v2 {{(pid=101620) process_request /opt/stack/glance/glance/api/middleware/version_negotiation.py:69}}
May 13 15:41:16.017289 np0000000711 devstack@g-api.service[101620]: DEBUG glance.api.middleware.version_negotiation [None req-d46919a7-e73f-4a5e-afb8-06a14b2ddb6c tempest-VolumesImageMetadata-1761802266 tempest-VolumesImageMetadata-1761802266-project-member] new path /v2/images/fe2c4286-8bf4-4753-a74f-6a9e1c0634db {{(pid=101620) process_request /opt/stack/glance/glance/api/middleware/version_negotiation.py:70}}
May 13 15:41:16.021425 np0000000711 devstack@g-api.service[101618]: DEBUG swiftclient [None req-d042f616-15d5-409e-8a4e-28a1de742fb2 tempest-VolumesActionsTest-1915848651 tempest-VolumesActionsTest-1915848651-project-member] REQ: curl -i https://10.4.3.77:8080/v1/AUTH_39aa0be213f04733a83b96e798b67fd5/glance/6eb01c98-0aa8-42ba-93c3-cd40e667e189-00003 DELETE -H "X-Auth-Token: gAAAAABqBJubUuk9..." {{(pid=101618) http_log /opt/stack/data/venv/lib/python3.12/site-packages/swiftclient/client.py:160}}
May 13 15:41:16.021595 np0000000711 devstack@g-api.service[101618]: DEBUG swiftclient [None req-d042f616-15d5-409e-8a4e-28a1de742fb2 tempest-VolumesActionsTest-1915848651 tempest-VolumesActionsTest-1915848651-project-member] RESP STATUS: 204 No Content {{(pid=101618) http_log /opt/stack/data/venv/lib/python3.12/site-packages/swiftclient/client.py:161}}
May 13 15:41:16.021783 np0000000711 devstack@g-api.service[101618]: DEBUG swiftclient [None req-d042f616-15d5-409e-8a4e-28a1de742fb2 tempest-VolumesActionsTest-1915848651 tempest-VolumesActionsTest-1915848651-project-member] RESP HEADERS: {'Date': 'Wed, 13 May 2026 15:41:16 GMT', 'Server': 'Apache/2.4.58 (Ubuntu)', 'Content-Type': 'text/html; charset=UTF-8', 'X-Trans-Id': 'txa6ce6d3c83c34cdcadf58-006a049b9b', 'X-Openstack-Request-Id': 'txa6ce6d3c83c34cdcadf58-006a049b9b', 'Connection': 'close'} {{(pid=101618) http_log /opt/stack/data/venv/lib/python3.12/site-packages/swiftclient/client.py:162}}
May 13 15:41:16.031726 np0000000711 devstack@g-api.service[101620]: [pid: 101620|app: 0|req: 128/402] 127.0.0.1 () {44 vars in 1111 bytes} [Wed May 13 15:41:16 2026] GET /v2/images/fe2c4286-8bf4-4753-a74f-6a9e1c0634db => generated 1044 bytes in 15 msecs (HTTP/1.1 200) 4 headers in 158 bytes (1 switches on core 0)
May 13 15:41:16.044548 np0000000711 devstack@g-api.service[101619]: DEBUG glance.api.middleware.version_negotiation [None req-d46919a7-e73f-4a5e-afb8-06a14b2ddb6c service glance] Determining version of request: GET /v2/schemas/image Accept: */* {{(pid=101619) process_request /opt/stack/glance/glance/api/middleware/version_negotiation.py:44}}
May 13 15:41:16.044548 np0000000711 devstack@g-api.service[101619]: DEBUG glance.api.middleware.version_negotiation [None req-d46919a7-e73f-4a5e-afb8-06a14b2ddb6c service glance] Using url versioning {{(pid=101619) process_request /opt/stack/glance/glance/api/middleware/version_negotiation.py:57}}
May 13 15:41:16.044548 np0000000711 devstack@g-api.service[101619]: DEBUG glance.api.middleware.version_negotiation [None req-d46919a7-e73f-4a5e-afb8-06a14b2ddb6c service glance] Matched version: v2 {{(pid=101619) process_request /opt/stack/glance/glance/api/middleware/version_negotiation.py:69}}
May 13 15:41:16.044548 np0000000711 devstack@g-api.service[101619]: DEBUG glance.api.middleware.version_negotiation [None req-d46919a7-e73f-4a5e-afb8-06a14b2ddb6c service glance] new path /v2/schemas/image {{(pid=101619) process_request /opt/stack/glance/glance/api/middleware/version_negotiation.py:70}}
May 13 15:41:16.049616 np0000000711 devstack@g-api.service[101619]: [pid: 101619|app: 0|req: 136/403] 127.0.0.1 () {44 vars in 1051 bytes} [Wed May 13 15:41:16 2026] GET /v2/schemas/image => generated 6083 bytes in 8 msecs (HTTP/1.1 200) 4 headers in 158 bytes (1 switches on core 0)
May 13 15:41:16.050998 np0000000711 devstack@g-api.service[101618]: DEBUG swiftclient [None req-d042f616-15d5-409e-8a4e-28a1de742fb2 tempest-VolumesActionsTest-1915848651 tempest-VolumesActionsTest-1915848651-project-member] REQ: curl -i https://10.4.3.77:8080/v1/AUTH_39aa0be213f04733a83b96e798b67fd5/glance/6eb01c98-0aa8-42ba-93c3-cd40e667e189-00004 DELETE -H "X-Auth-Token: gAAAAABqBJubUuk9..." {{(pid=101618) http_log /opt/stack/data/venv/lib/python3.12/site-packages/swiftclient/client.py:160}}
May 13 15:41:16.051167 np0000000711 devstack@g-api.service[101618]: DEBUG swiftclient [None req-d042f616-15d5-409e-8a4e-28a1de742fb2 tempest-VolumesActionsTest-1915848651 tempest-VolumesActionsTest-1915848651-project-member] RESP STATUS: 204 No Content {{(pid=101618) http_log /opt/stack/data/venv/lib/python3.12/site-packages/swiftclient/client.py:161}}
May 13 15:41:16.051357 np0000000711 devstack@g-api.service[101618]: DEBUG swiftclient [None req-d042f616-15d5-409e-8a4e-28a1de742fb2 tempest-VolumesActionsTest-1915848651 tempest-VolumesActionsTest-1915848651-project-member] RESP HEADERS: {'Date': 'Wed, 13 May 2026 15:41:16 GMT', 'Server': 'Apache/2.4.58 (Ubuntu)', 'Content-Type': 'text/html; charset=UTF-8', 'X-Trans-Id': 'tx7e3619ffb628415ab980f-006a049b9c', 'X-Openstack-Request-Id': 'tx7e3619ffb628415ab980f-006a049b9c', 'Connection': 'close'} {{(pid=101618) http_log /opt/stack/data/venv/lib/python3.12/site-packages/swiftclient/client.py:162}}
May 13 15:41:16.061248 np0000000711 devstack@g-api.service[101620]: DEBUG glance.api.middleware.version_negotiation [None req-d46919a7-e73f-4a5e-afb8-06a14b2ddb6c tempest-VolumesImageMetadata-1761802266 tempest-VolumesImageMetadata-1761802266-project-member] Determining version of request: GET /v2/schemas/image Accept: */* {{(pid=101620) process_request /opt/stack/glance/glance/api/middleware/version_negotiation.py:44}}
May 13 15:41:16.061420 np0000000711 devstack@g-api.service[101620]: DEBUG glance.api.middleware.version_negotiation [None req-d46919a7-e73f-4a5e-afb8-06a14b2ddb6c tempest-VolumesImageMetadata-1761802266 tempest-VolumesImageMetadata-1761802266-project-member] Using url versioning {{(pid=101620) process_request /opt/stack/glance/glance/api/middleware/version_negotiation.py:57}}
May 13 15:41:16.061603 np0000000711 devstack@g-api.service[101620]: DEBUG glance.api.middleware.version_negotiation [None req-d46919a7-e73f-4a5e-afb8-06a14b2ddb6c tempest-VolumesImageMetadata-1761802266 tempest-VolumesImageMetadata-1761802266-project-member] Matched version: v2 {{(pid=101620) process_request /opt/stack/glance/glance/api/middleware/version_negotiation.py:69}}
May 13 15:41:16.061766 np0000000711 devstack@g-api.service[101620]: DEBUG glance.api.middleware.version_negotiation [None req-d46919a7-e73f-4a5e-afb8-06a14b2ddb6c tempest-VolumesImageMetadata-1761802266 tempest-VolumesImageMetadata-1761802266-project-member] new path /v2/schemas/image {{(pid=101620) process_request /opt/stack/glance/glance/api/middleware/version_negotiation.py:70}}
May 13 15:41:16.066406 np0000000711 devstack@g-api.service[101620]: [pid: 101620|app: 0|req: 129/404] 127.0.0.1 () {44 vars in 1051 bytes} [Wed May 13 15:41:16 2026] GET /v2/schemas/image => generated 6083 bytes in 5 msecs (HTTP/1.1 200) 4 headers in 158 bytes (1 switches on core 0)
May 13 15:41:16.077034 np0000000711 devstack@g-api.service[101618]: DEBUG swiftclient [None req-d042f616-15d5-409e-8a4e-28a1de742fb2 tempest-VolumesActionsTest-1915848651 tempest-VolumesActionsTest-1915848651-project-member] REQ: curl -i https://10.4.3.77:8080/v1/AUTH_39aa0be213f04733a83b96e798b67fd5/glance/6eb01c98-0aa8-42ba-93c3-cd40e667e189-00005 DELETE -H "X-Auth-Token: gAAAAABqBJubUuk9..." {{(pid=101618) http_log /opt/stack/data/venv/lib/python3.12/site-packages/swiftclient/client.py:160}}
May 13 15:41:16.077128 np0000000711 devstack@g-api.service[101618]: DEBUG swiftclient [None req-d042f616-15d5-409e-8a4e-28a1de742fb2 tempest-VolumesActionsTest-1915848651 tempest-VolumesActionsTest-1915848651-project-member] RESP STATUS: 204 No Content {{(pid=101618) http_log /opt/stack/data/venv/lib/python3.12/site-packages/swiftclient/client.py:161}}
May 13 15:41:16.077303 np0000000711 devstack@g-api.service[101618]: DEBUG swiftclient [None req-d042f616-15d5-409e-8a4e-28a1de742fb2 tempest-VolumesActionsTest-1915848651 tempest-VolumesActionsTest-1915848651-project-member] RESP HEADERS: {'Date': 'Wed, 13 May 2026 15:41:16 GMT', 'Server': 'Apache/2.4.58 (Ubuntu)', 'Content-Type': 'text/html; charset=UTF-8', 'X-Trans-Id': 'tx56e22a02973a4b9eb77cd-006a049b9c', 'X-Openstack-Request-Id': 'tx56e22a02973a4b9eb77cd-006a049b9c', 'Connection': 'close'} {{(pid=101618) http_log /opt/stack/data/venv/lib/python3.12/site-packages/swiftclient/client.py:162}}
May 13 15:41:16.105246 np0000000711 devstack@g-api.service[101618]: DEBUG swiftclient [None req-d042f616-15d5-409e-8a4e-28a1de742fb2 tempest-VolumesActionsTest-1915848651 tempest-VolumesActionsTest-1915848651-project-member] REQ: curl -i https://10.4.3.77:8080/v1/AUTH_39aa0be213f04733a83b96e798b67fd5/glance/6eb01c98-0aa8-42ba-93c3-cd40e667e189-00006 DELETE -H "X-Auth-Token: gAAAAABqBJubUuk9..." {{(pid=101618) http_log /opt/stack/data/venv/lib/python3.12/site-packages/swiftclient/client.py:160}}
May 13 15:41:16.105397 np0000000711 devstack@g-api.service[101618]: DEBUG swiftclient [None req-d042f616-15d5-409e-8a4e-28a1de742fb2 tempest-VolumesActionsTest-1915848651 tempest-VolumesActionsTest-1915848651-project-member] RESP STATUS: 204 No Content {{(pid=101618) http_log /opt/stack/data/venv/lib/python3.12/site-packages/swiftclient/client.py:161}}
May 13 15:41:16.105606 np0000000711 devstack@g-api.service[101618]: DEBUG swiftclient [None req-d042f616-15d5-409e-8a4e-28a1de742fb2 tempest-VolumesActionsTest-1915848651 tempest-VolumesActionsTest-1915848651-project-member] RESP HEADERS: {'Date': 'Wed, 13 May 2026 15:41:16 GMT', 'Server': 'Apache/2.4.58 (Ubuntu)', 'Content-Type': 'text/html; charset=UTF-8', 'X-Trans-Id': 'txfbd3eb85822347c1bfbc7-006a049b9c', 'X-Openstack-Request-Id': 'txfbd3eb85822347c1bfbc7-006a049b9c', 'Connection': 'close'} {{(pid=101618) http_log /opt/stack/data/venv/lib/python3.12/site-packages/swiftclient/client.py:162}}
May 13 15:41:16.133577 np0000000711 devstack@g-api.service[101618]: DEBUG swiftclient [None req-d042f616-15d5-409e-8a4e-28a1de742fb2 tempest-VolumesActionsTest-1915848651 tempest-VolumesActionsTest-1915848651-project-member] REQ: curl -i https://10.4.3.77:8080/v1/AUTH_39aa0be213f04733a83b96e798b67fd5/glance/6eb01c98-0aa8-42ba-93c3-cd40e667e189 DELETE -H "X-Auth-Token: gAAAAABqBJubUuk9..." {{(pid=101618) http_log /opt/stack/data/venv/lib/python3.12/site-packages/swiftclient/client.py:160}}
May 13 15:41:16.133765 np0000000711 devstack@g-api.service[101618]: DEBUG swiftclient [None req-d042f616-15d5-409e-8a4e-28a1de742fb2 tempest-VolumesActionsTest-1915848651 tempest-VolumesActionsTest-1915848651-project-member] RESP STATUS: 204 No Content {{(pid=101618) http_log /opt/stack/data/venv/lib/python3.12/site-packages/swiftclient/client.py:161}}
May 13 15:41:16.133845 np0000000711 devstack@g-api.service[101618]: DEBUG swiftclient [None req-d042f616-15d5-409e-8a4e-28a1de742fb2 tempest-VolumesActionsTest-1915848651 tempest-VolumesActionsTest-1915848651-project-member] RESP HEADERS: {'Date': 'Wed, 13 May 2026 15:41:16 GMT', 'Server': 'Apache/2.4.58 (Ubuntu)', 'Content-Type': 'text/html; charset=UTF-8', 'X-Trans-Id': 'tx2dc30b89c6e2481abd190-006a049b9c', 'X-Openstack-Request-Id': 'tx2dc30b89c6e2481abd190-006a049b9c', 'Connection': 'close'} {{(pid=101618) http_log /opt/stack/data/venv/lib/python3.12/site-packages/swiftclient/client.py:162}}
May 13 15:41:16.172796 np0000000711 devstack@g-api.service[101618]: [pid: 101618|app: 0|req: 140/405] 127.0.0.1 () {40 vars in 837 bytes} [Wed May 13 15:41:15 2026] DELETE /v2/images/6eb01c98-0aa8-42ba-93c3-cd40e667e189 => generated 0 bytes in 388 msecs (HTTP/1.1 204) 4 headers in 171 bytes (1 switches on core 0)
May 13 15:41:23.094068 np0000000711 devstack@g-api.service[101619]: DEBUG glance.api.middleware.version_negotiation [None req-d46919a7-e73f-4a5e-afb8-06a14b2ddb6c tempest-VolumesImageMetadata-1761802266 tempest-VolumesImageMetadata-1761802266-project-member] Determining version of request: GET /v2/images/fe2c4286-8bf4-4753-a74f-6a9e1c0634db Accept: */* {{(pid=101619) process_request /opt/stack/glance/glance/api/middleware/version_negotiation.py:44}}
May 13 15:41:23.094432 np0000000711 devstack@g-api.service[101619]: DEBUG glance.api.middleware.version_negotiation [None req-d46919a7-e73f-4a5e-afb8-06a14b2ddb6c tempest-VolumesImageMetadata-1761802266 tempest-VolumesImageMetadata-1761802266-project-member] Using url versioning {{(pid=101619) process_request /opt/stack/glance/glance/api/middleware/version_negotiation.py:57}}
May 13 15:41:23.094432 np0000000711 devstack@g-api.service[101619]: DEBUG glance.api.middleware.version_negotiation [None req-d46919a7-e73f-4a5e-afb8-06a14b2ddb6c tempest-VolumesImageMetadata-1761802266 tempest-VolumesImageMetadata-1761802266-project-member] Matched version: v2 {{(pid=101619) process_request /opt/stack/glance/glance/api/middleware/version_negotiation.py:69}}
May 13 15:41:23.094432 np0000000711 devstack@g-api.service[101619]: DEBUG glance.api.middleware.version_negotiation [None req-d46919a7-e73f-4a5e-afb8-06a14b2ddb6c tempest-VolumesImageMetadata-1761802266 tempest-VolumesImageMetadata-1761802266-project-member] new path /v2/images/fe2c4286-8bf4-4753-a74f-6a9e1c0634db {{(pid=101619) process_request /opt/stack/glance/glance/api/middleware/version_negotiation.py:70}}
May 13 15:41:23.103569 np0000000711 devstack@g-api.service[101619]: [pid: 101619|app: 0|req: 137/406] 127.0.0.1 () {44 vars in 1111 bytes} [Wed May 13 15:41:23 2026] GET /v2/images/fe2c4286-8bf4-4753-a74f-6a9e1c0634db => generated 1044 bytes in 9 msecs (HTTP/1.1 200) 4 headers in 158 bytes (1 switches on core 0)
May 13 15:41:23.136972 np0000000711 devstack@g-api.service[101620]: DEBUG glance.api.middleware.version_negotiation [None req-d46919a7-e73f-4a5e-afb8-06a14b2ddb6c tempest-VolumesImageMetadata-1761802266 tempest-VolumesImageMetadata-1761802266-project-member] Determining version of request: GET /v2/schemas/image Accept: */* {{(pid=101620) process_request /opt/stack/glance/glance/api/middleware/version_negotiation.py:44}}
May 13 15:41:23.137447 np0000000711 devstack@g-api.service[101620]: DEBUG glance.api.middleware.version_negotiation [None req-d46919a7-e73f-4a5e-afb8-06a14b2ddb6c tempest-VolumesImageMetadata-1761802266 tempest-VolumesImageMetadata-1761802266-project-member] Using url versioning {{(pid=101620) process_request /opt/stack/glance/glance/api/middleware/version_negotiation.py:57}}
May 13 15:41:23.137447 np0000000711 devstack@g-api.service[101620]: DEBUG glance.api.middleware.version_negotiation [None req-d46919a7-e73f-4a5e-afb8-06a14b2ddb6c tempest-VolumesImageMetadata-1761802266 tempest-VolumesImageMetadata-1761802266-project-member] Matched version: v2 {{(pid=101620) process_request /opt/stack/glance/glance/api/middleware/version_negotiation.py:69}}
May 13 15:41:23.137447 np0000000711 devstack@g-api.service[101620]: DEBUG glance.api.middleware.version_negotiation [None req-d46919a7-e73f-4a5e-afb8-06a14b2ddb6c tempest-VolumesImageMetadata-1761802266 tempest-VolumesImageMetadata-1761802266-project-member] new path /v2/schemas/image {{(pid=101620) process_request /opt/stack/glance/glance/api/middleware/version_negotiation.py:70}}
May 13 15:41:23.140135 np0000000711 devstack@g-api.service[101620]: [pid: 101620|app: 0|req: 130/407] 127.0.0.1 () {44 vars in 1051 bytes} [Wed May 13 15:41:23 2026] GET /v2/schemas/image => generated 6083 bytes in 3 msecs (HTTP/1.1 200) 4 headers in 158 bytes (1 switches on core 0)
May 13 15:41:26.027537 np0000000711 devstack@g-api.service[101620]: DEBUG dbcounter [-] [101620] Writing DB stats glance:SELECT=43,glance:UPDATE=3,glance:INSERT=2 {{(pid=101620) stat_writer /opt/stack/data/venv/lib/python3.12/site-packages/dbcounter.py:115}}
May 13 15:41:26.168276 np0000000711 devstack@g-api.service[101618]: DEBUG dbcounter [-] [101618] Writing DB stats glance:SELECT=83,glance:UPDATE=33,glance:DELETE=1 {{(pid=101618) stat_writer /opt/stack/data/venv/lib/python3.12/site-packages/dbcounter.py:115}}
May 13 15:41:28.749786 np0000000711 devstack@g-api.service[101618]: DEBUG glance.api.middleware.version_negotiation [None req-d042f616-15d5-409e-8a4e-28a1de742fb2 tempest-VolumesActionsTest-1915848651 tempest-VolumesActionsTest-1915848651-project-member] Determining version of request: GET /v2/images/fe2c4286-8bf4-4753-a74f-6a9e1c0634db Accept: */* {{(pid=101618) process_request /opt/stack/glance/glance/api/middleware/version_negotiation.py:44}}
May 13 15:41:28.750207 np0000000711 devstack@g-api.service[101618]: DEBUG glance.api.middleware.version_negotiation [None req-d042f616-15d5-409e-8a4e-28a1de742fb2 tempest-VolumesActionsTest-1915848651 tempest-VolumesActionsTest-1915848651-project-member] Using url versioning {{(pid=101618) process_request /opt/stack/glance/glance/api/middleware/version_negotiation.py:57}}
May 13 15:41:28.750207 np0000000711 devstack@g-api.service[101618]: DEBUG glance.api.middleware.version_negotiation [None req-d042f616-15d5-409e-8a4e-28a1de742fb2 tempest-VolumesActionsTest-1915848651 tempest-VolumesActionsTest-1915848651-project-member] Matched version: v2 {{(pid=101618) process_request /opt/stack/glance/glance/api/middleware/version_negotiation.py:69}}
May 13 15:41:28.750207 np0000000711 devstack@g-api.service[101618]: DEBUG glance.api.middleware.version_negotiation [None req-d042f616-15d5-409e-8a4e-28a1de742fb2 tempest-VolumesActionsTest-1915848651 tempest-VolumesActionsTest-1915848651-project-member] new path /v2/images/fe2c4286-8bf4-4753-a74f-6a9e1c0634db {{(pid=101618) process_request /opt/stack/glance/glance/api/middleware/version_negotiation.py:70}}
May 13 15:41:28.759939 np0000000711 devstack@g-api.service[101618]: [pid: 101618|app: 0|req: 141/408] 127.0.0.1 () {44 vars in 1111 bytes} [Wed May 13 15:41:28 2026] GET /v2/images/fe2c4286-8bf4-4753-a74f-6a9e1c0634db => generated 1044 bytes in 10 msecs (HTTP/1.1 200) 4 headers in 158 bytes (1 switches on core 0)
May 13 15:41:28.794436 np0000000711 devstack@g-api.service[101619]: DEBUG glance.api.middleware.version_negotiation [None req-4c2e1c86-4651-481d-b5f9-a56301b4473b tempest-VolumesNegativeTest-82665842 tempest-VolumesNegativeTest-82665842-project-member] Determining version of request: GET /v2/schemas/image Accept: */* {{(pid=101619) process_request /opt/stack/glance/glance/api/middleware/version_negotiation.py:44}}
May 13 15:41:28.794720 np0000000711 devstack@g-api.service[101619]: DEBUG glance.api.middleware.version_negotiation [None req-4c2e1c86-4651-481d-b5f9-a56301b4473b tempest-VolumesNegativeTest-82665842 tempest-VolumesNegativeTest-82665842-project-member] Using url versioning {{(pid=101619) process_request /opt/stack/glance/glance/api/middleware/version_negotiation.py:57}}
May 13 15:41:28.794748 np0000000711 devstack@g-api.service[101619]: DEBUG glance.api.middleware.version_negotiation [None req-4c2e1c86-4651-481d-b5f9-a56301b4473b tempest-VolumesNegativeTest-82665842 tempest-VolumesNegativeTest-82665842-project-member] Matched version: v2 {{(pid=101619) process_request /opt/stack/glance/glance/api/middleware/version_negotiation.py:69}}
May 13 15:41:28.794909 np0000000711 devstack@g-api.service[101619]: DEBUG glance.api.middleware.version_negotiation [None req-4c2e1c86-4651-481d-b5f9-a56301b4473b tempest-VolumesNegativeTest-82665842 tempest-VolumesNegativeTest-82665842-project-member] new path /v2/schemas/image {{(pid=101619) process_request /opt/stack/glance/glance/api/middleware/version_negotiation.py:70}}
May 13 15:41:28.800756 np0000000711 devstack@g-api.service[101619]: [pid: 101619|app: 0|req: 138/409] 127.0.0.1 () {44 vars in 1051 bytes} [Wed May 13 15:41:28 2026] GET /v2/schemas/image => generated 6083 bytes in 6 msecs (HTTP/1.1 200) 4 headers in 158 bytes (1 switches on core 0)
May 13 15:41:33.101569 np0000000711 devstack@g-api.service[101619]: DEBUG dbcounter [-] [101619] Writing DB stats glance:SELECT=84,glance:UPDATE=33,glance:DELETE=1,glance:INSERT=2 {{(pid=101619) stat_writer /opt/stack/data/venv/lib/python3.12/site-packages/dbcounter.py:115}}
May 13 15:41:38.757815 np0000000711 devstack@g-api.service[101618]: DEBUG dbcounter [-] [101618] Writing DB stats glance:SELECT=2 {{(pid=101618) stat_writer /opt/stack/data/venv/lib/python3.12/site-packages/dbcounter.py:115}}
May 13 15:41:40.141087 np0000000711 devstack@g-api.service[101620]: DEBUG glance.api.middleware.version_negotiation [None req-4c2e1c86-4651-481d-b5f9-a56301b4473b tempest-VolumesNegativeTest-82665842 tempest-VolumesNegativeTest-82665842-project-member] Determining version of request: GET /v2/images/fe2c4286-8bf4-4753-a74f-6a9e1c0634db Accept: */* {{(pid=101620) process_request /opt/stack/glance/glance/api/middleware/version_negotiation.py:44}}
May 13 15:41:40.142215 np0000000711 devstack@g-api.service[101620]: DEBUG glance.api.middleware.version_negotiation [None req-4c2e1c86-4651-481d-b5f9-a56301b4473b tempest-VolumesNegativeTest-82665842 tempest-VolumesNegativeTest-82665842-project-member] Using url versioning {{(pid=101620) process_request /opt/stack/glance/glance/api/middleware/version_negotiation.py:57}}
May 13 15:41:40.142215 np0000000711 devstack@g-api.service[101620]: DEBUG glance.api.middleware.version_negotiation [None req-4c2e1c86-4651-481d-b5f9-a56301b4473b tempest-VolumesNegativeTest-82665842 tempest-VolumesNegativeTest-82665842-project-member] Matched version: v2 {{(pid=101620) process_request /opt/stack/glance/glance/api/middleware/version_negotiation.py:69}}
May 13 15:41:40.142215 np0000000711 devstack@g-api.service[101620]: DEBUG glance.api.middleware.version_negotiation [None req-4c2e1c86-4651-481d-b5f9-a56301b4473b tempest-VolumesNegativeTest-82665842 tempest-VolumesNegativeTest-82665842-project-member] new path /v2/images/fe2c4286-8bf4-4753-a74f-6a9e1c0634db {{(pid=101620) process_request /opt/stack/glance/glance/api/middleware/version_negotiation.py:70}}
May 13 15:41:40.156431 np0000000711 devstack@g-api.service[101620]: [pid: 101620|app: 0|req: 131/410] 127.0.0.1 () {44 vars in 1111 bytes} [Wed May 13 15:41:40 2026] GET /v2/images/fe2c4286-8bf4-4753-a74f-6a9e1c0634db => generated 1044 bytes in 15 msecs (HTTP/1.1 200) 4 headers in 158 bytes (1 switches on core 0)
May 13 15:41:40.188617 np0000000711 devstack@g-api.service[101618]: DEBUG glance.api.middleware.version_negotiation [None req-e6b0d525-9164-4442-8c22-9a8eaf57ad10 tempest-VolumesBackupsTest-1677936864 tempest-VolumesBackupsTest-1677936864-project-member] Determining version of request: GET /v2/schemas/image Accept: */* {{(pid=101618) process_request /opt/stack/glance/glance/api/middleware/version_negotiation.py:44}}
May 13 15:41:40.189021 np0000000711 devstack@g-api.service[101618]: DEBUG glance.api.middleware.version_negotiation [None req-e6b0d525-9164-4442-8c22-9a8eaf57ad10 tempest-VolumesBackupsTest-1677936864 tempest-VolumesBackupsTest-1677936864-project-member] Using url versioning {{(pid=101618) process_request /opt/stack/glance/glance/api/middleware/version_negotiation.py:57}}
May 13 15:41:40.189021 np0000000711 devstack@g-api.service[101618]: DEBUG glance.api.middleware.version_negotiation [None req-e6b0d525-9164-4442-8c22-9a8eaf57ad10 tempest-VolumesBackupsTest-1677936864 tempest-VolumesBackupsTest-1677936864-project-member] Matched version: v2 {{(pid=101618) process_request /opt/stack/glance/glance/api/middleware/version_negotiation.py:69}}
May 13 15:41:40.189021 np0000000711 devstack@g-api.service[101618]: DEBUG glance.api.middleware.version_negotiation [None req-e6b0d525-9164-4442-8c22-9a8eaf57ad10 tempest-VolumesBackupsTest-1677936864 tempest-VolumesBackupsTest-1677936864-project-member] new path /v2/schemas/image {{(pid=101618) process_request /opt/stack/glance/glance/api/middleware/version_negotiation.py:70}}
May 13 15:41:40.191187 np0000000711 devstack@g-api.service[101618]: [pid: 101618|app: 0|req: 142/411] 127.0.0.1 () {44 vars in 1051 bytes} [Wed May 13 15:41:40 2026] GET /v2/schemas/image => generated 6083 bytes in 2 msecs (HTTP/1.1 200) 4 headers in 158 bytes (1 switches on core 0)
May 13 15:41:40.250390 np0000000711 devstack@g-api.service[101619]: DEBUG glance.api.middleware.version_negotiation [None req-e6b0d525-9164-4442-8c22-9a8eaf57ad10 tempest-VolumesBackupsTest-1677936864 tempest-VolumesBackupsTest-1677936864-project-member] Determining version of request: POST /v2/images Accept: application/json {{(pid=101619) process_request /opt/stack/glance/glance/api/middleware/version_negotiation.py:44}}
May 13 15:41:40.250390 np0000000711 devstack@g-api.service[101619]: DEBUG glance.api.middleware.version_negotiation [None req-e6b0d525-9164-4442-8c22-9a8eaf57ad10 tempest-VolumesBackupsTest-1677936864 tempest-VolumesBackupsTest-1677936864-project-member] Using url versioning {{(pid=101619) process_request /opt/stack/glance/glance/api/middleware/version_negotiation.py:57}}
May 13 15:41:40.250390 np0000000711 devstack@g-api.service[101619]: DEBUG glance.api.middleware.version_negotiation [None req-e6b0d525-9164-4442-8c22-9a8eaf57ad10 tempest-VolumesBackupsTest-1677936864 tempest-VolumesBackupsTest-1677936864-project-member] Matched version: v2 {{(pid=101619) process_request /opt/stack/glance/glance/api/middleware/version_negotiation.py:69}}
May 13 15:41:40.250390 np0000000711 devstack@g-api.service[101619]: DEBUG glance.api.middleware.version_negotiation [None req-e6b0d525-9164-4442-8c22-9a8eaf57ad10 tempest-VolumesBackupsTest-1677936864 tempest-VolumesBackupsTest-1677936864-project-member] new path /v2/images {{(pid=101619) process_request /opt/stack/glance/glance/api/middleware/version_negotiation.py:70}}
May 13 15:41:40.813540 np0000000711 devstack@g-api.service[101619]: [pid: 101619|app: 0|req: 139/412] 127.0.0.1 () {42 vars in 782 bytes} [Wed May 13 15:41:40 2026] POST /v2/images => generated 648 bytes in 564 msecs (HTTP/1.1 201) 6 headers in 315 bytes (1 switches on core 0)
