May 13 15:31:36.689661 np0000000711 nova-scheduler[95378]: DEBUG cotyledon.oslo_config_glue [-] oslo_messaging_notifications.driver = ['messagingv2'] {{(pid=95378) log_opt_values /opt/stack/data/venv/lib/python3.12/site-packages/oslo_config/cfg.py:3006}}
May 13 15:31:36.689661 np0000000711 nova-scheduler[95378]: DEBUG cotyledon.oslo_config_glue [-] oslo_messaging_notifications.retry = -1 {{(pid=95378) log_opt_values /opt/stack/data/venv/lib/python3.12/site-packages/oslo_config/cfg.py:3006}}
May 13 15:31:36.689661 np0000000711 nova-scheduler[95378]: DEBUG cotyledon.oslo_config_glue [-] oslo_messaging_notifications.topics = ['notifications'] {{(pid=95378) log_opt_values /opt/stack/data/venv/lib/python3.12/site-packages/oslo_config/cfg.py:3006}}
May 13 15:31:36.689661 np0000000711 nova-scheduler[95378]: DEBUG cotyledon.oslo_config_glue [-] oslo_messaging_notifications.transport_url = **** {{(pid=95378) log_opt_values /opt/stack/data/venv/lib/python3.12/site-packages/oslo_config/cfg.py:3006}}
May 13 15:31:36.689661 np0000000711 nova-scheduler[95378]: DEBUG cotyledon.oslo_config_glue [-] oslo_limit.auth_section = None {{(pid=95378) log_opt_values /opt/stack/data/venv/lib/python3.12/site-packages/oslo_config/cfg.py:3006}}
May 13 15:31:36.689661 np0000000711 nova-scheduler[95378]: DEBUG cotyledon.oslo_config_glue [-] oslo_limit.auth_type = None {{(pid=95378) log_opt_values /opt/stack/data/venv/lib/python3.12/site-packages/oslo_config/cfg.py:3006}}
May 13 15:31:36.689661 np0000000711 nova-scheduler[95378]: DEBUG cotyledon.oslo_config_glue [-] oslo_limit.cafile = None {{(pid=95378) log_opt_values /opt/stack/data/venv/lib/python3.12/site-packages/oslo_config/cfg.py:3006}}
May 13 15:31:36.689661 np0000000711 nova-scheduler[95378]: DEBUG cotyledon.oslo_config_glue [-] oslo_limit.certfile = None {{(pid=95378) log_opt_values /opt/stack/data/venv/lib/python3.12/site-packages/oslo_config/cfg.py:3006}}
May 13 15:31:36.689812 np0000000711 nova-scheduler[95378]: DEBUG cotyledon.oslo_config_glue [-] oslo_limit.collect_timing = False {{(pid=95378) log_opt_values /opt/stack/data/venv/lib/python3.12/site-packages/oslo_config/cfg.py:3006}}
May 13 15:31:36.689812 np0000000711 nova-scheduler[95378]: DEBUG cotyledon.oslo_config_glue [-] oslo_limit.connect_retries = None {{(pid=95378) log_opt_values /opt/stack/data/venv/lib/python3.12/site-packages/oslo_config/cfg.py:3006}}
May 13 15:31:36.689812 np0000000711 nova-scheduler[95378]: DEBUG cotyledon.oslo_config_glue [-] oslo_limit.connect_retry_delay = None {{(pid=95378) log_opt_values /opt/stack/data/venv/lib/python3.12/site-packages/oslo_config/cfg.py:3006}}
May 13 15:31:36.689812 np0000000711 nova-scheduler[95378]: DEBUG cotyledon.oslo_config_glue [-] oslo_limit.endpoint_id = None {{(pid=95378) log_opt_values /opt/stack/data/venv/lib/python3.12/site-packages/oslo_config/cfg.py:3006}}
May 13 15:31:36.689812 np0000000711 nova-scheduler[95378]: DEBUG cotyledon.oslo_config_glue [-] oslo_limit.endpoint_interface = public {{(pid=95378) log_opt_values /opt/stack/data/venv/lib/python3.12/site-packages/oslo_config/cfg.py:3006}}
May 13 15:31:36.689812 np0000000711 nova-scheduler[95378]: DEBUG cotyledon.oslo_config_glue [-] oslo_limit.endpoint_override = None {{(pid=95378) log_opt_values /opt/stack/data/venv/lib/python3.12/site-packages/oslo_config/cfg.py:3006}}
May 13 15:31:36.689812 np0000000711 nova-scheduler[95378]: DEBUG cotyledon.oslo_config_glue [-] oslo_limit.endpoint_region_name = None {{(pid=95378) log_opt_values /opt/stack/data/venv/lib/python3.12/site-packages/oslo_config/cfg.py:3006}}
May 13 15:31:36.689812 np0000000711 nova-scheduler[95378]: DEBUG cotyledon.oslo_config_glue [-] oslo_limit.endpoint_service_name = None {{(pid=95378) log_opt_values /opt/stack/data/venv/lib/python3.12/site-packages/oslo_config/cfg.py:3006}}
May 13 15:31:36.689812 np0000000711 nova-scheduler[95378]: DEBUG cotyledon.oslo_config_glue [-] oslo_limit.endpoint_service_type = None {{(pid=95378) log_opt_values /opt/stack/data/venv/lib/python3.12/site-packages/oslo_config/cfg.py:3006}}
May 13 15:31:36.690100 np0000000711 nova-scheduler[95378]: DEBUG cotyledon.oslo_config_glue [-] oslo_limit.insecure = False {{(pid=95378) log_opt_values /opt/stack/data/venv/lib/python3.12/site-packages/oslo_config/cfg.py:3006}}
May 13 15:31:36.690100 np0000000711 nova-scheduler[95378]: DEBUG cotyledon.oslo_config_glue [-] oslo_limit.keyfile = None {{(pid=95378) log_opt_values /opt/stack/data/venv/lib/python3.12/site-packages/oslo_config/cfg.py:3006}}
May 13 15:31:36.690100 np0000000711 nova-scheduler[95378]: DEBUG cotyledon.oslo_config_glue [-] oslo_limit.max_version = None {{(pid=95378) log_opt_values /opt/stack/data/venv/lib/python3.12/site-packages/oslo_config/cfg.py:3006}}
May 13 15:31:36.690100 np0000000711 nova-scheduler[95378]: DEBUG cotyledon.oslo_config_glue [-] oslo_limit.min_version = None {{(pid=95378) log_opt_values /opt/stack/data/venv/lib/python3.12/site-packages/oslo_config/cfg.py:3006}}
May 13 15:31:36.690100 np0000000711 nova-scheduler[95378]: DEBUG cotyledon.oslo_config_glue [-] oslo_limit.region_name = None {{(pid=95378) log_opt_values /opt/stack/data/venv/lib/python3.12/site-packages/oslo_config/cfg.py:3006}}
May 13 15:31:36.690100 np0000000711 nova-scheduler[95378]: DEBUG cotyledon.oslo_config_glue [-] oslo_limit.retriable_status_codes = None {{(pid=95378) log_opt_values /opt/stack/data/venv/lib/python3.12/site-packages/oslo_config/cfg.py:3006}}
May 13 15:31:36.690100 np0000000711 nova-scheduler[95378]: DEBUG cotyledon.oslo_config_glue [-] oslo_limit.service_name = None {{(pid=95378) log_opt_values /opt/stack/data/venv/lib/python3.12/site-packages/oslo_config/cfg.py:3006}}
May 13 15:31:36.690100 np0000000711 nova-scheduler[95378]: DEBUG cotyledon.oslo_config_glue [-] oslo_limit.service_type = None {{(pid=95378) log_opt_values /opt/stack/data/venv/lib/python3.12/site-packages/oslo_config/cfg.py:3006}}
May 13 15:31:36.690100 np0000000711 nova-scheduler[95378]: DEBUG cotyledon.oslo_config_glue [-] oslo_limit.split_loggers = False {{(pid=95378) log_opt_values /opt/stack/data/venv/lib/python3.12/site-packages/oslo_config/cfg.py:3006}}
May 13 15:31:36.690348 np0000000711 nova-scheduler[95378]: DEBUG cotyledon.oslo_config_glue [-] oslo_limit.status_code_retries = None {{(pid=95378) log_opt_values /opt/stack/data/venv/lib/python3.12/site-packages/oslo_config/cfg.py:3006}}
May 13 15:31:36.690348 np0000000711 nova-scheduler[95378]: DEBUG cotyledon.oslo_config_glue [-] oslo_limit.status_code_retry_delay = None {{(pid=95378) log_opt_values /opt/stack/data/venv/lib/python3.12/site-packages/oslo_config/cfg.py:3006}}
May 13 15:31:36.690348 np0000000711 nova-scheduler[95378]: DEBUG cotyledon.oslo_config_glue [-] oslo_limit.timeout = None {{(pid=95378) log_opt_values /opt/stack/data/venv/lib/python3.12/site-packages/oslo_config/cfg.py:3006}}
May 13 15:31:36.690348 np0000000711 nova-scheduler[95378]: DEBUG cotyledon.oslo_config_glue [-] oslo_limit.valid_interfaces = None {{(pid=95378) log_opt_values /opt/stack/data/venv/lib/python3.12/site-packages/oslo_config/cfg.py:3006}}
May 13 15:31:36.690348 np0000000711 nova-scheduler[95378]: DEBUG cotyledon.oslo_config_glue [-] oslo_limit.version = None {{(pid=95378) log_opt_values /opt/stack/data/venv/lib/python3.12/site-packages/oslo_config/cfg.py:3006}}
May 13 15:31:36.690348 np0000000711 nova-scheduler[95378]: DEBUG cotyledon.oslo_config_glue [-] oslo_reports.file_event_handler = None {{(pid=95378) log_opt_values /opt/stack/data/venv/lib/python3.12/site-packages/oslo_config/cfg.py:3006}}
May 13 15:31:36.690348 np0000000711 nova-scheduler[95378]: DEBUG cotyledon.oslo_config_glue [-] oslo_reports.file_event_handler_interval = 1 {{(pid=95378) log_opt_values /opt/stack/data/venv/lib/python3.12/site-packages/oslo_config/cfg.py:3006}}
May 13 15:31:36.690348 np0000000711 nova-scheduler[95378]: DEBUG cotyledon.oslo_config_glue [-] oslo_reports.log_dir = None {{(pid=95378) log_opt_values /opt/stack/data/venv/lib/python3.12/site-packages/oslo_config/cfg.py:3006}}
May 13 15:31:36.690348 np0000000711 nova-scheduler[95378]: DEBUG cotyledon.oslo_config_glue [-] ******************************************************************************** {{(pid=95378) log_opt_values /opt/stack/data/venv/lib/python3.12/site-packages/oslo_config/cfg.py:3013}}
May 13 15:31:36.690614 np0000000711 nova-scheduler[95378]: DEBUG cotyledon._service_worker [-] Run service ServiceWrapper(2) [95378] {{(pid=95378) wait_forever /opt/stack/data/venv/lib/python3.12/site-packages/cotyledon/_service_worker.py:218}}
May 13 15:31:36.690614 np0000000711 nova-scheduler[95378]: INFO nova.service [-] Starting scheduler node (version 33.1.0)
May 13 15:31:36.692478 np0000000711 nova-scheduler[95376]: DEBUG dbcounter [-] [95376] Writer thread running {{(pid=95376) stat_writer /opt/stack/data/venv/lib/python3.12/site-packages/dbcounter.py:102}}
May 13 15:31:36.694075 np0000000711 nova-scheduler[95378]: INFO dbcounter [None req-f5c70493-96cf-4bc4-a768-a9d0afedbe01 None None] Registered counter for database nova_cell0
May 13 15:31:36.695945 np0000000711 nova-scheduler[95374]: DEBUG nova.service [None req-ec2e384c-c9ee-44c4-aa77-5920fb65ebd7 None None] Creating RPC server for service: nova-scheduler on topic: scheduler {{(pid=95374) start /opt/stack/nova/nova/service.py:195}}
May 13 15:31:36.706346 np0000000711 nova-scheduler[95376]: DEBUG nova.service [None req-88c40035-662c-41c4-af00-d77545771b9d None None] Creating RPC server for service: nova-scheduler on topic: scheduler {{(pid=95376) start /opt/stack/nova/nova/service.py:195}}
May 13 15:31:36.707188 np0000000711 nova-scheduler[95378]: DEBUG oslo_db.sqlalchemy.engines [None req-f5c70493-96cf-4bc4-a768-a9d0afedbe01 None None] MySQL server mode set to STRICT_TRANS_TABLES,STRICT_ALL_TABLES,NO_ZERO_IN_DATE,NO_ZERO_DATE,ERROR_FOR_DIVISION_BY_ZERO,TRADITIONAL,NO_ENGINE_SUBSTITUTION {{(pid=95378) _check_effective_sql_mode /opt/stack/data/venv/lib/python3.12/site-packages/oslo_db/sqlalchemy/engines.py:325}}
May 13 15:31:36.717459 np0000000711 nova-scheduler[95378]: DEBUG dbcounter [-] [95378] Writer thread running {{(pid=95378) stat_writer /opt/stack/data/venv/lib/python3.12/site-packages/dbcounter.py:102}}
May 13 15:31:36.719505 np0000000711 nova-scheduler[95378]: DEBUG nova.service [None req-f5c70493-96cf-4bc4-a768-a9d0afedbe01 None None] Creating RPC server for service: nova-scheduler on topic: scheduler {{(pid=95378) start /opt/stack/nova/nova/service.py:195}}
May 13 15:31:36.726659 np0000000711 nova-scheduler[95376]: DEBUG nova.service [None req-88c40035-662c-41c4-af00-d77545771b9d None None] Join ServiceGroup membership for this service scheduler {{(pid=95376) start /opt/stack/nova/nova/service.py:221}}
May 13 15:31:36.727863 np0000000711 nova-scheduler[95376]: DEBUG nova.servicegroup.drivers.db [None req-88c40035-662c-41c4-af00-d77545771b9d None None] DB_Driver: join new ServiceGroup member np0000000711 to the scheduler group, service = {{(pid=95376) join /opt/stack/nova/nova/servicegroup/drivers/db.py:44}}
May 13 15:31:36.732590 np0000000711 nova-scheduler[95374]: DEBUG nova.service [None req-ec2e384c-c9ee-44c4-aa77-5920fb65ebd7 None None] Join ServiceGroup membership for this service scheduler {{(pid=95374) start /opt/stack/nova/nova/service.py:221}}
May 13 15:31:36.732862 np0000000711 nova-scheduler[95374]: DEBUG nova.servicegroup.drivers.db [None req-ec2e384c-c9ee-44c4-aa77-5920fb65ebd7 None None] DB_Driver: join new ServiceGroup member np0000000711 to the scheduler group, service = {{(pid=95374) join /opt/stack/nova/nova/servicegroup/drivers/db.py:44}}
May 13 15:31:36.738555 np0000000711 nova-scheduler[95378]: DEBUG nova.service [None req-f5c70493-96cf-4bc4-a768-a9d0afedbe01 None None] Join ServiceGroup membership for this service scheduler {{(pid=95378) start /opt/stack/nova/nova/service.py:221}}
May 13 15:31:36.738800 np0000000711 nova-scheduler[95378]: DEBUG nova.servicegroup.drivers.db [None req-f5c70493-96cf-4bc4-a768-a9d0afedbe01 None None] DB_Driver: join new ServiceGroup member np0000000711 to the scheduler group, service = {{(pid=95378) join /opt/stack/nova/nova/servicegroup/drivers/db.py:44}}
May 13 15:31:41.739587 np0000000711 nova-scheduler[95376]: DEBUG oslo.service.backend._threading.loopingcall [-] Fixed interval looping call 'nova.servicegroup.drivers.db.DbDriver._report_state' sleeping for 119.99 seconds {{(pid=95376) _run_loop /opt/stack/data/venv/lib/python3.12/site-packages/oslo_service/backend/_threading/loopingcall.py:125}}
May 13 15:31:41.744914 np0000000711 nova-scheduler[95374]: DEBUG oslo.service.backend._threading.loopingcall [-] Fixed interval looping call 'nova.servicegroup.drivers.db.DbDriver._report_state' sleeping for 119.99 seconds {{(pid=95374) _run_loop /opt/stack/data/venv/lib/python3.12/site-packages/oslo_service/backend/_threading/loopingcall.py:125}}
May 13 15:31:41.751359 np0000000711 nova-scheduler[95378]: DEBUG oslo.service.backend._threading.loopingcall [-] Fixed interval looping call 'nova.servicegroup.drivers.db.DbDriver._report_state' sleeping for 119.99 seconds {{(pid=95378) _run_loop /opt/stack/data/venv/lib/python3.12/site-packages/oslo_service/backend/_threading/loopingcall.py:125}}
May 13 15:31:45.317118 np0000000711 nova-scheduler[94109]: DEBUG dbcounter [-] [94109] Writing DB stats nova_api:SELECT=3 {{(pid=94109) stat_writer /opt/stack/data/venv/lib/python3.12/site-packages/dbcounter.py:115}}
May 13 15:31:45.423779 np0000000711 nova-scheduler[94109]: DEBUG dbcounter [-] [94109] Writing DB stats nova_cell0:SELECT=1 {{(pid=94109) stat_writer /opt/stack/data/venv/lib/python3.12/site-packages/dbcounter.py:115}}
May 13 15:31:45.428673 np0000000711 nova-scheduler[94109]: DEBUG dbcounter [-] [94109] Writing DB stats nova_cell1:SELECT=1 {{(pid=94109) stat_writer /opt/stack/data/venv/lib/python3.12/site-packages/dbcounter.py:115}}
May 13 15:31:51.733999 np0000000711 nova-scheduler[95376]: DEBUG dbcounter [-] [95376] Writing DB stats nova_cell0:SELECT=4,nova_cell0:INSERT=1,nova_cell0:UPDATE=1 {{(pid=95376) stat_writer /opt/stack/data/venv/lib/python3.12/site-packages/dbcounter.py:115}}
May 13 15:31:51.741963 np0000000711 nova-scheduler[95374]: DEBUG dbcounter [-] [95374] Writing DB stats nova_cell0:SELECT=4,nova_cell0:INSERT=1 {{(pid=95374) stat_writer /opt/stack/data/venv/lib/python3.12/site-packages/dbcounter.py:115}}
May 13 15:31:51.747719 np0000000711 nova-scheduler[95378]: DEBUG dbcounter [-] [95378] Writing DB stats nova_cell0:SELECT=3 {{(pid=95378) stat_writer /opt/stack/data/venv/lib/python3.12/site-packages/dbcounter.py:115}}
May 13 15:31:53.741388 np0000000711 nova-scheduler[95378]: DEBUG oslo.service.backend._threading.loopingcall [None req-966a2b42-3c9f-433e-941d-a901baae9b37 None None] Dynamic interval looping call 'nova.service.Service.periodic_tasks' sleeping for 60.00 seconds {{(pid=95378) _run_loop /opt/stack/data/venv/lib/python3.12/site-packages/oslo_service/backend/_threading/loopingcall.py:125}}
May 13 15:32:01.728814 np0000000711 nova-scheduler[95376]: DEBUG oslo.service.backend._threading.loopingcall [None req-266144b9-b7a1-4c4d-86e8-f1b44a97e0cd None None] Dynamic interval looping call 'nova.service.Service.periodic_tasks' sleeping for 60.00 seconds {{(pid=95376) _run_loop /opt/stack/data/venv/lib/python3.12/site-packages/oslo_service/backend/_threading/loopingcall.py:125}}
May 13 15:32:08.735352 np0000000711 nova-scheduler[95374]: DEBUG oslo.service.backend._threading.loopingcall [None req-d743a59f-089a-4fc2-8dbc-f36ecb8042c5 None None] Dynamic interval looping call 'nova.service.Service.periodic_tasks' sleeping for 60.00 seconds {{(pid=95374) _run_loop /opt/stack/data/venv/lib/python3.12/site-packages/oslo_service/backend/_threading/loopingcall.py:125}}
May 13 15:32:53.742027 np0000000711 nova-scheduler[95378]: DEBUG oslo.service.backend._threading.loopingcall [None req-966a2b42-3c9f-433e-941d-a901baae9b37 None None] Dynamic interval looping call 'nova.service.Service.periodic_tasks' sleeping for 60.00 seconds {{(pid=95378) _run_loop /opt/stack/data/venv/lib/python3.12/site-packages/oslo_service/backend/_threading/loopingcall.py:125}}
May 13 15:33:01.729516 np0000000711 nova-scheduler[95376]: DEBUG oslo.service.backend._threading.loopingcall [None req-266144b9-b7a1-4c4d-86e8-f1b44a97e0cd None None] Dynamic interval looping call 'nova.service.Service.periodic_tasks' sleeping for 60.00 seconds {{(pid=95376) _run_loop /opt/stack/data/venv/lib/python3.12/site-packages/oslo_service/backend/_threading/loopingcall.py:125}}
May 13 15:33:08.736007 np0000000711 nova-scheduler[95374]: DEBUG oslo.service.backend._threading.loopingcall [None req-d743a59f-089a-4fc2-8dbc-f36ecb8042c5 None None] Dynamic interval looping call 'nova.service.Service.periodic_tasks' sleeping for 60.00 seconds {{(pid=95374) _run_loop /opt/stack/data/venv/lib/python3.12/site-packages/oslo_service/backend/_threading/loopingcall.py:125}}
May 13 15:33:41.737598 np0000000711 nova-scheduler[95376]: DEBUG oslo.service.backend._threading.loopingcall [-] Fixed interval looping call 'nova.servicegroup.drivers.db.DbDriver._report_state' sleeping for 119.99 seconds {{(pid=95376) _run_loop /opt/stack/data/venv/lib/python3.12/site-packages/oslo_service/backend/_threading/loopingcall.py:125}}
May 13 15:33:41.738107 np0000000711 nova-scheduler[95374]: DEBUG oslo.service.backend._threading.loopingcall [-] Fixed interval looping call 'nova.servicegroup.drivers.db.DbDriver._report_state' sleeping for 120.00 seconds {{(pid=95374) _run_loop /opt/stack/data/venv/lib/python3.12/site-packages/oslo_service/backend/_threading/loopingcall.py:125}}
May 13 15:33:41.744451 np0000000711 nova-scheduler[95378]: DEBUG oslo.service.backend._threading.loopingcall [-] Fixed interval looping call 'nova.servicegroup.drivers.db.DbDriver._report_state' sleeping for 120.00 seconds {{(pid=95378) _run_loop /opt/stack/data/venv/lib/python3.12/site-packages/oslo_service/backend/_threading/loopingcall.py:125}}
May 13 15:33:51.732451 np0000000711 nova-scheduler[95376]: DEBUG dbcounter [-] [95376] Writing DB stats nova_cell0:SELECT=1,nova_cell0:UPDATE=1 {{(pid=95376) stat_writer /opt/stack/data/venv/lib/python3.12/site-packages/dbcounter.py:115}}
May 13 15:33:51.736580 np0000000711 nova-scheduler[95374]: DEBUG dbcounter [-] [95374] Writing DB stats nova_cell0:SELECT=1 {{(pid=95374) stat_writer /opt/stack/data/venv/lib/python3.12/site-packages/dbcounter.py:115}}
May 13 15:33:51.743092 np0000000711 nova-scheduler[95378]: DEBUG dbcounter [-] [95378] Writing DB stats nova_cell0:SELECT=1 {{(pid=95378) stat_writer /opt/stack/data/venv/lib/python3.12/site-packages/dbcounter.py:115}}
May 13 15:33:53.742569 np0000000711 nova-scheduler[95378]: DEBUG oslo.service.backend._threading.loopingcall [None req-966a2b42-3c9f-433e-941d-a901baae9b37 None None] Dynamic interval looping call 'nova.service.Service.periodic_tasks' sleeping for 60.00 seconds {{(pid=95378) _run_loop /opt/stack/data/venv/lib/python3.12/site-packages/oslo_service/backend/_threading/loopingcall.py:125}}
May 13 15:34:01.729960 np0000000711 nova-scheduler[95376]: DEBUG oslo.service.backend._threading.loopingcall [None req-266144b9-b7a1-4c4d-86e8-f1b44a97e0cd None None] Dynamic interval looping call 'nova.service.Service.periodic_tasks' sleeping for 60.00 seconds {{(pid=95376) _run_loop /opt/stack/data/venv/lib/python3.12/site-packages/oslo_service/backend/_threading/loopingcall.py:125}}
May 13 15:34:08.736536 np0000000711 nova-scheduler[95374]: DEBUG oslo.service.backend._threading.loopingcall [None req-d743a59f-089a-4fc2-8dbc-f36ecb8042c5 None None] Dynamic interval looping call 'nova.service.Service.periodic_tasks' sleeping for 60.00 seconds {{(pid=95374) _run_loop /opt/stack/data/venv/lib/python3.12/site-packages/oslo_service/backend/_threading/loopingcall.py:125}}
May 13 15:34:53.743056 np0000000711 nova-scheduler[95378]: DEBUG oslo.service.backend._threading.loopingcall [None req-966a2b42-3c9f-433e-941d-a901baae9b37 None None] Dynamic interval looping call 'nova.service.Service.periodic_tasks' sleeping for 60.00 seconds {{(pid=95378) _run_loop /opt/stack/data/venv/lib/python3.12/site-packages/oslo_service/backend/_threading/loopingcall.py:125}}
May 13 15:34:55.813861 np0000000711 nova-scheduler[95376]: DEBUG nova.scheduler.manager [None req-aa8502ab-ea5b-4f8c-b089-ed9135db4adc tempest-TaggedAttachmentsTest-354096914 tempest-TaggedAttachmentsTest-354096914-project-member] Starting to schedule for instances: ['e244b05d-4eed-4c9a-a796-a85a1bc203c6'] {{(pid=95376) select_destinations /opt/stack/nova/nova/scheduler/manager.py:210}}
May 13 15:34:55.814655 np0000000711 nova-scheduler[95376]: DEBUG nova.scheduler.request_filter [None req-aa8502ab-ea5b-4f8c-b089-ed9135db4adc tempest-TaggedAttachmentsTest-354096914 tempest-TaggedAttachmentsTest-354096914-project-member] compute_status_filter request filter added forbidden trait COMPUTE_STATUS_DISABLED {{(pid=95376) compute_status_filter /opt/stack/nova/nova/scheduler/request_filter.py:253}}
May 13 15:34:55.814655 np0000000711 nova-scheduler[95376]: DEBUG nova.scheduler.request_filter [None req-aa8502ab-ea5b-4f8c-b089-ed9135db4adc tempest-TaggedAttachmentsTest-354096914 tempest-TaggedAttachmentsTest-354096914-project-member] Request filter 'compute_status_filter' took 0.0 seconds {{(pid=95376) wrapper /opt/stack/nova/nova/scheduler/request_filter.py:46}}
May 13 15:34:55.814655 np0000000711 nova-scheduler[95376]: DEBUG nova.scheduler.request_filter [None req-aa8502ab-ea5b-4f8c-b089-ed9135db4adc tempest-TaggedAttachmentsTest-354096914 tempest-TaggedAttachmentsTest-354096914-project-member] Request filter 'accelerators_filter' took 0.0 seconds {{(pid=95376) wrapper /opt/stack/nova/nova/scheduler/request_filter.py:46}}
May 13 15:34:55.814793 np0000000711 nova-scheduler[95376]: DEBUG nova.scheduler.request_filter [None req-aa8502ab-ea5b-4f8c-b089-ed9135db4adc tempest-TaggedAttachmentsTest-354096914 tempest-TaggedAttachmentsTest-354096914-project-member] Request filter 'packed_virtqueue_filter' took 0.0 seconds {{(pid=95376) wrapper /opt/stack/nova/nova/scheduler/request_filter.py:46}}
May 13 15:34:55.815151 np0000000711 nova-scheduler[95376]: DEBUG nova.scheduler.request_filter [None req-aa8502ab-ea5b-4f8c-b089-ed9135db4adc tempest-TaggedAttachmentsTest-354096914 tempest-TaggedAttachmentsTest-354096914-project-member] Request filter 'remote_managed_ports_filter' took 0.0 seconds {{(pid=95376) wrapper /opt/stack/nova/nova/scheduler/request_filter.py:46}}
May 13 15:34:55.815946 np0000000711 nova-scheduler[95376]: DEBUG nova.scheduler.request_filter [None req-aa8502ab-ea5b-4f8c-b089-ed9135db4adc tempest-TaggedAttachmentsTest-354096914 tempest-TaggedAttachmentsTest-354096914-project-member] ephemeral_encryption_filter skipped {{(pid=95376) ephemeral_encryption_filter /opt/stack/nova/nova/scheduler/request_filter.py:426}}
May 13 15:34:55.815946 np0000000711 nova-scheduler[95376]: DEBUG nova.scheduler.request_filter [None req-aa8502ab-ea5b-4f8c-b089-ed9135db4adc tempest-TaggedAttachmentsTest-354096914 tempest-TaggedAttachmentsTest-354096914-project-member] virtio_sound_filter skipped {{(pid=95376) virtio_sound_filter /opt/stack/nova/nova/scheduler/request_filter.py:460}}
May 13 15:34:55.815946 np0000000711 nova-scheduler[95376]: DEBUG nova.scheduler.request_filter [None req-aa8502ab-ea5b-4f8c-b089-ed9135db4adc tempest-TaggedAttachmentsTest-354096914 tempest-TaggedAttachmentsTest-354096914-project-member] tpm_secret_security_filter skipped {{(pid=95376) tpm_secret_security_filter /opt/stack/nova/nova/scheduler/request_filter.py:477}}
May 13 15:34:56.356946 np0000000711 nova-scheduler[95376]: INFO nova.utils [None req-aa8502ab-ea5b-4f8c-b089-ed9135db4adc tempest-TaggedAttachmentsTest-354096914 tempest-TaggedAttachmentsTest-354096914-project-member] The cell worker thread pool ForkProcess-2.cell_worker is initialized
May 13 15:34:56.357299 np0000000711 nova-scheduler[95376]: DEBUG oslo_concurrency.lockutils [None req-aa8502ab-ea5b-4f8c-b089-ed9135db4adc tempest-TaggedAttachmentsTest-354096914 tempest-TaggedAttachmentsTest-354096914-project-member] Acquiring lock "cc0225b9-b73c-47a6-b3f0-b36691302dd7" by "nova.context.set_target_cell..get_or_set_cached_cell_and_set_connections" {{(pid=95376) inner /opt/stack/data/venv/lib/python3.12/site-packages/oslo_concurrency/lockutils.py:506}}
May 13 15:34:56.357531 np0000000711 nova-scheduler[95376]: DEBUG oslo_concurrency.lockutils [None req-aa8502ab-ea5b-4f8c-b089-ed9135db4adc tempest-TaggedAttachmentsTest-354096914 tempest-TaggedAttachmentsTest-354096914-project-member] Lock "cc0225b9-b73c-47a6-b3f0-b36691302dd7" acquired by "nova.context.set_target_cell..get_or_set_cached_cell_and_set_connections" :: waited 0.000s {{(pid=95376) inner /opt/stack/data/venv/lib/python3.12/site-packages/oslo_concurrency/lockutils.py:519}}
May 13 15:34:56.359162 np0000000711 nova-scheduler[95376]: DEBUG oslo_concurrency.lockutils [None req-aa8502ab-ea5b-4f8c-b089-ed9135db4adc tempest-TaggedAttachmentsTest-354096914 tempest-TaggedAttachmentsTest-354096914-project-member] Lock "cc0225b9-b73c-47a6-b3f0-b36691302dd7" "released" by "nova.context.set_target_cell..get_or_set_cached_cell_and_set_connections" :: held 0.001s {{(pid=95376) inner /opt/stack/data/venv/lib/python3.12/site-packages/oslo_concurrency/lockutils.py:538}}
May 13 15:34:56.362231 np0000000711 nova-scheduler[95376]: INFO dbcounter [None req-aa8502ab-ea5b-4f8c-b089-ed9135db4adc tempest-TaggedAttachmentsTest-354096914 tempest-TaggedAttachmentsTest-354096914-project-member] Registered counter for database nova_cell1
May 13 15:34:56.366466 np0000000711 nova-scheduler[95376]: DEBUG oslo_db.sqlalchemy.engines [None req-aa8502ab-ea5b-4f8c-b089-ed9135db4adc tempest-TaggedAttachmentsTest-354096914 tempest-TaggedAttachmentsTest-354096914-project-member] MySQL server mode set to STRICT_TRANS_TABLES,STRICT_ALL_TABLES,NO_ZERO_IN_DATE,NO_ZERO_DATE,ERROR_FOR_DIVISION_BY_ZERO,TRADITIONAL,NO_ENGINE_SUBSTITUTION {{(pid=95376) _check_effective_sql_mode /opt/stack/data/venv/lib/python3.12/site-packages/oslo_db/sqlalchemy/engines.py:325}}
May 13 15:34:56.372698 np0000000711 nova-scheduler[95376]: DEBUG dbcounter [-] [95376] Writer thread running {{(pid=95376) stat_writer /opt/stack/data/venv/lib/python3.12/site-packages/dbcounter.py:102}}
May 13 15:34:56.385646 np0000000711 nova-scheduler[95376]: DEBUG oslo_db.sqlalchemy.engines [None req-aa8502ab-ea5b-4f8c-b089-ed9135db4adc tempest-TaggedAttachmentsTest-354096914 tempest-TaggedAttachmentsTest-354096914-project-member] Parent process 94109 forked (95376) with an open database connection, which is being discarded and recreated. {{(pid=95376) checkout /opt/stack/data/venv/lib/python3.12/site-packages/oslo_db/sqlalchemy/engines.py:402}}
May 13 15:34:56.390985 np0000000711 nova-scheduler[95376]: DEBUG dbcounter [-] [95376] Writer thread running {{(pid=95376) stat_writer /opt/stack/data/venv/lib/python3.12/site-packages/dbcounter.py:102}}
May 13 15:34:56.393356 np0000000711 nova-scheduler[95376]: DEBUG oslo_concurrency.lockutils [None req-aa8502ab-ea5b-4f8c-b089-ed9135db4adc tempest-TaggedAttachmentsTest-354096914 tempest-TaggedAttachmentsTest-354096914-project-member] Acquiring lock "cc0225b9-b73c-47a6-b3f0-b36691302dd7" by "nova.context.set_target_cell..get_or_set_cached_cell_and_set_connections" {{(pid=95376) inner /opt/stack/data/venv/lib/python3.12/site-packages/oslo_concurrency/lockutils.py:506}}
May 13 15:34:56.393508 np0000000711 nova-scheduler[95376]: DEBUG oslo_concurrency.lockutils [None req-aa8502ab-ea5b-4f8c-b089-ed9135db4adc tempest-TaggedAttachmentsTest-354096914 tempest-TaggedAttachmentsTest-354096914-project-member] Lock "cc0225b9-b73c-47a6-b3f0-b36691302dd7" acquired by "nova.context.set_target_cell..get_or_set_cached_cell_and_set_connections" :: waited 0.000s {{(pid=95376) inner /opt/stack/data/venv/lib/python3.12/site-packages/oslo_concurrency/lockutils.py:519}}
May 13 15:34:56.393634 np0000000711 nova-scheduler[95376]: DEBUG oslo_concurrency.lockutils [None req-aa8502ab-ea5b-4f8c-b089-ed9135db4adc tempest-TaggedAttachmentsTest-354096914 tempest-TaggedAttachmentsTest-354096914-project-member] Lock "cc0225b9-b73c-47a6-b3f0-b36691302dd7" "released" by "nova.context.set_target_cell..get_or_set_cached_cell_and_set_connections" :: held 0.000s {{(pid=95376) inner /opt/stack/data/venv/lib/python3.12/site-packages/oslo_concurrency/lockutils.py:538}}
May 13 15:34:56.397031 np0000000711 nova-scheduler[95376]: DEBUG oslo_concurrency.lockutils [None req-aa8502ab-ea5b-4f8c-b089-ed9135db4adc tempest-TaggedAttachmentsTest-354096914 tempest-TaggedAttachmentsTest-354096914-project-member] Acquiring lock "('np0000000711', 'np0000000711')" by "nova.scheduler.host_manager.HostState.update.._locked_update" {{(pid=95376) inner /opt/stack/data/venv/lib/python3.12/site-packages/oslo_concurrency/lockutils.py:506}}
May 13 15:34:56.397163 np0000000711 nova-scheduler[95376]: DEBUG oslo_concurrency.lockutils [None req-aa8502ab-ea5b-4f8c-b089-ed9135db4adc tempest-TaggedAttachmentsTest-354096914 tempest-TaggedAttachmentsTest-354096914-project-member] Lock "('np0000000711', 'np0000000711')" acquired by "nova.scheduler.host_manager.HostState.update.._locked_update" :: waited 0.000s {{(pid=95376) inner /opt/stack/data/venv/lib/python3.12/site-packages/oslo_concurrency/lockutils.py:519}}
May 13 15:34:56.398272 np0000000711 nova-scheduler[95376]: DEBUG nova.scheduler.host_manager [None req-aa8502ab-ea5b-4f8c-b089-ed9135db4adc tempest-TaggedAttachmentsTest-354096914 tempest-TaggedAttachmentsTest-354096914-project-member] Update host state from compute node: ComputeNode(cpu_allocation_ratio=4.0,cpu_info='{"arch": "x86_64", "model": "EPYC-Milan", "vendor": "AMD", "topology": {"cells": 1, "sockets": 12, "cores": 1, "threads": 1}, "maxphysaddr": {"mode": "emulate", "bits": 40}, "features": ["aes", "sse4.2", "tsc_adjust", "flushbyasid", "vaes", "xsave", "f16c", "rdseed", "fxsr_opt", "amd-ssbd", "rdtscp", "xsaveerptr", "osvw", "pni", "mca", "nx", "clzero", "no-nested-data-bp", "de", "amd-psfd", "ibpb", "vpclmulqdq", "xsaveopt", "lbrv", "cx16", "lahf_lm", "popcnt", "fxsr", "amd-stibp", "clwb", "ibrs", "gds-no", "npt", "v-vmsave-vmload", "abm", "lm", "nrip-save", "cr8legacy", "umip", "pse36", "fsgsbase", "adx", "null-sel-clr-base", "mmx", "fma", "erms", "vgif", "x2apic", "pdpe1gb", "topoext", "rdctl-no", "ssse3", "misalignsse", "cmov", "cx8", "tsc-scale", "fsrm", "rdrand", "mtrr", "sse", "rdpid", "smap", "sse4a", "smep", "apic", "sep", "pse", "xgetbv1", "xsavec", "pae", "pcid", "wbnoinvd", "bmi2", "tsc-deadline", "pschange-mc-no", "sha-ni", "ssbd", "perfctr_core", "tsc", "clflushopt", "spec-ctrl", "pat", "vme", "movbe", "arch-capabilities", "sse2", "hypervisor", "invpcid", "avx", "mds-no", "pku", "skip-l1dfl-vmentry", "cmp_legacy", "clflush", "stibp-always-on", "avx2", "pge", "syscall", "sse4.1", "mmxext", "msr", "vmcb-clean", "3dnowprefetch", "svme-addr-chk", "svm", "bmi1", "pfthreshold", "fpu", "arat", "mce", "xsaves", "pause-filter", "stibp", "lfence-always-serializing", "virt-ssbd", "pclmuldq"]}',created_at=2026-05-13T15:32:03Z,current_workload=0,deleted=False,deleted_at=None,disk_allocation_ratio=1.0,disk_available_least=74,free_disk_gb=95,free_ram_mb=23518,host='np0000000711',host_ip=10.4.3.77,hypervisor_hostname='np0000000711',hypervisor_type='QEMU',hypervisor_version=8002002,id=1,local_gb=95,local_gb_used=0,mapped=1,memory_mb=24030,memory_mb_used=512,metrics='[]',numa_topology='{"nova_object.name": "NUMATopology", "nova_object.namespace": "nova", "nova_object.version": "1.2", "nova_object.data": {"cells": [{"nova_object.name": "NUMACell", "nova_object.namespace": "nova", "nova_object.version": "1.5", "nova_object.data": {"id": 0, "cpuset": [0, 1, 2, 3, 4, 5, 6, 7, 8, 9, 10, 11], "pcpuset": [0, 1, 2, 3, 4, 5, 6, 7, 8, 9, 10, 11], "memory": 24030, "cpu_usage": 0, "memory_usage": 0, "pinned_cpus": [], "siblings": [[6], [2], [5], [11], [8], [4], [1], [7], [10], [0], [3], [9]], "mempages": [{"nova_object.name": "NUMAPagesTopology", "nova_object.namespace": "nova", "nova_object.version": "1.1", "nova_object.data": {"size_kb": 4, "total": 6151797, "used": 0, "reserved": 0}, "nova_object.changes": ["size_kb", "total", "used", "reserved"]}, {"nova_object.name": "NUMAPagesTopology", "nova_object.namespace": "nova", "nova_object.version": "1.1", "nova_object.data": {"size_kb": 2048, "total": 0, "used": 0, "reserved": 0}, "nova_object.changes": ["size_kb", "total", "used", "reserved"]}, {"nova_object.name": "NUMAPagesTopology", "nova_object.namespace": "nova", "nova_object.version": "1.1", "nova_object.data": {"size_kb": 1048576, "total": 0, "used": 0, "reserved": 0}, "nova_object.changes": ["size_kb", "total", "used", "reserved"]}], "network_metadata": {"nova_object.name": "NetworkMetadata", "nova_object.namespace": "nova", "nova_object.version": "1.0", "nova_object.data": {"physnets": [], "tunneled": false}, "nova_object.changes": ["physnets", "tunneled"]}, "socket": null}, "nova_object.changes": ["id", "cpuset", "pinned_cpus", "memory_usage", "siblings", "network_metadata", "socket", "memory", "pcpuset", "cpu_usage", "mempages"]}]}, "nova_object.changes": ["cells"]}',pci_device_pools=PciDevicePoolList,ram_allocation_ratio=1.0,running_vms=0,service_id=2,stats={failed_builds='0',uptime=' 15:34:51 up 25 min, 2 users, load average: 2.81, 1.80, 1.01
May 13 15:34:56.398272 np0000000711 nova-scheduler[95376]: '},supported_hv_specs=[HVSpec,HVSpec,HVSpec,HVSpec,HVSpec,HVSpec,HVSpec,HVSpec,HVSpec,HVSpec,HVSpec,HVSpec,HVSpec,HVSpec,HVSpec,HVSpec,HVSpec,HVSpec,HVSpec,HVSpec,HVSpec,HVSpec,HVSpec,HVSpec,HVSpec],updated_at=2026-05-13T15:34:53Z,uuid=8279d69a-3159-4f53-8c0e-7e621c511ffc,vcpus=12,vcpus_used=0) {{(pid=95376) _locked_update /opt/stack/nova/nova/scheduler/host_manager.py:168}}
May 13 15:34:56.399237 np0000000711 nova-scheduler[95376]: DEBUG nova.scheduler.host_manager [None req-aa8502ab-ea5b-4f8c-b089-ed9135db4adc tempest-TaggedAttachmentsTest-354096914 tempest-TaggedAttachmentsTest-354096914-project-member] Update host state with aggregates: [] {{(pid=95376) _locked_update /opt/stack/nova/nova/scheduler/host_manager.py:171}}
May 13 15:34:56.399398 np0000000711 nova-scheduler[95376]: DEBUG nova.scheduler.host_manager [None req-aa8502ab-ea5b-4f8c-b089-ed9135db4adc tempest-TaggedAttachmentsTest-354096914 tempest-TaggedAttachmentsTest-354096914-project-member] Update host state with service dict: {'id': 2, 'uuid': 'a75a2657-26ab-4b81-89f5-2df5b1a217a2', 'host': 'np0000000711', 'binary': 'nova-compute', 'topic': 'compute', 'report_count': 2, 'disabled': False, 'disabled_reason': None, 'last_seen_up': datetime.datetime(2026, 5, 13, 15, 34, 12, tzinfo=datetime.timezone.utc), 'forced_down': False, 'version': 72, 'created_at': datetime.datetime(2026, 5, 13, 15, 32, 1, tzinfo=datetime.timezone.utc), 'updated_at': datetime.datetime(2026, 5, 13, 15, 34, 12, tzinfo=datetime.timezone.utc), 'deleted_at': None, 'deleted': False} {{(pid=95376) _locked_update /opt/stack/nova/nova/scheduler/host_manager.py:174}}
May 13 15:34:56.399398 np0000000711 nova-scheduler[95376]: DEBUG nova.scheduler.host_manager [None req-aa8502ab-ea5b-4f8c-b089-ed9135db4adc tempest-TaggedAttachmentsTest-354096914 tempest-TaggedAttachmentsTest-354096914-project-member] Update host state with instances: [] {{(pid=95376) _locked_update /opt/stack/nova/nova/scheduler/host_manager.py:177}}
May 13 15:34:56.399539 np0000000711 nova-scheduler[95376]: DEBUG oslo_concurrency.lockutils [None req-aa8502ab-ea5b-4f8c-b089-ed9135db4adc tempest-TaggedAttachmentsTest-354096914 tempest-TaggedAttachmentsTest-354096914-project-member] Lock "('np0000000711', 'np0000000711')" "released" by "nova.scheduler.host_manager.HostState.update.._locked_update" :: held 0.002s {{(pid=95376) inner /opt/stack/data/venv/lib/python3.12/site-packages/oslo_concurrency/lockutils.py:538}}
May 13 15:34:56.399964 np0000000711 nova-scheduler[95376]: DEBUG nova.filters [None req-aa8502ab-ea5b-4f8c-b089-ed9135db4adc tempest-TaggedAttachmentsTest-354096914 tempest-TaggedAttachmentsTest-354096914-project-member] Starting with 1 host(s) {{(pid=95376) get_filtered_objects /opt/stack/nova/nova/filters.py:70}}
May 13 15:34:56.400186 np0000000711 nova-scheduler[95376]: DEBUG nova.filters [None req-aa8502ab-ea5b-4f8c-b089-ed9135db4adc tempest-TaggedAttachmentsTest-354096914 tempest-TaggedAttachmentsTest-354096914-project-member] Filter ComputeFilter returned 1 host(s) {{(pid=95376) get_filtered_objects /opt/stack/nova/nova/filters.py:102}}
May 13 15:34:56.400362 np0000000711 nova-scheduler[95376]: DEBUG nova.filters [None req-aa8502ab-ea5b-4f8c-b089-ed9135db4adc tempest-TaggedAttachmentsTest-354096914 tempest-TaggedAttachmentsTest-354096914-project-member] Filter ComputeCapabilitiesFilter returned 1 host(s) {{(pid=95376) get_filtered_objects /opt/stack/nova/nova/filters.py:102}}
May 13 15:34:56.400678 np0000000711 nova-scheduler[95376]: DEBUG nova.filters [None req-aa8502ab-ea5b-4f8c-b089-ed9135db4adc tempest-TaggedAttachmentsTest-354096914 tempest-TaggedAttachmentsTest-354096914-project-member] Filter ImagePropertiesFilter returned 1 host(s) {{(pid=95376) get_filtered_objects /opt/stack/nova/nova/filters.py:102}}
May 13 15:34:56.400678 np0000000711 nova-scheduler[95376]: DEBUG nova.filters [None req-aa8502ab-ea5b-4f8c-b089-ed9135db4adc tempest-TaggedAttachmentsTest-354096914 tempest-TaggedAttachmentsTest-354096914-project-member] Filter ServerGroupAntiAffinityFilter returned 1 host(s) {{(pid=95376) get_filtered_objects /opt/stack/nova/nova/filters.py:102}}
May 13 15:34:56.400794 np0000000711 nova-scheduler[95376]: DEBUG nova.filters [None req-aa8502ab-ea5b-4f8c-b089-ed9135db4adc tempest-TaggedAttachmentsTest-354096914 tempest-TaggedAttachmentsTest-354096914-project-member] Filter ServerGroupAffinityFilter returned 1 host(s) {{(pid=95376) get_filtered_objects /opt/stack/nova/nova/filters.py:102}}
May 13 15:34:56.400953 np0000000711 nova-scheduler[95376]: DEBUG nova.filters [None req-aa8502ab-ea5b-4f8c-b089-ed9135db4adc tempest-TaggedAttachmentsTest-354096914 tempest-TaggedAttachmentsTest-354096914-project-member] Filter SameHostFilter returned 1 host(s) {{(pid=95376) get_filtered_objects /opt/stack/nova/nova/filters.py:102}}
May 13 15:34:56.401121 np0000000711 nova-scheduler[95376]: DEBUG nova.filters [None req-aa8502ab-ea5b-4f8c-b089-ed9135db4adc tempest-TaggedAttachmentsTest-354096914 tempest-TaggedAttachmentsTest-354096914-project-member] Filter DifferentHostFilter returned 1 host(s) {{(pid=95376) get_filtered_objects /opt/stack/nova/nova/filters.py:102}}
May 13 15:34:56.401211 np0000000711 nova-scheduler[95376]: DEBUG nova.scheduler.manager [None req-aa8502ab-ea5b-4f8c-b089-ed9135db4adc tempest-TaggedAttachmentsTest-354096914 tempest-TaggedAttachmentsTest-354096914-project-member] Filtered [(np0000000711, np0000000711) ram: 23518MB disk: 75776MB io_ops: 0 instances: 0, allocation_candidates: 1] {{(pid=95376) _get_sorted_hosts /opt/stack/nova/nova/scheduler/manager.py:743}}
May 13 15:34:56.401761 np0000000711 nova-scheduler[95376]: DEBUG nova.scheduler.manager [None req-aa8502ab-ea5b-4f8c-b089-ed9135db4adc tempest-TaggedAttachmentsTest-354096914 tempest-TaggedAttachmentsTest-354096914-project-member] Weighed [WeighedHost [host: (np0000000711, np0000000711) ram: 23518MB disk: 75776MB io_ops: 0 instances: 0, allocation_candidates: 1, weight: 0.0]] {{(pid=95376) _get_sorted_hosts /opt/stack/nova/nova/scheduler/manager.py:765}}
May 13 15:34:56.401761 np0000000711 nova-scheduler[95376]: DEBUG nova.scheduler.utils [None req-aa8502ab-ea5b-4f8c-b089-ed9135db4adc tempest-TaggedAttachmentsTest-354096914 tempest-TaggedAttachmentsTest-354096914-project-member] Attempting to claim resources in the placement API for instance e244b05d-4eed-4c9a-a796-a85a1bc203c6 {{(pid=95376) claim_resources /opt/stack/nova/nova/scheduler/utils.py:1304}}
May 13 15:34:56.586147 np0000000711 nova-scheduler[95376]: DEBUG nova.scheduler.manager [None req-aa8502ab-ea5b-4f8c-b089-ed9135db4adc tempest-TaggedAttachmentsTest-354096914 tempest-TaggedAttachmentsTest-354096914-project-member] [instance: e244b05d-4eed-4c9a-a796-a85a1bc203c6] Selected host: (np0000000711, np0000000711) ram: 23518MB disk: 75776MB io_ops: 0 instances: 0, allocation_candidates: 1 {{(pid=95376) _consume_selected_host /opt/stack/nova/nova/scheduler/manager.py:625}}
May 13 15:34:56.586569 np0000000711 nova-scheduler[95376]: DEBUG oslo_concurrency.lockutils [None req-aa8502ab-ea5b-4f8c-b089-ed9135db4adc tempest-TaggedAttachmentsTest-354096914 tempest-TaggedAttachmentsTest-354096914-project-member] Acquiring lock "('np0000000711', 'np0000000711')" by "nova.scheduler.host_manager.HostState.consume_from_request.._locked" {{(pid=95376) inner /opt/stack/data/venv/lib/python3.12/site-packages/oslo_concurrency/lockutils.py:506}}
May 13 15:34:56.586652 np0000000711 nova-scheduler[95376]: DEBUG oslo_concurrency.lockutils [None req-aa8502ab-ea5b-4f8c-b089-ed9135db4adc tempest-TaggedAttachmentsTest-354096914 tempest-TaggedAttachmentsTest-354096914-project-member] Lock "('np0000000711', 'np0000000711')" acquired by "nova.scheduler.host_manager.HostState.consume_from_request.._locked" :: waited 0.000s {{(pid=95376) inner /opt/stack/data/venv/lib/python3.12/site-packages/oslo_concurrency/lockutils.py:519}}
May 13 15:34:56.586882 np0000000711 nova-scheduler[95376]: DEBUG oslo_concurrency.lockutils [None req-aa8502ab-ea5b-4f8c-b089-ed9135db4adc tempest-TaggedAttachmentsTest-354096914 tempest-TaggedAttachmentsTest-354096914-project-member] Lock "('np0000000711', 'np0000000711')" "released" by "nova.scheduler.host_manager.HostState.consume_from_request.._locked" :: held 0.000s {{(pid=95376) inner /opt/stack/data/venv/lib/python3.12/site-packages/oslo_concurrency/lockutils.py:538}}
May 13 15:34:59.529982 np0000000711 nova-scheduler[95374]: DEBUG nova.scheduler.manager [None req-c99ed2e2-6e55-4381-8405-2bfb79ab55a3 tempest-AttachSCSIVolumeTestJSON-800317735 tempest-AttachSCSIVolumeTestJSON-800317735-project-member] Starting to schedule for instances: ['97c2632f-4f53-45af-93d2-b8a0576ff340'] {{(pid=95374) select_destinations /opt/stack/nova/nova/scheduler/manager.py:210}}
May 13 15:34:59.531746 np0000000711 nova-scheduler[95374]: DEBUG nova.scheduler.request_filter [None req-c99ed2e2-6e55-4381-8405-2bfb79ab55a3 tempest-AttachSCSIVolumeTestJSON-800317735 tempest-AttachSCSIVolumeTestJSON-800317735-project-member] compute_status_filter request filter added forbidden trait COMPUTE_STATUS_DISABLED {{(pid=95374) compute_status_filter /opt/stack/nova/nova/scheduler/request_filter.py:253}}
May 13 15:34:59.533639 np0000000711 nova-scheduler[95374]: DEBUG nova.scheduler.request_filter [None req-c99ed2e2-6e55-4381-8405-2bfb79ab55a3 tempest-AttachSCSIVolumeTestJSON-800317735 tempest-AttachSCSIVolumeTestJSON-800317735-project-member] Request filter 'compute_status_filter' took 0.0 seconds {{(pid=95374) wrapper /opt/stack/nova/nova/scheduler/request_filter.py:46}}
May 13 15:34:59.533639 np0000000711 nova-scheduler[95374]: DEBUG nova.scheduler.request_filter [None req-c99ed2e2-6e55-4381-8405-2bfb79ab55a3 tempest-AttachSCSIVolumeTestJSON-800317735 tempest-AttachSCSIVolumeTestJSON-800317735-project-member] Request filter 'accelerators_filter' took 0.0 seconds {{(pid=95374) wrapper /opt/stack/nova/nova/scheduler/request_filter.py:46}}
May 13 15:34:59.533639 np0000000711 nova-scheduler[95374]: DEBUG nova.scheduler.request_filter [None req-c99ed2e2-6e55-4381-8405-2bfb79ab55a3 tempest-AttachSCSIVolumeTestJSON-800317735 tempest-AttachSCSIVolumeTestJSON-800317735-project-member] Request filter 'packed_virtqueue_filter' took 0.0 seconds {{(pid=95374) wrapper /opt/stack/nova/nova/scheduler/request_filter.py:46}}
May 13 15:34:59.533639 np0000000711 nova-scheduler[95374]: DEBUG nova.scheduler.request_filter [None req-c99ed2e2-6e55-4381-8405-2bfb79ab55a3 tempest-AttachSCSIVolumeTestJSON-800317735 tempest-AttachSCSIVolumeTestJSON-800317735-project-member] Request filter 'remote_managed_ports_filter' took 0.0 seconds {{(pid=95374) wrapper /opt/stack/nova/nova/scheduler/request_filter.py:46}}
May 13 15:34:59.534018 np0000000711 nova-scheduler[95374]: DEBUG nova.scheduler.request_filter [None req-c99ed2e2-6e55-4381-8405-2bfb79ab55a3 tempest-AttachSCSIVolumeTestJSON-800317735 tempest-AttachSCSIVolumeTestJSON-800317735-project-member] ephemeral_encryption_filter skipped {{(pid=95374) ephemeral_encryption_filter /opt/stack/nova/nova/scheduler/request_filter.py:426}}
May 13 15:34:59.534018 np0000000711 nova-scheduler[95374]: DEBUG nova.scheduler.request_filter [None req-c99ed2e2-6e55-4381-8405-2bfb79ab55a3 tempest-AttachSCSIVolumeTestJSON-800317735 tempest-AttachSCSIVolumeTestJSON-800317735-project-member] virtio_sound_filter skipped {{(pid=95374) virtio_sound_filter /opt/stack/nova/nova/scheduler/request_filter.py:460}}
May 13 15:34:59.534018 np0000000711 nova-scheduler[95374]: DEBUG nova.scheduler.request_filter [None req-c99ed2e2-6e55-4381-8405-2bfb79ab55a3 tempest-AttachSCSIVolumeTestJSON-800317735 tempest-AttachSCSIVolumeTestJSON-800317735-project-member] tpm_secret_security_filter skipped {{(pid=95374) tpm_secret_security_filter /opt/stack/nova/nova/scheduler/request_filter.py:477}}
May 13 15:34:59.631501 np0000000711 nova-scheduler[95374]: INFO nova.utils [None req-c99ed2e2-6e55-4381-8405-2bfb79ab55a3 tempest-AttachSCSIVolumeTestJSON-800317735 tempest-AttachSCSIVolumeTestJSON-800317735-project-member] The cell worker thread pool ForkProcess-1.cell_worker is initialized
May 13 15:34:59.631949 np0000000711 nova-scheduler[95374]: DEBUG oslo_concurrency.lockutils [None req-c99ed2e2-6e55-4381-8405-2bfb79ab55a3 tempest-AttachSCSIVolumeTestJSON-800317735 tempest-AttachSCSIVolumeTestJSON-800317735-project-member] Acquiring lock "cc0225b9-b73c-47a6-b3f0-b36691302dd7" by "nova.context.set_target_cell..get_or_set_cached_cell_and_set_connections" {{(pid=95374) inner /opt/stack/data/venv/lib/python3.12/site-packages/oslo_concurrency/lockutils.py:506}}
May 13 15:34:59.633862 np0000000711 nova-scheduler[95374]: DEBUG oslo_concurrency.lockutils [None req-c99ed2e2-6e55-4381-8405-2bfb79ab55a3 tempest-AttachSCSIVolumeTestJSON-800317735 tempest-AttachSCSIVolumeTestJSON-800317735-project-member] Lock "cc0225b9-b73c-47a6-b3f0-b36691302dd7" acquired by "nova.context.set_target_cell..get_or_set_cached_cell_and_set_connections" :: waited 0.000s {{(pid=95374) inner /opt/stack/data/venv/lib/python3.12/site-packages/oslo_concurrency/lockutils.py:519}}
May 13 15:34:59.633862 np0000000711 nova-scheduler[95374]: DEBUG oslo_concurrency.lockutils [None req-c99ed2e2-6e55-4381-8405-2bfb79ab55a3 tempest-AttachSCSIVolumeTestJSON-800317735 tempest-AttachSCSIVolumeTestJSON-800317735-project-member] Lock "cc0225b9-b73c-47a6-b3f0-b36691302dd7" "released" by "nova.context.set_target_cell..get_or_set_cached_cell_and_set_connections" :: held 0.001s {{(pid=95374) inner /opt/stack/data/venv/lib/python3.12/site-packages/oslo_concurrency/lockutils.py:538}}
May 13 15:34:59.635621 np0000000711 nova-scheduler[95374]: INFO dbcounter [None req-c99ed2e2-6e55-4381-8405-2bfb79ab55a3 tempest-AttachSCSIVolumeTestJSON-800317735 tempest-AttachSCSIVolumeTestJSON-800317735-project-member] Registered counter for database nova_cell1
May 13 15:34:59.642906 np0000000711 nova-scheduler[95374]: DEBUG oslo_db.sqlalchemy.engines [None req-c99ed2e2-6e55-4381-8405-2bfb79ab55a3 tempest-AttachSCSIVolumeTestJSON-800317735 tempest-AttachSCSIVolumeTestJSON-800317735-project-member] MySQL server mode set to STRICT_TRANS_TABLES,STRICT_ALL_TABLES,NO_ZERO_IN_DATE,NO_ZERO_DATE,ERROR_FOR_DIVISION_BY_ZERO,TRADITIONAL,NO_ENGINE_SUBSTITUTION {{(pid=95374) _check_effective_sql_mode /opt/stack/data/venv/lib/python3.12/site-packages/oslo_db/sqlalchemy/engines.py:325}}
May 13 15:34:59.649716 np0000000711 nova-scheduler[95374]: DEBUG dbcounter [-] [95374] Writer thread running {{(pid=95374) stat_writer /opt/stack/data/venv/lib/python3.12/site-packages/dbcounter.py:102}}
May 13 15:34:59.668172 np0000000711 nova-scheduler[95374]: DEBUG dbcounter [-] [95374] Writer thread running {{(pid=95374) stat_writer /opt/stack/data/venv/lib/python3.12/site-packages/dbcounter.py:102}}
May 13 15:34:59.672219 np0000000711 nova-scheduler[95374]: DEBUG oslo_concurrency.lockutils [None req-c99ed2e2-6e55-4381-8405-2bfb79ab55a3 tempest-AttachSCSIVolumeTestJSON-800317735 tempest-AttachSCSIVolumeTestJSON-800317735-project-member] Acquiring lock "cc0225b9-b73c-47a6-b3f0-b36691302dd7" by "nova.context.set_target_cell..get_or_set_cached_cell_and_set_connections" {{(pid=95374) inner /opt/stack/data/venv/lib/python3.12/site-packages/oslo_concurrency/lockutils.py:506}}
May 13 15:34:59.672452 np0000000711 nova-scheduler[95374]: DEBUG oslo_concurrency.lockutils [None req-c99ed2e2-6e55-4381-8405-2bfb79ab55a3 tempest-AttachSCSIVolumeTestJSON-800317735 tempest-AttachSCSIVolumeTestJSON-800317735-project-member] Lock "cc0225b9-b73c-47a6-b3f0-b36691302dd7" acquired by "nova.context.set_target_cell..get_or_set_cached_cell_and_set_connections" :: waited 0.000s {{(pid=95374) inner /opt/stack/data/venv/lib/python3.12/site-packages/oslo_concurrency/lockutils.py:519}}
May 13 15:34:59.672603 np0000000711 nova-scheduler[95374]: DEBUG oslo_concurrency.lockutils [None req-c99ed2e2-6e55-4381-8405-2bfb79ab55a3 tempest-AttachSCSIVolumeTestJSON-800317735 tempest-AttachSCSIVolumeTestJSON-800317735-project-member] Lock "cc0225b9-b73c-47a6-b3f0-b36691302dd7" "released" by "nova.context.set_target_cell..get_or_set_cached_cell_and_set_connections" :: held 0.000s {{(pid=95374) inner /opt/stack/data/venv/lib/python3.12/site-packages/oslo_concurrency/lockutils.py:538}}
