May 13 15:31:08.301309 np0000000711 neutron-periodic-workers[91530]: DEBUG cotyledon.oslo_config_glue [-] ovn.bfd_mult = 3 {{(pid=91530) log_opt_values /opt/stack/data/venv/lib/python3.12/site-packages/oslo_config/cfg.py:3006}}
May 13 15:31:08.301309 np0000000711 neutron-periodic-workers[91530]: DEBUG cotyledon.oslo_config_glue [-] ovn.broadcast_arps_to_all_routers = True {{(pid=91530) log_opt_values /opt/stack/data/venv/lib/python3.12/site-packages/oslo_config/cfg.py:3006}}
May 13 15:31:08.301795 np0000000711 neutron-periodic-workers[91530]: DEBUG cotyledon.oslo_config_glue [-] ovn.dhcp_default_lease_time = 43200 {{(pid=91530) log_opt_values /opt/stack/data/venv/lib/python3.12/site-packages/oslo_config/cfg.py:3006}}
May 13 15:31:08.301795 np0000000711 neutron-periodic-workers[91530]: DEBUG cotyledon.oslo_config_glue [-] ovn.disable_ovn_dhcp_for_baremetal_ports = False {{(pid=91530) log_opt_values /opt/stack/data/venv/lib/python3.12/site-packages/oslo_config/cfg.py:3006}}
May 13 15:31:08.301795 np0000000711 neutron-periodic-workers[91530]: DEBUG cotyledon.oslo_config_glue [-] ovn.dns_records_ovn_owned = False {{(pid=91530) log_opt_values /opt/stack/data/venv/lib/python3.12/site-packages/oslo_config/cfg.py:3006}}
May 13 15:31:08.301795 np0000000711 neutron-periodic-workers[91530]: DEBUG cotyledon.oslo_config_glue [-] ovn.dns_servers = [] {{(pid=91530) log_opt_values /opt/stack/data/venv/lib/python3.12/site-packages/oslo_config/cfg.py:3006}}
May 13 15:31:08.301795 np0000000711 neutron-periodic-workers[91530]: DEBUG cotyledon.oslo_config_glue [-] ovn.enable_distributed_floating_ip = False {{(pid=91530) log_opt_values /opt/stack/data/venv/lib/python3.12/site-packages/oslo_config/cfg.py:3006}}
May 13 15:31:08.301795 np0000000711 neutron-periodic-workers[91530]: DEBUG cotyledon.oslo_config_glue [-] ovn.fdb_age_threshold = 300 {{(pid=91530) log_opt_values /opt/stack/data/venv/lib/python3.12/site-packages/oslo_config/cfg.py:3006}}
May 13 15:31:08.301795 np0000000711 neutron-periodic-workers[91530]: DEBUG cotyledon.oslo_config_glue [-] ovn.ha_failover_strategy = normal {{(pid=91530) log_opt_values /opt/stack/data/venv/lib/python3.12/site-packages/oslo_config/cfg.py:3006}}
May 13 15:31:08.301795 np0000000711 neutron-periodic-workers[91530]: DEBUG cotyledon.oslo_config_glue [-] ovn.live_migration_activation_strategy = rarp {{(pid=91530) log_opt_values /opt/stack/data/venv/lib/python3.12/site-packages/oslo_config/cfg.py:3006}}
May 13 15:31:08.301795 np0000000711 neutron-periodic-workers[91530]: DEBUG cotyledon.oslo_config_glue [-] ovn.localnet_learn_fdb = False {{(pid=91530) log_opt_values /opt/stack/data/venv/lib/python3.12/site-packages/oslo_config/cfg.py:3006}}
May 13 15:31:08.302146 np0000000711 neutron-periodic-workers[91530]: DEBUG cotyledon.oslo_config_glue [-] ovn.mac_binding_age_threshold = 300 {{(pid=91530) log_opt_values /opt/stack/data/venv/lib/python3.12/site-packages/oslo_config/cfg.py:3006}}
May 13 15:31:08.302146 np0000000711 neutron-periodic-workers[91530]: DEBUG cotyledon.oslo_config_glue [-] ovn.neutron_sync_mode = log {{(pid=91530) log_opt_values /opt/stack/data/venv/lib/python3.12/site-packages/oslo_config/cfg.py:3006}}
May 13 15:31:08.302146 np0000000711 neutron-periodic-workers[91530]: DEBUG cotyledon.oslo_config_glue [-] ovn.ovn_dhcp4_global_options = {} {{(pid=91530) log_opt_values /opt/stack/data/venv/lib/python3.12/site-packages/oslo_config/cfg.py:3006}}
May 13 15:31:08.302146 np0000000711 neutron-periodic-workers[91530]: DEBUG cotyledon.oslo_config_glue [-] ovn.ovn_dhcp6_global_options = {} {{(pid=91530) log_opt_values /opt/stack/data/venv/lib/python3.12/site-packages/oslo_config/cfg.py:3006}}
May 13 15:31:08.302146 np0000000711 neutron-periodic-workers[91530]: DEBUG cotyledon.oslo_config_glue [-] ovn.ovn_l3_scheduler = leastloaded {{(pid=91530) log_opt_values /opt/stack/data/venv/lib/python3.12/site-packages/oslo_config/cfg.py:3006}}
May 13 15:31:08.302146 np0000000711 neutron-periodic-workers[91530]: DEBUG cotyledon.oslo_config_glue [-] ovn.ovn_metadata_enabled = True {{(pid=91530) log_opt_values /opt/stack/data/venv/lib/python3.12/site-packages/oslo_config/cfg.py:3006}}
May 13 15:31:08.302146 np0000000711 neutron-periodic-workers[91530]: DEBUG cotyledon.oslo_config_glue [-] ovn.ovn_nb_ca_cert = /opt/stack/data/CA/int-ca/ca-chain.pem {{(pid=91530) log_opt_values /opt/stack/data/venv/lib/python3.12/site-packages/oslo_config/cfg.py:3006}}
May 13 15:31:08.302146 np0000000711 neutron-periodic-workers[91530]: DEBUG cotyledon.oslo_config_glue [-] ovn.ovn_nb_certificate = /opt/stack/data/CA/int-ca/devstack-cert.crt {{(pid=91530) log_opt_values /opt/stack/data/venv/lib/python3.12/site-packages/oslo_config/cfg.py:3006}}
May 13 15:31:08.302146 np0000000711 neutron-periodic-workers[91530]: DEBUG cotyledon.oslo_config_glue [-] ovn.ovn_nb_connection = ['ssl:10.4.3.77:6641'] {{(pid=91530) log_opt_values /opt/stack/data/venv/lib/python3.12/site-packages/oslo_config/cfg.py:3006}}
May 13 15:31:08.302445 np0000000711 neutron-periodic-workers[91530]: DEBUG cotyledon.oslo_config_glue [-] ovn.ovn_nb_private_key = /opt/stack/data/CA/int-ca/private/devstack-cert.key {{(pid=91530) log_opt_values /opt/stack/data/venv/lib/python3.12/site-packages/oslo_config/cfg.py:3006}}
May 13 15:31:08.302445 np0000000711 neutron-periodic-workers[91530]: DEBUG cotyledon.oslo_config_glue [-] ovn.ovn_router_indirect_snat = False {{(pid=91530) log_opt_values /opt/stack/data/venv/lib/python3.12/site-packages/oslo_config/cfg.py:3006}}
May 13 15:31:08.302445 np0000000711 neutron-periodic-workers[91530]: DEBUG cotyledon.oslo_config_glue [-] ovn.ovn_sb_ca_cert = /opt/stack/data/CA/int-ca/ca-chain.pem {{(pid=91530) log_opt_values /opt/stack/data/venv/lib/python3.12/site-packages/oslo_config/cfg.py:3006}}
May 13 15:31:08.302445 np0000000711 neutron-periodic-workers[91530]: DEBUG cotyledon.oslo_config_glue [-] ovn.ovn_sb_certificate = /opt/stack/data/CA/int-ca/devstack-cert.crt {{(pid=91530) log_opt_values /opt/stack/data/venv/lib/python3.12/site-packages/oslo_config/cfg.py:3006}}
May 13 15:31:08.302445 np0000000711 neutron-periodic-workers[91530]: DEBUG cotyledon.oslo_config_glue [-] ovn.ovn_sb_connection = ['ssl:10.4.3.77:6642'] {{(pid=91530) log_opt_values /opt/stack/data/venv/lib/python3.12/site-packages/oslo_config/cfg.py:3006}}
May 13 15:31:08.302445 np0000000711 neutron-periodic-workers[91530]: DEBUG cotyledon.oslo_config_glue [-] ovn.ovn_sb_private_key = /opt/stack/data/CA/int-ca/private/devstack-cert.key {{(pid=91530) log_opt_values /opt/stack/data/venv/lib/python3.12/site-packages/oslo_config/cfg.py:3006}}
May 13 15:31:08.302445 np0000000711 neutron-periodic-workers[91530]: DEBUG cotyledon.oslo_config_glue [-] ovn.ovs_create_tap = False {{(pid=91530) log_opt_values /opt/stack/data/venv/lib/python3.12/site-packages/oslo_config/cfg.py:3006}}
May 13 15:31:08.302445 np0000000711 neutron-periodic-workers[91530]: DEBUG cotyledon.oslo_config_glue [-] ovn.ovsdb_connection_timeout = 180 {{(pid=91530) log_opt_values /opt/stack/data/venv/lib/python3.12/site-packages/oslo_config/cfg.py:3006}}
May 13 15:31:08.302704 np0000000711 neutron-periodic-workers[91530]: DEBUG cotyledon.oslo_config_glue [-] ovn.ovsdb_log_level = INFO {{(pid=91530) log_opt_values /opt/stack/data/venv/lib/python3.12/site-packages/oslo_config/cfg.py:3006}}
May 13 15:31:08.302704 np0000000711 neutron-periodic-workers[91530]: DEBUG cotyledon.oslo_config_glue [-] ovn.ovsdb_probe_interval = 60000 {{(pid=91530) log_opt_values /opt/stack/data/venv/lib/python3.12/site-packages/oslo_config/cfg.py:3006}}
May 13 15:31:08.302704 np0000000711 neutron-periodic-workers[91530]: DEBUG cotyledon.oslo_config_glue [-] ovn.ovsdb_retry_max_interval = 180 {{(pid=91530) log_opt_values /opt/stack/data/venv/lib/python3.12/site-packages/oslo_config/cfg.py:3006}}
May 13 15:31:08.302704 np0000000711 neutron-periodic-workers[91530]: DEBUG cotyledon.oslo_config_glue [-] ovn.stateless_nat_enabled = False {{(pid=91530) log_opt_values /opt/stack/data/venv/lib/python3.12/site-packages/oslo_config/cfg.py:3006}}
May 13 15:31:08.302704 np0000000711 neutron-periodic-workers[91530]: DEBUG cotyledon.oslo_config_glue [-] ovn.vhost_sock_dir = /var/run/openvswitch {{(pid=91530) log_opt_values /opt/stack/data/venv/lib/python3.12/site-packages/oslo_config/cfg.py:3006}}
May 13 15:31:08.302704 np0000000711 neutron-periodic-workers[91530]: DEBUG cotyledon.oslo_config_glue [-] OVS.bridge_mac_table_size = 50000 {{(pid=91530) log_opt_values /opt/stack/data/venv/lib/python3.12/site-packages/oslo_config/cfg.py:3006}}
May 13 15:31:08.302704 np0000000711 neutron-periodic-workers[91530]: DEBUG cotyledon.oslo_config_glue [-] OVS.igmp_flood = False {{(pid=91530) log_opt_values /opt/stack/data/venv/lib/python3.12/site-packages/oslo_config/cfg.py:3006}}
May 13 15:31:08.302704 np0000000711 neutron-periodic-workers[91530]: DEBUG cotyledon.oslo_config_glue [-] OVS.igmp_flood_reports = True {{(pid=91530) log_opt_values /opt/stack/data/venv/lib/python3.12/site-packages/oslo_config/cfg.py:3006}}
May 13 15:31:08.302704 np0000000711 neutron-periodic-workers[91530]: DEBUG cotyledon.oslo_config_glue [-] OVS.igmp_flood_unregistered = False {{(pid=91530) log_opt_values /opt/stack/data/venv/lib/python3.12/site-packages/oslo_config/cfg.py:3006}}
May 13 15:31:08.303034 np0000000711 neutron-periodic-workers[91530]: DEBUG cotyledon.oslo_config_glue [-] OVS.igmp_snooping_enable = False {{(pid=91530) log_opt_values /opt/stack/data/venv/lib/python3.12/site-packages/oslo_config/cfg.py:3006}}
May 13 15:31:08.303034 np0000000711 neutron-periodic-workers[91530]: DEBUG cotyledon.oslo_config_glue [-] OVS.ovsdb_timeout = 10 {{(pid=91530) log_opt_values /opt/stack/data/venv/lib/python3.12/site-packages/oslo_config/cfg.py:3006}}
May 13 15:31:08.303034 np0000000711 neutron-periodic-workers[91530]: DEBUG cotyledon.oslo_config_glue [-] ovn_nb_global.fdb_removal_limit = 0 {{(pid=91530) log_opt_values /opt/stack/data/venv/lib/python3.12/site-packages/oslo_config/cfg.py:3006}}
May 13 15:31:08.303034 np0000000711 neutron-periodic-workers[91530]: DEBUG cotyledon.oslo_config_glue [-] ovn_nb_global.ignore_lsp_down = False {{(pid=91530) log_opt_values /opt/stack/data/venv/lib/python3.12/site-packages/oslo_config/cfg.py:3006}}
May 13 15:31:08.303034 np0000000711 neutron-periodic-workers[91530]: DEBUG cotyledon.oslo_config_glue [-] ovn_nb_global.mac_binding_removal_limit = 0 {{(pid=91530) log_opt_values /opt/stack/data/venv/lib/python3.12/site-packages/oslo_config/cfg.py:3006}}
May 13 15:31:08.303034 np0000000711 neutron-periodic-workers[91530]: DEBUG cotyledon.oslo_config_glue [-] ******************************************************************************** {{(pid=91530) log_opt_values /opt/stack/data/venv/lib/python3.12/site-packages/oslo_config/cfg.py:3013}}
May 13 15:31:08.303034 np0000000711 neutron-periodic-workers[91530]: DEBUG cotyledon._service_worker [-] Run service ServiceWrapper(0) [91530] {{(pid=91530) wait_forever /opt/stack/data/venv/lib/python3.12/site-packages/cotyledon/_service_worker.py:218}}
May 13 15:31:15.255758 np0000000711 neutron-periodic-workers[91496]: DEBUG oslo_db.sqlalchemy.engines [None req-7a42be47-fc0d-4819-acf2-638dd4bdd6b7 None None] Parent process 90570 forked (91496) with an open database connection, which is being discarded and recreated. {{(pid=91496) checkout /opt/stack/data/venv/lib/python3.12/site-packages/oslo_db/sqlalchemy/engines.py:402}}
May 13 15:31:15.283460 np0000000711 neutron-periodic-workers[91496]: DEBUG dbcounter [-] [91496] Writer thread running {{(pid=91496) stat_writer /opt/stack/data/venv/lib/python3.12/site-packages/dbcounter.py:102}}
May 13 15:31:15.300937 np0000000711 neutron-periodic-workers[91496]: DEBUG oslo.service.backend._threading.loopingcall [None req-7a42be47-fc0d-4819-acf2-638dd4bdd6b7 None None] Fixed interval looping call 'neutron.services.ovn_l3.plugin.L3_NAT_dbonly_mixin._clean_garbage' sleeping for 299.95 seconds {{(pid=91496) _run_loop /opt/stack/data/venv/lib/python3.12/site-packages/oslo_service/backend/_threading/loopingcall.py:125}}
May 13 15:31:17.917308 np0000000711 neutron-periodic-workers[90570]: DEBUG dbcounter [-] [90570] Writing DB stats neutron:SELECT=4 {{(pid=90570) stat_writer /opt/stack/data/venv/lib/python3.12/site-packages/dbcounter.py:115}}
May 13 15:31:25.284220 np0000000711 neutron-periodic-workers[91496]: DEBUG dbcounter [-] [91496] Writing DB stats neutron:SELECT=1 {{(pid=91496) stat_writer /opt/stack/data/venv/lib/python3.12/site-packages/dbcounter.py:115}}
May 13 15:32:10.300976 np0000000711 neutron-periodic-workers[91521]: DEBUG dbcounter [-] [91521] Writer thread running {{(pid=91521) stat_writer /opt/stack/data/venv/lib/python3.12/site-packages/dbcounter.py:102}}
May 13 15:32:10.304131 np0000000711 neutron-periodic-workers[91521]: DEBUG neutron.db.agents_db [None req-249a1436-42db-40ad-953a-1395dfe94710 None None] Agent healthcheck: found 0 active agents {{(pid=91521) agent_health_check /opt/stack/neutron/neutron/db/agents_db.py:322}}
May 13 15:32:10.304312 np0000000711 neutron-periodic-workers[91521]: DEBUG oslo.service.backend._threading.loopingcall [None req-249a1436-42db-40ad-953a-1395dfe94710 None None] Fixed interval looping call 'neutron.plugins.ml2.plugin.AgentDbMixin.agent_health_check' sleeping for 36.99 seconds {{(pid=91521) _run_loop /opt/stack/data/venv/lib/python3.12/site-packages/oslo_service/backend/_threading/loopingcall.py:125}}
May 13 15:32:12.281441 np0000000711 neutron-periodic-workers[91509]: DEBUG dbcounter [-] [91509] Writer thread running {{(pid=91509) stat_writer /opt/stack/data/venv/lib/python3.12/site-packages/dbcounter.py:102}}
May 13 15:32:12.289671 np0000000711 neutron-periodic-workers[91509]: DEBUG oslo.service.backend._threading.loopingcall [None req-2ead7d44-3f83-4693-ae7c-e721f9f783bd None None] Fixed interval looping call 'neutron.plugins.ml2.plugin.DhcpAgentSchedulerDbMixin.remove_networks_from_down_agents' sleeping for 36.98 seconds {{(pid=91509) _run_loop /opt/stack/data/venv/lib/python3.12/site-packages/oslo_service/backend/_threading/loopingcall.py:125}}
May 13 15:32:20.301456 np0000000711 neutron-periodic-workers[91521]: DEBUG dbcounter [-] [91521] Writing DB stats neutron:SELECT=1 {{(pid=91521) stat_writer /opt/stack/data/venv/lib/python3.12/site-packages/dbcounter.py:115}}
May 13 15:32:22.288540 np0000000711 neutron-periodic-workers[91509]: DEBUG dbcounter [-] [91509] Writing DB stats neutron:SELECT=3 {{(pid=91509) stat_writer /opt/stack/data/venv/lib/python3.12/site-packages/dbcounter.py:115}}
May 13 15:32:47.298163 np0000000711 neutron-periodic-workers[91521]: DEBUG neutron.db.agents_db [None req-249a1436-42db-40ad-953a-1395dfe94710 None None] Agent healthcheck: found 0 active agents {{(pid=91521) agent_health_check /opt/stack/neutron/neutron/db/agents_db.py:322}}
May 13 15:32:47.298644 np0000000711 neutron-periodic-workers[91521]: DEBUG oslo.service.backend._threading.loopingcall [None req-249a1436-42db-40ad-953a-1395dfe94710 None None] Fixed interval looping call 'neutron.plugins.ml2.plugin.AgentDbMixin.agent_health_check' sleeping for 37.00 seconds {{(pid=91521) _run_loop /opt/stack/data/venv/lib/python3.12/site-packages/oslo_service/backend/_threading/loopingcall.py:125}}
May 13 15:32:49.276458 np0000000711 neutron-periodic-workers[91509]: DEBUG oslo.service.backend._threading.loopingcall [None req-2ead7d44-3f83-4693-ae7c-e721f9f783bd None None] Fixed interval looping call 'neutron.plugins.ml2.plugin.DhcpAgentSchedulerDbMixin.remove_networks_from_down_agents' sleeping for 36.99 seconds {{(pid=91509) _run_loop /opt/stack/data/venv/lib/python3.12/site-packages/oslo_service/backend/_threading/loopingcall.py:125}}
May 13 15:32:57.297222 np0000000711 neutron-periodic-workers[91521]: DEBUG dbcounter [-] [91521] Writing DB stats neutron:SELECT=1 {{(pid=91521) stat_writer /opt/stack/data/venv/lib/python3.12/site-packages/dbcounter.py:115}}
May 13 15:32:59.274737 np0000000711 neutron-periodic-workers[91509]: DEBUG dbcounter [-] [91509] Writing DB stats neutron:SELECT=3 {{(pid=91509) stat_writer /opt/stack/data/venv/lib/python3.12/site-packages/dbcounter.py:115}}
May 13 15:33:08.314268 np0000000711 neutron-periodic-workers[91530]: DEBUG dbcounter [-] [91530] Writer thread running {{(pid=91530) stat_writer /opt/stack/data/venv/lib/python3.12/site-packages/dbcounter.py:102}}
May 13 15:33:08.316862 np0000000711 neutron-periodic-workers[91530]: DEBUG oslo.service.backend._threading.loopingcall [None req-b9c13f9a-89bf-4eaa-84fb-89c1d6ba68fb None None] Fixed interval looping call 'neutron.db.quota.driver_nolock.DbQuotaNoLockDriver._remove_expired_reservations' sleeping for 119.99 seconds {{(pid=91530) _run_loop /opt/stack/data/venv/lib/python3.12/site-packages/oslo_service/backend/_threading/loopingcall.py:125}}
May 13 15:33:24.301595 np0000000711 neutron-periodic-workers[91521]: DEBUG neutron.db.agents_db [None req-249a1436-42db-40ad-953a-1395dfe94710 None None] Agent healthcheck: found 0 active agents {{(pid=91521) agent_health_check /opt/stack/neutron/neutron/db/agents_db.py:322}}
May 13 15:33:24.302118 np0000000711 neutron-periodic-workers[91521]: DEBUG oslo.service.backend._threading.loopingcall [None req-249a1436-42db-40ad-953a-1395dfe94710 None None] Fixed interval looping call 'neutron.plugins.ml2.plugin.AgentDbMixin.agent_health_check' sleeping for 37.00 seconds {{(pid=91521) _run_loop /opt/stack/data/venv/lib/python3.12/site-packages/oslo_service/backend/_threading/loopingcall.py:125}}
May 13 15:33:26.273593 np0000000711 neutron-periodic-workers[91509]: DEBUG oslo.service.backend._threading.loopingcall [None req-2ead7d44-3f83-4693-ae7c-e721f9f783bd None None] Fixed interval looping call 'neutron.plugins.ml2.plugin.DhcpAgentSchedulerDbMixin.remove_networks_from_down_agents' sleeping for 36.99 seconds {{(pid=91509) _run_loop /opt/stack/data/venv/lib/python3.12/site-packages/oslo_service/backend/_threading/loopingcall.py:125}}
May 13 15:33:28.314719 np0000000711 neutron-periodic-workers[91530]: DEBUG dbcounter [-] [91530] Writing DB stats neutron:DELETE=1 {{(pid=91530) stat_writer /opt/stack/data/venv/lib/python3.12/site-packages/dbcounter.py:115}}
May 13 15:33:34.300533 np0000000711 neutron-periodic-workers[91521]: DEBUG dbcounter [-] [91521] Writing DB stats neutron:SELECT=1 {{(pid=91521) stat_writer /opt/stack/data/venv/lib/python3.12/site-packages/dbcounter.py:115}}
May 13 15:33:36.272526 np0000000711 neutron-periodic-workers[91509]: DEBUG dbcounter [-] [91509] Writing DB stats neutron:SELECT=3 {{(pid=91509) stat_writer /opt/stack/data/venv/lib/python3.12/site-packages/dbcounter.py:115}}
May 13 15:34:01.306058 np0000000711 neutron-periodic-workers[91521]: DEBUG neutron.db.agents_db [None req-249a1436-42db-40ad-953a-1395dfe94710 None None] Agent healthcheck: found 0 active agents {{(pid=91521) agent_health_check /opt/stack/neutron/neutron/db/agents_db.py:322}}
May 13 15:34:01.306525 np0000000711 neutron-periodic-workers[91521]: DEBUG oslo.service.backend._threading.loopingcall [None req-249a1436-42db-40ad-953a-1395dfe94710 None None] Fixed interval looping call 'neutron.plugins.ml2.plugin.AgentDbMixin.agent_health_check' sleeping for 37.00 seconds {{(pid=91521) _run_loop /opt/stack/data/venv/lib/python3.12/site-packages/oslo_service/backend/_threading/loopingcall.py:125}}
May 13 15:34:03.269613 np0000000711 neutron-periodic-workers[91509]: DEBUG oslo.service.backend._threading.loopingcall [None req-2ead7d44-3f83-4693-ae7c-e721f9f783bd None None] Fixed interval looping call 'neutron.plugins.ml2.plugin.DhcpAgentSchedulerDbMixin.remove_networks_from_down_agents' sleeping for 36.99 seconds {{(pid=91509) _run_loop /opt/stack/data/venv/lib/python3.12/site-packages/oslo_service/backend/_threading/loopingcall.py:125}}
May 13 15:34:11.304539 np0000000711 neutron-periodic-workers[91521]: DEBUG dbcounter [-] [91521] Writing DB stats neutron:SELECT=1 {{(pid=91521) stat_writer /opt/stack/data/venv/lib/python3.12/site-packages/dbcounter.py:115}}
May 13 15:34:13.268807 np0000000711 neutron-periodic-workers[91509]: DEBUG dbcounter [-] [91509] Writing DB stats neutron:SELECT=3 {{(pid=91509) stat_writer /opt/stack/data/venv/lib/python3.12/site-packages/dbcounter.py:115}}
May 13 15:34:38.309480 np0000000711 neutron-periodic-workers[91521]: DEBUG neutron.db.agents_db [None req-249a1436-42db-40ad-953a-1395dfe94710 None None] Agent healthcheck: found 0 active agents {{(pid=91521) agent_health_check /opt/stack/neutron/neutron/db/agents_db.py:322}}
May 13 15:34:38.309480 np0000000711 neutron-periodic-workers[91521]: DEBUG oslo.service.backend._threading.loopingcall [None req-249a1436-42db-40ad-953a-1395dfe94710 None None] Fixed interval looping call 'neutron.plugins.ml2.plugin.AgentDbMixin.agent_health_check' sleeping for 37.00 seconds {{(pid=91521) _run_loop /opt/stack/data/venv/lib/python3.12/site-packages/oslo_service/backend/_threading/loopingcall.py:125}}
May 13 15:34:40.265254 np0000000711 neutron-periodic-workers[91509]: DEBUG oslo.service.backend._threading.loopingcall [None req-2ead7d44-3f83-4693-ae7c-e721f9f783bd None None] Fixed interval looping call 'neutron.plugins.ml2.plugin.DhcpAgentSchedulerDbMixin.remove_networks_from_down_agents' sleeping for 36.99 seconds {{(pid=91509) _run_loop /opt/stack/data/venv/lib/python3.12/site-packages/oslo_service/backend/_threading/loopingcall.py:125}}
May 13 15:34:48.309610 np0000000711 neutron-periodic-workers[91521]: DEBUG dbcounter [-] [91521] Writing DB stats neutron:SELECT=1 {{(pid=91521) stat_writer /opt/stack/data/venv/lib/python3.12/site-packages/dbcounter.py:115}}
May 13 15:34:50.264512 np0000000711 neutron-periodic-workers[91509]: DEBUG dbcounter [-] [91509] Writing DB stats neutron:SELECT=3 {{(pid=91509) stat_writer /opt/stack/data/venv/lib/python3.12/site-packages/dbcounter.py:115}}
May 13 15:35:08.311717 np0000000711 neutron-periodic-workers[91530]: DEBUG oslo.service.backend._threading.loopingcall [None req-b9c13f9a-89bf-4eaa-84fb-89c1d6ba68fb None None] Fixed interval looping call 'neutron.db.quota.driver_nolock.DbQuotaNoLockDriver._remove_expired_reservations' sleeping for 120.00 seconds {{(pid=91530) _run_loop /opt/stack/data/venv/lib/python3.12/site-packages/oslo_service/backend/_threading/loopingcall.py:125}}
May 13 15:35:15.316311 np0000000711 neutron-periodic-workers[91521]: DEBUG neutron.db.agents_db [None req-249a1436-42db-40ad-953a-1395dfe94710 None None] Agent healthcheck: found 0 active agents {{(pid=91521) agent_health_check /opt/stack/neutron/neutron/db/agents_db.py:322}}
May 13 15:35:15.316311 np0000000711 neutron-periodic-workers[91521]: DEBUG oslo.service.backend._threading.loopingcall [None req-249a1436-42db-40ad-953a-1395dfe94710 None None] Fixed interval looping call 'neutron.plugins.ml2.plugin.AgentDbMixin.agent_health_check' sleeping for 36.99 seconds {{(pid=91521) _run_loop /opt/stack/data/venv/lib/python3.12/site-packages/oslo_service/backend/_threading/loopingcall.py:125}}
May 13 15:35:17.266647 np0000000711 neutron-periodic-workers[91509]: DEBUG oslo.service.backend._threading.loopingcall [None req-2ead7d44-3f83-4693-ae7c-e721f9f783bd None None] Fixed interval looping call 'neutron.plugins.ml2.plugin.DhcpAgentSchedulerDbMixin.remove_networks_from_down_agents' sleeping for 36.99 seconds {{(pid=91509) _run_loop /opt/stack/data/venv/lib/python3.12/site-packages/oslo_service/backend/_threading/loopingcall.py:125}}
May 13 15:35:18.311442 np0000000711 neutron-periodic-workers[91530]: DEBUG dbcounter [-] [91530] Writing DB stats neutron:DELETE=1 {{(pid=91530) stat_writer /opt/stack/data/venv/lib/python3.12/site-packages/dbcounter.py:115}}
May 13 15:35:25.314258 np0000000711 neutron-periodic-workers[91521]: DEBUG dbcounter [-] [91521] Writing DB stats neutron:SELECT=1 {{(pid=91521) stat_writer /opt/stack/data/venv/lib/python3.12/site-packages/dbcounter.py:115}}
May 13 15:35:27.268429 np0000000711 neutron-periodic-workers[91509]: DEBUG dbcounter [-] [91509] Writing DB stats neutron:SELECT=3 {{(pid=91509) stat_writer /opt/stack/data/venv/lib/python3.12/site-packages/dbcounter.py:115}}
May 13 15:35:52.310767 np0000000711 neutron-periodic-workers[91521]: DEBUG neutron.db.agents_db [None req-249a1436-42db-40ad-953a-1395dfe94710 None None] Agent healthcheck: found 0 active agents {{(pid=91521) agent_health_check /opt/stack/neutron/neutron/db/agents_db.py:322}}
May 13 15:35:52.310767 np0000000711 neutron-periodic-workers[91521]: DEBUG oslo.service.backend._threading.loopingcall [None req-249a1436-42db-40ad-953a-1395dfe94710 None None] Fixed interval looping call 'neutron.plugins.ml2.plugin.AgentDbMixin.agent_health_check' sleeping for 37.00 seconds {{(pid=91521) _run_loop /opt/stack/data/venv/lib/python3.12/site-packages/oslo_service/backend/_threading/loopingcall.py:125}}
May 13 15:35:54.263559 np0000000711 neutron-periodic-workers[91509]: DEBUG oslo.service.backend._threading.loopingcall [None req-2ead7d44-3f83-4693-ae7c-e721f9f783bd None None] Fixed interval looping call 'neutron.plugins.ml2.plugin.DhcpAgentSchedulerDbMixin.remove_networks_from_down_agents' sleeping for 36.99 seconds {{(pid=91509) _run_loop /opt/stack/data/venv/lib/python3.12/site-packages/oslo_service/backend/_threading/loopingcall.py:125}}
May 13 15:36:02.309063 np0000000711 neutron-periodic-workers[91521]: DEBUG dbcounter [-] [91521] Writing DB stats neutron:SELECT=1 {{(pid=91521) stat_writer /opt/stack/data/venv/lib/python3.12/site-packages/dbcounter.py:115}}
May 13 15:36:04.262659 np0000000711 neutron-periodic-workers[91509]: DEBUG dbcounter [-] [91509] Writing DB stats neutron:SELECT=3 {{(pid=91509) stat_writer /opt/stack/data/venv/lib/python3.12/site-packages/dbcounter.py:115}}
May 13 15:36:15.267466 np0000000711 neutron-periodic-workers[91496]: DEBUG oslo.service.backend._threading.loopingcall [None req-7a42be47-fc0d-4819-acf2-638dd4bdd6b7 None None] Fixed interval looping call 'neutron.services.ovn_l3.plugin.L3_NAT_dbonly_mixin._clean_garbage' sleeping for 299.98 seconds {{(pid=91496) _run_loop /opt/stack/data/venv/lib/python3.12/site-packages/oslo_service/backend/_threading/loopingcall.py:125}}
May 13 15:36:25.257233 np0000000711 neutron-periodic-workers[91496]: DEBUG dbcounter [-] [91496] Writing DB stats neutron:SELECT=1 {{(pid=91496) stat_writer /opt/stack/data/venv/lib/python3.12/site-packages/dbcounter.py:115}}
May 13 15:36:29.316653 np0000000711 neutron-periodic-workers[91521]: DEBUG neutron.db.agents_db [None req-249a1436-42db-40ad-953a-1395dfe94710 None None] Agent healthcheck: found 0 active agents {{(pid=91521) agent_health_check /opt/stack/neutron/neutron/db/agents_db.py:322}}
May 13 15:36:29.316653 np0000000711 neutron-periodic-workers[91521]: DEBUG oslo.service.backend._threading.loopingcall [None req-249a1436-42db-40ad-953a-1395dfe94710 None None] Fixed interval looping call 'neutron.plugins.ml2.plugin.AgentDbMixin.agent_health_check' sleeping for 36.99 seconds {{(pid=91521) _run_loop /opt/stack/data/venv/lib/python3.12/site-packages/oslo_service/backend/_threading/loopingcall.py:125}}
May 13 15:36:31.261633 np0000000711 neutron-periodic-workers[91509]: DEBUG oslo.service.backend._threading.loopingcall [None req-2ead7d44-3f83-4693-ae7c-e721f9f783bd None None] Fixed interval looping call 'neutron.plugins.ml2.plugin.DhcpAgentSchedulerDbMixin.remove_networks_from_down_agents' sleeping for 36.99 seconds {{(pid=91509) _run_loop /opt/stack/data/venv/lib/python3.12/site-packages/oslo_service/backend/_threading/loopingcall.py:125}}
May 13 15:36:39.314842 np0000000711 neutron-periodic-workers[91521]: DEBUG dbcounter [-] [91521] Writing DB stats neutron:SELECT=1 {{(pid=91521) stat_writer /opt/stack/data/venv/lib/python3.12/site-packages/dbcounter.py:115}}
May 13 15:36:41.261005 np0000000711 neutron-periodic-workers[91509]: DEBUG dbcounter [-] [91509] Writing DB stats neutron:SELECT=3 {{(pid=91509) stat_writer /opt/stack/data/venv/lib/python3.12/site-packages/dbcounter.py:115}}
May 13 15:37:06.316852 np0000000711 neutron-periodic-workers[91521]: DEBUG neutron.db.agents_db [None req-249a1436-42db-40ad-953a-1395dfe94710 None None] Agent healthcheck: found 0 active agents {{(pid=91521) agent_health_check /opt/stack/neutron/neutron/db/agents_db.py:322}}
May 13 15:37:06.316852 np0000000711 neutron-periodic-workers[91521]: DEBUG oslo.service.backend._threading.loopingcall [None req-249a1436-42db-40ad-953a-1395dfe94710 None None] Fixed interval looping call 'neutron.plugins.ml2.plugin.AgentDbMixin.agent_health_check' sleeping for 36.99 seconds {{(pid=91521) _run_loop /opt/stack/data/venv/lib/python3.12/site-packages/oslo_service/backend/_threading/loopingcall.py:125}}
May 13 15:37:08.261063 np0000000711 neutron-periodic-workers[91509]: DEBUG oslo.service.backend._threading.loopingcall [None req-2ead7d44-3f83-4693-ae7c-e721f9f783bd None None] Fixed interval looping call 'neutron.plugins.ml2.plugin.DhcpAgentSchedulerDbMixin.remove_networks_from_down_agents' sleeping for 36.99 seconds {{(pid=91509) _run_loop /opt/stack/data/venv/lib/python3.12/site-packages/oslo_service/backend/_threading/loopingcall.py:125}}
May 13 15:37:08.315862 np0000000711 neutron-periodic-workers[91530]: DEBUG oslo.service.backend._threading.loopingcall [None req-b9c13f9a-89bf-4eaa-84fb-89c1d6ba68fb None None] Fixed interval looping call 'neutron.db.quota.driver_nolock.DbQuotaNoLockDriver._remove_expired_reservations' sleeping for 120.00 seconds {{(pid=91530) _run_loop /opt/stack/data/venv/lib/python3.12/site-packages/oslo_service/backend/_threading/loopingcall.py:125}}
May 13 15:37:16.312299 np0000000711 neutron-periodic-workers[91521]: DEBUG dbcounter [-] [91521] Writing DB stats neutron:SELECT=1 {{(pid=91521) stat_writer /opt/stack/data/venv/lib/python3.12/site-packages/dbcounter.py:115}}
May 13 15:37:18.260225 np0000000711 neutron-periodic-workers[91509]: DEBUG dbcounter [-] [91509] Writing DB stats neutron:SELECT=3 {{(pid=91509) stat_writer /opt/stack/data/venv/lib/python3.12/site-packages/dbcounter.py:115}}
May 13 15:37:18.314945 np0000000711 neutron-periodic-workers[91530]: DEBUG dbcounter [-] [91530] Writing DB stats neutron:DELETE=1 {{(pid=91530) stat_writer /opt/stack/data/venv/lib/python3.12/site-packages/dbcounter.py:115}}
May 13 15:37:43.310887 np0000000711 neutron-periodic-workers[91521]: DEBUG neutron.db.agents_db [None req-249a1436-42db-40ad-953a-1395dfe94710 None None] Agent healthcheck: found 0 active agents {{(pid=91521) agent_health_check /opt/stack/neutron/neutron/db/agents_db.py:322}}
May 13 15:37:43.311277 np0000000711 neutron-periodic-workers[91521]: DEBUG oslo.service.backend._threading.loopingcall [None req-249a1436-42db-40ad-953a-1395dfe94710 None None] Fixed interval looping call 'neutron.plugins.ml2.plugin.AgentDbMixin.agent_health_check' sleeping for 37.00 seconds {{(pid=91521) _run_loop /opt/stack/data/venv/lib/python3.12/site-packages/oslo_service/backend/_threading/loopingcall.py:125}}
May 13 15:37:45.266614 np0000000711 neutron-periodic-workers[91509]: DEBUG oslo.service.backend._threading.loopingcall [None req-2ead7d44-3f83-4693-ae7c-e721f9f783bd None None] Fixed interval looping call 'neutron.plugins.ml2.plugin.DhcpAgentSchedulerDbMixin.remove_networks_from_down_agents' sleeping for 36.98 seconds {{(pid=91509) _run_loop /opt/stack/data/venv/lib/python3.12/site-packages/oslo_service/backend/_threading/loopingcall.py:125}}
May 13 15:37:53.310277 np0000000711 neutron-periodic-workers[91521]: DEBUG dbcounter [-] [91521] Writing DB stats neutron:SELECT=1 {{(pid=91521) stat_writer /opt/stack/data/venv/lib/python3.12/site-packages/dbcounter.py:115}}
May 13 15:37:55.264395 np0000000711 neutron-periodic-workers[91509]: DEBUG dbcounter [-] [91509] Writing DB stats neutron:SELECT=3 {{(pid=91509) stat_writer /opt/stack/data/venv/lib/python3.12/site-packages/dbcounter.py:115}}
May 13 15:38:20.314355 np0000000711 neutron-periodic-workers[91521]: DEBUG neutron.db.agents_db [None req-249a1436-42db-40ad-953a-1395dfe94710 None None] Agent healthcheck: found 0 active agents {{(pid=91521) agent_health_check /opt/stack/neutron/neutron/db/agents_db.py:322}}
May 13 15:38:20.314639 np0000000711 neutron-periodic-workers[91521]: DEBUG oslo.service.backend._threading.loopingcall [None req-249a1436-42db-40ad-953a-1395dfe94710 None None] Fixed interval looping call 'neutron.plugins.ml2.plugin.AgentDbMixin.agent_health_check' sleeping for 37.00 seconds {{(pid=91521) _run_loop /opt/stack/data/venv/lib/python3.12/site-packages/oslo_service/backend/_threading/loopingcall.py:125}}
May 13 15:38:22.261611 np0000000711 neutron-periodic-workers[91509]: DEBUG oslo.service.backend._threading.loopingcall [None req-2ead7d44-3f83-4693-ae7c-e721f9f783bd None None] Fixed interval looping call 'neutron.plugins.ml2.plugin.DhcpAgentSchedulerDbMixin.remove_networks_from_down_agents' sleeping for 36.99 seconds {{(pid=91509) _run_loop /opt/stack/data/venv/lib/python3.12/site-packages/oslo_service/backend/_threading/loopingcall.py:125}}
May 13 15:38:30.313271 np0000000711 neutron-periodic-workers[91521]: DEBUG dbcounter [-] [91521] Writing DB stats neutron:SELECT=1 {{(pid=91521) stat_writer /opt/stack/data/venv/lib/python3.12/site-packages/dbcounter.py:115}}
May 13 15:38:32.260051 np0000000711 neutron-periodic-workers[91509]: DEBUG dbcounter [-] [91509] Writing DB stats neutron:SELECT=3 {{(pid=91509) stat_writer /opt/stack/data/venv/lib/python3.12/site-packages/dbcounter.py:115}}
May 13 15:38:57.321633 np0000000711 neutron-periodic-workers[91521]: DEBUG neutron.db.agents_db [None req-249a1436-42db-40ad-953a-1395dfe94710 None None] Agent healthcheck: found 0 active agents {{(pid=91521) agent_health_check /opt/stack/neutron/neutron/db/agents_db.py:322}}
May 13 15:38:57.322156 np0000000711 neutron-periodic-workers[91521]: DEBUG oslo.service.backend._threading.loopingcall [None req-249a1436-42db-40ad-953a-1395dfe94710 None None] Fixed interval looping call 'neutron.plugins.ml2.plugin.AgentDbMixin.agent_health_check' sleeping for 36.99 seconds {{(pid=91521) _run_loop /opt/stack/data/venv/lib/python3.12/site-packages/oslo_service/backend/_threading/loopingcall.py:125}}
May 13 15:38:59.264857 np0000000711 neutron-periodic-workers[91509]: DEBUG oslo.service.backend._threading.loopingcall [None req-2ead7d44-3f83-4693-ae7c-e721f9f783bd None None] Fixed interval looping call 'neutron.plugins.ml2.plugin.DhcpAgentSchedulerDbMixin.remove_networks_from_down_agents' sleeping for 36.99 seconds {{(pid=91509) _run_loop /opt/stack/data/venv/lib/python3.12/site-packages/oslo_service/backend/_threading/loopingcall.py:125}}
May 13 15:39:07.318316 np0000000711 neutron-periodic-workers[91521]: DEBUG dbcounter [-] [91521] Writing DB stats neutron:SELECT=1 {{(pid=91521) stat_writer /opt/stack/data/venv/lib/python3.12/site-packages/dbcounter.py:115}}
May 13 15:39:08.319334 np0000000711 neutron-periodic-workers[91530]: DEBUG oslo.service.backend._threading.loopingcall [None req-b9c13f9a-89bf-4eaa-84fb-89c1d6ba68fb None None] Fixed interval looping call 'neutron.db.quota.driver_nolock.DbQuotaNoLockDriver._remove_expired_reservations' sleeping for 120.00 seconds {{(pid=91530) _run_loop /opt/stack/data/venv/lib/python3.12/site-packages/oslo_service/backend/_threading/loopingcall.py:125}}
May 13 15:39:09.260391 np0000000711 neutron-periodic-workers[91509]: DEBUG dbcounter [-] [91509] Writing DB stats neutron:SELECT=3 {{(pid=91509) stat_writer /opt/stack/data/venv/lib/python3.12/site-packages/dbcounter.py:115}}
May 13 15:39:18.321305 np0000000711 neutron-periodic-workers[91530]: DEBUG dbcounter [-] [91530] Writing DB stats neutron:DELETE=1 {{(pid=91530) stat_writer /opt/stack/data/venv/lib/python3.12/site-packages/dbcounter.py:115}}
May 13 15:39:34.316249 np0000000711 neutron-periodic-workers[91521]: DEBUG neutron.db.agents_db [None req-249a1436-42db-40ad-953a-1395dfe94710 None None] Agent healthcheck: found 0 active agents {{(pid=91521) agent_health_check /opt/stack/neutron/neutron/db/agents_db.py:322}}
May 13 15:39:34.316249 np0000000711 neutron-periodic-workers[91521]: DEBUG oslo.service.backend._threading.loopingcall [None req-249a1436-42db-40ad-953a-1395dfe94710 None None] Fixed interval looping call 'neutron.plugins.ml2.plugin.AgentDbMixin.agent_health_check' sleeping for 37.00 seconds {{(pid=91521) _run_loop /opt/stack/data/venv/lib/python3.12/site-packages/oslo_service/backend/_threading/loopingcall.py:125}}
May 13 15:39:36.266006 np0000000711 neutron-periodic-workers[91509]: DEBUG oslo.service.backend._threading.loopingcall [None req-2ead7d44-3f83-4693-ae7c-e721f9f783bd None None] Fixed interval looping call 'neutron.plugins.ml2.plugin.DhcpAgentSchedulerDbMixin.remove_networks_from_down_agents' sleeping for 36.99 seconds {{(pid=91509) _run_loop /opt/stack/data/venv/lib/python3.12/site-packages/oslo_service/backend/_threading/loopingcall.py:125}}
May 13 15:39:44.314350 np0000000711 neutron-periodic-workers[91521]: DEBUG dbcounter [-] [91521] Writing DB stats neutron:SELECT=1 {{(pid=91521) stat_writer /opt/stack/data/venv/lib/python3.12/site-packages/dbcounter.py:115}}
May 13 15:39:46.265574 np0000000711 neutron-periodic-workers[91509]: DEBUG dbcounter [-] [91509] Writing DB stats neutron:SELECT=3 {{(pid=91509) stat_writer /opt/stack/data/venv/lib/python3.12/site-packages/dbcounter.py:115}}
May 13 15:40:11.323963 np0000000711 neutron-periodic-workers[91521]: DEBUG neutron.db.agents_db [None req-249a1436-42db-40ad-953a-1395dfe94710 None None] Agent healthcheck: found 0 active agents {{(pid=91521) agent_health_check /opt/stack/neutron/neutron/db/agents_db.py:322}}
May 13 15:40:11.324393 np0000000711 neutron-periodic-workers[91521]: DEBUG oslo.service.backend._threading.loopingcall [None req-249a1436-42db-40ad-953a-1395dfe94710 None None] Fixed interval looping call 'neutron.plugins.ml2.plugin.AgentDbMixin.agent_health_check' sleeping for 36.99 seconds {{(pid=91521) _run_loop /opt/stack/data/venv/lib/python3.12/site-packages/oslo_service/backend/_threading/loopingcall.py:125}}
May 13 15:40:13.275907 np0000000711 neutron-periodic-workers[91509]: DEBUG oslo.service.backend._threading.loopingcall [None req-2ead7d44-3f83-4693-ae7c-e721f9f783bd None None] Fixed interval looping call 'neutron.plugins.ml2.plugin.DhcpAgentSchedulerDbMixin.remove_networks_from_down_agents' sleeping for 36.98 seconds {{(pid=91509) _run_loop /opt/stack/data/venv/lib/python3.12/site-packages/oslo_service/backend/_threading/loopingcall.py:125}}
May 13 15:40:21.323743 np0000000711 neutron-periodic-workers[91521]: DEBUG dbcounter [-] [91521] Writing DB stats neutron:SELECT=1 {{(pid=91521) stat_writer /opt/stack/data/venv/lib/python3.12/site-packages/dbcounter.py:115}}
May 13 15:40:23.272997 np0000000711 neutron-periodic-workers[91509]: DEBUG dbcounter [-] [91509] Writing DB stats neutron:SELECT=3 {{(pid=91509) stat_writer /opt/stack/data/venv/lib/python3.12/site-packages/dbcounter.py:115}}
May 13 15:40:48.323693 np0000000711 neutron-periodic-workers[91521]: DEBUG neutron.db.agents_db [None req-249a1436-42db-40ad-953a-1395dfe94710 None None] Agent healthcheck: found 0 active agents {{(pid=91521) agent_health_check /opt/stack/neutron/neutron/db/agents_db.py:322}}
May 13 15:40:48.323693 np0000000711 neutron-periodic-workers[91521]: DEBUG oslo.service.backend._threading.loopingcall [None req-249a1436-42db-40ad-953a-1395dfe94710 None None] Fixed interval looping call 'neutron.plugins.ml2.plugin.AgentDbMixin.agent_health_check' sleeping for 36.99 seconds {{(pid=91521) _run_loop /opt/stack/data/venv/lib/python3.12/site-packages/oslo_service/backend/_threading/loopingcall.py:125}}
May 13 15:40:50.270539 np0000000711 neutron-periodic-workers[91509]: DEBUG oslo.service.backend._threading.loopingcall [None req-2ead7d44-3f83-4693-ae7c-e721f9f783bd None None] Fixed interval looping call 'neutron.plugins.ml2.plugin.DhcpAgentSchedulerDbMixin.remove_networks_from_down_agents' sleeping for 36.99 seconds {{(pid=91509) _run_loop /opt/stack/data/venv/lib/python3.12/site-packages/oslo_service/backend/_threading/loopingcall.py:125}}
May 13 15:40:58.322860 np0000000711 neutron-periodic-workers[91521]: DEBUG dbcounter [-] [91521] Writing DB stats neutron:SELECT=1 {{(pid=91521) stat_writer /opt/stack/data/venv/lib/python3.12/site-packages/dbcounter.py:115}}
May 13 15:41:00.268655 np0000000711 neutron-periodic-workers[91509]: DEBUG dbcounter [-] [91509] Writing DB stats neutron:SELECT=3 {{(pid=91509) stat_writer /opt/stack/data/venv/lib/python3.12/site-packages/dbcounter.py:115}}
May 13 15:41:08.324133 np0000000711 neutron-periodic-workers[91530]: DEBUG oslo.service.backend._threading.loopingcall [None req-b9c13f9a-89bf-4eaa-84fb-89c1d6ba68fb None None] Fixed interval looping call 'neutron.db.quota.driver_nolock.DbQuotaNoLockDriver._remove_expired_reservations' sleeping for 120.00 seconds {{(pid=91530) _run_loop /opt/stack/data/venv/lib/python3.12/site-packages/oslo_service/backend/_threading/loopingcall.py:125}}
May 13 15:41:15.256982 np0000000711 neutron-periodic-workers[91496]: DEBUG oslo.service.backend._threading.loopingcall [None req-7a42be47-fc0d-4819-acf2-638dd4bdd6b7 None None] Fixed interval looping call 'neutron.services.ovn_l3.plugin.L3_NAT_dbonly_mixin._clean_garbage' sleeping for 299.99 seconds {{(pid=91496) _run_loop /opt/stack/data/venv/lib/python3.12/site-packages/oslo_service/backend/_threading/loopingcall.py:125}}
May 13 15:41:18.323434 np0000000711 neutron-periodic-workers[91530]: DEBUG dbcounter [-] [91530] Writing DB stats neutron:DELETE=1 {{(pid=91530) stat_writer /opt/stack/data/venv/lib/python3.12/site-packages/dbcounter.py:115}}
May 13 15:41:25.251607 np0000000711 neutron-periodic-workers[91496]: DEBUG dbcounter [-] [91496] Writing DB stats neutron:SELECT=1 {{(pid=91496) stat_writer /opt/stack/data/venv/lib/python3.12/site-packages/dbcounter.py:115}}
May 13 15:41:25.317942 np0000000711 neutron-periodic-workers[91521]: DEBUG neutron.db.agents_db [None req-249a1436-42db-40ad-953a-1395dfe94710 None None] Agent healthcheck: found 0 active agents {{(pid=91521) agent_health_check /opt/stack/neutron/neutron/db/agents_db.py:322}}
May 13 15:41:25.318438 np0000000711 neutron-periodic-workers[91521]: DEBUG oslo.service.backend._threading.loopingcall [None req-249a1436-42db-40ad-953a-1395dfe94710 None None] Fixed interval looping call 'neutron.plugins.ml2.plugin.AgentDbMixin.agent_health_check' sleeping for 37.00 seconds {{(pid=91521) _run_loop /opt/stack/data/venv/lib/python3.12/site-packages/oslo_service/backend/_threading/loopingcall.py:125}}
May 13 15:41:27.268217 np0000000711 neutron-periodic-workers[91509]: DEBUG oslo.service.backend._threading.loopingcall [None req-2ead7d44-3f83-4693-ae7c-e721f9f783bd None None] Fixed interval looping call 'neutron.plugins.ml2.plugin.DhcpAgentSchedulerDbMixin.remove_networks_from_down_agents' sleeping for 36.99 seconds {{(pid=91509) _run_loop /opt/stack/data/venv/lib/python3.12/site-packages/oslo_service/backend/_threading/loopingcall.py:125}}
May 13 15:41:35.316720 np0000000711 neutron-periodic-workers[91521]: DEBUG dbcounter [-] [91521] Writing DB stats neutron:SELECT=1 {{(pid=91521) stat_writer /opt/stack/data/venv/lib/python3.12/site-packages/dbcounter.py:115}}
May 13 15:41:37.267981 np0000000711 neutron-periodic-workers[91509]: DEBUG dbcounter [-] [91509] Writing DB stats neutron:SELECT=3 {{(pid=91509) stat_writer /opt/stack/data/venv/lib/python3.12/site-packages/dbcounter.py:115}}
May 13 15:42:02.326401 np0000000711 neutron-periodic-workers[91521]: DEBUG neutron.db.agents_db [None req-249a1436-42db-40ad-953a-1395dfe94710 None None] Agent healthcheck: found 0 active agents {{(pid=91521) agent_health_check /opt/stack/neutron/neutron/db/agents_db.py:322}}
May 13 15:42:02.326800 np0000000711 neutron-periodic-workers[91521]: DEBUG oslo.service.backend._threading.loopingcall [None req-249a1436-42db-40ad-953a-1395dfe94710 None None] Fixed interval looping call 'neutron.plugins.ml2.plugin.AgentDbMixin.agent_health_check' sleeping for 36.99 seconds {{(pid=91521) _run_loop /opt/stack/data/venv/lib/python3.12/site-packages/oslo_service/backend/_threading/loopingcall.py:125}}
May 13 15:42:04.267553 np0000000711 neutron-periodic-workers[91509]: DEBUG oslo.service.backend._threading.loopingcall [None req-2ead7d44-3f83-4693-ae7c-e721f9f783bd None None] Fixed interval looping call 'neutron.plugins.ml2.plugin.DhcpAgentSchedulerDbMixin.remove_networks_from_down_agents' sleeping for 36.99 seconds {{(pid=91509) _run_loop /opt/stack/data/venv/lib/python3.12/site-packages/oslo_service/backend/_threading/loopingcall.py:125}}
May 13 15:42:12.324479 np0000000711 neutron-periodic-workers[91521]: DEBUG dbcounter [-] [91521] Writing DB stats neutron:SELECT=1 {{(pid=91521) stat_writer /opt/stack/data/venv/lib/python3.12/site-packages/dbcounter.py:115}}
May 13 15:42:14.266398 np0000000711 neutron-periodic-workers[91509]: DEBUG dbcounter [-] [91509] Writing DB stats neutron:SELECT=3 {{(pid=91509) stat_writer /opt/stack/data/venv/lib/python3.12/site-packages/dbcounter.py:115}}
May 13 15:42:39.321091 np0000000711 neutron-periodic-workers[91521]: DEBUG neutron.db.agents_db [None req-249a1436-42db-40ad-953a-1395dfe94710 None None] Agent healthcheck: found 0 active agents {{(pid=91521) agent_health_check /opt/stack/neutron/neutron/db/agents_db.py:322}}
May 13 15:42:39.321525 np0000000711 neutron-periodic-workers[91521]: DEBUG oslo.service.backend._threading.loopingcall [None req-249a1436-42db-40ad-953a-1395dfe94710 None None] Fixed interval looping call 'neutron.plugins.ml2.plugin.AgentDbMixin.agent_health_check' sleeping for 37.00 seconds {{(pid=91521) _run_loop /opt/stack/data/venv/lib/python3.12/site-packages/oslo_service/backend/_threading/loopingcall.py:125}}
May 13 15:42:41.265462 np0000000711 neutron-periodic-workers[91509]: DEBUG oslo.service.backend._threading.loopingcall [None req-2ead7d44-3f83-4693-ae7c-e721f9f783bd None None] Fixed interval looping call 'neutron.plugins.ml2.plugin.DhcpAgentSchedulerDbMixin.remove_networks_from_down_agents' sleeping for 36.99 seconds {{(pid=91509) _run_loop /opt/stack/data/venv/lib/python3.12/site-packages/oslo_service/backend/_threading/loopingcall.py:125}}
May 13 15:42:49.319852 np0000000711 neutron-periodic-workers[91521]: DEBUG dbcounter [-] [91521] Writing DB stats neutron:SELECT=1 {{(pid=91521) stat_writer /opt/stack/data/venv/lib/python3.12/site-packages/dbcounter.py:115}}
May 13 15:42:51.264942 np0000000711 neutron-periodic-workers[91509]: DEBUG dbcounter [-] [91509] Writing DB stats neutron:SELECT=3 {{(pid=91509) stat_writer /opt/stack/data/venv/lib/python3.12/site-packages/dbcounter.py:115}}
May 13 15:43:08.330110 np0000000711 neutron-periodic-workers[91530]: DEBUG oslo.service.backend._threading.loopingcall [None req-b9c13f9a-89bf-4eaa-84fb-89c1d6ba68fb None None] Fixed interval looping call 'neutron.db.quota.driver_nolock.DbQuotaNoLockDriver._remove_expired_reservations' sleeping for 120.00 seconds {{(pid=91530) _run_loop /opt/stack/data/venv/lib/python3.12/site-packages/oslo_service/backend/_threading/loopingcall.py:125}}
May 13 15:43:16.326064 np0000000711 neutron-periodic-workers[91521]: DEBUG neutron.db.agents_db [None req-249a1436-42db-40ad-953a-1395dfe94710 None None] Agent healthcheck: found 0 active agents {{(pid=91521) agent_health_check /opt/stack/neutron/neutron/db/agents_db.py:322}}
May 13 15:43:16.326064 np0000000711 neutron-periodic-workers[91521]: DEBUG oslo.service.backend._threading.loopingcall [None req-249a1436-42db-40ad-953a-1395dfe94710 None None] Fixed interval looping call 'neutron.plugins.ml2.plugin.AgentDbMixin.agent_health_check' sleeping for 37.00 seconds {{(pid=91521) _run_loop /opt/stack/data/venv/lib/python3.12/site-packages/oslo_service/backend/_threading/loopingcall.py:125}}
May 13 15:43:18.270725 np0000000711 neutron-periodic-workers[91509]: DEBUG oslo.service.backend._threading.loopingcall [None req-2ead7d44-3f83-4693-ae7c-e721f9f783bd None None] Fixed interval looping call 'neutron.plugins.ml2.plugin.DhcpAgentSchedulerDbMixin.remove_networks_from_down_agents' sleeping for 36.99 seconds {{(pid=91509) _run_loop /opt/stack/data/venv/lib/python3.12/site-packages/oslo_service/backend/_threading/loopingcall.py:125}}
May 13 15:43:18.330404 np0000000711 neutron-periodic-workers[91530]: DEBUG dbcounter [-] [91530] Writing DB stats neutron:DELETE=1 {{(pid=91530) stat_writer /opt/stack/data/venv/lib/python3.12/site-packages/dbcounter.py:115}}
May 13 15:43:26.326136 np0000000711 neutron-periodic-workers[91521]: DEBUG dbcounter [-] [91521] Writing DB stats neutron:SELECT=1 {{(pid=91521) stat_writer /opt/stack/data/venv/lib/python3.12/site-packages/dbcounter.py:115}}
May 13 15:43:28.268705 np0000000711 neutron-periodic-workers[91509]: DEBUG dbcounter [-] [91509] Writing DB stats neutron:SELECT=3 {{(pid=91509) stat_writer /opt/stack/data/venv/lib/python3.12/site-packages/dbcounter.py:115}}
May 13 15:43:53.330548 np0000000711 neutron-periodic-workers[91521]: DEBUG neutron.db.agents_db [None req-249a1436-42db-40ad-953a-1395dfe94710 None None] Agent healthcheck: found 0 active agents {{(pid=91521) agent_health_check /opt/stack/neutron/neutron/db/agents_db.py:322}}
May 13 15:43:53.330961 np0000000711 neutron-periodic-workers[91521]: DEBUG oslo.service.backend._threading.loopingcall [None req-249a1436-42db-40ad-953a-1395dfe94710 None None] Fixed interval looping call 'neutron.plugins.ml2.plugin.AgentDbMixin.agent_health_check' sleeping for 37.00 seconds {{(pid=91521) _run_loop /opt/stack/data/venv/lib/python3.12/site-packages/oslo_service/backend/_threading/loopingcall.py:125}}
May 13 15:43:55.269485 np0000000711 neutron-periodic-workers[91509]: DEBUG oslo.service.backend._threading.loopingcall [None req-2ead7d44-3f83-4693-ae7c-e721f9f783bd None None] Fixed interval looping call 'neutron.plugins.ml2.plugin.DhcpAgentSchedulerDbMixin.remove_networks_from_down_agents' sleeping for 36.99 seconds {{(pid=91509) _run_loop /opt/stack/data/venv/lib/python3.12/site-packages/oslo_service/backend/_threading/loopingcall.py:125}}
