Jun 23 19:41:15.402919 np0000003485 devstack@g-api.service[99365]: DEBUG glance_store.backend [-] Registering store file with schemes ('file', 'filesystem') {{(pid=99365) create_stores /opt/stack/data/venv/lib/python3.12/site-packages/glance_store/backend.py:261}}
Jun 23 19:41:15.403014 np0000003485 devstack@g-api.service[99365]: DEBUG glance_store.driver [-] Late loading location class glance_store._drivers.filesystem.StoreLocation {{(pid=99365) get_store_location_class /opt/stack/data/venv/lib/python3.12/site-packages/glance_store/driver.py:134}}
Jun 23 19:41:15.403046 np0000003485 devstack@g-api.service[99367]: DEBUG glance.sqlite_migration [-] SQLite caching database not located, skipping migration {{(pid=99367) get_db_path /opt/stack/glance/glance/sqlite_migration.py:68}}
Jun 23 19:41:15.403117 np0000003485 devstack@g-api.service[99365]: DEBUG glance_store.location [-] Registering scheme file with {'store': , 'location_class': , 'store_entry': 'file'} {{(pid=99365) register_scheme_map /opt/stack/data/venv/lib/python3.12/site-packages/glance_store/location.py:146}}
Jun 23 19:41:15.403175 np0000003485 devstack@g-api.service[99367]: WARNING glance.common.wsgi_app [-] Import methods are enabled but staging directory /tmp/staging/ does not exist; Imports will fail!
Jun 23 19:41:15.403220 np0000003485 devstack@g-api.service[99365]: DEBUG glance_store.location [-] Registering scheme filesystem with {'store': , 'location_class': , 'store_entry': 'file'} {{(pid=99365) register_scheme_map /opt/stack/data/venv/lib/python3.12/site-packages/glance_store/location.py:146}}
Jun 23 19:41:15.403220 np0000003485 devstack@g-api.service[99365]: DEBUG glance_store.backend [-] Attempting to import store http {{(pid=99365) _load_store /opt/stack/data/venv/lib/python3.12/site-packages/glance_store/backend.py:215}}
Jun 23 19:41:15.403410 np0000003485 devstack@g-api.service[99365]: DEBUG glance_store.capabilities [-] Store glance_store._drivers.http.Store doesn't support updating dynamic storage capabilities. Please overwrite 'update_capabilities' method of the store to implement updating logics if needed. {{(pid=99365) update_capabilities /opt/stack/data/venv/lib/python3.12/site-packages/glance_store/capabilities.py:91}}
Jun 23 19:41:15.403478 np0000003485 devstack@g-api.service[99365]: DEBUG glance_store.backend [-] Registering store http with schemes ('http', 'https') {{(pid=99365) create_stores /opt/stack/data/venv/lib/python3.12/site-packages/glance_store/backend.py:261}}
Jun 23 19:41:15.403531 np0000003485 devstack@g-api.service[99365]: DEBUG glance_store.driver [-] Late loading location class glance_store._drivers.http.StoreLocation {{(pid=99365) get_store_location_class /opt/stack/data/venv/lib/python3.12/site-packages/glance_store/driver.py:134}}
Jun 23 19:41:15.403595 np0000003485 devstack@g-api.service[99365]: DEBUG glance_store.location [-] Registering scheme http with {'store': , 'location_class': , 'store_entry': 'http'} {{(pid=99365) register_scheme_map /opt/stack/data/venv/lib/python3.12/site-packages/glance_store/location.py:146}}
Jun 23 19:41:15.403643 np0000003485 devstack@g-api.service[99365]: DEBUG glance_store.location [-] Registering scheme https with {'store': , 'location_class': , 'store_entry': 'http'} {{(pid=99365) register_scheme_map /opt/stack/data/venv/lib/python3.12/site-packages/glance_store/location.py:146}}
Jun 23 19:41:15.403759 np0000003485 devstack@g-api.service[99365]: DEBUG glance_store.backend [-] Attempting to import store swift {{(pid=99365) _load_store /opt/stack/data/venv/lib/python3.12/site-packages/glance_store/backend.py:215}}
Jun 23 19:41:15.404768 np0000003485 devstack@g-api.service[99365]: DEBUG glance_store.capabilities [-] Store glance_store._drivers.swift.store.SingleTenantStore doesn't support updating dynamic storage capabilities. Please overwrite 'update_capabilities' method of the store to implement updating logics if needed. {{(pid=99365) update_capabilities /opt/stack/data/venv/lib/python3.12/site-packages/glance_store/capabilities.py:91}}
Jun 23 19:41:15.404837 np0000003485 devstack@g-api.service[99365]: DEBUG glance_store.driver [-] Late loading location class glance_store._drivers.swift.store.StoreLocation {{(pid=99365) get_store_location_class /opt/stack/data/venv/lib/python3.12/site-packages/glance_store/driver.py:134}}
Jun 23 19:41:15.404867 np0000003485 devstack@g-api.service[99365]: DEBUG glance_store.location [-] Registering scheme swift+https with {'store': , 'location_class': , 'store_entry': 'swift'} {{(pid=99365) register_scheme_map /opt/stack/data/venv/lib/python3.12/site-packages/glance_store/location.py:146}}
Jun 23 19:41:15.404910 np0000003485 devstack@g-api.service[99365]: DEBUG glance_store.location [-] Registering scheme swift+https with {'store': , 'location_class': , 'store_entry': 'swift'} {{(pid=99365) register_scheme_map /opt/stack/data/venv/lib/python3.12/site-packages/glance_store/location.py:146}}
Jun 23 19:41:15.404971 np0000003485 devstack@g-api.service[99365]: DEBUG glance_store.location [-] Registering scheme swift with {'store': , 'location_class': , 'store_entry': 'swift'} {{(pid=99365) register_scheme_map /opt/stack/data/venv/lib/python3.12/site-packages/glance_store/location.py:146}}
Jun 23 19:41:15.405014 np0000003485 devstack@g-api.service[99365]: DEBUG glance_store.location [-] Registering scheme swift+https with {'store': , 'location_class': , 'store_entry': 'swift'} {{(pid=99365) register_scheme_map /opt/stack/data/venv/lib/python3.12/site-packages/glance_store/location.py:146}}
Jun 23 19:41:15.405060 np0000003485 devstack@g-api.service[99365]: DEBUG glance_store.location [-] Registering scheme swift with {'store': , 'location_class': , 'store_entry': 'swift'} {{(pid=99365) register_scheme_map /opt/stack/data/venv/lib/python3.12/site-packages/glance_store/location.py:146}}
Jun 23 19:41:15.405110 np0000003485 devstack@g-api.service[99365]: DEBUG glance_store.location [-] Registering scheme swift+http with {'store': , 'location_class': , 'store_entry': 'swift'} {{(pid=99365) register_scheme_map /opt/stack/data/venv/lib/python3.12/site-packages/glance_store/location.py:146}}
Jun 23 19:41:15.405143 np0000003485 devstack@g-api.service[99365]: DEBUG glance_store.location [-] Registering scheme swift+https with {'store': , 'location_class': , 'store_entry': 'swift'} {{(pid=99365) register_scheme_map /opt/stack/data/venv/lib/python3.12/site-packages/glance_store/location.py:146}}
Jun 23 19:41:15.405197 np0000003485 devstack@g-api.service[99365]: DEBUG glance_store.location [-] Registering scheme swift with {'store': , 'location_class': , 'store_entry': 'swift'} {{(pid=99365) register_scheme_map /opt/stack/data/venv/lib/python3.12/site-packages/glance_store/location.py:146}}
Jun 23 19:41:15.405431 np0000003485 devstack@g-api.service[99365]: DEBUG glance_store.location [-] Registering scheme swift+http with {'store': , 'location_class': , 'store_entry': 'swift'} {{(pid=99365) register_scheme_map /opt/stack/data/venv/lib/python3.12/site-packages/glance_store/location.py:146}}
Jun 23 19:41:15.405431 np0000003485 devstack@g-api.service[99365]: DEBUG glance_store.location [-] Registering scheme swift+config with {'store': , 'location_class': , 'store_entry': 'swift'} {{(pid=99365) register_scheme_map /opt/stack/data/venv/lib/python3.12/site-packages/glance_store/location.py:146}}
Jun 23 19:41:15.405634 np0000003485 devstack@g-api.service[99365]: DEBUG glance.sqlite_migration [-] SQLite caching database not located, skipping migration {{(pid=99365) get_db_path /opt/stack/glance/glance/sqlite_migration.py:68}}
Jun 23 19:41:15.405820 np0000003485 devstack@g-api.service[99365]: WARNING glance.common.wsgi_app [-] Import methods are enabled but staging directory /tmp/staging/ does not exist; Imports will fail!
Jun 23 19:41:15.661131 np0000003485 devstack@g-api.service[99366]: DEBUG glance.common.config [None req-f2e278d4-c04d-4ad3-9a02-349e55c3ab83 None None] Loading glance-api-keystone+cachemanagement from /etc/glance/glance-api-paste.ini {{(pid=99366) load_paste_app /opt/stack/glance/glance/common/config.py:758}}
Jun 23 19:41:15.668180 np0000003485 devstack@g-api.service[99365]: DEBUG glance.common.config [None req-f4337405-7041-436f-a456-b48b2b0a5865 None None] Loading glance-api-keystone+cachemanagement from /etc/glance/glance-api-paste.ini {{(pid=99365) load_paste_app /opt/stack/glance/glance/common/config.py:758}}
Jun 23 19:41:15.672971 np0000003485 devstack@g-api.service[99367]: DEBUG glance.common.config [None req-ef5816b6-ddb9-43e8-b662-e3c388d9abcb None None] Loading glance-api-keystone+cachemanagement from /etc/glance/glance-api-paste.ini {{(pid=99367) load_paste_app /opt/stack/glance/glance/common/config.py:758}}
Jun 23 19:41:16.245675 np0000003485 devstack@g-api.service[99366]: INFO glance.image_cache [None req-f2e278d4-c04d-4ad3-9a02-349e55c3ab83 None None] Image cache loaded driver 'centralized_db'.
Jun 23 19:41:16.249191 np0000003485 devstack@g-api.service[99365]: INFO glance.image_cache [None req-f4337405-7041-436f-a456-b48b2b0a5865 None None] Image cache loaded driver 'centralized_db'.
Jun 23 19:41:16.250542 np0000003485 devstack@g-api.service[99367]: INFO glance.image_cache [None req-ef5816b6-ddb9-43e8-b662-e3c388d9abcb None None] Image cache loaded driver 'centralized_db'.
Jun 23 19:41:16.291848 np0000003485 devstack@g-api.service[99366]: INFO dbcounter [None req-f2e278d4-c04d-4ad3-9a02-349e55c3ab83 None None] Registered counter for database glance
Jun 23 19:41:16.292784 np0000003485 devstack@g-api.service[99365]: INFO dbcounter [None req-f4337405-7041-436f-a456-b48b2b0a5865 None None] Registered counter for database glance
Jun 23 19:41:16.322830 np0000003485 devstack@g-api.service[99367]: INFO dbcounter [None req-ef5816b6-ddb9-43e8-b662-e3c388d9abcb None None] Registered counter for database glance
Jun 23 19:41:16.330542 np0000003485 devstack@g-api.service[99366]: DEBUG oslo_db.sqlalchemy.engines [None req-f2e278d4-c04d-4ad3-9a02-349e55c3ab83 None None] MySQL server mode set to STRICT_TRANS_TABLES,STRICT_ALL_TABLES,NO_ZERO_IN_DATE,NO_ZERO_DATE,ERROR_FOR_DIVISION_BY_ZERO,TRADITIONAL,NO_ENGINE_SUBSTITUTION {{(pid=99366) _check_effective_sql_mode /opt/stack/data/venv/lib/python3.12/site-packages/oslo_db/sqlalchemy/engines.py:325}}
Jun 23 19:41:16.333029 np0000003485 devstack@g-api.service[99365]: DEBUG oslo_db.sqlalchemy.engines [None req-f4337405-7041-436f-a456-b48b2b0a5865 None None] MySQL server mode set to STRICT_TRANS_TABLES,STRICT_ALL_TABLES,NO_ZERO_IN_DATE,NO_ZERO_DATE,ERROR_FOR_DIVISION_BY_ZERO,TRADITIONAL,NO_ENGINE_SUBSTITUTION {{(pid=99365) _check_effective_sql_mode /opt/stack/data/venv/lib/python3.12/site-packages/oslo_db/sqlalchemy/engines.py:325}}
Jun 23 19:41:16.349358 np0000003485 devstack@g-api.service[99366]: DEBUG dbcounter [-] [99366] Writer thread running {{(pid=99366) stat_writer /opt/stack/data/venv/lib/python3.12/site-packages/dbcounter.py:102}}
Jun 23 19:41:16.362183 np0000003485 devstack@g-api.service[99367]: DEBUG oslo_db.sqlalchemy.engines [None req-ef5816b6-ddb9-43e8-b662-e3c388d9abcb None None] MySQL server mode set to STRICT_TRANS_TABLES,STRICT_ALL_TABLES,NO_ZERO_IN_DATE,NO_ZERO_DATE,ERROR_FOR_DIVISION_BY_ZERO,TRADITIONAL,NO_ENGINE_SUBSTITUTION {{(pid=99367) _check_effective_sql_mode /opt/stack/data/venv/lib/python3.12/site-packages/oslo_db/sqlalchemy/engines.py:325}}
Jun 23 19:41:16.365715 np0000003485 devstack@g-api.service[99366]: INFO glance.image_cache [None req-f2e278d4-c04d-4ad3-9a02-349e55c3ab83 None None] Image cache loaded driver 'centralized_db'.
Jun 23 19:41:16.371797 np0000003485 devstack@g-api.service[99365]: DEBUG dbcounter [-] [99365] Writer thread running {{(pid=99365) stat_writer /opt/stack/data/venv/lib/python3.12/site-packages/dbcounter.py:102}}
Jun 23 19:41:16.375111 np0000003485 devstack@g-api.service[99365]: DEBUG glance.image_cache.drivers.centralized_db [None req-f4337405-7041-436f-a456-b48b2b0a5865 None None] Node reference is already recorded, ignoring it {{(pid=99365) configure /opt/stack/glance/glance/image_cache/drivers/centralized_db.py:71}}
Jun 23 19:41:16.382395 np0000003485 devstack@g-api.service[99365]: INFO glance.image_cache [None req-f4337405-7041-436f-a456-b48b2b0a5865 None None] Image cache loaded driver 'centralized_db'.
Jun 23 19:41:16.384033 np0000003485 devstack@g-api.service[99367]: DEBUG dbcounter [-] [99367] Writer thread running {{(pid=99367) stat_writer /opt/stack/data/venv/lib/python3.12/site-packages/dbcounter.py:102}}
Jun 23 19:41:16.384033 np0000003485 devstack@g-api.service[99367]: DEBUG glance.image_cache.drivers.centralized_db [None req-ef5816b6-ddb9-43e8-b662-e3c388d9abcb None None] Node reference is already recorded, ignoring it {{(pid=99367) configure /opt/stack/glance/glance/image_cache/drivers/centralized_db.py:71}}
Jun 23 19:41:16.391255 np0000003485 devstack@g-api.service[99367]: INFO glance.image_cache [None req-ef5816b6-ddb9-43e8-b662-e3c388d9abcb None None] Image cache loaded driver 'centralized_db'.
Jun 23 19:41:16.392667 np0000003485 devstack@g-api.service[99365]: DEBUG glance.image_cache.drivers.centralized_db [None req-f4337405-7041-436f-a456-b48b2b0a5865 None None] Node reference is already recorded, ignoring it {{(pid=99365) configure /opt/stack/glance/glance/image_cache/drivers/centralized_db.py:71}}
Jun 23 19:41:16.398542 np0000003485 devstack@g-api.service[99367]: DEBUG glance.image_cache.drivers.centralized_db [None req-ef5816b6-ddb9-43e8-b662-e3c388d9abcb None None] Node reference is already recorded, ignoring it {{(pid=99367) configure /opt/stack/glance/glance/image_cache/drivers/centralized_db.py:71}}
Jun 23 19:41:16.458203 np0000003485 devstack@g-api.service[99366]: DEBUG glance.image_cache.drivers.centralized_db [None req-f2e278d4-c04d-4ad3-9a02-349e55c3ab83 None None] Node reference is already recorded, ignoring it {{(pid=99366) configure /opt/stack/glance/glance/image_cache/drivers/centralized_db.py:71}}
Jun 23 19:41:16.462733 np0000003485 devstack@g-api.service[99366]: DEBUG glance.api.v2.cached_images [None req-f2e278d4-c04d-4ad3-9a02-349e55c3ab83 None None] Started cache worker thread {{(pid=99366) __init__ /opt/stack/glance/glance/api/v2/cached_images.py:69}}
Jun 23 19:41:16.463362 np0000003485 devstack@g-api.service[99366]: INFO glance.image_cache [None req-f2e278d4-c04d-4ad3-9a02-349e55c3ab83 None None] Image cache loaded driver 'centralized_db'.
Jun 23 19:41:16.469931 np0000003485 devstack@g-api.service[99366]: DEBUG glance.image_cache.drivers.centralized_db [None req-f2e278d4-c04d-4ad3-9a02-349e55c3ab83 None None] Node reference is already recorded, ignoring it {{(pid=99366) configure /opt/stack/glance/glance/image_cache/drivers/centralized_db.py:71}}
Jun 23 19:41:16.474450 np0000003485 devstack@g-api.service[99366]: INFO glance.api.middleware.cache_manage [None req-f2e278d4-c04d-4ad3-9a02-349e55c3ab83 None None] Initialized image cache management middleware
Jun 23 19:41:16.474634 np0000003485 devstack@g-api.service[99366]: INFO glance.image_cache [None req-f2e278d4-c04d-4ad3-9a02-349e55c3ab83 None None] Image cache loaded driver 'centralized_db'.
Jun 23 19:41:16.480779 np0000003485 devstack@g-api.service[99366]: DEBUG glance.image_cache.drivers.centralized_db [None req-f2e278d4-c04d-4ad3-9a02-349e55c3ab83 None None] Node reference is already recorded, ignoring it {{(pid=99366) configure /opt/stack/glance/glance/image_cache/drivers/centralized_db.py:71}}
Jun 23 19:41:16.483700 np0000003485 devstack@g-api.service[99365]: DEBUG glance.api.v2.cached_images [None req-f4337405-7041-436f-a456-b48b2b0a5865 None None] Started cache worker thread {{(pid=99365) __init__ /opt/stack/glance/glance/api/v2/cached_images.py:69}}
Jun 23 19:41:16.484111 np0000003485 devstack@g-api.service[99366]: INFO glance.api.middleware.cache [None req-f2e278d4-c04d-4ad3-9a02-349e55c3ab83 None None] Initialized image cache middleware
Jun 23 19:41:16.484321 np0000003485 devstack@g-api.service[99365]: INFO glance.image_cache [None req-f4337405-7041-436f-a456-b48b2b0a5865 None None] Image cache loaded driver 'centralized_db'.
Jun 23 19:41:16.491339 np0000003485 devstack@g-api.service[99365]: DEBUG glance.image_cache.drivers.centralized_db [None req-f4337405-7041-436f-a456-b48b2b0a5865 None None] Node reference is already recorded, ignoring it {{(pid=99365) configure /opt/stack/glance/glance/image_cache/drivers/centralized_db.py:71}}
Jun 23 19:41:16.491877 np0000003485 devstack@g-api.service[99367]: DEBUG glance.api.v2.cached_images [None req-ef5816b6-ddb9-43e8-b662-e3c388d9abcb None None] Started cache worker thread {{(pid=99367) __init__ /opt/stack/glance/glance/api/v2/cached_images.py:69}}
Jun 23 19:41:16.492495 np0000003485 devstack@g-api.service[99367]: INFO glance.image_cache [None req-ef5816b6-ddb9-43e8-b662-e3c388d9abcb None None] Image cache loaded driver 'centralized_db'.
Jun 23 19:41:16.495683 np0000003485 devstack@g-api.service[99365]: INFO glance.api.middleware.cache_manage [None req-f4337405-7041-436f-a456-b48b2b0a5865 None None] Initialized image cache management middleware
Jun 23 19:41:16.495807 np0000003485 devstack@g-api.service[99366]: DEBUG glance.common.config [None req-f2e278d4-c04d-4ad3-9a02-349e55c3ab83 None None] ******************************************************************************** {{(pid=99366) log_opt_values /opt/stack/data/venv/lib/python3.12/site-packages/oslo_config/cfg.py:3226}}
Jun 23 19:41:16.495855 np0000003485 devstack@g-api.service[99365]: INFO glance.image_cache [None req-f4337405-7041-436f-a456-b48b2b0a5865 None None] Image cache loaded driver 'centralized_db'.
Jun 23 19:41:16.495923 np0000003485 devstack@g-api.service[99366]: DEBUG glance.common.config [None req-f2e278d4-c04d-4ad3-9a02-349e55c3ab83 None None] Configuration options gathered from: {{(pid=99366) log_opt_values /opt/stack/data/venv/lib/python3.12/site-packages/oslo_config/cfg.py:3227}}
Jun 23 19:41:16.496192 np0000003485 devstack@g-api.service[99366]: DEBUG glance.common.config [None req-f2e278d4-c04d-4ad3-9a02-349e55c3ab83 None None] command line args: [] {{(pid=99366) log_opt_values /opt/stack/data/venv/lib/python3.12/site-packages/oslo_config/cfg.py:3228}}
Jun 23 19:41:16.496431 np0000003485 devstack@g-api.service[99366]: DEBUG glance.common.config [None req-f2e278d4-c04d-4ad3-9a02-349e55c3ab83 None None] config files: ['/etc/glance/glance-image-import.conf', '/etc/glance/glance-api.conf'] {{(pid=99366) log_opt_values /opt/stack/data/venv/lib/python3.12/site-packages/oslo_config/cfg.py:3229}}
Jun 23 19:41:16.496526 np0000003485 devstack@g-api.service[99366]: DEBUG glance.common.config [None req-f2e278d4-c04d-4ad3-9a02-349e55c3ab83 None None] ================================================================================ {{(pid=99366) log_opt_values /opt/stack/data/venv/lib/python3.12/site-packages/oslo_config/cfg.py:3234}}
Jun 23 19:41:16.496662 np0000003485 devstack@g-api.service[99366]: DEBUG glance.common.config [None req-f2e278d4-c04d-4ad3-9a02-349e55c3ab83 None None] allow_anonymous_access = False {{(pid=99366) log_opt_values /opt/stack/data/venv/lib/python3.12/site-packages/oslo_config/cfg.py:3242}}
Jun 23 19:41:16.496761 np0000003485 devstack@g-api.service[99366]: DEBUG glance.common.config [None req-f2e278d4-c04d-4ad3-9a02-349e55c3ab83 None None] api_limit_max = 1000 {{(pid=99366) log_opt_values /opt/stack/data/venv/lib/python3.12/site-packages/oslo_config/cfg.py:3242}}
Jun 23 19:41:16.496855 np0000003485 devstack@g-api.service[99366]: DEBUG glance.common.config [None req-f2e278d4-c04d-4ad3-9a02-349e55c3ab83 None None] backlog = 4096 {{(pid=99366) log_opt_values /opt/stack/data/venv/lib/python3.12/site-packages/oslo_config/cfg.py:3242}}
Jun 23 19:41:16.496985 np0000003485 devstack@g-api.service[99366]: DEBUG glance.common.config [None req-f2e278d4-c04d-4ad3-9a02-349e55c3ab83 None None] bind_host = 0.0.0.0 {{(pid=99366) log_opt_values /opt/stack/data/venv/lib/python3.12/site-packages/oslo_config/cfg.py:3242}}
Jun 23 19:41:16.497087 np0000003485 devstack@g-api.service[99366]: DEBUG glance.common.config [None req-f2e278d4-c04d-4ad3-9a02-349e55c3ab83 None None] bind_port = 19292 {{(pid=99366) log_opt_values /opt/stack/data/venv/lib/python3.12/site-packages/oslo_config/cfg.py:3242}}
Jun 23 19:41:16.497183 np0000003485 devstack@g-api.service[99366]: DEBUG glance.common.config [None req-f2e278d4-c04d-4ad3-9a02-349e55c3ab83 None None] client_socket_timeout = 900 {{(pid=99366) log_opt_values /opt/stack/data/venv/lib/python3.12/site-packages/oslo_config/cfg.py:3242}}
Jun 23 19:41:16.497281 np0000003485 devstack@g-api.service[99366]: DEBUG glance.common.config [None req-f2e278d4-c04d-4ad3-9a02-349e55c3ab83 None None] config_dir = [] {{(pid=99366) log_opt_values /opt/stack/data/venv/lib/python3.12/site-packages/oslo_config/cfg.py:3242}}
Jun 23 19:41:16.497354 np0000003485 devstack@g-api.service[99366]: DEBUG glance.common.config [None req-f2e278d4-c04d-4ad3-9a02-349e55c3ab83 None None] config_file = ['/etc/glance/glance-image-import.conf', '/etc/glance/glance-api.conf'] {{(pid=99366) log_opt_values /opt/stack/data/venv/lib/python3.12/site-packages/oslo_config/cfg.py:3242}}
Jun 23 19:41:16.497468 np0000003485 devstack@g-api.service[99366]: DEBUG glance.common.config [None req-f2e278d4-c04d-4ad3-9a02-349e55c3ab83 None None] config_source = [] {{(pid=99366) log_opt_values /opt/stack/data/venv/lib/python3.12/site-packages/oslo_config/cfg.py:3242}}
Jun 23 19:41:16.497558 np0000003485 devstack@g-api.service[99366]: DEBUG glance.common.config [None req-f2e278d4-c04d-4ad3-9a02-349e55c3ab83 None None] control_exchange = glance {{(pid=99366) log_opt_values /opt/stack/data/venv/lib/python3.12/site-packages/oslo_config/cfg.py:3242}}
Jun 23 19:41:16.497640 np0000003485 devstack@g-api.service[99366]: DEBUG glance.common.config [None req-f2e278d4-c04d-4ad3-9a02-349e55c3ab83 None None] debug = True {{(pid=99366) log_opt_values /opt/stack/data/venv/lib/python3.12/site-packages/oslo_config/cfg.py:3242}}
Jun 23 19:41:16.497833 np0000003485 devstack@g-api.service[99366]: DEBUG glance.common.config [None req-f2e278d4-c04d-4ad3-9a02-349e55c3ab83 None None] default_log_levels = ['amqp=WARN', 'boto=WARN', 'sqlalchemy=WARN', 'suds=INFO', 'oslo.messaging=INFO', 'oslo_messaging=INFO', 'iso8601=WARN', 'requests.packages.urllib3.connectionpool=WARN', 'urllib3.connectionpool=WARN', 'websocket=WARN', 'requests.packages.urllib3.util.retry=WARN', 'urllib3.util.retry=WARN', 'keystonemiddleware=WARN', 'routes.middleware=WARN', 'stevedore=WARN', 'taskflow=WARN', 'keystoneauth=WARN', 'oslo.cache=INFO', 'oslo_policy=INFO', 'dogpile.core.dogpile=INFO'] {{(pid=99366) log_opt_values /opt/stack/data/venv/lib/python3.12/site-packages/oslo_config/cfg.py:3242}}
Jun 23 19:41:16.497935 np0000003485 devstack@g-api.service[99366]: DEBUG glance.common.config [None req-f2e278d4-c04d-4ad3-9a02-349e55c3ab83 None None] default_publisher_id = image.localhost {{(pid=99366) log_opt_values /opt/stack/data/venv/lib/python3.12/site-packages/oslo_config/cfg.py:3242}}
Jun 23 19:41:16.497999 np0000003485 devstack@g-api.service[99366]: DEBUG glance.common.config [None req-f2e278d4-c04d-4ad3-9a02-349e55c3ab83 None None] delayed_delete = False {{(pid=99366) log_opt_values /opt/stack/data/venv/lib/python3.12/site-packages/oslo_config/cfg.py:3242}}
Jun 23 19:41:16.498095 np0000003485 devstack@g-api.service[99366]: DEBUG glance.common.config [None req-f2e278d4-c04d-4ad3-9a02-349e55c3ab83 None None] digest_algorithm = sha256 {{(pid=99366) log_opt_values /opt/stack/data/venv/lib/python3.12/site-packages/oslo_config/cfg.py:3242}}
Jun 23 19:41:16.498477 np0000003485 devstack@g-api.service[99366]: DEBUG glance.common.config [None req-f2e278d4-c04d-4ad3-9a02-349e55c3ab83 None None] disabled_notifications = [] {{(pid=99366) log_opt_values /opt/stack/data/venv/lib/python3.12/site-packages/oslo_config/cfg.py:3242}}
Jun 23 19:41:16.498477 np0000003485 devstack@g-api.service[99366]: DEBUG glance.common.config [None req-f2e278d4-c04d-4ad3-9a02-349e55c3ab83 None None] do_secure_hash = True {{(pid=99366) log_opt_values /opt/stack/data/venv/lib/python3.12/site-packages/oslo_config/cfg.py:3242}}
Jun 23 19:41:16.498477 np0000003485 devstack@g-api.service[99366]: DEBUG glance.common.config [None req-f2e278d4-c04d-4ad3-9a02-349e55c3ab83 None None] enabled_backends = None {{(pid=99366) log_opt_values /opt/stack/data/venv/lib/python3.12/site-packages/oslo_config/cfg.py:3242}}
Jun 23 19:41:16.498477 np0000003485 devstack@g-api.service[99366]: DEBUG glance.common.config [None req-f2e278d4-c04d-4ad3-9a02-349e55c3ab83 None None] enabled_import_methods = ['glance-direct', 'web-download', 'copy-image'] {{(pid=99366) log_opt_values /opt/stack/data/venv/lib/python3.12/site-packages/oslo_config/cfg.py:3242}}
Jun 23 19:41:16.498589 np0000003485 devstack@g-api.service[99366]: DEBUG glance.common.config [None req-f2e278d4-c04d-4ad3-9a02-349e55c3ab83 None None] fatal_deprecations = False {{(pid=99366) log_opt_values /opt/stack/data/venv/lib/python3.12/site-packages/oslo_config/cfg.py:3242}}
Jun 23 19:41:16.498658 np0000003485 devstack@g-api.service[99366]: DEBUG glance.common.config [None req-f2e278d4-c04d-4ad3-9a02-349e55c3ab83 None None] hashing_algorithm = sha512 {{(pid=99366) log_opt_values /opt/stack/data/venv/lib/python3.12/site-packages/oslo_config/cfg.py:3242}}
Jun 23 19:41:16.498747 np0000003485 devstack@g-api.service[99366]: DEBUG glance.common.config [None req-f2e278d4-c04d-4ad3-9a02-349e55c3ab83 None None] http_keepalive = True {{(pid=99366) log_opt_values /opt/stack/data/venv/lib/python3.12/site-packages/oslo_config/cfg.py:3242}}
Jun 23 19:41:16.498834 np0000003485 devstack@g-api.service[99366]: DEBUG glance.common.config [None req-f2e278d4-c04d-4ad3-9a02-349e55c3ab83 None None] http_retries = 3 {{(pid=99366) log_opt_values /opt/stack/data/venv/lib/python3.12/site-packages/oslo_config/cfg.py:3242}}
Jun 23 19:41:16.498946 np0000003485 devstack@g-api.service[99366]: DEBUG glance.common.config [None req-f2e278d4-c04d-4ad3-9a02-349e55c3ab83 None None] image_cache_dir = /opt/stack/data/glance/cache/ {{(pid=99366) log_opt_values /opt/stack/data/venv/lib/python3.12/site-packages/oslo_config/cfg.py:3242}}
Jun 23 19:41:16.499050 np0000003485 devstack@g-api.service[99366]: DEBUG glance.common.config [None req-f2e278d4-c04d-4ad3-9a02-349e55c3ab83 None None] image_cache_driver = centralized_db {{(pid=99366) log_opt_values /opt/stack/data/venv/lib/python3.12/site-packages/oslo_config/cfg.py:3242}}
Jun 23 19:41:16.499143 np0000003485 devstack@g-api.service[99366]: DEBUG glance.common.config [None req-f2e278d4-c04d-4ad3-9a02-349e55c3ab83 None None] image_cache_max_size = 10737418240 {{(pid=99366) log_opt_values /opt/stack/data/venv/lib/python3.12/site-packages/oslo_config/cfg.py:3242}}
Jun 23 19:41:16.499235 np0000003485 devstack@g-api.service[99366]: DEBUG glance.common.config [None req-f2e278d4-c04d-4ad3-9a02-349e55c3ab83 None None] image_cache_sqlite_db = cache.db {{(pid=99366) log_opt_values /opt/stack/data/venv/lib/python3.12/site-packages/oslo_config/cfg.py:3242}}
Jun 23 19:41:16.499323 np0000003485 devstack@g-api.service[99366]: DEBUG glance.common.config [None req-f2e278d4-c04d-4ad3-9a02-349e55c3ab83 None None] image_cache_stall_time = 86400 {{(pid=99366) log_opt_values /opt/stack/data/venv/lib/python3.12/site-packages/oslo_config/cfg.py:3242}}
Jun 23 19:41:16.499414 np0000003485 devstack@g-api.service[99366]: DEBUG glance.common.config [None req-f2e278d4-c04d-4ad3-9a02-349e55c3ab83 None None] image_location_quota = 10 {{(pid=99366) log_opt_values /opt/stack/data/venv/lib/python3.12/site-packages/oslo_config/cfg.py:3242}}
Jun 23 19:41:16.499518 np0000003485 devstack@g-api.service[99366]: DEBUG glance.common.config [None req-f2e278d4-c04d-4ad3-9a02-349e55c3ab83 None None] image_member_quota = 128 {{(pid=99366) log_opt_values /opt/stack/data/venv/lib/python3.12/site-packages/oslo_config/cfg.py:3242}}
Jun 23 19:41:16.499609 np0000003485 devstack@g-api.service[99366]: DEBUG glance.common.config [None req-f2e278d4-c04d-4ad3-9a02-349e55c3ab83 None None] image_property_quota = 128 {{(pid=99366) log_opt_values /opt/stack/data/venv/lib/python3.12/site-packages/oslo_config/cfg.py:3242}}
Jun 23 19:41:16.499743 np0000003485 devstack@g-api.service[99366]: DEBUG glance.common.config [None req-f2e278d4-c04d-4ad3-9a02-349e55c3ab83 None None] image_size_cap = 1099511627776 {{(pid=99366) log_opt_values /opt/stack/data/venv/lib/python3.12/site-packages/oslo_config/cfg.py:3242}}
Jun 23 19:41:16.499834 np0000003485 devstack@g-api.service[99366]: DEBUG glance.common.config [None req-f2e278d4-c04d-4ad3-9a02-349e55c3ab83 None None] image_tag_quota = 128 {{(pid=99366) log_opt_values /opt/stack/data/venv/lib/python3.12/site-packages/oslo_config/cfg.py:3242}}
Jun 23 19:41:16.499933 np0000003485 devstack@g-api.service[99366]: DEBUG glance.common.config [None req-f2e278d4-c04d-4ad3-9a02-349e55c3ab83 None None] instance_format = [instance: %(uuid)s] {{(pid=99366) log_opt_values /opt/stack/data/venv/lib/python3.12/site-packages/oslo_config/cfg.py:3242}}
Jun 23 19:41:16.500042 np0000003485 devstack@g-api.service[99366]: DEBUG glance.common.config [None req-f2e278d4-c04d-4ad3-9a02-349e55c3ab83 None None] instance_uuid_format = [instance: %(uuid)s] {{(pid=99366) log_opt_values /opt/stack/data/venv/lib/python3.12/site-packages/oslo_config/cfg.py:3242}}
Jun 23 19:41:16.500132 np0000003485 devstack@g-api.service[99366]: DEBUG glance.common.config [None req-f2e278d4-c04d-4ad3-9a02-349e55c3ab83 None None] limit_param_default = 25 {{(pid=99366) log_opt_values /opt/stack/data/venv/lib/python3.12/site-packages/oslo_config/cfg.py:3242}}
Jun 23 19:41:16.500227 np0000003485 devstack@g-api.service[99366]: DEBUG glance.common.config [None req-f2e278d4-c04d-4ad3-9a02-349e55c3ab83 None None] log_color = False {{(pid=99366) log_opt_values /opt/stack/data/venv/lib/python3.12/site-packages/oslo_config/cfg.py:3242}}
Jun 23 19:41:16.500321 np0000003485 devstack@g-api.service[99366]: DEBUG glance.common.config [None req-f2e278d4-c04d-4ad3-9a02-349e55c3ab83 None None] log_config_append = None {{(pid=99366) log_opt_values /opt/stack/data/venv/lib/python3.12/site-packages/oslo_config/cfg.py:3242}}
Jun 23 19:41:16.500415 np0000003485 devstack@g-api.service[99366]: DEBUG glance.common.config [None req-f2e278d4-c04d-4ad3-9a02-349e55c3ab83 None None] log_date_format = %Y-%m-%d %H:%M:%S {{(pid=99366) log_opt_values /opt/stack/data/venv/lib/python3.12/site-packages/oslo_config/cfg.py:3242}}
Jun 23 19:41:16.500523 np0000003485 devstack@g-api.service[99366]: DEBUG glance.common.config [None req-f2e278d4-c04d-4ad3-9a02-349e55c3ab83 None None] log_dir = None {{(pid=99366) log_opt_values /opt/stack/data/venv/lib/python3.12/site-packages/oslo_config/cfg.py:3242}}
Jun 23 19:41:16.500611 np0000003485 devstack@g-api.service[99366]: DEBUG glance.common.config [None req-f2e278d4-c04d-4ad3-9a02-349e55c3ab83 None None] log_file = None {{(pid=99366) log_opt_values /opt/stack/data/venv/lib/python3.12/site-packages/oslo_config/cfg.py:3242}}
Jun 23 19:41:16.500726 np0000003485 devstack@g-api.service[99366]: DEBUG glance.common.config [None req-f2e278d4-c04d-4ad3-9a02-349e55c3ab83 None None] log_rotate_interval = 1 {{(pid=99366) log_opt_values /opt/stack/data/venv/lib/python3.12/site-packages/oslo_config/cfg.py:3242}}
Jun 23 19:41:16.500821 np0000003485 devstack@g-api.service[99366]: DEBUG glance.common.config [None req-f2e278d4-c04d-4ad3-9a02-349e55c3ab83 None None] log_rotate_interval_type = days {{(pid=99366) log_opt_values /opt/stack/data/venv/lib/python3.12/site-packages/oslo_config/cfg.py:3242}}
Jun 23 19:41:16.500916 np0000003485 devstack@g-api.service[99366]: DEBUG glance.common.config [None req-f2e278d4-c04d-4ad3-9a02-349e55c3ab83 None None] log_rotation_type = none {{(pid=99366) log_opt_values /opt/stack/data/venv/lib/python3.12/site-packages/oslo_config/cfg.py:3242}}
Jun 23 19:41:16.500963 np0000003485 devstack@g-api.service[99367]: DEBUG glance.image_cache.drivers.centralized_db [None req-ef5816b6-ddb9-43e8-b662-e3c388d9abcb None None] Node reference is already recorded, ignoring it {{(pid=99367) configure /opt/stack/glance/glance/image_cache/drivers/centralized_db.py:71}}
Jun 23 19:41:16.501008 np0000003485 devstack@g-api.service[99366]: DEBUG glance.common.config [None req-f2e278d4-c04d-4ad3-9a02-349e55c3ab83 None None] logging_context_format_string = %(color)s%(levelname)s %(name)s [%(global_request_id)s %(request_id)s %(project_name)s %(user_name)s%(color)s] %(instance)s%(color)s%(message)s {{(pid=99366) log_opt_values /opt/stack/data/venv/lib/python3.12/site-packages/oslo_config/cfg.py:3242}}
Jun 23 19:41:16.501080 np0000003485 devstack@g-api.service[99366]: DEBUG glance.common.config [None req-f2e278d4-c04d-4ad3-9a02-349e55c3ab83 None None] logging_debug_format_suffix = {{(pid=%(process)d) %(funcName)s %(pathname)s:%(lineno)d}} {{(pid=99366) log_opt_values /opt/stack/data/venv/lib/python3.12/site-packages/oslo_config/cfg.py:3242}}
Jun 23 19:41:16.501174 np0000003485 devstack@g-api.service[99366]: DEBUG glance.common.config [None req-f2e278d4-c04d-4ad3-9a02-349e55c3ab83 None None] logging_default_format_string = %(color)s%(levelname)s %(name)s [-%(color)s] %(instance)s%(color)s%(message)s {{(pid=99366) log_opt_values /opt/stack/data/venv/lib/python3.12/site-packages/oslo_config/cfg.py:3242}}
Jun 23 19:41:16.501268 np0000003485 devstack@g-api.service[99366]: DEBUG glance.common.config [None req-f2e278d4-c04d-4ad3-9a02-349e55c3ab83 None None] logging_exception_prefix = ERROR %(name)s %(instance)s {{(pid=99366) log_opt_values /opt/stack/data/venv/lib/python3.12/site-packages/oslo_config/cfg.py:3242}}
Jun 23 19:41:16.501333 np0000003485 devstack@g-api.service[99366]: DEBUG glance.common.config [None req-f2e278d4-c04d-4ad3-9a02-349e55c3ab83 None None] logging_user_identity_format = %(user)s %(project)s %(domain)s %(system_scope)s %(user_domain)s %(project_domain)s {{(pid=99366) log_opt_values /opt/stack/data/venv/lib/python3.12/site-packages/oslo_config/cfg.py:3242}}
Jun 23 19:41:16.501447 np0000003485 devstack@g-api.service[99366]: DEBUG glance.common.config [None req-f2e278d4-c04d-4ad3-9a02-349e55c3ab83 None None] max_header_line = 16384 {{(pid=99366) log_opt_values /opt/stack/data/venv/lib/python3.12/site-packages/oslo_config/cfg.py:3242}}
Jun 23 19:41:16.501569 np0000003485 devstack@g-api.service[99366]: DEBUG glance.common.config [None req-f2e278d4-c04d-4ad3-9a02-349e55c3ab83 None None] max_logfile_count = 30 {{(pid=99366) log_opt_values /opt/stack/data/venv/lib/python3.12/site-packages/oslo_config/cfg.py:3242}}
Jun 23 19:41:16.501699 np0000003485 devstack@g-api.service[99366]: DEBUG glance.common.config [None req-f2e278d4-c04d-4ad3-9a02-349e55c3ab83 None None] max_logfile_size_mb = 200 {{(pid=99366) log_opt_values /opt/stack/data/venv/lib/python3.12/site-packages/oslo_config/cfg.py:3242}}
Jun 23 19:41:16.501798 np0000003485 devstack@g-api.service[99366]: DEBUG glance.common.config [None req-f2e278d4-c04d-4ad3-9a02-349e55c3ab83 None None] max_request_id_length = 64 {{(pid=99366) log_opt_values /opt/stack/data/venv/lib/python3.12/site-packages/oslo_config/cfg.py:3242}}
Jun 23 19:41:16.501889 np0000003485 devstack@g-api.service[99366]: DEBUG glance.common.config [None req-f2e278d4-c04d-4ad3-9a02-349e55c3ab83 None None] metadata_encryption_key = **** {{(pid=99366) log_opt_values /opt/stack/data/venv/lib/python3.12/site-packages/oslo_config/cfg.py:3242}}
Jun 23 19:41:16.501947 np0000003485 devstack@g-api.service[99365]: DEBUG glance.image_cache.drivers.centralized_db [None req-f4337405-7041-436f-a456-b48b2b0a5865 None None] Node reference is already recorded, ignoring it {{(pid=99365) configure /opt/stack/glance/glance/image_cache/drivers/centralized_db.py:71}}
Jun 23 19:41:16.501994 np0000003485 devstack@g-api.service[99366]: DEBUG glance.common.config [None req-f2e278d4-c04d-4ad3-9a02-349e55c3ab83 None None] node_staging_uri = file:///tmp/staging/ {{(pid=99366) log_opt_values /opt/stack/data/venv/lib/python3.12/site-packages/oslo_config/cfg.py:3242}}
Jun 23 19:41:16.502084 np0000003485 devstack@g-api.service[99366]: DEBUG glance.common.config [None req-f2e278d4-c04d-4ad3-9a02-349e55c3ab83 None None] property_protection_file = None {{(pid=99366) log_opt_values /opt/stack/data/venv/lib/python3.12/site-packages/oslo_config/cfg.py:3242}}
Jun 23 19:41:16.502178 np0000003485 devstack@g-api.service[99366]: DEBUG glance.common.config [None req-f2e278d4-c04d-4ad3-9a02-349e55c3ab83 None None] property_protection_rule_format = roles {{(pid=99366) log_opt_values /opt/stack/data/venv/lib/python3.12/site-packages/oslo_config/cfg.py:3242}}
Jun 23 19:41:16.502268 np0000003485 devstack@g-api.service[99366]: DEBUG glance.common.config [None req-f2e278d4-c04d-4ad3-9a02-349e55c3ab83 None None] public_endpoint = https://10.4.3.41/image {{(pid=99366) log_opt_values /opt/stack/data/venv/lib/python3.12/site-packages/oslo_config/cfg.py:3242}}
Jun 23 19:41:16.502355 np0000003485 devstack@g-api.service[99366]: DEBUG glance.common.config [None req-f2e278d4-c04d-4ad3-9a02-349e55c3ab83 None None] publish_errors = False {{(pid=99366) log_opt_values /opt/stack/data/venv/lib/python3.12/site-packages/oslo_config/cfg.py:3242}}
Jun 23 19:41:16.502450 np0000003485 devstack@g-api.service[99366]: DEBUG glance.common.config [None req-f2e278d4-c04d-4ad3-9a02-349e55c3ab83 None None] pydev_worker_debug_host = None {{(pid=99366) log_opt_values /opt/stack/data/venv/lib/python3.12/site-packages/oslo_config/cfg.py:3242}}
Jun 23 19:41:16.502548 np0000003485 devstack@g-api.service[99366]: DEBUG glance.common.config [None req-f2e278d4-c04d-4ad3-9a02-349e55c3ab83 None None] pydev_worker_debug_port = 5678 {{(pid=99366) log_opt_values /opt/stack/data/venv/lib/python3.12/site-packages/oslo_config/cfg.py:3242}}
Jun 23 19:41:16.502638 np0000003485 devstack@g-api.service[99366]: DEBUG glance.common.config [None req-f2e278d4-c04d-4ad3-9a02-349e55c3ab83 None None] rate_limit_burst = 0 {{(pid=99366) log_opt_values /opt/stack/data/venv/lib/python3.12/site-packages/oslo_config/cfg.py:3242}}
Jun 23 19:41:16.502738 np0000003485 devstack@g-api.service[99366]: DEBUG glance.common.config [None req-f2e278d4-c04d-4ad3-9a02-349e55c3ab83 None None] rate_limit_except_level = CRITICAL {{(pid=99366) log_opt_values /opt/stack/data/venv/lib/python3.12/site-packages/oslo_config/cfg.py:3242}}
Jun 23 19:41:16.502824 np0000003485 devstack@g-api.service[99366]: DEBUG glance.common.config [None req-f2e278d4-c04d-4ad3-9a02-349e55c3ab83 None None] rate_limit_interval = 0 {{(pid=99366) log_opt_values /opt/stack/data/venv/lib/python3.12/site-packages/oslo_config/cfg.py:3242}}
Jun 23 19:41:16.502910 np0000003485 devstack@g-api.service[99366]: DEBUG glance.common.config [None req-f2e278d4-c04d-4ad3-9a02-349e55c3ab83 None None] scrub_pool_size = 1 {{(pid=99366) log_opt_values /opt/stack/data/venv/lib/python3.12/site-packages/oslo_config/cfg.py:3242}}
Jun 23 19:41:16.503007 np0000003485 devstack@g-api.service[99366]: DEBUG glance.common.config [None req-f2e278d4-c04d-4ad3-9a02-349e55c3ab83 None None] scrub_time = 0 {{(pid=99366) log_opt_values /opt/stack/data/venv/lib/python3.12/site-packages/oslo_config/cfg.py:3242}}
Jun 23 19:41:16.503097 np0000003485 devstack@g-api.service[99366]: DEBUG glance.common.config [None req-f2e278d4-c04d-4ad3-9a02-349e55c3ab83 None None] shell_completion = None {{(pid=99366) log_opt_values /opt/stack/data/venv/lib/python3.12/site-packages/oslo_config/cfg.py:3242}}
Jun 23 19:41:16.503193 np0000003485 devstack@g-api.service[99366]: DEBUG glance.common.config [None req-f2e278d4-c04d-4ad3-9a02-349e55c3ab83 None None] show_image_direct_url = False {{(pid=99366) log_opt_values /opt/stack/data/venv/lib/python3.12/site-packages/oslo_config/cfg.py:3242}}
Jun 23 19:41:16.503390 np0000003485 devstack@g-api.service[99366]: WARNING oslo_config.cfg [None req-f2e278d4-c04d-4ad3-9a02-349e55c3ab83 None None] Deprecated: Option "show_multiple_locations" from group "DEFAULT" is deprecated for removal (Use of this option, deprecated since Newton, is a security risk and will be removed once we figure out a way to satisfy those use cases that currently require it. An earlier announcement that the same functionality can be achieved with greater granularity by using policies is incorrect. You cannot work around this option via policy configuration at the present time, though that is the direction we believe the fix will take. Please keep an eye on the Glance release notes to stay up to date on progress in addressing this issue.). Its value may be silently ignored in the future.
Jun 23 19:41:16.503509 np0000003485 devstack@g-api.service[99366]: DEBUG glance.common.config [None req-f2e278d4-c04d-4ad3-9a02-349e55c3ab83 None None] show_multiple_locations = False {{(pid=99366) log_opt_values /opt/stack/data/venv/lib/python3.12/site-packages/oslo_config/cfg.py:3242}}
Jun 23 19:41:16.503607 np0000003485 devstack@g-api.service[99366]: DEBUG glance.common.config [None req-f2e278d4-c04d-4ad3-9a02-349e55c3ab83 None None] syslog_log_facility = LOG_USER {{(pid=99366) log_opt_values /opt/stack/data/venv/lib/python3.12/site-packages/oslo_config/cfg.py:3242}}
Jun 23 19:41:16.503736 np0000003485 devstack@g-api.service[99366]: DEBUG glance.common.config [None req-f2e278d4-c04d-4ad3-9a02-349e55c3ab83 None None] tcp_keepidle = 600 {{(pid=99366) log_opt_values /opt/stack/data/venv/lib/python3.12/site-packages/oslo_config/cfg.py:3242}}
Jun 23 19:41:16.503833 np0000003485 devstack@g-api.service[99366]: DEBUG glance.common.config [None req-f2e278d4-c04d-4ad3-9a02-349e55c3ab83 None None] transport_url = **** {{(pid=99366) log_opt_values /opt/stack/data/venv/lib/python3.12/site-packages/oslo_config/cfg.py:3242}}
Jun 23 19:41:16.503920 np0000003485 devstack@g-api.service[99366]: DEBUG glance.common.config [None req-f2e278d4-c04d-4ad3-9a02-349e55c3ab83 None None] use_journal = False {{(pid=99366) log_opt_values /opt/stack/data/venv/lib/python3.12/site-packages/oslo_config/cfg.py:3242}}
Jun 23 19:41:16.504014 np0000003485 devstack@g-api.service[99366]: DEBUG glance.common.config [None req-f2e278d4-c04d-4ad3-9a02-349e55c3ab83 None None] use_json = False {{(pid=99366) log_opt_values /opt/stack/data/venv/lib/python3.12/site-packages/oslo_config/cfg.py:3242}}
Jun 23 19:41:16.504114 np0000003485 devstack@g-api.service[99366]: DEBUG glance.common.config [None req-f2e278d4-c04d-4ad3-9a02-349e55c3ab83 None None] use_keystone_limits = True {{(pid=99366) log_opt_values /opt/stack/data/venv/lib/python3.12/site-packages/oslo_config/cfg.py:3242}}
Jun 23 19:41:16.504201 np0000003485 devstack@g-api.service[99366]: DEBUG glance.common.config [None req-f2e278d4-c04d-4ad3-9a02-349e55c3ab83 None None] use_stderr = False {{(pid=99366) log_opt_values /opt/stack/data/venv/lib/python3.12/site-packages/oslo_config/cfg.py:3242}}
Jun 23 19:41:16.504292 np0000003485 devstack@g-api.service[99366]: DEBUG glance.common.config [None req-f2e278d4-c04d-4ad3-9a02-349e55c3ab83 None None] use_syslog = False {{(pid=99366) log_opt_values /opt/stack/data/venv/lib/python3.12/site-packages/oslo_config/cfg.py:3242}}
Jun 23 19:41:16.504383 np0000003485 devstack@g-api.service[99366]: DEBUG glance.common.config [None req-f2e278d4-c04d-4ad3-9a02-349e55c3ab83 None None] user_storage_quota = 0 {{(pid=99366) log_opt_values /opt/stack/data/venv/lib/python3.12/site-packages/oslo_config/cfg.py:3242}}
Jun 23 19:41:16.504490 np0000003485 devstack@g-api.service[99366]: DEBUG glance.common.config [None req-f2e278d4-c04d-4ad3-9a02-349e55c3ab83 None None] worker_self_reference_url = http://127.0.0.1:60999 {{(pid=99366) log_opt_values /opt/stack/data/venv/lib/python3.12/site-packages/oslo_config/cfg.py:3242}}
Jun 23 19:41:16.504579 np0000003485 devstack@g-api.service[99366]: DEBUG glance.common.config [None req-f2e278d4-c04d-4ad3-9a02-349e55c3ab83 None None] workers = None {{(pid=99366) log_opt_values /opt/stack/data/venv/lib/python3.12/site-packages/oslo_config/cfg.py:3242}}
Jun 23 19:41:16.504704 np0000003485 devstack@g-api.service[99366]: DEBUG glance.common.config [None req-f2e278d4-c04d-4ad3-9a02-349e55c3ab83 None None] oslo_concurrency.disable_process_locking = False {{(pid=99366) log_opt_values /opt/stack/data/venv/lib/python3.12/site-packages/oslo_config/cfg.py:3253}}
Jun 23 19:41:16.504803 np0000003485 devstack@g-api.service[99366]: DEBUG glance.common.config [None req-f2e278d4-c04d-4ad3-9a02-349e55c3ab83 None None] oslo_concurrency.lock_path = /opt/stack/data/glance/locks {{(pid=99366) log_opt_values /opt/stack/data/venv/lib/python3.12/site-packages/oslo_config/cfg.py:3253}}
Jun 23 19:41:16.504900 np0000003485 devstack@g-api.service[99366]: DEBUG glance.common.config [None req-f2e278d4-c04d-4ad3-9a02-349e55c3ab83 None None] oslo_middleware.enable_proxy_headers_parsing = False {{(pid=99366) log_opt_values /opt/stack/data/venv/lib/python3.12/site-packages/oslo_config/cfg.py:3253}}
Jun 23 19:41:16.505044 np0000003485 devstack@g-api.service[99366]: DEBUG glance.common.config [None req-f2e278d4-c04d-4ad3-9a02-349e55c3ab83 None None] oslo_middleware.http_basic_auth_user_file = /etc/htpasswd {{(pid=99366) log_opt_values /opt/stack/data/venv/lib/python3.12/site-packages/oslo_config/cfg.py:3253}}
Jun 23 19:41:16.505151 np0000003485 devstack@g-api.service[99366]: DEBUG glance.common.config [None req-f2e278d4-c04d-4ad3-9a02-349e55c3ab83 None None] paste_deploy.config_file = None {{(pid=99366) log_opt_values /opt/stack/data/venv/lib/python3.12/site-packages/oslo_config/cfg.py:3253}}
Jun 23 19:41:16.505247 np0000003485 devstack@g-api.service[99366]: DEBUG glance.common.config [None req-f2e278d4-c04d-4ad3-9a02-349e55c3ab83 None None] paste_deploy.flavor = keystone+cachemanagement {{(pid=99366) log_opt_values /opt/stack/data/venv/lib/python3.12/site-packages/oslo_config/cfg.py:3253}}
Jun 23 19:41:16.505374 np0000003485 devstack@g-api.service[99366]: DEBUG glance.common.config [None req-f2e278d4-c04d-4ad3-9a02-349e55c3ab83 None None] image_format.container_formats = ['ami', 'ari', 'aki', 'bare', 'ovf', 'ova', 'docker', 'compressed'] {{(pid=99366) log_opt_values /opt/stack/data/venv/lib/python3.12/site-packages/oslo_config/cfg.py:3253}}
Jun 23 19:41:16.505420 np0000003485 devstack@g-api.service[99365]: INFO glance.api.middleware.cache [None req-f4337405-7041-436f-a456-b48b2b0a5865 None None] Initialized image cache middleware
Jun 23 19:41:16.505508 np0000003485 devstack@g-api.service[99366]: DEBUG glance.common.config [None req-f2e278d4-c04d-4ad3-9a02-349e55c3ab83 None None] image_format.disk_formats = ['ami', 'ari', 'aki', 'vhd', 'vhdx', 'vmdk', 'raw', 'qcow2', 'vdi', 'iso', 'ploop'] {{(pid=99366) log_opt_values /opt/stack/data/venv/lib/python3.12/site-packages/oslo_config/cfg.py:3253}}
Jun 23 19:41:16.505600 np0000003485 devstack@g-api.service[99366]: DEBUG glance.common.config [None req-f2e278d4-c04d-4ad3-9a02-349e55c3ab83 None None] image_format.gpt_safety_checks_nonfatal = [] {{(pid=99366) log_opt_values /opt/stack/data/venv/lib/python3.12/site-packages/oslo_config/cfg.py:3253}}
Jun 23 19:41:16.505735 np0000003485 devstack@g-api.service[99366]: DEBUG glance.common.config [None req-f2e278d4-c04d-4ad3-9a02-349e55c3ab83 None None] image_format.require_image_format_match = True {{(pid=99366) log_opt_values /opt/stack/data/venv/lib/python3.12/site-packages/oslo_config/cfg.py:3253}}
Jun 23 19:41:16.505840 np0000003485 devstack@g-api.service[99366]: DEBUG glance.common.config [None req-f2e278d4-c04d-4ad3-9a02-349e55c3ab83 None None] image_format.vmdk_allowed_types = ['streamOptimized', 'monolithicSparse'] {{(pid=99366) log_opt_values /opt/stack/data/venv/lib/python3.12/site-packages/oslo_config/cfg.py:3253}}
Jun 23 19:41:16.505940 np0000003485 devstack@g-api.service[99366]: DEBUG glance.common.config [None req-f2e278d4-c04d-4ad3-9a02-349e55c3ab83 None None] task.task_executor = taskflow {{(pid=99366) log_opt_values /opt/stack/data/venv/lib/python3.12/site-packages/oslo_config/cfg.py:3253}}
Jun 23 19:41:16.506032 np0000003485 devstack@g-api.service[99366]: DEBUG glance.common.config [None req-f2e278d4-c04d-4ad3-9a02-349e55c3ab83 None None] task.task_time_to_live = 48 {{(pid=99366) log_opt_values /opt/stack/data/venv/lib/python3.12/site-packages/oslo_config/cfg.py:3253}}
Jun 23 19:41:16.506116 np0000003485 devstack@g-api.service[99366]: DEBUG glance.common.config [None req-f2e278d4-c04d-4ad3-9a02-349e55c3ab83 None None] task.work_dir = None {{(pid=99366) log_opt_values /opt/stack/data/venv/lib/python3.12/site-packages/oslo_config/cfg.py:3253}}
Jun 23 19:41:16.506213 np0000003485 devstack@g-api.service[99366]: DEBUG glance.common.config [None req-f2e278d4-c04d-4ad3-9a02-349e55c3ab83 None None] wsgi.python_interpreter = /opt/stack/data/venv/bin/python3 {{(pid=99366) log_opt_values /opt/stack/data/venv/lib/python3.12/site-packages/oslo_config/cfg.py:3253}}
Jun 23 19:41:16.506299 np0000003485 devstack@g-api.service[99366]: DEBUG glance.common.config [None req-f2e278d4-c04d-4ad3-9a02-349e55c3ab83 None None] wsgi.task_pool_threads = 16 {{(pid=99366) log_opt_values /opt/stack/data/venv/lib/python3.12/site-packages/oslo_config/cfg.py:3253}}
Jun 23 19:41:16.506422 np0000003485 devstack@g-api.service[99366]: DEBUG glance.common.config [None req-f2e278d4-c04d-4ad3-9a02-349e55c3ab83 None None] import_filtering_opts.allowed_hosts = [] {{(pid=99366) log_opt_values /opt/stack/data/venv/lib/python3.12/site-packages/oslo_config/cfg.py:3253}}
Jun 23 19:41:16.506486 np0000003485 devstack@g-api.service[99366]: DEBUG glance.common.config [None req-f2e278d4-c04d-4ad3-9a02-349e55c3ab83 None None] import_filtering_opts.allowed_ports = [80, 443] {{(pid=99366) log_opt_values /opt/stack/data/venv/lib/python3.12/site-packages/oslo_config/cfg.py:3253}}
