Jun 23 19:47:37.110183 np0000003485 devstack@g-api.service[99367]: DEBUG glance.api.middleware.version_negotiation [None req-b6afc7e8-dd21-4f0a-bc23-fd9f3dffd6b2 tempest-AttachVolumeShelveTestJSON-1067797367 tempest-AttachVolumeShelveTestJSON-1067797367-project-member] new path /v2/images/23500142-729a-42bc-87e5-0f2557069d6e {{(pid=99367) process_request /opt/stack/glance/glance/api/middleware/version_negotiation.py:70}}
Jun 23 19:47:37.133502 np0000003485 devstack@g-api.service[99367]: [pid: 99367|app: 0|req: 138/411] 127.0.0.1 () {40 vars in 834 bytes} [Tue Jun 23 19:47:37 2026] GET /v2/images/23500142-729a-42bc-87e5-0f2557069d6e => generated 1044 bytes in 26 msecs (HTTP/1.1 200) 4 headers in 158 bytes (1 switches on core 0)
Jun 23 19:47:37.150985 np0000003485 devstack@g-api.service[99366]: DEBUG glance.api.middleware.version_negotiation [None req-b6afc7e8-dd21-4f0a-bc23-fd9f3dffd6b2 tempest-AttachVolumeShelveTestJSON-1067797367 tempest-AttachVolumeShelveTestJSON-1067797367-project-member] Determining version of request: GET /v2/images/23500142-729a-42bc-87e5-0f2557069d6e Accept: */* {{(pid=99366) process_request /opt/stack/glance/glance/api/middleware/version_negotiation.py:44}}
Jun 23 19:47:37.151360 np0000003485 devstack@g-api.service[99366]: DEBUG glance.api.middleware.version_negotiation [None req-b6afc7e8-dd21-4f0a-bc23-fd9f3dffd6b2 tempest-AttachVolumeShelveTestJSON-1067797367 tempest-AttachVolumeShelveTestJSON-1067797367-project-member] Using url versioning {{(pid=99366) process_request /opt/stack/glance/glance/api/middleware/version_negotiation.py:57}}
Jun 23 19:47:37.151360 np0000003485 devstack@g-api.service[99366]: DEBUG glance.api.middleware.version_negotiation [None req-b6afc7e8-dd21-4f0a-bc23-fd9f3dffd6b2 tempest-AttachVolumeShelveTestJSON-1067797367 tempest-AttachVolumeShelveTestJSON-1067797367-project-member] Matched version: v2 {{(pid=99366) process_request /opt/stack/glance/glance/api/middleware/version_negotiation.py:69}}
Jun 23 19:47:37.151360 np0000003485 devstack@g-api.service[99366]: DEBUG glance.api.middleware.version_negotiation [None req-b6afc7e8-dd21-4f0a-bc23-fd9f3dffd6b2 tempest-AttachVolumeShelveTestJSON-1067797367 tempest-AttachVolumeShelveTestJSON-1067797367-project-member] new path /v2/images/23500142-729a-42bc-87e5-0f2557069d6e {{(pid=99366) process_request /opt/stack/glance/glance/api/middleware/version_negotiation.py:70}}
Jun 23 19:47:37.160910 np0000003485 devstack@g-api.service[99366]: [pid: 99366|app: 0|req: 140/412] 127.0.0.1 () {44 vars in 1111 bytes} [Tue Jun 23 19:47:37 2026] GET /v2/images/23500142-729a-42bc-87e5-0f2557069d6e => generated 1044 bytes in 9 msecs (HTTP/1.1 200) 4 headers in 158 bytes (1 switches on core 0)
Jun 23 19:47:37.169063 np0000003485 devstack@g-api.service[99365]: DEBUG glance.api.middleware.version_negotiation [None req-04ce764f-9a94-4c14-9a30-ed221704ef8f tempest-VolumesGetTest-2114339514 tempest-VolumesGetTest-2114339514-project-member] Determining version of request: GET /v2/schemas/image Accept: */* {{(pid=99365) process_request /opt/stack/glance/glance/api/middleware/version_negotiation.py:44}}
Jun 23 19:47:37.169193 np0000003485 devstack@g-api.service[99365]: DEBUG glance.api.middleware.version_negotiation [None req-04ce764f-9a94-4c14-9a30-ed221704ef8f tempest-VolumesGetTest-2114339514 tempest-VolumesGetTest-2114339514-project-member] Using url versioning {{(pid=99365) process_request /opt/stack/glance/glance/api/middleware/version_negotiation.py:57}}
Jun 23 19:47:37.169324 np0000003485 devstack@g-api.service[99365]: DEBUG glance.api.middleware.version_negotiation [None req-04ce764f-9a94-4c14-9a30-ed221704ef8f tempest-VolumesGetTest-2114339514 tempest-VolumesGetTest-2114339514-project-member] Matched version: v2 {{(pid=99365) process_request /opt/stack/glance/glance/api/middleware/version_negotiation.py:69}}
Jun 23 19:47:37.169416 np0000003485 devstack@g-api.service[99365]: DEBUG glance.api.middleware.version_negotiation [None req-04ce764f-9a94-4c14-9a30-ed221704ef8f tempest-VolumesGetTest-2114339514 tempest-VolumesGetTest-2114339514-project-member] new path /v2/schemas/image {{(pid=99365) process_request /opt/stack/glance/glance/api/middleware/version_negotiation.py:70}}
Jun 23 19:47:37.171511 np0000003485 devstack@g-api.service[99365]: [pid: 99365|app: 0|req: 135/413] 127.0.0.1 () {44 vars in 1051 bytes} [Tue Jun 23 19:47:37 2026] GET /v2/schemas/image => generated 6083 bytes in 2 msecs (HTTP/1.1 200) 4 headers in 158 bytes (1 switches on core 0)
Jun 23 19:47:37.179344 np0000003485 devstack@g-api.service[99367]: DEBUG glance.api.middleware.version_negotiation [None req-8a866dcf-d225-458d-a713-9dc7daa003b8 tempest-VolumesGetTest-2114339514 tempest-VolumesGetTest-2114339514-project-member] Determining version of request: GET /v2/schemas/image Accept: */* {{(pid=99367) process_request /opt/stack/glance/glance/api/middleware/version_negotiation.py:44}}
Jun 23 19:47:37.180119 np0000003485 devstack@g-api.service[99367]: DEBUG glance.api.middleware.version_negotiation [None req-8a866dcf-d225-458d-a713-9dc7daa003b8 tempest-VolumesGetTest-2114339514 tempest-VolumesGetTest-2114339514-project-member] Using url versioning {{(pid=99367) process_request /opt/stack/glance/glance/api/middleware/version_negotiation.py:57}}
Jun 23 19:47:37.180119 np0000003485 devstack@g-api.service[99367]: DEBUG glance.api.middleware.version_negotiation [None req-8a866dcf-d225-458d-a713-9dc7daa003b8 tempest-VolumesGetTest-2114339514 tempest-VolumesGetTest-2114339514-project-member] Matched version: v2 {{(pid=99367) process_request /opt/stack/glance/glance/api/middleware/version_negotiation.py:69}}
Jun 23 19:47:37.180119 np0000003485 devstack@g-api.service[99367]: DEBUG glance.api.middleware.version_negotiation [None req-8a866dcf-d225-458d-a713-9dc7daa003b8 tempest-VolumesGetTest-2114339514 tempest-VolumesGetTest-2114339514-project-member] new path /v2/schemas/image {{(pid=99367) process_request /opt/stack/glance/glance/api/middleware/version_negotiation.py:70}}
Jun 23 19:47:37.182349 np0000003485 devstack@g-api.service[99367]: [pid: 99367|app: 0|req: 139/414] 127.0.0.1 () {44 vars in 1051 bytes} [Tue Jun 23 19:47:37 2026] GET /v2/schemas/image => generated 6083 bytes in 3 msecs (HTTP/1.1 200) 4 headers in 158 bytes (1 switches on core 0)
Jun 23 19:47:37.189921 np0000003485 devstack@g-api.service[99366]: DEBUG glance.api.middleware.version_negotiation [None req-209d8af5-51d9-4b42-a731-cf8435121e9a tempest-VolumesGetTest-2114339514 tempest-VolumesGetTest-2114339514-project-member] Determining version of request: GET /v2/images/23500142-729a-42bc-87e5-0f2557069d6e Accept: */* {{(pid=99366) process_request /opt/stack/glance/glance/api/middleware/version_negotiation.py:44}}
Jun 23 19:47:37.190191 np0000003485 devstack@g-api.service[99366]: DEBUG glance.api.middleware.version_negotiation [None req-209d8af5-51d9-4b42-a731-cf8435121e9a tempest-VolumesGetTest-2114339514 tempest-VolumesGetTest-2114339514-project-member] Using url versioning {{(pid=99366) process_request /opt/stack/glance/glance/api/middleware/version_negotiation.py:57}}
Jun 23 19:47:37.190382 np0000003485 devstack@g-api.service[99366]: DEBUG glance.api.middleware.version_negotiation [None req-209d8af5-51d9-4b42-a731-cf8435121e9a tempest-VolumesGetTest-2114339514 tempest-VolumesGetTest-2114339514-project-member] Matched version: v2 {{(pid=99366) process_request /opt/stack/glance/glance/api/middleware/version_negotiation.py:69}}
Jun 23 19:47:37.190618 np0000003485 devstack@g-api.service[99366]: DEBUG glance.api.middleware.version_negotiation [None req-209d8af5-51d9-4b42-a731-cf8435121e9a tempest-VolumesGetTest-2114339514 tempest-VolumesGetTest-2114339514-project-member] new path /v2/images/23500142-729a-42bc-87e5-0f2557069d6e {{(pid=99366) process_request /opt/stack/glance/glance/api/middleware/version_negotiation.py:70}}
Jun 23 19:47:37.201978 np0000003485 devstack@g-api.service[99366]: [pid: 99366|app: 0|req: 141/415] 127.0.0.1 () {44 vars in 1111 bytes} [Tue Jun 23 19:47:37 2026] GET /v2/images/23500142-729a-42bc-87e5-0f2557069d6e => generated 1044 bytes in 12 msecs (HTTP/1.1 200) 4 headers in 158 bytes (1 switches on core 0)
Jun 23 19:47:37.209181 np0000003485 devstack@g-api.service[99365]: DEBUG glance.api.middleware.version_negotiation [None req-209d8af5-51d9-4b42-a731-cf8435121e9a tempest-VolumesGetTest-2114339514 tempest-VolumesGetTest-2114339514-project-member] Determining version of request: GET /v2/schemas/image Accept: */* {{(pid=99365) process_request /opt/stack/glance/glance/api/middleware/version_negotiation.py:44}}
Jun 23 19:47:37.209356 np0000003485 devstack@g-api.service[99365]: DEBUG glance.api.middleware.version_negotiation [None req-209d8af5-51d9-4b42-a731-cf8435121e9a tempest-VolumesGetTest-2114339514 tempest-VolumesGetTest-2114339514-project-member] Using url versioning {{(pid=99365) process_request /opt/stack/glance/glance/api/middleware/version_negotiation.py:57}}
Jun 23 19:47:37.209516 np0000003485 devstack@g-api.service[99365]: DEBUG glance.api.middleware.version_negotiation [None req-209d8af5-51d9-4b42-a731-cf8435121e9a tempest-VolumesGetTest-2114339514 tempest-VolumesGetTest-2114339514-project-member] Matched version: v2 {{(pid=99365) process_request /opt/stack/glance/glance/api/middleware/version_negotiation.py:69}}
Jun 23 19:47:37.209797 np0000003485 devstack@g-api.service[99365]: DEBUG glance.api.middleware.version_negotiation [None req-209d8af5-51d9-4b42-a731-cf8435121e9a tempest-VolumesGetTest-2114339514 tempest-VolumesGetTest-2114339514-project-member] new path /v2/schemas/image {{(pid=99365) process_request /opt/stack/glance/glance/api/middleware/version_negotiation.py:70}}
Jun 23 19:47:37.211903 np0000003485 devstack@g-api.service[99365]: [pid: 99365|app: 0|req: 136/416] 127.0.0.1 () {44 vars in 1051 bytes} [Tue Jun 23 19:47:37 2026] GET /v2/schemas/image => generated 6083 bytes in 3 msecs (HTTP/1.1 200) 4 headers in 158 bytes (1 switches on core 0)
Jun 23 19:47:37.218843 np0000003485 devstack@g-api.service[99367]: DEBUG glance.api.middleware.version_negotiation [None req-209d8af5-51d9-4b42-a731-cf8435121e9a tempest-VolumesGetTest-2114339514 tempest-VolumesGetTest-2114339514-project-member] Determining version of request: GET /v2/schemas/image Accept: */* {{(pid=99367) process_request /opt/stack/glance/glance/api/middleware/version_negotiation.py:44}}
Jun 23 19:47:37.219676 np0000003485 devstack@g-api.service[99367]: DEBUG glance.api.middleware.version_negotiation [None req-209d8af5-51d9-4b42-a731-cf8435121e9a tempest-VolumesGetTest-2114339514 tempest-VolumesGetTest-2114339514-project-member] Using url versioning {{(pid=99367) process_request /opt/stack/glance/glance/api/middleware/version_negotiation.py:57}}
Jun 23 19:47:37.219676 np0000003485 devstack@g-api.service[99367]: DEBUG glance.api.middleware.version_negotiation [None req-209d8af5-51d9-4b42-a731-cf8435121e9a tempest-VolumesGetTest-2114339514 tempest-VolumesGetTest-2114339514-project-member] Matched version: v2 {{(pid=99367) process_request /opt/stack/glance/glance/api/middleware/version_negotiation.py:69}}
Jun 23 19:47:37.219676 np0000003485 devstack@g-api.service[99367]: DEBUG glance.api.middleware.version_negotiation [None req-209d8af5-51d9-4b42-a731-cf8435121e9a tempest-VolumesGetTest-2114339514 tempest-VolumesGetTest-2114339514-project-member] new path /v2/schemas/image {{(pid=99367) process_request /opt/stack/glance/glance/api/middleware/version_negotiation.py:70}}
Jun 23 19:47:37.221499 np0000003485 devstack@g-api.service[99367]: [pid: 99367|app: 0|req: 140/417] 127.0.0.1 () {44 vars in 1051 bytes} [Tue Jun 23 19:47:37 2026] GET /v2/schemas/image => generated 6083 bytes in 3 msecs (HTTP/1.1 200) 4 headers in 158 bytes (1 switches on core 0)
Jun 23 19:47:37.240019 np0000003485 devstack@g-api.service[99366]: DEBUG glance.api.middleware.version_negotiation [None req-209d8af5-51d9-4b42-a731-cf8435121e9a tempest-VolumesGetTest-2114339514 tempest-VolumesGetTest-2114339514-project-member] Determining version of request: GET /v2/images/23500142-729a-42bc-87e5-0f2557069d6e Accept: */* {{(pid=99366) process_request /opt/stack/glance/glance/api/middleware/version_negotiation.py:44}}
Jun 23 19:47:37.240019 np0000003485 devstack@g-api.service[99366]: DEBUG glance.api.middleware.version_negotiation [None req-209d8af5-51d9-4b42-a731-cf8435121e9a tempest-VolumesGetTest-2114339514 tempest-VolumesGetTest-2114339514-project-member] Using url versioning {{(pid=99366) process_request /opt/stack/glance/glance/api/middleware/version_negotiation.py:57}}
Jun 23 19:47:37.240019 np0000003485 devstack@g-api.service[99366]: DEBUG glance.api.middleware.version_negotiation [None req-209d8af5-51d9-4b42-a731-cf8435121e9a tempest-VolumesGetTest-2114339514 tempest-VolumesGetTest-2114339514-project-member] Matched version: v2 {{(pid=99366) process_request /opt/stack/glance/glance/api/middleware/version_negotiation.py:69}}
Jun 23 19:47:37.240019 np0000003485 devstack@g-api.service[99366]: DEBUG glance.api.middleware.version_negotiation [None req-209d8af5-51d9-4b42-a731-cf8435121e9a tempest-VolumesGetTest-2114339514 tempest-VolumesGetTest-2114339514-project-member] new path /v2/images/23500142-729a-42bc-87e5-0f2557069d6e {{(pid=99366) process_request /opt/stack/glance/glance/api/middleware/version_negotiation.py:70}}
Jun 23 19:47:37.248105 np0000003485 devstack@g-api.service[99366]: [pid: 99366|app: 0|req: 142/418] 127.0.0.1 () {44 vars in 1111 bytes} [Tue Jun 23 19:47:37 2026] GET /v2/images/23500142-729a-42bc-87e5-0f2557069d6e => generated 1044 bytes in 9 msecs (HTTP/1.1 200) 4 headers in 158 bytes (1 switches on core 0)
Jun 23 19:47:37.254555 np0000003485 devstack@g-api.service[99365]: DEBUG glance.api.middleware.version_negotiation [None req-209d8af5-51d9-4b42-a731-cf8435121e9a tempest-VolumesGetTest-2114339514 tempest-VolumesGetTest-2114339514-project-member] Determining version of request: GET /v2/schemas/image Accept: */* {{(pid=99365) process_request /opt/stack/glance/glance/api/middleware/version_negotiation.py:44}}
Jun 23 19:47:37.254747 np0000003485 devstack@g-api.service[99365]: DEBUG glance.api.middleware.version_negotiation [None req-209d8af5-51d9-4b42-a731-cf8435121e9a tempest-VolumesGetTest-2114339514 tempest-VolumesGetTest-2114339514-project-member] Using url versioning {{(pid=99365) process_request /opt/stack/glance/glance/api/middleware/version_negotiation.py:57}}
Jun 23 19:47:37.254950 np0000003485 devstack@g-api.service[99365]: DEBUG glance.api.middleware.version_negotiation [None req-209d8af5-51d9-4b42-a731-cf8435121e9a tempest-VolumesGetTest-2114339514 tempest-VolumesGetTest-2114339514-project-member] Matched version: v2 {{(pid=99365) process_request /opt/stack/glance/glance/api/middleware/version_negotiation.py:69}}
Jun 23 19:47:37.255148 np0000003485 devstack@g-api.service[99365]: DEBUG glance.api.middleware.version_negotiation [None req-209d8af5-51d9-4b42-a731-cf8435121e9a tempest-VolumesGetTest-2114339514 tempest-VolumesGetTest-2114339514-project-member] new path /v2/schemas/image {{(pid=99365) process_request /opt/stack/glance/glance/api/middleware/version_negotiation.py:70}}
Jun 23 19:47:37.257848 np0000003485 devstack@g-api.service[99365]: [pid: 99365|app: 0|req: 137/419] 127.0.0.1 () {44 vars in 1051 bytes} [Tue Jun 23 19:47:37 2026] GET /v2/schemas/image => generated 6083 bytes in 3 msecs (HTTP/1.1 200) 4 headers in 158 bytes (1 switches on core 0)
Jun 23 19:47:37.587056 np0000003485 devstack@g-api.service[99367]: DEBUG glance.api.middleware.version_negotiation [None req-209d8af5-51d9-4b42-a731-cf8435121e9a tempest-VolumesGetTest-2114339514 tempest-VolumesGetTest-2114339514-project-member] Determining version of request: GET /versions Accept: */* {{(pid=99367) process_request /opt/stack/glance/glance/api/middleware/version_negotiation.py:44}}
Jun 23 19:47:37.590011 np0000003485 devstack@g-api.service[99367]: [pid: 99367|app: 0|req: 141/420] 127.0.0.1 () {44 vars in 1035 bytes} [Tue Jun 23 19:47:37 2026] GET /versions => generated 1394 bytes in 3 msecs (HTTP/1.1 200) 3 headers in 92 bytes (1 switches on core 0)
Jun 23 19:47:37.597854 np0000003485 devstack@g-api.service[99366]: DEBUG glance.api.middleware.version_negotiation [None req-209d8af5-51d9-4b42-a731-cf8435121e9a tempest-VolumesGetTest-2114339514 tempest-VolumesGetTest-2114339514-project-member] Determining version of request: GET /v2/images/23500142-729a-42bc-87e5-0f2557069d6e/locations Accept: */* {{(pid=99366) process_request /opt/stack/glance/glance/api/middleware/version_negotiation.py:44}}
Jun 23 19:47:37.598940 np0000003485 devstack@g-api.service[99366]: DEBUG glance.api.middleware.version_negotiation [None req-209d8af5-51d9-4b42-a731-cf8435121e9a tempest-VolumesGetTest-2114339514 tempest-VolumesGetTest-2114339514-project-member] Using url versioning {{(pid=99366) process_request /opt/stack/glance/glance/api/middleware/version_negotiation.py:57}}
Jun 23 19:47:37.598940 np0000003485 devstack@g-api.service[99366]: DEBUG glance.api.middleware.version_negotiation [None req-209d8af5-51d9-4b42-a731-cf8435121e9a tempest-VolumesGetTest-2114339514 tempest-VolumesGetTest-2114339514-project-member] Matched version: v2 {{(pid=99366) process_request /opt/stack/glance/glance/api/middleware/version_negotiation.py:69}}
Jun 23 19:47:37.600412 np0000003485 devstack@g-api.service[99366]: DEBUG glance.api.middleware.version_negotiation [None req-209d8af5-51d9-4b42-a731-cf8435121e9a tempest-VolumesGetTest-2114339514 tempest-VolumesGetTest-2114339514-project-member] new path /v2/images/23500142-729a-42bc-87e5-0f2557069d6e/locations {{(pid=99366) process_request /opt/stack/glance/glance/api/middleware/version_negotiation.py:70}}
Jun 23 19:47:37.615962 np0000003485 devstack@g-api.service[99365]: DEBUG glance.api.middleware.version_negotiation [None req-209d8af5-51d9-4b42-a731-cf8435121e9a tempest-VolumesGetTest-2114339514 tempest-VolumesGetTest-2114339514-project-member] Determining version of request: DELETE /v2/images/26c9c390-99e0-4368-b35a-28fcfa6e4ae5 Accept: */* {{(pid=99365) process_request /opt/stack/glance/glance/api/middleware/version_negotiation.py:44}}
Jun 23 19:47:37.615962 np0000003485 devstack@g-api.service[99365]: DEBUG glance.api.middleware.version_negotiation [None req-209d8af5-51d9-4b42-a731-cf8435121e9a tempest-VolumesGetTest-2114339514 tempest-VolumesGetTest-2114339514-project-member] Using url versioning {{(pid=99365) process_request /opt/stack/glance/glance/api/middleware/version_negotiation.py:57}}
Jun 23 19:47:37.615962 np0000003485 devstack@g-api.service[99365]: DEBUG glance.api.middleware.version_negotiation [None req-209d8af5-51d9-4b42-a731-cf8435121e9a tempest-VolumesGetTest-2114339514 tempest-VolumesGetTest-2114339514-project-member] Matched version: v2 {{(pid=99365) process_request /opt/stack/glance/glance/api/middleware/version_negotiation.py:69}}
Jun 23 19:47:37.616122 np0000003485 devstack@g-api.service[99365]: DEBUG glance.api.middleware.version_negotiation [None req-209d8af5-51d9-4b42-a731-cf8435121e9a tempest-VolumesGetTest-2114339514 tempest-VolumesGetTest-2114339514-project-member] new path /v2/images/26c9c390-99e0-4368-b35a-28fcfa6e4ae5 {{(pid=99365) process_request /opt/stack/glance/glance/api/middleware/version_negotiation.py:70}}
Jun 23 19:47:37.628307 np0000003485 devstack@g-api.service[99365]: WARNING glance.api.v2.images [None req-b6afc7e8-dd21-4f0a-bc23-fd9f3dffd6b2 tempest-AttachVolumeShelveTestJSON-1067797367 tempest-AttachVolumeShelveTestJSON-1067797367-project-member] After upload to backend, deletion of staged image data has failed because it cannot be found at /tmp/staging//26c9c390-99e0-4368-b35a-28fcfa6e4ae5
Jun 23 19:47:37.629028 np0000003485 devstack@g-api.service[99365]: DEBUG glance_store.backend [None req-b6afc7e8-dd21-4f0a-bc23-fd9f3dffd6b2 tempest-AttachVolumeShelveTestJSON-1067797367 tempest-AttachVolumeShelveTestJSON-1067797367-project-member] Attempting to import store swift {{(pid=99365) _load_store /opt/stack/data/venv/lib/python3.12/site-packages/glance_store/backend.py:215}}
Jun 23 19:47:37.630354 np0000003485 devstack@g-api.service[99365]: DEBUG glance_store.capabilities [None req-b6afc7e8-dd21-4f0a-bc23-fd9f3dffd6b2 tempest-AttachVolumeShelveTestJSON-1067797367 tempest-AttachVolumeShelveTestJSON-1067797367-project-member] Store glance_store._drivers.swift.store.SingleTenantStore doesn't support updating dynamic storage capabilities. Please overwrite 'update_capabilities' method of the store to implement updating logics if needed. {{(pid=99365) update_capabilities /opt/stack/data/venv/lib/python3.12/site-packages/glance_store/capabilities.py:91}}
Jun 23 19:47:37.630512 np0000003485 devstack@g-api.service[99365]: DEBUG glance_store.driver [None req-b6afc7e8-dd21-4f0a-bc23-fd9f3dffd6b2 tempest-AttachVolumeShelveTestJSON-1067797367 tempest-AttachVolumeShelveTestJSON-1067797367-project-member] Late loading location class glance_store._drivers.swift.store.StoreLocation {{(pid=99365) get_store_location_class /opt/stack/data/venv/lib/python3.12/site-packages/glance_store/driver.py:134}}
Jun 23 19:47:37.630668 np0000003485 devstack@g-api.service[99365]: DEBUG glance_store.location [None req-b6afc7e8-dd21-4f0a-bc23-fd9f3dffd6b2 tempest-AttachVolumeShelveTestJSON-1067797367 tempest-AttachVolumeShelveTestJSON-1067797367-project-member] Registering scheme swift+https with {'store': , 'location_class': , 'store_entry': 'swift'} {{(pid=99365) register_scheme_map /opt/stack/data/venv/lib/python3.12/site-packages/glance_store/location.py:146}}
Jun 23 19:47:37.630837 np0000003485 devstack@g-api.service[99365]: DEBUG glance_store.location [None req-b6afc7e8-dd21-4f0a-bc23-fd9f3dffd6b2 tempest-AttachVolumeShelveTestJSON-1067797367 tempest-AttachVolumeShelveTestJSON-1067797367-project-member] Registering scheme swift+https with {'store': , 'location_class': , 'store_entry': 'swift'} {{(pid=99365) register_scheme_map /opt/stack/data/venv/lib/python3.12/site-packages/glance_store/location.py:146}}
Jun 23 19:47:37.630955 np0000003485 devstack@g-api.service[99365]: DEBUG glance_store.location [None req-b6afc7e8-dd21-4f0a-bc23-fd9f3dffd6b2 tempest-AttachVolumeShelveTestJSON-1067797367 tempest-AttachVolumeShelveTestJSON-1067797367-project-member] Registering scheme swift with {'store': , 'location_class': , 'store_entry': 'swift'} {{(pid=99365) register_scheme_map /opt/stack/data/venv/lib/python3.12/site-packages/glance_store/location.py:146}}
Jun 23 19:47:37.631097 np0000003485 devstack@g-api.service[99365]: DEBUG glance_store.location [None req-b6afc7e8-dd21-4f0a-bc23-fd9f3dffd6b2 tempest-AttachVolumeShelveTestJSON-1067797367 tempest-AttachVolumeShelveTestJSON-1067797367-project-member] Registering scheme swift+https with {'store': , 'location_class': , 'store_entry': 'swift'} {{(pid=99365) register_scheme_map /opt/stack/data/venv/lib/python3.12/site-packages/glance_store/location.py:146}}
Jun 23 19:47:37.631250 np0000003485 devstack@g-api.service[99365]: DEBUG glance_store.location [None req-b6afc7e8-dd21-4f0a-bc23-fd9f3dffd6b2 tempest-AttachVolumeShelveTestJSON-1067797367 tempest-AttachVolumeShelveTestJSON-1067797367-project-member] Registering scheme swift with {'store': , 'location_class': , 'store_entry': 'swift'} {{(pid=99365) register_scheme_map /opt/stack/data/venv/lib/python3.12/site-packages/glance_store/location.py:146}}
Jun 23 19:47:37.631394 np0000003485 devstack@g-api.service[99365]: DEBUG glance_store.location [None req-b6afc7e8-dd21-4f0a-bc23-fd9f3dffd6b2 tempest-AttachVolumeShelveTestJSON-1067797367 tempest-AttachVolumeShelveTestJSON-1067797367-project-member] Registering scheme swift+http with {'store': , 'location_class': , 'store_entry': 'swift'} {{(pid=99365) register_scheme_map /opt/stack/data/venv/lib/python3.12/site-packages/glance_store/location.py:146}}
Jun 23 19:47:37.631489 np0000003485 devstack@g-api.service[99365]: DEBUG glance_store.location [None req-b6afc7e8-dd21-4f0a-bc23-fd9f3dffd6b2 tempest-AttachVolumeShelveTestJSON-1067797367 tempest-AttachVolumeShelveTestJSON-1067797367-project-member] Registering scheme swift+https with {'store': , 'location_class': , 'store_entry': 'swift'} {{(pid=99365) register_scheme_map /opt/stack/data/venv/lib/python3.12/site-packages/glance_store/location.py:146}}
Jun 23 19:47:37.631592 np0000003485 devstack@g-api.service[99365]: DEBUG glance_store.location [None req-b6afc7e8-dd21-4f0a-bc23-fd9f3dffd6b2 tempest-AttachVolumeShelveTestJSON-1067797367 tempest-AttachVolumeShelveTestJSON-1067797367-project-member] Registering scheme swift with {'store': , 'location_class': , 'store_entry': 'swift'} {{(pid=99365) register_scheme_map /opt/stack/data/venv/lib/python3.12/site-packages/glance_store/location.py:146}}
Jun 23 19:47:37.631738 np0000003485 devstack@g-api.service[99365]: DEBUG glance_store.location [None req-b6afc7e8-dd21-4f0a-bc23-fd9f3dffd6b2 tempest-AttachVolumeShelveTestJSON-1067797367 tempest-AttachVolumeShelveTestJSON-1067797367-project-member] Registering scheme swift+http with {'store': , 'location_class': , 'store_entry': 'swift'} {{(pid=99365) register_scheme_map /opt/stack/data/venv/lib/python3.12/site-packages/glance_store/location.py:146}}
Jun 23 19:47:37.631857 np0000003485 devstack@g-api.service[99365]: DEBUG glance_store.location [None req-b6afc7e8-dd21-4f0a-bc23-fd9f3dffd6b2 tempest-AttachVolumeShelveTestJSON-1067797367 tempest-AttachVolumeShelveTestJSON-1067797367-project-member] Registering scheme swift+config with {'store': , 'location_class': , 'store_entry': 'swift'} {{(pid=99365) register_scheme_map /opt/stack/data/venv/lib/python3.12/site-packages/glance_store/location.py:146}}
Jun 23 19:47:37.632411 np0000003485 devstack@g-api.service[99365]: DEBUG keystoneclient.auth.identity.v3.base [None req-b6afc7e8-dd21-4f0a-bc23-fd9f3dffd6b2 tempest-AttachVolumeShelveTestJSON-1067797367 tempest-AttachVolumeShelveTestJSON-1067797367-project-member] Making authentication request to https://10.4.3.41/identity/v3/auth/tokens {{(pid=99365) get_auth_ref /opt/stack/data/venv/lib/python3.12/site-packages/keystoneclient/auth/identity/v3/base.py:185}}
Jun 23 19:47:37.641823 np0000003485 devstack@g-api.service[99366]: [pid: 99366|app: 0|req: 143/421] 127.0.0.1 () {44 vars in 1131 bytes} [Tue Jun 23 19:47:37 2026] GET /v2/images/23500142-729a-42bc-87e5-0f2557069d6e/locations => generated 92 bytes in 44 msecs (HTTP/1.1 200) 4 headers in 156 bytes (1 switches on core 0)
Jun 23 19:47:37.651099 np0000003485 devstack@g-api.service[99367]: DEBUG glance.api.middleware.version_negotiation [None req-209d8af5-51d9-4b42-a731-cf8435121e9a tempest-VolumesGetTest-2114339514 tempest-VolumesGetTest-2114339514-project-member] Determining version of request: GET /v2/images/23500142-729a-42bc-87e5-0f2557069d6e Accept: */* {{(pid=99367) process_request /opt/stack/glance/glance/api/middleware/version_negotiation.py:44}}
Jun 23 19:47:37.652422 np0000003485 devstack@g-api.service[99367]: DEBUG glance.api.middleware.version_negotiation [None req-209d8af5-51d9-4b42-a731-cf8435121e9a tempest-VolumesGetTest-2114339514 tempest-VolumesGetTest-2114339514-project-member] Using url versioning {{(pid=99367) process_request /opt/stack/glance/glance/api/middleware/version_negotiation.py:57}}
Jun 23 19:47:37.652422 np0000003485 devstack@g-api.service[99367]: DEBUG glance.api.middleware.version_negotiation [None req-209d8af5-51d9-4b42-a731-cf8435121e9a tempest-VolumesGetTest-2114339514 tempest-VolumesGetTest-2114339514-project-member] Matched version: v2 {{(pid=99367) process_request /opt/stack/glance/glance/api/middleware/version_negotiation.py:69}}
Jun 23 19:47:37.652422 np0000003485 devstack@g-api.service[99367]: DEBUG glance.api.middleware.version_negotiation [None req-209d8af5-51d9-4b42-a731-cf8435121e9a tempest-VolumesGetTest-2114339514 tempest-VolumesGetTest-2114339514-project-member] new path /v2/images/23500142-729a-42bc-87e5-0f2557069d6e {{(pid=99367) process_request /opt/stack/glance/glance/api/middleware/version_negotiation.py:70}}
Jun 23 19:47:37.664771 np0000003485 devstack@g-api.service[99367]: [pid: 99367|app: 0|req: 142/422] 127.0.0.1 () {44 vars in 1111 bytes} [Tue Jun 23 19:47:37 2026] GET /v2/images/23500142-729a-42bc-87e5-0f2557069d6e => generated 1044 bytes in 14 msecs (HTTP/1.1 200) 4 headers in 158 bytes (1 switches on core 0)
Jun 23 19:47:37.666909 np0000003485 devstack@g-api.service[99365]: DEBUG keystoneclient.auth.identity.v3.base [None req-b6afc7e8-dd21-4f0a-bc23-fd9f3dffd6b2 tempest-AttachVolumeShelveTestJSON-1067797367 tempest-AttachVolumeShelveTestJSON-1067797367-project-member] {"token": {"methods": ["password"], "user": {"domain": {"id": "default", "name": "Default"}, "id": "0ea38f2b41bd43ff8c906d4130d84c37", "name": "glance-swift", "password_expires_at": null}, "audit_ids": ["z846C0SoQSKDdxFsV0EKGg"], "expires_at": "2026-06-23T20:47:37.000000Z", "issued_at": "2026-06-23T19:47:37.000000Z", "project": {"domain": {"id": "default", "name": "Default"}, "id": "704b0c38e76f40aca39b7250ab9353f5", "name": "service"}, "is_domain": false, "roles": [{"id": "52e299d219dd4a70b55b4dae897e0aa8", "name": "ResellerAdmin"}, {"id": "a17ef45abd104f0a85a7a66e9d747104", "name": "service"}], "catalog": [{"endpoints": [{"id": "b46029c88f2a41ddb54af8626eeb603c", "interface": "public", "region_id": "RegionOne", "url": "https://10.4.3.41/compute/v2/704b0c38e76f40aca39b7250ab9353f5", "region": "RegionOne"}], "id": "005741ae7c894796954d82003eb8a5c7", "type": "compute_legacy", "name": "nova_legacy"}, {"endpoints": [{"id": "9c7489367e3a40d0a64c2bbc89c1460b", "interface": "public", "region_id": "RegionOne", "url": "https://10.4.3.41/compute/v2.1", "region": "RegionOne"}], "id": "0b8467ad852845439d1ecbd242175f80", "type": "compute", "name": "nova"}, {"endpoints": [{"id": "ffedaab445e04c4b9c15a8f50301586f", "interface": "public", "region_id": "RegionOne", "url": "https://10.4.3.41/volume/v3", "region": "RegionOne"}], "id": "0e31c4c732aa40b388bba562e4ce8c0d", "type": "block-storage", "name": "cinder"}, {"endpoints": [{"id": "6c3188cc85254a74b9005b39683da986", "interface": "admin", "region_id": "RegionOne", "url": "https://10.4.3.41:8080", "region": "RegionOne"}, {"id": "fb0938f0274e48a493c189266a55d5a6", "interface": "public", "region_id": "RegionOne", "url": "https://10.4.3.41:8080/v1/AUTH_704b0c38e76f40aca39b7250ab9353f5", "region": "RegionOne"}], "id": "18945495279c4ceba1eedf8c5824ee3e", "type": "object-store", "name": "swift"}, {"endpoints": [{"id": "bf57c1bfcd2d4a78a92ce4538b37a875", "interface": "public", "region_id": "RegionOne", "url": "https://10.4.3.41/placement", "region": "RegionOne"}], "id": "27e0fd5007fc4cb0ace4d3f98939810a", "type": "placement", "name": "placement"}, {"endpoints": [{"id": "cacdfcba3d3c42378e55cb7651e61d82", "interface": "public", "region_id": "RegionOne", "url": "https://10.4.3.41/identity", "region": "RegionOne"}], "id": "91224726be814db3bef79a7baa8e6d98", "type": "identity", "name": "keystone"}, {"endpoints": [{"id": "ca44c3ad09e448d8b2b39c541374986c", "interface": "public", "region_id": "RegionOne", "url": "https://10.4.3.41/networking", "region": "RegionOne"}], "id": "b9decec7b09f4845a62c45e61e3c0e54", "type": "network", "name": "neutron"}, {"endpoints": [{"id": "4cd4c67b96c04090a53502744c1c11e1", "interface": "public", "region_id": "RegionOne", "url": "https://10.4.3.41/image", "region": "RegionOne"}], "id": "d69f9a06d1144163880307c167c29438", "type": "image", "name": "glance"}]}} {{(pid=99365) get_auth_ref /opt/stack/data/venv/lib/python3.12/site-packages/keystoneclient/auth/identity/v3/base.py:190}}
Jun 23 19:47:37.667328 np0000003485 devstack@g-api.service[99365]: DEBUG keystoneclient.httpclient [None req-b6afc7e8-dd21-4f0a-bc23-fd9f3dffd6b2 tempest-AttachVolumeShelveTestJSON-1067797367 tempest-AttachVolumeShelveTestJSON-1067797367-project-member] Failed to find endpoint for management url admin endpoint for identity service not found {{(pid=99365) _process_management_url /opt/stack/data/venv/lib/python3.12/site-packages/keystoneclient/httpclient.py:670}}
Jun 23 19:47:37.675267 np0000003485 devstack@g-api.service[99366]: DEBUG glance.api.middleware.version_negotiation [None req-209d8af5-51d9-4b42-a731-cf8435121e9a service glance] Determining version of request: GET /v2/schemas/image Accept: */* {{(pid=99366) process_request /opt/stack/glance/glance/api/middleware/version_negotiation.py:44}}
Jun 23 19:47:37.675407 np0000003485 devstack@g-api.service[99366]: DEBUG glance.api.middleware.version_negotiation [None req-209d8af5-51d9-4b42-a731-cf8435121e9a service glance] Using url versioning {{(pid=99366) process_request /opt/stack/glance/glance/api/middleware/version_negotiation.py:57}}
Jun 23 19:47:37.675524 np0000003485 devstack@g-api.service[99366]: DEBUG glance.api.middleware.version_negotiation [None req-209d8af5-51d9-4b42-a731-cf8435121e9a service glance] Matched version: v2 {{(pid=99366) process_request /opt/stack/glance/glance/api/middleware/version_negotiation.py:69}}
Jun 23 19:47:37.675621 np0000003485 devstack@g-api.service[99366]: DEBUG glance.api.middleware.version_negotiation [None req-209d8af5-51d9-4b42-a731-cf8435121e9a service glance] new path /v2/schemas/image {{(pid=99366) process_request /opt/stack/glance/glance/api/middleware/version_negotiation.py:70}}
Jun 23 19:47:37.677670 np0000003485 devstack@g-api.service[99366]: [pid: 99366|app: 0|req: 144/423] 127.0.0.1 () {44 vars in 1051 bytes} [Tue Jun 23 19:47:37 2026] GET /v2/schemas/image => generated 6083 bytes in 2 msecs (HTTP/1.1 200) 4 headers in 158 bytes (1 switches on core 0)
Jun 23 19:47:37.688994 np0000003485 devstack@g-api.service[99367]: DEBUG glance.api.middleware.version_negotiation [None req-209d8af5-51d9-4b42-a731-cf8435121e9a tempest-VolumesGetTest-2114339514 tempest-VolumesGetTest-2114339514-project-member] Determining version of request: GET /v2/schemas/image Accept: */* {{(pid=99367) process_request /opt/stack/glance/glance/api/middleware/version_negotiation.py:44}}
Jun 23 19:47:37.689132 np0000003485 devstack@g-api.service[99367]: DEBUG glance.api.middleware.version_negotiation [None req-209d8af5-51d9-4b42-a731-cf8435121e9a tempest-VolumesGetTest-2114339514 tempest-VolumesGetTest-2114339514-project-member] Using url versioning {{(pid=99367) process_request /opt/stack/glance/glance/api/middleware/version_negotiation.py:57}}
Jun 23 19:47:37.689268 np0000003485 devstack@g-api.service[99367]: DEBUG glance.api.middleware.version_negotiation [None req-209d8af5-51d9-4b42-a731-cf8435121e9a tempest-VolumesGetTest-2114339514 tempest-VolumesGetTest-2114339514-project-member] Matched version: v2 {{(pid=99367) process_request /opt/stack/glance/glance/api/middleware/version_negotiation.py:69}}
Jun 23 19:47:37.689358 np0000003485 devstack@g-api.service[99367]: DEBUG glance.api.middleware.version_negotiation [None req-209d8af5-51d9-4b42-a731-cf8435121e9a tempest-VolumesGetTest-2114339514 tempest-VolumesGetTest-2114339514-project-member] new path /v2/schemas/image {{(pid=99367) process_request /opt/stack/glance/glance/api/middleware/version_negotiation.py:70}}
Jun 23 19:47:37.693461 np0000003485 devstack@g-api.service[99367]: [pid: 99367|app: 0|req: 143/424] 127.0.0.1 () {44 vars in 1051 bytes} [Tue Jun 23 19:47:37 2026] GET /v2/schemas/image => generated 6083 bytes in 4 msecs (HTTP/1.1 200) 4 headers in 158 bytes (1 switches on core 0)
Jun 23 19:47:37.721540 np0000003485 devstack@g-api.service[99365]: DEBUG swiftclient [None req-b6afc7e8-dd21-4f0a-bc23-fd9f3dffd6b2 tempest-AttachVolumeShelveTestJSON-1067797367 tempest-AttachVolumeShelveTestJSON-1067797367-project-member] REQ: curl -i https://10.4.3.41:8080/v1/AUTH_704b0c38e76f40aca39b7250ab9353f5/glance/26c9c390-99e0-4368-b35a-28fcfa6e4ae5 -I -H "X-Auth-Token: gAAAAABqOuLZrz44..." {{(pid=99365) http_log /opt/stack/data/venv/lib/python3.12/site-packages/swiftclient/client.py:160}}
Jun 23 19:47:37.721787 np0000003485 devstack@g-api.service[99365]: DEBUG swiftclient [None req-b6afc7e8-dd21-4f0a-bc23-fd9f3dffd6b2 tempest-AttachVolumeShelveTestJSON-1067797367 tempest-AttachVolumeShelveTestJSON-1067797367-project-member] RESP STATUS: 200 OK {{(pid=99365) http_log /opt/stack/data/venv/lib/python3.12/site-packages/swiftclient/client.py:161}}
Jun 23 19:47:37.722030 np0000003485 devstack@g-api.service[99365]: DEBUG swiftclient [None req-b6afc7e8-dd21-4f0a-bc23-fd9f3dffd6b2 tempest-AttachVolumeShelveTestJSON-1067797367 tempest-AttachVolumeShelveTestJSON-1067797367-project-member] RESP HEADERS: {'Date': 'Tue, 23 Jun 2026 19:47:37 GMT', 'Server': 'Apache/2.4.58 (Ubuntu)', 'Content-Type': 'application/octet-stream', 'Content-Length': '53608448', 'X-Object-Manifest': 'glance/26c9c390-99e0-4368-b35a-28fcfa6e4ae5-', 'Last-Modified': 'Tue, 23 Jun 2026 19:47:14 GMT', 'X-Timestamp': '1782244033.92312', 'Accept-Ranges': 'bytes', 'Etag': '"9b6c0b3761dcb8bb76215ad92638e2cf"', 'X-Trans-Id': 'tx86a347ef791749188ee07-006a3ae2d9', 'X-Openstack-Request-Id': 'tx86a347ef791749188ee07-006a3ae2d9', 'Connection': 'close'} {{(pid=99365) http_log /opt/stack/data/venv/lib/python3.12/site-packages/swiftclient/client.py:162}}
Jun 23 19:47:37.740386 np0000003485 devstack@g-api.service[99365]: DEBUG swiftclient [None req-b6afc7e8-dd21-4f0a-bc23-fd9f3dffd6b2 tempest-AttachVolumeShelveTestJSON-1067797367 tempest-AttachVolumeShelveTestJSON-1067797367-project-member] REQ: curl -i https://10.4.3.41:8080/v1/AUTH_704b0c38e76f40aca39b7250ab9353f5/glance?format=json&prefix=26c9c390-99e0-4368-b35a-28fcfa6e4ae5- -X GET -H "X-Auth-Token: gAAAAABqOuLZrz44..." -H "Accept-Encoding: gzip" {{(pid=99365) http_log /opt/stack/data/venv/lib/python3.12/site-packages/swiftclient/client.py:160}}
Jun 23 19:47:37.740861 np0000003485 devstack@g-api.service[99365]: DEBUG swiftclient [None req-b6afc7e8-dd21-4f0a-bc23-fd9f3dffd6b2 tempest-AttachVolumeShelveTestJSON-1067797367 tempest-AttachVolumeShelveTestJSON-1067797367-project-member] RESP STATUS: 200 OK {{(pid=99365) http_log /opt/stack/data/venv/lib/python3.12/site-packages/swiftclient/client.py:161}}
Jun 23 19:47:37.741164 np0000003485 devstack@g-api.service[99365]: DEBUG swiftclient [None req-b6afc7e8-dd21-4f0a-bc23-fd9f3dffd6b2 tempest-AttachVolumeShelveTestJSON-1067797367 tempest-AttachVolumeShelveTestJSON-1067797367-project-member] RESP HEADERS: {'Date': 'Tue, 23 Jun 2026 19:47:37 GMT', 'Server': 'Apache/2.4.58 (Ubuntu)', 'Content-Type': 'application/json; charset=utf-8', 'Content-Length': '210', 'X-Container-Object-Count': '5', 'X-Container-Bytes-Used': '117964800', 'X-Timestamp': '1782243682.60511', 'Last-Modified': 'Tue, 23 Jun 2026 19:41:23 GMT', 'Accept-Ranges': 'bytes', 'X-Storage-Policy': 'Policy-0', 'X-Container-Sharding': 'False', 'X-Trans-Id': 'tx78d75bd5bf0c41cba50b3-006a3ae2d9', 'X-Openstack-Request-Id': 'tx78d75bd5bf0c41cba50b3-006a3ae2d9', 'Connection': 'close'} {{(pid=99365) http_log /opt/stack/data/venv/lib/python3.12/site-packages/swiftclient/client.py:162}}
Jun 23 19:47:37.741691 np0000003485 devstack@g-api.service[99365]: DEBUG swiftclient [None req-b6afc7e8-dd21-4f0a-bc23-fd9f3dffd6b2 tempest-AttachVolumeShelveTestJSON-1067797367 tempest-AttachVolumeShelveTestJSON-1067797367-project-member] RESP BODY: b'[{"bytes": 53608448, "hash": "a092dc9b8e91bc0370845dcd1eeca4a4", "name": "26c9c390-99e0-4368-b35a-28fcfa6e4ae5-00001", "content_type": "application/octet-stream", "last_modified": "2026-06-23T19:47:13.416370"}]' {{(pid=99365) http_log /opt/stack/data/venv/lib/python3.12/site-packages/swiftclient/client.py:166}}
Jun 23 19:47:37.774862 np0000003485 devstack@g-api.service[99365]: DEBUG swiftclient [None req-b6afc7e8-dd21-4f0a-bc23-fd9f3dffd6b2 tempest-AttachVolumeShelveTestJSON-1067797367 tempest-AttachVolumeShelveTestJSON-1067797367-project-member] REQ: curl -i https://10.4.3.41:8080/v1/AUTH_704b0c38e76f40aca39b7250ab9353f5/glance/26c9c390-99e0-4368-b35a-28fcfa6e4ae5-00001 DELETE -H "X-Auth-Token: gAAAAABqOuLZrz44..." {{(pid=99365) http_log /opt/stack/data/venv/lib/python3.12/site-packages/swiftclient/client.py:160}}
Jun 23 19:47:37.774972 np0000003485 devstack@g-api.service[99365]: DEBUG swiftclient [None req-b6afc7e8-dd21-4f0a-bc23-fd9f3dffd6b2 tempest-AttachVolumeShelveTestJSON-1067797367 tempest-AttachVolumeShelveTestJSON-1067797367-project-member] RESP STATUS: 204 No Content {{(pid=99365) http_log /opt/stack/data/venv/lib/python3.12/site-packages/swiftclient/client.py:161}}
Jun 23 19:47:37.775148 np0000003485 devstack@g-api.service[99365]: DEBUG swiftclient [None req-b6afc7e8-dd21-4f0a-bc23-fd9f3dffd6b2 tempest-AttachVolumeShelveTestJSON-1067797367 tempest-AttachVolumeShelveTestJSON-1067797367-project-member] RESP HEADERS: {'Date': 'Tue, 23 Jun 2026 19:47:37 GMT', 'Server': 'Apache/2.4.58 (Ubuntu)', 'Content-Type': 'text/html; charset=UTF-8', 'X-Trans-Id': 'txcc97a90ec5d448c7a8cde-006a3ae2d9', 'X-Openstack-Request-Id': 'txcc97a90ec5d448c7a8cde-006a3ae2d9', 'Connection': 'close'} {{(pid=99365) http_log /opt/stack/data/venv/lib/python3.12/site-packages/swiftclient/client.py:162}}
Jun 23 19:47:37.795467 np0000003485 devstack@g-api.service[99365]: DEBUG swiftclient [None req-b6afc7e8-dd21-4f0a-bc23-fd9f3dffd6b2 tempest-AttachVolumeShelveTestJSON-1067797367 tempest-AttachVolumeShelveTestJSON-1067797367-project-member] REQ: curl -i https://10.4.3.41:8080/v1/AUTH_704b0c38e76f40aca39b7250ab9353f5/glance/26c9c390-99e0-4368-b35a-28fcfa6e4ae5 DELETE -H "X-Auth-Token: gAAAAABqOuLZrz44..." {{(pid=99365) http_log /opt/stack/data/venv/lib/python3.12/site-packages/swiftclient/client.py:160}}
Jun 23 19:47:37.795580 np0000003485 devstack@g-api.service[99365]: DEBUG swiftclient [None req-b6afc7e8-dd21-4f0a-bc23-fd9f3dffd6b2 tempest-AttachVolumeShelveTestJSON-1067797367 tempest-AttachVolumeShelveTestJSON-1067797367-project-member] RESP STATUS: 204 No Content {{(pid=99365) http_log /opt/stack/data/venv/lib/python3.12/site-packages/swiftclient/client.py:161}}
Jun 23 19:47:37.795764 np0000003485 devstack@g-api.service[99365]: DEBUG swiftclient [None req-b6afc7e8-dd21-4f0a-bc23-fd9f3dffd6b2 tempest-AttachVolumeShelveTestJSON-1067797367 tempest-AttachVolumeShelveTestJSON-1067797367-project-member] RESP HEADERS: {'Date': 'Tue, 23 Jun 2026 19:47:37 GMT', 'Server': 'Apache/2.4.58 (Ubuntu)', 'Content-Type': 'text/html; charset=UTF-8', 'X-Trans-Id': 'tx5d1fbbcfc0994ec5abe7e-006a3ae2d9', 'X-Openstack-Request-Id': 'tx5d1fbbcfc0994ec5abe7e-006a3ae2d9', 'Connection': 'close'} {{(pid=99365) http_log /opt/stack/data/venv/lib/python3.12/site-packages/swiftclient/client.py:162}}
Jun 23 19:47:37.899276 np0000003485 devstack@g-api.service[99365]: DEBUG glance.api.middleware.cache [None req-b6afc7e8-dd21-4f0a-bc23-fd9f3dffd6b2 tempest-AttachVolumeShelveTestJSON-1067797367 tempest-AttachVolumeShelveTestJSON-1067797367-project-member] Removing image 26c9c390-99e0-4368-b35a-28fcfa6e4ae5 from cache {{(pid=99365) _process_DELETE_response /opt/stack/glance/glance/api/middleware/cache.py:264}}
Jun 23 19:47:37.899482 np0000003485 devstack@g-api.service[99365]: DEBUG glance.image_cache.drivers.centralized_db [None req-b6afc7e8-dd21-4f0a-bc23-fd9f3dffd6b2 tempest-AttachVolumeShelveTestJSON-1067797367 tempest-AttachVolumeShelveTestJSON-1067797367-project-member] Deleting image cache file '/opt/stack/data/glance/cache/26c9c390-99e0-4368-b35a-28fcfa6e4ae5' {{(pid=99365) delete_cached_file /opt/stack/glance/glance/image_cache/drivers/centralized_db.py:400}}
Jun 23 19:47:37.920214 np0000003485 devstack@g-api.service[99365]: [pid: 99365|app: 0|req: 138/425] 127.0.0.1 () {46 vars in 1133 bytes} [Tue Jun 23 19:47:37 2026] DELETE /v2/images/26c9c390-99e0-4368-b35a-28fcfa6e4ae5 => generated 0 bytes in 305 msecs (HTTP/1.1 204) 4 headers in 171 bytes (1 switches on core 0)
Jun 23 19:47:47.100780 np0000003485 devstack@g-api.service[99366]: DEBUG glance.api.middleware.version_negotiation [None req-209d8af5-51d9-4b42-a731-cf8435121e9a tempest-VolumesGetTest-2114339514 tempest-VolumesGetTest-2114339514-project-member] Determining version of request: GET /v2/images/23500142-729a-42bc-87e5-0f2557069d6e Accept: */* {{(pid=99366) process_request /opt/stack/glance/glance/api/middleware/version_negotiation.py:44}}
Jun 23 19:47:47.101329 np0000003485 devstack@g-api.service[99366]: DEBUG glance.api.middleware.version_negotiation [None req-209d8af5-51d9-4b42-a731-cf8435121e9a tempest-VolumesGetTest-2114339514 tempest-VolumesGetTest-2114339514-project-member] Using url versioning {{(pid=99366) process_request /opt/stack/glance/glance/api/middleware/version_negotiation.py:57}}
Jun 23 19:47:47.101329 np0000003485 devstack@g-api.service[99366]: DEBUG glance.api.middleware.version_negotiation [None req-209d8af5-51d9-4b42-a731-cf8435121e9a tempest-VolumesGetTest-2114339514 tempest-VolumesGetTest-2114339514-project-member] Matched version: v2 {{(pid=99366) process_request /opt/stack/glance/glance/api/middleware/version_negotiation.py:69}}
Jun 23 19:47:47.101329 np0000003485 devstack@g-api.service[99366]: DEBUG glance.api.middleware.version_negotiation [None req-209d8af5-51d9-4b42-a731-cf8435121e9a tempest-VolumesGetTest-2114339514 tempest-VolumesGetTest-2114339514-project-member] new path /v2/images/23500142-729a-42bc-87e5-0f2557069d6e {{(pid=99366) process_request /opt/stack/glance/glance/api/middleware/version_negotiation.py:70}}
Jun 23 19:47:47.109579 np0000003485 devstack@g-api.service[99366]: [pid: 99366|app: 0|req: 145/426] 127.0.0.1 () {44 vars in 1111 bytes} [Tue Jun 23 19:47:47 2026] GET /v2/images/23500142-729a-42bc-87e5-0f2557069d6e => generated 1044 bytes in 9 msecs (HTTP/1.1 200) 4 headers in 158 bytes (1 switches on core 0)
Jun 23 19:47:47.134238 np0000003485 devstack@g-api.service[99367]: DEBUG glance.api.middleware.version_negotiation [None req-209d8af5-51d9-4b42-a731-cf8435121e9a tempest-VolumesGetTest-2114339514 tempest-VolumesGetTest-2114339514-project-member] Determining version of request: GET /v2/schemas/image Accept: */* {{(pid=99367) process_request /opt/stack/glance/glance/api/middleware/version_negotiation.py:44}}
Jun 23 19:47:47.135678 np0000003485 devstack@g-api.service[99367]: DEBUG glance.api.middleware.version_negotiation [None req-209d8af5-51d9-4b42-a731-cf8435121e9a tempest-VolumesGetTest-2114339514 tempest-VolumesGetTest-2114339514-project-member] Using url versioning {{(pid=99367) process_request /opt/stack/glance/glance/api/middleware/version_negotiation.py:57}}
Jun 23 19:47:47.135678 np0000003485 devstack@g-api.service[99367]: DEBUG glance.api.middleware.version_negotiation [None req-209d8af5-51d9-4b42-a731-cf8435121e9a tempest-VolumesGetTest-2114339514 tempest-VolumesGetTest-2114339514-project-member] Matched version: v2 {{(pid=99367) process_request /opt/stack/glance/glance/api/middleware/version_negotiation.py:69}}
Jun 23 19:47:47.135678 np0000003485 devstack@g-api.service[99367]: DEBUG glance.api.middleware.version_negotiation [None req-209d8af5-51d9-4b42-a731-cf8435121e9a tempest-VolumesGetTest-2114339514 tempest-VolumesGetTest-2114339514-project-member] new path /v2/schemas/image {{(pid=99367) process_request /opt/stack/glance/glance/api/middleware/version_negotiation.py:70}}
Jun 23 19:47:47.138293 np0000003485 devstack@g-api.service[99367]: [pid: 99367|app: 0|req: 144/427] 127.0.0.1 () {44 vars in 1051 bytes} [Tue Jun 23 19:47:47 2026] GET /v2/schemas/image => generated 6083 bytes in 4 msecs (HTTP/1.1 200) 4 headers in 158 bytes (1 switches on core 0)
Jun 23 19:47:47.662677 np0000003485 devstack@g-api.service[99367]: DEBUG dbcounter [-] [99367] Writing DB stats glance:SELECT=27,glance:UPDATE=1 {{(pid=99367) stat_writer /opt/stack/data/venv/lib/python3.12/site-packages/dbcounter.py:115}}
Jun 23 19:47:47.917947 np0000003485 devstack@g-api.service[99365]: DEBUG dbcounter [-] [99365] Writing DB stats glance:SELECT=64,glance:INSERT=21,glance:UPDATE=26,glance:DELETE=1 {{(pid=99365) stat_writer /opt/stack/data/venv/lib/python3.12/site-packages/dbcounter.py:115}}
Jun 23 19:47:56.445938 np0000003485 devstack@g-api.service[99365]: DEBUG glance.api.middleware.version_negotiation [None req-b6afc7e8-dd21-4f0a-bc23-fd9f3dffd6b2 tempest-AttachVolumeShelveTestJSON-1067797367 tempest-AttachVolumeShelveTestJSON-1067797367-project-member] Determining version of request: GET /v2/images/23500142-729a-42bc-87e5-0f2557069d6e Accept: */* {{(pid=99365) process_request /opt/stack/glance/glance/api/middleware/version_negotiation.py:44}}
Jun 23 19:47:56.445938 np0000003485 devstack@g-api.service[99365]: DEBUG glance.api.middleware.version_negotiation [None req-b6afc7e8-dd21-4f0a-bc23-fd9f3dffd6b2 tempest-AttachVolumeShelveTestJSON-1067797367 tempest-AttachVolumeShelveTestJSON-1067797367-project-member] Using url versioning {{(pid=99365) process_request /opt/stack/glance/glance/api/middleware/version_negotiation.py:57}}
Jun 23 19:47:56.445938 np0000003485 devstack@g-api.service[99365]: DEBUG glance.api.middleware.version_negotiation [None req-b6afc7e8-dd21-4f0a-bc23-fd9f3dffd6b2 tempest-AttachVolumeShelveTestJSON-1067797367 tempest-AttachVolumeShelveTestJSON-1067797367-project-member] Matched version: v2 {{(pid=99365) process_request /opt/stack/glance/glance/api/middleware/version_negotiation.py:69}}
Jun 23 19:47:56.445938 np0000003485 devstack@g-api.service[99365]: DEBUG glance.api.middleware.version_negotiation [None req-b6afc7e8-dd21-4f0a-bc23-fd9f3dffd6b2 tempest-AttachVolumeShelveTestJSON-1067797367 tempest-AttachVolumeShelveTestJSON-1067797367-project-member] new path /v2/images/23500142-729a-42bc-87e5-0f2557069d6e {{(pid=99365) process_request /opt/stack/glance/glance/api/middleware/version_negotiation.py:70}}
Jun 23 19:47:56.459614 np0000003485 devstack@g-api.service[99365]: [pid: 99365|app: 0|req: 139/428] 127.0.0.1 () {44 vars in 1111 bytes} [Tue Jun 23 19:47:56 2026] GET /v2/images/23500142-729a-42bc-87e5-0f2557069d6e => generated 1044 bytes in 14 msecs (HTTP/1.1 200) 4 headers in 158 bytes (1 switches on core 0)
