Aug 06 07:24:35.380984 np0000006635 devstack@c-api.service[100232]: INFO cinder.api.openstack.wsgi [None req-26c1c252-cfd2-4963-b017-bd0f991a7f3c tempest-AttachVolumeMultiAttachTest-1116327324 tempest-AttachVolumeMultiAttachTest-1116327324-project-member] GET https://10.4.3.76/volume/v3/volumes/c82c144b-18f3-4b5d-a8a2-7fc52e7d3675
Aug 06 07:24:35.381245 np0000006635 devstack@c-api.service[100232]: DEBUG cinder.api.openstack.wsgi [None req-26c1c252-cfd2-4963-b017-bd0f991a7f3c tempest-AttachVolumeMultiAttachTest-1116327324 tempest-AttachVolumeMultiAttachTest-1116327324-project-member] Empty body provided in request {{(pid=100232) get_body /opt/stack/cinder/cinder/api/openstack/wsgi.py:725}}
Aug 06 07:24:35.381613 np0000006635 devstack@c-api.service[100232]: DEBUG cinder.api.openstack.wsgi [None req-26c1c252-cfd2-4963-b017-bd0f991a7f3c tempest-AttachVolumeMultiAttachTest-1116327324 tempest-AttachVolumeMultiAttachTest-1116327324-project-member] Calling method 'show' {{(pid=100232) _process_stack /opt/stack/cinder/cinder/api/openstack/wsgi.py:878}}
Aug 06 07:24:35.390314 np0000006635 devstack@c-api.service[100234]: DEBUG cinder.api.middleware.request_id [None req-e8f652ce-acde-434f-93b2-5a4ed7d2611d None None] RequestId filter calling following filter/app {{(pid=100234) _context_setter /opt/stack/cinder/cinder/api/middleware/request_id.py:62}}
Aug 06 07:24:35.390839 np0000006635 devstack@c-api.service[100234]: INFO cinder.api.openstack.wsgi [None req-e8f652ce-acde-434f-93b2-5a4ed7d2611d None None] GET https://10.4.3.76/volume//
Aug 06 07:24:35.391111 np0000006635 devstack@c-api.service[100234]: DEBUG cinder.api.openstack.wsgi [None req-e8f652ce-acde-434f-93b2-5a4ed7d2611d None None] Empty body provided in request {{(pid=100234) get_body /opt/stack/cinder/cinder/api/openstack/wsgi.py:725}}
Aug 06 07:24:35.391448 np0000006635 devstack@c-api.service[100234]: DEBUG cinder.api.openstack.wsgi [None req-e8f652ce-acde-434f-93b2-5a4ed7d2611d None None] Calling method 'all' {{(pid=100234) _process_stack /opt/stack/cinder/cinder/api/openstack/wsgi.py:878}}
Aug 06 07:24:35.391842 np0000006635 devstack@c-api.service[100234]: INFO cinder.api.openstack.wsgi [None req-e8f652ce-acde-434f-93b2-5a4ed7d2611d None None] https://10.4.3.76/volume// returned with HTTP 300
Aug 06 07:24:35.392257 np0000006635 devstack@c-api.service[100234]: [pid: 100234|app: 0|req: 25/94] 10.4.3.76 () {66 vars in 1419 bytes} [Thu Aug 6 07:24:35 2026] GET /volume/ => generated 385 bytes in 3 msecs (HTTP/1.1 300) 7 headers in 299 bytes (1 switches on core 0)
Aug 06 07:24:35.395981 np0000006635 devstack@c-api.service[100232]: /opt/stack/data/venv/lib/python3.12/site-packages/oslo_context/context.py:102: DeprecationWarning: Policy enforcement is depending on the value of is_admin. This key is deprecated. Please update your policy file to use the standard policy values.
Aug 06 07:24:35.395981 np0000006635 devstack@c-api.service[100232]: warnings.warn(
Aug 06 07:24:35.402064 np0000006635 devstack@c-api.service[100232]: INFO cinder.volume.api [None req-26c1c252-cfd2-4963-b017-bd0f991a7f3c tempest-AttachVolumeMultiAttachTest-1116327324 tempest-AttachVolumeMultiAttachTest-1116327324-project-member] Volume info retrieved successfully.
Aug 06 07:24:35.406907 np0000006635 devstack@c-api.service[100233]: DEBUG cinder.api.middleware.request_id [req-c46b3886-ff53-43fe-bc6e-29db36154cde req-622b82f0-0e0a-4803-9fe1-c3bcd83838dd None None] RequestId filter calling following filter/app {{(pid=100233) _context_setter /opt/stack/cinder/cinder/api/middleware/request_id.py:62}}
Aug 06 07:24:35.410259 np0000006635 devstack@c-api.service[100233]: INFO cinder.api.openstack.wsgi [req-c46b3886-ff53-43fe-bc6e-29db36154cde req-622b82f0-0e0a-4803-9fe1-c3bcd83838dd tempest-AttachVolumeMultiAttachTest-1116327324 tempest-AttachVolumeMultiAttachTest-1116327324-project-member] GET https://10.4.3.76/volume/v3/volumes/c82c144b-18f3-4b5d-a8a2-7fc52e7d3675
Aug 06 07:24:35.410374 np0000006635 devstack@c-api.service[100232]: INFO cinder.api.openstack.wsgi [None req-26c1c252-cfd2-4963-b017-bd0f991a7f3c tempest-AttachVolumeMultiAttachTest-1116327324 tempest-AttachVolumeMultiAttachTest-1116327324-project-member] https://10.4.3.76/volume/v3/volumes/c82c144b-18f3-4b5d-a8a2-7fc52e7d3675 returned with HTTP 200
Aug 06 07:24:35.410640 np0000006635 devstack@c-api.service[100233]: DEBUG cinder.api.openstack.wsgi [req-c46b3886-ff53-43fe-bc6e-29db36154cde req-622b82f0-0e0a-4803-9fe1-c3bcd83838dd tempest-AttachVolumeMultiAttachTest-1116327324 tempest-AttachVolumeMultiAttachTest-1116327324-project-member] Empty body provided in request {{(pid=100233) get_body /opt/stack/cinder/cinder/api/openstack/wsgi.py:725}}
Aug 06 07:24:35.410805 np0000006635 devstack@c-api.service[100232]: [pid: 100232|app: 0|req: 24/95] 10.4.3.76 () {66 vars in 1341 bytes} [Thu Aug 6 07:24:35 2026] GET /volume/v3/volumes/c82c144b-18f3-4b5d-a8a2-7fc52e7d3675 => generated 850 bytes in 33 msecs (HTTP/1.1 200) 7 headers in 285 bytes (1 switches on core 0)
Aug 06 07:24:35.410968 np0000006635 devstack@c-api.service[100233]: DEBUG cinder.api.openstack.wsgi [req-c46b3886-ff53-43fe-bc6e-29db36154cde req-622b82f0-0e0a-4803-9fe1-c3bcd83838dd tempest-AttachVolumeMultiAttachTest-1116327324 tempest-AttachVolumeMultiAttachTest-1116327324-project-member] Calling method 'show' {{(pid=100233) _process_stack /opt/stack/cinder/cinder/api/openstack/wsgi.py:878}}
Aug 06 07:24:35.427821 np0000006635 devstack@c-api.service[100233]: /opt/stack/data/venv/lib/python3.12/site-packages/oslo_context/context.py:102: DeprecationWarning: Policy enforcement is depending on the value of is_admin. This key is deprecated. Please update your policy file to use the standard policy values.
Aug 06 07:24:35.427821 np0000006635 devstack@c-api.service[100233]: warnings.warn(
Aug 06 07:24:35.436023 np0000006635 devstack@c-api.service[100233]: INFO cinder.volume.api [req-c46b3886-ff53-43fe-bc6e-29db36154cde req-622b82f0-0e0a-4803-9fe1-c3bcd83838dd tempest-AttachVolumeMultiAttachTest-1116327324 tempest-AttachVolumeMultiAttachTest-1116327324-project-member] Volume info retrieved successfully.
Aug 06 07:24:35.446744 np0000006635 devstack@c-api.service[100233]: INFO cinder.api.openstack.wsgi [req-c46b3886-ff53-43fe-bc6e-29db36154cde req-622b82f0-0e0a-4803-9fe1-c3bcd83838dd tempest-AttachVolumeMultiAttachTest-1116327324 tempest-AttachVolumeMultiAttachTest-1116327324-project-member] https://10.4.3.76/volume/v3/volumes/c82c144b-18f3-4b5d-a8a2-7fc52e7d3675 returned with HTTP 200
Aug 06 07:24:35.447336 np0000006635 devstack@c-api.service[100233]: [pid: 100233|app: 0|req: 24/96] 10.4.3.76 () {70 vars in 1632 bytes} [Thu Aug 6 07:24:35 2026] GET /volume/v3/volumes/c82c144b-18f3-4b5d-a8a2-7fc52e7d3675 => generated 1030 bytes in 41 msecs (HTTP/1.1 200) 7 headers in 287 bytes (1 switches on core 0)
Aug 06 07:24:35.554050 np0000006635 devstack@c-api.service[100231]: DEBUG cinder.api.middleware.request_id [req-c46b3886-ff53-43fe-bc6e-29db36154cde req-145e0b85-2676-47d9-88e0-b31f9ea95e7c None None] RequestId filter calling following filter/app {{(pid=100231) _context_setter /opt/stack/cinder/cinder/api/middleware/request_id.py:62}}
Aug 06 07:24:35.555752 np0000006635 devstack@c-api.service[100231]: INFO cinder.api.openstack.wsgi [req-c46b3886-ff53-43fe-bc6e-29db36154cde req-145e0b85-2676-47d9-88e0-b31f9ea95e7c tempest-AttachVolumeMultiAttachTest-1116327324 tempest-AttachVolumeMultiAttachTest-1116327324-project-member] PUT https://10.4.3.76/volume/v3/attachments/9b629a56-9196-46e0-9dff-cb1db322b8d6
Aug 06 07:24:35.556202 np0000006635 devstack@c-api.service[100231]: DEBUG cinder.api.openstack.wsgi [req-c46b3886-ff53-43fe-bc6e-29db36154cde req-145e0b85-2676-47d9-88e0-b31f9ea95e7c tempest-AttachVolumeMultiAttachTest-1116327324 tempest-AttachVolumeMultiAttachTest-1116327324-project-member] Action: 'update', calling method: version_select, body: {"attachment": {"connector": {"platform": "x86_64", "os_type": "linux", "ip": "10.4.3.76", "host": "np0000006635", "multipath": true, "enforce_multipath": true, "initiator": "iqn.2016-04.com.open-iscsi:85747389fbaf", "do_local_attach": false, "uuid": "8515de1c-ba7e-467b-adde-6d9f8a8dbc1f", "system uuid": "0e2c42df-30f0-4a00-80e1-d53173e2b704", "nvme_native_multipath": false, "mountpoint": "/dev/vdb"}}} {{(pid=100231) _process_stack /opt/stack/cinder/cinder/api/openstack/wsgi.py:876}}
Aug 06 07:24:35.567305 np0000006635 devstack@c-api.service[100231]: DEBUG cinder.coordination [req-c46b3886-ff53-43fe-bc6e-29db36154cde req-145e0b85-2676-47d9-88e0-b31f9ea95e7c tempest-AttachVolumeMultiAttachTest-1116327324 tempest-AttachVolumeMultiAttachTest-1116327324-project-member] Acquiring lock "cinder-attachment_update-c82c144b-18f3-4b5d-a8a2-7fc52e7d3675-np0000006635" by "attachment_update" {{(pid=100231) __acquire /opt/stack/cinder/cinder/coordination.py:138}}
Aug 06 07:24:35.571913 np0000006635 devstack@c-api.service[100231]: DEBUG cinder.coordination [req-c46b3886-ff53-43fe-bc6e-29db36154cde req-145e0b85-2676-47d9-88e0-b31f9ea95e7c tempest-AttachVolumeMultiAttachTest-1116327324 tempest-AttachVolumeMultiAttachTest-1116327324-project-member] Lock "cinder-attachment_update-c82c144b-18f3-4b5d-a8a2-7fc52e7d3675-np0000006635" acquired by "attachment_update" :: waited 0.006s {{(pid=100231) __acquire /opt/stack/cinder/cinder/coordination.py:141}}
Aug 06 07:24:35.573637 np0000006635 devstack@c-api.service[100231]: /opt/stack/data/venv/lib/python3.12/site-packages/oslo_context/context.py:102: DeprecationWarning: Policy enforcement is depending on the value of is_admin. This key is deprecated. Please update your policy file to use the standard policy values.
Aug 06 07:24:35.573637 np0000006635 devstack@c-api.service[100231]: warnings.warn(
Aug 06 07:24:35.686263 np0000006635 devstack@c-api.service[100231]: DEBUG cinder.coordination [req-c46b3886-ff53-43fe-bc6e-29db36154cde req-145e0b85-2676-47d9-88e0-b31f9ea95e7c tempest-AttachVolumeMultiAttachTest-1116327324 tempest-AttachVolumeMultiAttachTest-1116327324-project-member] Lock "cinder-attachment_update-c82c144b-18f3-4b5d-a8a2-7fc52e7d3675-np0000006635" released by "attachment_update" :: held 0.114s {{(pid=100231) __release /opt/stack/cinder/cinder/coordination.py:152}}
Aug 06 07:24:35.686719 np0000006635 devstack@c-api.service[100231]: INFO cinder.api.openstack.wsgi [req-c46b3886-ff53-43fe-bc6e-29db36154cde req-145e0b85-2676-47d9-88e0-b31f9ea95e7c tempest-AttachVolumeMultiAttachTest-1116327324 tempest-AttachVolumeMultiAttachTest-1116327324-project-member] https://10.4.3.76/volume/v3/attachments/9b629a56-9196-46e0-9dff-cb1db322b8d6 returned with HTTP 200
Aug 06 07:24:35.687334 np0000006635 devstack@c-api.service[100231]: [pid: 100231|app: 0|req: 24/97] 10.4.3.76 () {74 vars in 1697 bytes} [Thu Aug 6 07:24:35 2026] PUT /volume/v3/attachments/9b629a56-9196-46e0-9dff-cb1db322b8d6 => generated 969 bytes in 134 msecs (HTTP/1.1 200) 7 headers in 286 bytes (1 switches on core 0)
Aug 06 07:24:36.428584 np0000006635 devstack@c-api.service[100234]: DEBUG cinder.api.middleware.request_id [None req-136eba95-79a9-4b45-82e3-df8934b449aa None None] RequestId filter calling following filter/app {{(pid=100234) _context_setter /opt/stack/cinder/cinder/api/middleware/request_id.py:62}}
Aug 06 07:24:36.432103 np0000006635 devstack@c-api.service[100234]: INFO cinder.api.openstack.wsgi [None req-136eba95-79a9-4b45-82e3-df8934b449aa tempest-AttachVolumeMultiAttachTest-1116327324 tempest-AttachVolumeMultiAttachTest-1116327324-project-member] GET https://10.4.3.76/volume/v3/volumes/c82c144b-18f3-4b5d-a8a2-7fc52e7d3675
Aug 06 07:24:36.432274 np0000006635 devstack@c-api.service[100234]: DEBUG cinder.api.openstack.wsgi [None req-136eba95-79a9-4b45-82e3-df8934b449aa tempest-AttachVolumeMultiAttachTest-1116327324 tempest-AttachVolumeMultiAttachTest-1116327324-project-member] Empty body provided in request {{(pid=100234) get_body /opt/stack/cinder/cinder/api/openstack/wsgi.py:725}}
Aug 06 07:24:36.432442 np0000006635 devstack@c-api.service[100234]: DEBUG cinder.api.openstack.wsgi [None req-136eba95-79a9-4b45-82e3-df8934b449aa tempest-AttachVolumeMultiAttachTest-1116327324 tempest-AttachVolumeMultiAttachTest-1116327324-project-member] Calling method 'show' {{(pid=100234) _process_stack /opt/stack/cinder/cinder/api/openstack/wsgi.py:878}}
Aug 06 07:24:36.445288 np0000006635 devstack@c-api.service[100234]: /opt/stack/data/venv/lib/python3.12/site-packages/oslo_context/context.py:102: DeprecationWarning: Policy enforcement is depending on the value of is_admin. This key is deprecated. Please update your policy file to use the standard policy values.
Aug 06 07:24:36.445288 np0000006635 devstack@c-api.service[100234]: warnings.warn(
Aug 06 07:24:36.450338 np0000006635 devstack@c-api.service[100234]: INFO cinder.volume.api [None req-136eba95-79a9-4b45-82e3-df8934b449aa tempest-AttachVolumeMultiAttachTest-1116327324 tempest-AttachVolumeMultiAttachTest-1116327324-project-member] Volume info retrieved successfully.
Aug 06 07:24:36.454971 np0000006635 devstack@c-api.service[100234]: INFO cinder.api.openstack.wsgi [None req-136eba95-79a9-4b45-82e3-df8934b449aa tempest-AttachVolumeMultiAttachTest-1116327324 tempest-AttachVolumeMultiAttachTest-1116327324-project-member] https://10.4.3.76/volume/v3/volumes/c82c144b-18f3-4b5d-a8a2-7fc52e7d3675 returned with HTTP 200
Aug 06 07:24:36.455520 np0000006635 devstack@c-api.service[100234]: [pid: 100234|app: 0|req: 26/98] 10.4.3.76 () {66 vars in 1341 bytes} [Thu Aug 6 07:24:36 2026] GET /volume/v3/volumes/c82c144b-18f3-4b5d-a8a2-7fc52e7d3675 => generated 851 bytes in 28 msecs (HTTP/1.1 200) 7 headers in 285 bytes (1 switches on core 0)
Aug 06 07:24:37.471718 np0000006635 devstack@c-api.service[100232]: DEBUG cinder.api.middleware.request_id [None req-0187b69d-f8fb-46b2-bcca-c13081ebaab2 None None] RequestId filter calling following filter/app {{(pid=100232) _context_setter /opt/stack/cinder/cinder/api/middleware/request_id.py:62}}
Aug 06 07:24:37.475103 np0000006635 devstack@c-api.service[100232]: INFO cinder.api.openstack.wsgi [None req-0187b69d-f8fb-46b2-bcca-c13081ebaab2 tempest-AttachVolumeMultiAttachTest-1116327324 tempest-AttachVolumeMultiAttachTest-1116327324-project-member] GET https://10.4.3.76/volume/v3/volumes/c82c144b-18f3-4b5d-a8a2-7fc52e7d3675
Aug 06 07:24:37.476182 np0000006635 devstack@c-api.service[100232]: DEBUG cinder.api.openstack.wsgi [None req-0187b69d-f8fb-46b2-bcca-c13081ebaab2 tempest-AttachVolumeMultiAttachTest-1116327324 tempest-AttachVolumeMultiAttachTest-1116327324-project-member] Empty body provided in request {{(pid=100232) get_body /opt/stack/cinder/cinder/api/openstack/wsgi.py:725}}
Aug 06 07:24:37.476182 np0000006635 devstack@c-api.service[100232]: DEBUG cinder.api.openstack.wsgi [None req-0187b69d-f8fb-46b2-bcca-c13081ebaab2 tempest-AttachVolumeMultiAttachTest-1116327324 tempest-AttachVolumeMultiAttachTest-1116327324-project-member] Calling method 'show' {{(pid=100232) _process_stack /opt/stack/cinder/cinder/api/openstack/wsgi.py:878}}
Aug 06 07:24:37.488840 np0000006635 devstack@c-api.service[100232]: /opt/stack/data/venv/lib/python3.12/site-packages/oslo_context/context.py:102: DeprecationWarning: Policy enforcement is depending on the value of is_admin. This key is deprecated. Please update your policy file to use the standard policy values.
Aug 06 07:24:37.488840 np0000006635 devstack@c-api.service[100232]: warnings.warn(
Aug 06 07:24:37.493804 np0000006635 devstack@c-api.service[100232]: INFO cinder.volume.api [None req-0187b69d-f8fb-46b2-bcca-c13081ebaab2 tempest-AttachVolumeMultiAttachTest-1116327324 tempest-AttachVolumeMultiAttachTest-1116327324-project-member] Volume info retrieved successfully.
Aug 06 07:24:37.502834 np0000006635 devstack@c-api.service[100232]: INFO cinder.api.openstack.wsgi [None req-0187b69d-f8fb-46b2-bcca-c13081ebaab2 tempest-AttachVolumeMultiAttachTest-1116327324 tempest-AttachVolumeMultiAttachTest-1116327324-project-member] https://10.4.3.76/volume/v3/volumes/c82c144b-18f3-4b5d-a8a2-7fc52e7d3675 returned with HTTP 200
Aug 06 07:24:37.504467 np0000006635 devstack@c-api.service[100232]: [pid: 100232|app: 0|req: 25/99] 10.4.3.76 () {66 vars in 1341 bytes} [Thu Aug 6 07:24:37 2026] GET /volume/v3/volumes/c82c144b-18f3-4b5d-a8a2-7fc52e7d3675 => generated 851 bytes in 32 msecs (HTTP/1.1 200) 7 headers in 285 bytes (1 switches on core 0)
Aug 06 07:24:38.528180 np0000006635 devstack@c-api.service[100233]: DEBUG cinder.api.middleware.request_id [None req-4768ff7a-a3d6-4728-9e06-0d954a03f7af None None] RequestId filter calling following filter/app {{(pid=100233) _context_setter /opt/stack/cinder/cinder/api/middleware/request_id.py:62}}
Aug 06 07:24:38.530495 np0000006635 devstack@c-api.service[100233]: INFO cinder.api.openstack.wsgi [None req-4768ff7a-a3d6-4728-9e06-0d954a03f7af tempest-AttachVolumeMultiAttachTest-1116327324 tempest-AttachVolumeMultiAttachTest-1116327324-project-member] GET https://10.4.3.76/volume/v3/volumes/c82c144b-18f3-4b5d-a8a2-7fc52e7d3675
Aug 06 07:24:38.530747 np0000006635 devstack@c-api.service[100233]: DEBUG cinder.api.openstack.wsgi [None req-4768ff7a-a3d6-4728-9e06-0d954a03f7af tempest-AttachVolumeMultiAttachTest-1116327324 tempest-AttachVolumeMultiAttachTest-1116327324-project-member] Empty body provided in request {{(pid=100233) get_body /opt/stack/cinder/cinder/api/openstack/wsgi.py:725}}
Aug 06 07:24:38.531037 np0000006635 devstack@c-api.service[100233]: DEBUG cinder.api.openstack.wsgi [None req-4768ff7a-a3d6-4728-9e06-0d954a03f7af tempest-AttachVolumeMultiAttachTest-1116327324 tempest-AttachVolumeMultiAttachTest-1116327324-project-member] Calling method 'show' {{(pid=100233) _process_stack /opt/stack/cinder/cinder/api/openstack/wsgi.py:878}}
Aug 06 07:24:38.541712 np0000006635 devstack@c-api.service[100233]: /opt/stack/data/venv/lib/python3.12/site-packages/oslo_context/context.py:102: DeprecationWarning: Policy enforcement is depending on the value of is_admin. This key is deprecated. Please update your policy file to use the standard policy values.
Aug 06 07:24:38.541712 np0000006635 devstack@c-api.service[100233]: warnings.warn(
Aug 06 07:24:38.545124 np0000006635 devstack@c-api.service[100233]: INFO cinder.volume.api [None req-4768ff7a-a3d6-4728-9e06-0d954a03f7af tempest-AttachVolumeMultiAttachTest-1116327324 tempest-AttachVolumeMultiAttachTest-1116327324-project-member] Volume info retrieved successfully.
Aug 06 07:24:38.548961 np0000006635 devstack@c-api.service[100233]: INFO cinder.api.openstack.wsgi [None req-4768ff7a-a3d6-4728-9e06-0d954a03f7af tempest-AttachVolumeMultiAttachTest-1116327324 tempest-AttachVolumeMultiAttachTest-1116327324-project-member] https://10.4.3.76/volume/v3/volumes/c82c144b-18f3-4b5d-a8a2-7fc52e7d3675 returned with HTTP 200
Aug 06 07:24:38.549519 np0000006635 devstack@c-api.service[100233]: [pid: 100233|app: 0|req: 25/100] 10.4.3.76 () {66 vars in 1341 bytes} [Thu Aug 6 07:24:38 2026] GET /volume/v3/volumes/c82c144b-18f3-4b5d-a8a2-7fc52e7d3675 => generated 851 bytes in 22 msecs (HTTP/1.1 200) 7 headers in 285 bytes (1 switches on core 0)
Aug 06 07:24:38.943133 np0000006635 devstack@c-api.service[100231]: DEBUG cinder.api.middleware.request_id [req-c46b3886-ff53-43fe-bc6e-29db36154cde req-2db34e13-5acc-46cc-817e-159842f2c84b None None] RequestId filter calling following filter/app {{(pid=100231) _context_setter /opt/stack/cinder/cinder/api/middleware/request_id.py:62}}
Aug 06 07:24:38.945685 np0000006635 devstack@c-api.service[100231]: INFO cinder.api.openstack.wsgi [req-c46b3886-ff53-43fe-bc6e-29db36154cde req-2db34e13-5acc-46cc-817e-159842f2c84b tempest-AttachVolumeMultiAttachTest-1116327324 tempest-AttachVolumeMultiAttachTest-1116327324-project-member] POST https://10.4.3.76/volume/v3/attachments/9b629a56-9196-46e0-9dff-cb1db322b8d6/action
Aug 06 07:24:38.946143 np0000006635 devstack@c-api.service[100231]: DEBUG cinder.api.openstack.wsgi [req-c46b3886-ff53-43fe-bc6e-29db36154cde req-2db34e13-5acc-46cc-817e-159842f2c84b tempest-AttachVolumeMultiAttachTest-1116327324 tempest-AttachVolumeMultiAttachTest-1116327324-project-member] Action body: b'{"os-complete": null}' {{(pid=100231) get_method /opt/stack/cinder/cinder/api/openstack/wsgi.py:993}}
Aug 06 07:24:38.946317 np0000006635 devstack@c-api.service[100231]: DEBUG cinder.api.openstack.wsgi [req-c46b3886-ff53-43fe-bc6e-29db36154cde req-2db34e13-5acc-46cc-817e-159842f2c84b tempest-AttachVolumeMultiAttachTest-1116327324 tempest-AttachVolumeMultiAttachTest-1116327324-project-member] Action: 'action', calling method: complete, body: {"os-complete": null} {{(pid=100231) _process_stack /opt/stack/cinder/cinder/api/openstack/wsgi.py:876}}
Aug 06 07:24:38.964787 np0000006635 devstack@c-api.service[100231]: /opt/stack/data/venv/lib/python3.12/site-packages/oslo_context/context.py:102: DeprecationWarning: Policy enforcement is depending on the value of is_admin. This key is deprecated. Please update your policy file to use the standard policy values.
Aug 06 07:24:38.964787 np0000006635 devstack@c-api.service[100231]: warnings.warn(
Aug 06 07:24:38.976364 np0000006635 devstack@c-api.service[100231]: INFO cinder.api.openstack.wsgi [req-c46b3886-ff53-43fe-bc6e-29db36154cde req-2db34e13-5acc-46cc-817e-159842f2c84b tempest-AttachVolumeMultiAttachTest-1116327324 tempest-AttachVolumeMultiAttachTest-1116327324-project-member] https://10.4.3.76/volume/v3/attachments/9b629a56-9196-46e0-9dff-cb1db322b8d6/action returned with HTTP 204
Aug 06 07:24:38.976912 np0000006635 devstack@c-api.service[100231]: [pid: 100231|app: 0|req: 25/101] 10.4.3.76 () {74 vars in 1718 bytes} [Thu Aug 6 07:24:38 2026] POST /volume/v3/attachments/9b629a56-9196-46e0-9dff-cb1db322b8d6/action => generated 0 bytes in 35 msecs (HTTP/1.1 204) 7 headers in 292 bytes (1 switches on core 0)
Aug 06 07:24:39.570016 np0000006635 devstack@c-api.service[100234]: DEBUG cinder.api.middleware.request_id [None req-e30218da-0168-4b0d-a316-9b09b4185bf0 None None] RequestId filter calling following filter/app {{(pid=100234) _context_setter /opt/stack/cinder/cinder/api/middleware/request_id.py:62}}
Aug 06 07:24:39.572457 np0000006635 devstack@c-api.service[100234]: INFO cinder.api.openstack.wsgi [None req-e30218da-0168-4b0d-a316-9b09b4185bf0 tempest-AttachVolumeMultiAttachTest-1116327324 tempest-AttachVolumeMultiAttachTest-1116327324-project-member] GET https://10.4.3.76/volume/v3/volumes/c82c144b-18f3-4b5d-a8a2-7fc52e7d3675
Aug 06 07:24:39.573693 np0000006635 devstack@c-api.service[100234]: DEBUG cinder.api.openstack.wsgi [None req-e30218da-0168-4b0d-a316-9b09b4185bf0 tempest-AttachVolumeMultiAttachTest-1116327324 tempest-AttachVolumeMultiAttachTest-1116327324-project-member] Empty body provided in request {{(pid=100234) get_body /opt/stack/cinder/cinder/api/openstack/wsgi.py:725}}
Aug 06 07:24:39.573693 np0000006635 devstack@c-api.service[100234]: DEBUG cinder.api.openstack.wsgi [None req-e30218da-0168-4b0d-a316-9b09b4185bf0 tempest-AttachVolumeMultiAttachTest-1116327324 tempest-AttachVolumeMultiAttachTest-1116327324-project-member] Calling method 'show' {{(pid=100234) _process_stack /opt/stack/cinder/cinder/api/openstack/wsgi.py:878}}
Aug 06 07:24:39.587621 np0000006635 devstack@c-api.service[100234]: /opt/stack/data/venv/lib/python3.12/site-packages/oslo_context/context.py:102: DeprecationWarning: Policy enforcement is depending on the value of is_admin. This key is deprecated. Please update your policy file to use the standard policy values.
Aug 06 07:24:39.587621 np0000006635 devstack@c-api.service[100234]: warnings.warn(
Aug 06 07:24:39.595257 np0000006635 devstack@c-api.service[100234]: INFO cinder.volume.api [None req-e30218da-0168-4b0d-a316-9b09b4185bf0 tempest-AttachVolumeMultiAttachTest-1116327324 tempest-AttachVolumeMultiAttachTest-1116327324-project-member] Volume info retrieved successfully.
Aug 06 07:24:39.598442 np0000006635 devstack@c-api.service[100234]: INFO cinder.api.openstack.wsgi [None req-e30218da-0168-4b0d-a316-9b09b4185bf0 tempest-AttachVolumeMultiAttachTest-1116327324 tempest-AttachVolumeMultiAttachTest-1116327324-project-member] https://10.4.3.76/volume/v3/volumes/c82c144b-18f3-4b5d-a8a2-7fc52e7d3675 returned with HTTP 200
Aug 06 07:24:39.599115 np0000006635 devstack@c-api.service[100234]: [pid: 100234|app: 0|req: 27/102] 10.4.3.76 () {66 vars in 1341 bytes} [Thu Aug 6 07:24:39 2026] GET /volume/v3/volumes/c82c144b-18f3-4b5d-a8a2-7fc52e7d3675 => generated 1143 bytes in 30 msecs (HTTP/1.1 200) 7 headers in 286 bytes (1 switches on core 0)
Aug 06 07:24:39.671066 np0000006635 devstack@c-api.service[100232]: DEBUG cinder.api.middleware.request_id [req-a07f6464-2bf8-48ea-bdf4-422c957ed0e3 req-1d779710-4aea-4755-9f96-58d2946c1ec9 None None] RequestId filter calling following filter/app {{(pid=100232) _context_setter /opt/stack/cinder/cinder/api/middleware/request_id.py:62}}
Aug 06 07:24:39.675889 np0000006635 devstack@c-api.service[100232]: INFO cinder.api.openstack.wsgi [req-a07f6464-2bf8-48ea-bdf4-422c957ed0e3 req-1d779710-4aea-4755-9f96-58d2946c1ec9 tempest-AttachVolumeMultiAttachTest-1116327324 tempest-AttachVolumeMultiAttachTest-1116327324-project-member] GET https://10.4.3.76/volume/v3/volumes/c82c144b-18f3-4b5d-a8a2-7fc52e7d3675
Aug 06 07:24:39.676522 np0000006635 devstack@c-api.service[100232]: DEBUG cinder.api.openstack.wsgi [req-a07f6464-2bf8-48ea-bdf4-422c957ed0e3 req-1d779710-4aea-4755-9f96-58d2946c1ec9 tempest-AttachVolumeMultiAttachTest-1116327324 tempest-AttachVolumeMultiAttachTest-1116327324-project-member] Empty body provided in request {{(pid=100232) get_body /opt/stack/cinder/cinder/api/openstack/wsgi.py:725}}
Aug 06 07:24:39.676824 np0000006635 devstack@c-api.service[100232]: DEBUG cinder.api.openstack.wsgi [req-a07f6464-2bf8-48ea-bdf4-422c957ed0e3 req-1d779710-4aea-4755-9f96-58d2946c1ec9 tempest-AttachVolumeMultiAttachTest-1116327324 tempest-AttachVolumeMultiAttachTest-1116327324-project-member] Calling method 'show' {{(pid=100232) _process_stack /opt/stack/cinder/cinder/api/openstack/wsgi.py:878}}
Aug 06 07:24:39.689747 np0000006635 devstack@c-api.service[100232]: /opt/stack/data/venv/lib/python3.12/site-packages/oslo_context/context.py:102: DeprecationWarning: Policy enforcement is depending on the value of is_admin. This key is deprecated. Please update your policy file to use the standard policy values.
Aug 06 07:24:39.689747 np0000006635 devstack@c-api.service[100232]: warnings.warn(
Aug 06 07:24:39.695276 np0000006635 devstack@c-api.service[100232]: INFO cinder.volume.api [req-a07f6464-2bf8-48ea-bdf4-422c957ed0e3 req-1d779710-4aea-4755-9f96-58d2946c1ec9 tempest-AttachVolumeMultiAttachTest-1116327324 tempest-AttachVolumeMultiAttachTest-1116327324-project-member] Volume info retrieved successfully.
Aug 06 07:24:39.702591 np0000006635 devstack@c-api.service[100232]: INFO cinder.api.openstack.wsgi [req-a07f6464-2bf8-48ea-bdf4-422c957ed0e3 req-1d779710-4aea-4755-9f96-58d2946c1ec9 tempest-AttachVolumeMultiAttachTest-1116327324 tempest-AttachVolumeMultiAttachTest-1116327324-project-member] https://10.4.3.76/volume/v3/volumes/c82c144b-18f3-4b5d-a8a2-7fc52e7d3675 returned with HTTP 200
Aug 06 07:24:39.703252 np0000006635 devstack@c-api.service[100232]: [pid: 100232|app: 0|req: 26/103] 10.4.3.76 () {68 vars in 1591 bytes} [Thu Aug 6 07:24:39 2026] GET /volume/v3/volumes/c82c144b-18f3-4b5d-a8a2-7fc52e7d3675 => generated 1143 bytes in 33 msecs (HTTP/1.1 200) 7 headers in 286 bytes (1 switches on core 0)
Aug 06 07:24:40.035073 np0000006635 devstack@c-api.service[100233]: DEBUG cinder.api.middleware.request_id [None req-cab40154-9bc8-4c3f-8bb4-7a1cc875a13d None None] RequestId filter calling following filter/app {{(pid=100233) _context_setter /opt/stack/cinder/cinder/api/middleware/request_id.py:62}}
Aug 06 07:24:40.035765 np0000006635 devstack@c-api.service[100233]: INFO cinder.api.openstack.wsgi [None req-cab40154-9bc8-4c3f-8bb4-7a1cc875a13d None None] GET https://10.4.3.76/volume//
Aug 06 07:24:40.035837 np0000006635 devstack@c-api.service[100233]: DEBUG cinder.api.openstack.wsgi [None req-cab40154-9bc8-4c3f-8bb4-7a1cc875a13d None None] Empty body provided in request {{(pid=100233) get_body /opt/stack/cinder/cinder/api/openstack/wsgi.py:725}}
Aug 06 07:24:40.036080 np0000006635 devstack@c-api.service[100233]: DEBUG cinder.api.openstack.wsgi [None req-cab40154-9bc8-4c3f-8bb4-7a1cc875a13d None None] Calling method 'all' {{(pid=100233) _process_stack /opt/stack/cinder/cinder/api/openstack/wsgi.py:878}}
Aug 06 07:24:40.036554 np0000006635 devstack@c-api.service[100233]: INFO cinder.api.openstack.wsgi [None req-cab40154-9bc8-4c3f-8bb4-7a1cc875a13d None None] https://10.4.3.76/volume// returned with HTTP 300
Aug 06 07:24:40.037033 np0000006635 devstack@c-api.service[100233]: [pid: 100233|app: 0|req: 26/104] 10.4.3.76 () {66 vars in 1421 bytes} [Thu Aug 6 07:24:40 2026] GET /volume/ => generated 385 bytes in 2 msecs (HTTP/1.1 300) 7 headers in 299 bytes (1 switches on core 0)
Aug 06 07:24:40.057482 np0000006635 devstack@c-api.service[100231]: DEBUG cinder.api.middleware.request_id [req-a07f6464-2bf8-48ea-bdf4-422c957ed0e3 req-a46d4ab5-6826-41f5-961c-c0bda4c2981f None None] RequestId filter calling following filter/app {{(pid=100231) _context_setter /opt/stack/cinder/cinder/api/middleware/request_id.py:62}}
Aug 06 07:24:40.223223 np0000006635 devstack@c-api.service[100234]: DEBUG cinder.api.middleware.request_id [None req-0b50af5b-e10e-4335-9586-6f50d345fa00 None None] RequestId filter calling following filter/app {{(pid=100234) _context_setter /opt/stack/cinder/cinder/api/middleware/request_id.py:62}}
Aug 06 07:24:40.225395 np0000006635 devstack@c-api.service[100234]: INFO cinder.api.openstack.wsgi [None req-0b50af5b-e10e-4335-9586-6f50d345fa00 tempest-AttachVolumeNegativeTest-16195191 tempest-AttachVolumeNegativeTest-16195191-project-member] POST https://10.4.3.76/volume/v3/volumes
Aug 06 07:24:40.225799 np0000006635 devstack@c-api.service[100234]: DEBUG cinder.api.openstack.wsgi [None req-0b50af5b-e10e-4335-9586-6f50d345fa00 tempest-AttachVolumeNegativeTest-16195191 tempest-AttachVolumeNegativeTest-16195191-project-member] Action: 'create', calling method: create, body: {"volume": {"size": 1, "display_name": "tempest-AttachVolumeNegativeTest-volume-1999560297"}} {{(pid=100234) _process_stack /opt/stack/cinder/cinder/api/openstack/wsgi.py:876}}
Aug 06 07:24:40.228266 np0000006635 devstack@c-api.service[100234]: DEBUG cinder.api.v3.volumes [None req-0b50af5b-e10e-4335-9586-6f50d345fa00 tempest-AttachVolumeNegativeTest-16195191 tempest-AttachVolumeNegativeTest-16195191-project-member] Create volume request body: {'volume': {'size': 1, 'display_name': 'tempest-AttachVolumeNegativeTest-volume-1999560297'}} {{(pid=100234) create /opt/stack/cinder/cinder/api/v3/volumes.py:368}}
Aug 06 07:24:40.228598 np0000006635 devstack@c-api.service[100234]: INFO cinder.api.v3.volumes [None req-0b50af5b-e10e-4335-9586-6f50d345fa00 tempest-AttachVolumeNegativeTest-16195191 tempest-AttachVolumeNegativeTest-16195191-project-member] Create volume of 1 GB
Aug 06 07:24:40.233604 np0000006635 devstack@c-api.service[100234]: INFO cinder.volume.api [None req-0b50af5b-e10e-4335-9586-6f50d345fa00 tempest-AttachVolumeNegativeTest-16195191 tempest-AttachVolumeNegativeTest-16195191-project-member] Availability Zones retrieved successfully.
Aug 06 07:24:40.240862 np0000006635 devstack@c-api.service[100234]: DEBUG cinder.volume.api [None req-0b50af5b-e10e-4335-9586-6f50d345fa00 tempest-AttachVolumeNegativeTest-16195191 tempest-AttachVolumeNegativeTest-16195191-project-member] Flow 'volume_create_api' (74df049f-1494-492c-aefe-c4fffe9e1d28) transitioned into state 'RUNNING' from state 'PENDING' {{(pid=100234) _flow_receiver /opt/stack/data/venv/lib/python3.12/site-packages/taskflow/listeners/logging.py:160}}
Aug 06 07:24:40.242488 np0000006635 devstack@c-api.service[100234]: DEBUG cinder.volume.api [None req-0b50af5b-e10e-4335-9586-6f50d345fa00 tempest-AttachVolumeNegativeTest-16195191 tempest-AttachVolumeNegativeTest-16195191-project-member] Task 'cinder.volume.flows.api.create_volume.ExtractVolumeRequestTask;volume:create' (b01e6c3a-49aa-465f-853d-9b28a87a3622) transitioned into state 'RUNNING' from state 'PENDING' {{(pid=100234) _task_receiver /opt/stack/data/venv/lib/python3.12/site-packages/taskflow/listeners/logging.py:242}}
Aug 06 07:24:40.244043 np0000006635 devstack@c-api.service[100234]: DEBUG cinder.volume.flows.api.create_volume [None req-0b50af5b-e10e-4335-9586-6f50d345fa00 tempest-AttachVolumeNegativeTest-16195191 tempest-AttachVolumeNegativeTest-16195191-project-member] Validating volume size '1' using validate_int {{(pid=100234) _extract_size /opt/stack/cinder/cinder/volume/flows/api/create_volume.py:226}}
Aug 06 07:24:40.279052 np0000006635 devstack@c-api.service[100234]: DEBUG cinder.volume.api [None req-0b50af5b-e10e-4335-9586-6f50d345fa00 tempest-AttachVolumeNegativeTest-16195191 tempest-AttachVolumeNegativeTest-16195191-project-member] Task 'cinder.volume.flows.api.create_volume.ExtractVolumeRequestTask;volume:create' (b01e6c3a-49aa-465f-853d-9b28a87a3622) transitioned into state 'SUCCESS' from state 'RUNNING' with result '{'size': 1, 'snapshot_id': None, 'source_volid': None, 'volume_type': VolumeType(created_at=2026-08-06T07:21:47Z,deleted=False,deleted_at=None,description=None,extra_specs={volume_backend_name='storpool'},id=8e84a79e-3204-446e-98ce-6430c554d9b5,is_public=True,name='storpool',projects=[],qos_specs=,qos_specs_id=None,updated_at=None), 'volume_type_id': '8e84a79e-3204-446e-98ce-6430c554d9b5', 'encryption_key_id': None, 'qos_specs': None, 'consistencygroup_id': None, 'cgsnapshot_id': None, 'group_id': None, 'replication_status': 'disabled', 'refresh_az': False, 'backup_id': None, 'multiattach': False, 'availability_zones': ['nova']}' {{(pid=100234) _task_receiver /opt/stack/data/venv/lib/python3.12/site-packages/taskflow/listeners/logging.py:218}}
Aug 06 07:24:40.280264 np0000006635 devstack@c-api.service[100234]: DEBUG cinder.volume.api [None req-0b50af5b-e10e-4335-9586-6f50d345fa00 tempest-AttachVolumeNegativeTest-16195191 tempest-AttachVolumeNegativeTest-16195191-project-member] Task 'cinder.volume.flows.api.create_volume.QuotaReserveTask;volume:create' (9b0cec44-ac2f-4868-8303-e26c727edba9) transitioned into state 'RUNNING' from state 'PENDING' {{(pid=100234) _task_receiver /opt/stack/data/venv/lib/python3.12/site-packages/taskflow/listeners/logging.py:242}}
Aug 06 07:24:40.379516 np0000006635 devstack@c-api.service[100234]: DEBUG cinder.quota [None req-0b50af5b-e10e-4335-9586-6f50d345fa00 tempest-AttachVolumeNegativeTest-16195191 tempest-AttachVolumeNegativeTest-16195191-project-member] Created reservations ['198ab9c1-9061-4303-9ff7-4d412fd871c0', '0aebab80-9f74-412d-969d-ef38f56f082e', '7c4d5a9d-ad02-4f3b-9ecd-7a6c29e5941f', 'd3fa46d5-9482-49d7-9f65-3d65de83be41'] {{(pid=100234) reserve /opt/stack/cinder/cinder/quota.py:752}}
Aug 06 07:24:40.380276 np0000006635 devstack@c-api.service[100234]: DEBUG cinder.volume.api [None req-0b50af5b-e10e-4335-9586-6f50d345fa00 tempest-AttachVolumeNegativeTest-16195191 tempest-AttachVolumeNegativeTest-16195191-project-member] Task 'cinder.volume.flows.api.create_volume.QuotaReserveTask;volume:create' (9b0cec44-ac2f-4868-8303-e26c727edba9) transitioned into state 'SUCCESS' from state 'RUNNING' with result '{'reservations': ['198ab9c1-9061-4303-9ff7-4d412fd871c0', '0aebab80-9f74-412d-969d-ef38f56f082e', '7c4d5a9d-ad02-4f3b-9ecd-7a6c29e5941f', 'd3fa46d5-9482-49d7-9f65-3d65de83be41']}' {{(pid=100234) _task_receiver /opt/stack/data/venv/lib/python3.12/site-packages/taskflow/listeners/logging.py:218}}
Aug 06 07:24:40.380804 np0000006635 devstack@c-api.service[100234]: DEBUG cinder.volume.api [None req-0b50af5b-e10e-4335-9586-6f50d345fa00 tempest-AttachVolumeNegativeTest-16195191 tempest-AttachVolumeNegativeTest-16195191-project-member] Task 'cinder.volume.flows.api.create_volume.EntryCreateTask;volume:create' (8aa9f9ec-ef8e-4bf8-92cf-ac95fbb074c6) transitioned into state 'RUNNING' from state 'PENDING' {{(pid=100234) _task_receiver /opt/stack/data/venv/lib/python3.12/site-packages/taskflow/listeners/logging.py:242}}
Aug 06 07:24:40.382261 np0000006635 devstack@c-api.service[100231]: INFO cinder.api.openstack.wsgi [req-a07f6464-2bf8-48ea-bdf4-422c957ed0e3 req-a46d4ab5-6826-41f5-961c-c0bda4c2981f tempest-AttachVolumeMultiAttachTest-1116327324 tempest-AttachVolumeMultiAttachTest-1116327324-project-member] POST https://10.4.3.76/volume/v3/attachments
Aug 06 07:24:40.382667 np0000006635 devstack@c-api.service[100231]: DEBUG cinder.api.openstack.wsgi [req-a07f6464-2bf8-48ea-bdf4-422c957ed0e3 req-a46d4ab5-6826-41f5-961c-c0bda4c2981f tempest-AttachVolumeMultiAttachTest-1116327324 tempest-AttachVolumeMultiAttachTest-1116327324-project-member] Action: 'create', calling method: version_select, body: {"attachment": {"volume_uuid": "c82c144b-18f3-4b5d-a8a2-7fc52e7d3675", "connector": null, "instance_uuid": "d7f88d67-54a9-4414-a085-05b9e9060cd5"}} {{(pid=100231) _process_stack /opt/stack/cinder/cinder/api/openstack/wsgi.py:876}}
Aug 06 07:24:40.406168 np0000006635 devstack@c-api.service[100234]: DEBUG cinder.volume.api [None req-0b50af5b-e10e-4335-9586-6f50d345fa00 tempest-AttachVolumeNegativeTest-16195191 tempest-AttachVolumeNegativeTest-16195191-project-member] Task 'cinder.volume.flows.api.create_volume.EntryCreateTask;volume:create' (8aa9f9ec-ef8e-4bf8-92cf-ac95fbb074c6) transitioned into state 'SUCCESS' from state 'RUNNING' with result '{'volume_id': 'a387e498-ffa1-4455-9222-fc6055ed971c', 'volume_properties': VolumeProperties(attach_status='detached',availability_zone='nova',cgsnapshot_id=None,consistencygroup_id=None,display_description=None,display_name='tempest-AttachVolumeNegativeTest-volume-1999560297',encryption_key_id=None,group_id=None,group_type_id=,metadata={},multiattach=False,project_id='d63c39c7b05649b5b114cf56b6b4ff1e',qos_specs=None,replication_status=,reservations=['198ab9c1-9061-4303-9ff7-4d412fd871c0','0aebab80-9f74-412d-969d-ef38f56f082e','7c4d5a9d-ad02-4f3b-9ecd-7a6c29e5941f','d3fa46d5-9482-49d7-9f65-3d65de83be41'],size=1,snapshot_id=None,source_replicaid=,source_volid=None,status='creating',user_id='79b30be7531546fc9781334340c3c616',volume_type_id=8e84a79e-3204-446e-98ce-6430c554d9b5), 'volume': Volume(_name_id=None,admin_metadata=,attach_status='detached',availability_zone='nova',bootable=False,cluster=,cluster_name=None,consistencygroup=,consistencygroup_id=None,created_at=2026-08-06T07:24:40Z,deleted=False,deleted_at=None,display_description=None,display_name='tempest-AttachVolumeNegativeTest-volume-1999560297',ec2_id=None,encryption_key_id=None,glance_metadata=,group=,group_id=None,host=None,id=a387e498-ffa1-4455-9222-fc6055ed971c,launched_at=None,metadata={},migration_status=None,multiattach=False,previous_status=None,project_id='d63c39c7b05649b5b114cf56b6b4ff1e',provider_auth=None,provider_geometry=None,provider_id=None,provider_location=None,replication_driver_data=None,replication_extended_status=None,replication_status=None,scheduled_at=None,service_uuid=None,shared_targets=True,size=1,snapshot_id=None,snapshots=,source_volid=None,status='creating',terminated_at=None,updated_at=None,use_quota=True,user_id='79b30be7531546fc9781334340c3c616',volume_attachment=VolumeAttachmentList,volume_type=VolumeType(8e84a79e-3204-446e-98ce-6430c554d9b5),volume_type_id=8e84a79e-3204-446e-98ce-6430c554d9b5)}' {{(pid=100234) _task_receiver /opt/stack/data/venv/lib/python3.12/site-packages/taskflow/listeners/logging.py:218}}
Aug 06 07:24:40.407598 np0000006635 devstack@c-api.service[100234]: DEBUG cinder.volume.api [None req-0b50af5b-e10e-4335-9586-6f50d345fa00 tempest-AttachVolumeNegativeTest-16195191 tempest-AttachVolumeNegativeTest-16195191-project-member] Task 'cinder.volume.flows.api.create_volume.QuotaCommitTask;volume:create' (d624e382-9b6d-4610-b538-3b015efa54a4) transitioned into state 'RUNNING' from state 'PENDING' {{(pid=100234) _task_receiver /opt/stack/data/venv/lib/python3.12/site-packages/taskflow/listeners/logging.py:242}}
Aug 06 07:24:40.411406 np0000006635 devstack@c-api.service[100231]: /opt/stack/data/venv/lib/python3.12/site-packages/oslo_context/context.py:102: DeprecationWarning: Policy enforcement is depending on the value of is_admin. This key is deprecated. Please update your policy file to use the standard policy values.
Aug 06 07:24:40.411406 np0000006635 devstack@c-api.service[100231]: warnings.warn(
Aug 06 07:24:40.430793 np0000006635 devstack@c-api.service[100234]: DEBUG cinder.volume.api [None req-0b50af5b-e10e-4335-9586-6f50d345fa00 tempest-AttachVolumeNegativeTest-16195191 tempest-AttachVolumeNegativeTest-16195191-project-member] Task 'cinder.volume.flows.api.create_volume.QuotaCommitTask;volume:create' (d624e382-9b6d-4610-b538-3b015efa54a4) transitioned into state 'SUCCESS' from state 'RUNNING' with result '{'volume_properties': VolumeProperties(attach_status='detached',availability_zone='nova',cgsnapshot_id=None,consistencygroup_id=None,display_description=None,display_name='tempest-AttachVolumeNegativeTest-volume-1999560297',encryption_key_id=None,group_id=None,group_type_id=,metadata={},multiattach=False,project_id='d63c39c7b05649b5b114cf56b6b4ff1e',qos_specs=None,replication_status=,reservations=['198ab9c1-9061-4303-9ff7-4d412fd871c0','0aebab80-9f74-412d-969d-ef38f56f082e','7c4d5a9d-ad02-4f3b-9ecd-7a6c29e5941f','d3fa46d5-9482-49d7-9f65-3d65de83be41'],size=1,snapshot_id=None,source_replicaid=,source_volid=None,status='creating',user_id='79b30be7531546fc9781334340c3c616',volume_type_id=8e84a79e-3204-446e-98ce-6430c554d9b5)}' {{(pid=100234) _task_receiver /opt/stack/data/venv/lib/python3.12/site-packages/taskflow/listeners/logging.py:218}}
Aug 06 07:24:40.431469 np0000006635 devstack@c-api.service[100234]: DEBUG cinder.volume.api [None req-0b50af5b-e10e-4335-9586-6f50d345fa00 tempest-AttachVolumeNegativeTest-16195191 tempest-AttachVolumeNegativeTest-16195191-project-member] Task 'cinder.volume.flows.api.create_volume.VolumeCastTask;volume:create' (6a811d1d-8ac7-4461-8b2c-379e52e42941) transitioned into state 'RUNNING' from state 'PENDING' {{(pid=100234) _task_receiver /opt/stack/data/venv/lib/python3.12/site-packages/taskflow/listeners/logging.py:242}}
Aug 06 07:24:40.444174 np0000006635 devstack@c-api.service[100234]: DEBUG cinder.volume.api [None req-0b50af5b-e10e-4335-9586-6f50d345fa00 tempest-AttachVolumeNegativeTest-16195191 tempest-AttachVolumeNegativeTest-16195191-project-member] Task 'cinder.volume.flows.api.create_volume.VolumeCastTask;volume:create' (6a811d1d-8ac7-4461-8b2c-379e52e42941) transitioned into state 'SUCCESS' from state 'RUNNING' with result 'None' {{(pid=100234) _task_receiver /opt/stack/data/venv/lib/python3.12/site-packages/taskflow/listeners/logging.py:218}}
Aug 06 07:24:40.445332 np0000006635 devstack@c-api.service[100234]: DEBUG cinder.volume.api [None req-0b50af5b-e10e-4335-9586-6f50d345fa00 tempest-AttachVolumeNegativeTest-16195191 tempest-AttachVolumeNegativeTest-16195191-project-member] Flow 'volume_create_api' (74df049f-1494-492c-aefe-c4fffe9e1d28) transitioned into state 'SUCCESS' from state 'RUNNING' {{(pid=100234) _flow_receiver /opt/stack/data/venv/lib/python3.12/site-packages/taskflow/listeners/logging.py:160}}
Aug 06 07:24:40.446286 np0000006635 devstack@c-api.service[100234]: INFO cinder.volume.api [None req-0b50af5b-e10e-4335-9586-6f50d345fa00 tempest-AttachVolumeNegativeTest-16195191 tempest-AttachVolumeNegativeTest-16195191-project-member] Create volume request issued successfully.
Aug 06 07:24:40.447223 np0000006635 devstack@c-api.service[100234]: INFO cinder.api.openstack.wsgi [None req-0b50af5b-e10e-4335-9586-6f50d345fa00 tempest-AttachVolumeNegativeTest-16195191 tempest-AttachVolumeNegativeTest-16195191-project-member] https://10.4.3.76/volume/v3/volumes returned with HTTP 202
Aug 06 07:24:40.447674 np0000006635 devstack@c-api.service[100234]: [pid: 100234|app: 0|req: 28/105] 10.4.3.76 () {68 vars in 1251 bytes} [Thu Aug 6 07:24:40 2026] POST /volume/v3/volumes => generated 753 bytes in 225 msecs (HTTP/1.1 202) 7 headers in 291 bytes (1 switches on core 0)
Aug 06 07:24:40.461403 np0000006635 devstack@c-api.service[100231]: INFO cinder.api.openstack.wsgi [req-a07f6464-2bf8-48ea-bdf4-422c957ed0e3 req-a46d4ab5-6826-41f5-961c-c0bda4c2981f tempest-AttachVolumeMultiAttachTest-1116327324 tempest-AttachVolumeMultiAttachTest-1116327324-project-member] https://10.4.3.76/volume/v3/attachments returned with HTTP 200
Aug 06 07:24:40.462194 np0000006635 devstack@c-api.service[100231]: [pid: 100231|app: 0|req: 26/106] 10.4.3.76 () {74 vars in 1587 bytes} [Thu Aug 6 07:24:40 2026] POST /volume/v3/attachments => generated 273 bytes in 405 msecs (HTTP/1.1 200) 7 headers in 286 bytes (1 switches on core 0)
Aug 06 07:24:40.469774 np0000006635 devstack@c-api.service[100232]: DEBUG cinder.api.middleware.request_id [None req-b3f14e53-08a4-48de-9c9e-a2ea7de6284a None None] RequestId filter calling following filter/app {{(pid=100232) _context_setter /opt/stack/cinder/cinder/api/middleware/request_id.py:62}}
Aug 06 07:24:40.472148 np0000006635 devstack@c-api.service[100232]: INFO cinder.api.openstack.wsgi [None req-b3f14e53-08a4-48de-9c9e-a2ea7de6284a tempest-AttachVolumeNegativeTest-16195191 tempest-AttachVolumeNegativeTest-16195191-project-member] GET https://10.4.3.76/volume/v3/volumes/a387e498-ffa1-4455-9222-fc6055ed971c
Aug 06 07:24:40.472659 np0000006635 devstack@c-api.service[100232]: DEBUG cinder.api.openstack.wsgi [None req-b3f14e53-08a4-48de-9c9e-a2ea7de6284a tempest-AttachVolumeNegativeTest-16195191 tempest-AttachVolumeNegativeTest-16195191-project-member] Empty body provided in request {{(pid=100232) get_body /opt/stack/cinder/cinder/api/openstack/wsgi.py:725}}
Aug 06 07:24:40.472659 np0000006635 devstack@c-api.service[100232]: DEBUG cinder.api.openstack.wsgi [None req-b3f14e53-08a4-48de-9c9e-a2ea7de6284a tempest-AttachVolumeNegativeTest-16195191 tempest-AttachVolumeNegativeTest-16195191-project-member] Calling method 'show' {{(pid=100232) _process_stack /opt/stack/cinder/cinder/api/openstack/wsgi.py:878}}
Aug 06 07:24:40.479958 np0000006635 devstack@c-api.service[100232]: /opt/stack/data/venv/lib/python3.12/site-packages/oslo_context/context.py:102: DeprecationWarning: Policy enforcement is depending on the value of is_admin. This key is deprecated. Please update your policy file to use the standard policy values.
Aug 06 07:24:40.479958 np0000006635 devstack@c-api.service[100232]: warnings.warn(
Aug 06 07:24:40.483542 np0000006635 devstack@c-api.service[100233]: DEBUG cinder.api.middleware.request_id [None req-02180459-45c7-4de8-926e-ac8be73a0abd None None] RequestId filter calling following filter/app {{(pid=100233) _context_setter /opt/stack/cinder/cinder/api/middleware/request_id.py:62}}
Aug 06 07:24:40.484153 np0000006635 devstack@c-api.service[100232]: INFO cinder.volume.api [None req-b3f14e53-08a4-48de-9c9e-a2ea7de6284a tempest-AttachVolumeNegativeTest-16195191 tempest-AttachVolumeNegativeTest-16195191-project-member] Volume info retrieved successfully.
Aug 06 07:24:40.485561 np0000006635 devstack@c-api.service[100233]: INFO cinder.api.openstack.wsgi [None req-02180459-45c7-4de8-926e-ac8be73a0abd tempest-TaggedAttachmentsTest-2034139537 tempest-TaggedAttachmentsTest-2034139537-project-member] POST https://10.4.3.76/volume/v3/volumes
Aug 06 07:24:40.485944 np0000006635 devstack@c-api.service[100233]: DEBUG cinder.api.openstack.wsgi [None req-02180459-45c7-4de8-926e-ac8be73a0abd tempest-TaggedAttachmentsTest-2034139537 tempest-TaggedAttachmentsTest-2034139537-project-member] Action: 'create', calling method: create, body: {"volume": {"size": 1, "display_name": "tempest-TaggedAttachmentsTest-volume-2083128261"}} {{(pid=100233) _process_stack /opt/stack/cinder/cinder/api/openstack/wsgi.py:876}}
Aug 06 07:24:40.487785 np0000006635 devstack@c-api.service[100233]: DEBUG cinder.api.v3.volumes [None req-02180459-45c7-4de8-926e-ac8be73a0abd tempest-TaggedAttachmentsTest-2034139537 tempest-TaggedAttachmentsTest-2034139537-project-member] Create volume request body: {'volume': {'size': 1, 'display_name': 'tempest-TaggedAttachmentsTest-volume-2083128261'}} {{(pid=100233) create /opt/stack/cinder/cinder/api/v3/volumes.py:368}}
Aug 06 07:24:40.488030 np0000006635 devstack@c-api.service[100233]: INFO cinder.api.v3.volumes [None req-02180459-45c7-4de8-926e-ac8be73a0abd tempest-TaggedAttachmentsTest-2034139537 tempest-TaggedAttachmentsTest-2034139537-project-member] Create volume of 1 GB
Aug 06 07:24:40.489152 np0000006635 devstack@c-api.service[100232]: INFO cinder.api.openstack.wsgi [None req-b3f14e53-08a4-48de-9c9e-a2ea7de6284a tempest-AttachVolumeNegativeTest-16195191 tempest-AttachVolumeNegativeTest-16195191-project-member] https://10.4.3.76/volume/v3/volumes/a387e498-ffa1-4455-9222-fc6055ed971c returned with HTTP 200
Aug 06 07:24:40.489582 np0000006635 devstack@c-api.service[100232]: [pid: 100232|app: 0|req: 27/107] 10.4.3.76 () {66 vars in 1341 bytes} [Thu Aug 6 07:24:40 2026] GET /volume/v3/volumes/a387e498-ffa1-4455-9222-fc6055ed971c => generated 821 bytes in 20 msecs (HTTP/1.1 200) 7 headers in 285 bytes (1 switches on core 0)
Aug 06 07:24:40.493116 np0000006635 devstack@c-api.service[100233]: INFO cinder.volume.api [None req-02180459-45c7-4de8-926e-ac8be73a0abd tempest-TaggedAttachmentsTest-2034139537 tempest-TaggedAttachmentsTest-2034139537-project-member] Availability Zones retrieved successfully.
Aug 06 07:24:40.499214 np0000006635 devstack@c-api.service[100233]: DEBUG cinder.volume.api [None req-02180459-45c7-4de8-926e-ac8be73a0abd tempest-TaggedAttachmentsTest-2034139537 tempest-TaggedAttachmentsTest-2034139537-project-member] Flow 'volume_create_api' (029fee14-4bb1-480d-b3f5-09be04fb7753) transitioned into state 'RUNNING' from state 'PENDING' {{(pid=100233) _flow_receiver /opt/stack/data/venv/lib/python3.12/site-packages/taskflow/listeners/logging.py:160}}
