Aug 06 07:21:27.922622 np0000006635 systemd[1]: Starting devstack@n-api-meta.service - Devstack devstack@n-api-meta.service...
Aug 06 07:21:27.928459 np0000006635 devstack@n-api-meta.service[96047]: [uWSGI] getting INI configuration from /etc/nova/nova-metadata-uwsgi.ini
Aug 06 07:21:27.930886 np0000006635 devstack@n-api-meta.service[96047]: *** Starting uWSGI 2.0.24-debian (64bit) on [Thu Aug 6 07:21:27 2026] ***
Aug 06 07:21:27.930886 np0000006635 devstack@n-api-meta.service[96047]: compiled with version: 13.2.0 on 17 April 2024 16:23:48
Aug 06 07:21:27.930886 np0000006635 devstack@n-api-meta.service[96047]: os: Linux-6.8.0-100-generic #100-Ubuntu SMP PREEMPT_DYNAMIC Tue Jan 13 16:40:06 UTC 2026
Aug 06 07:21:27.930886 np0000006635 devstack@n-api-meta.service[96047]: nodename: np0000006635
Aug 06 07:21:27.930886 np0000006635 devstack@n-api-meta.service[96047]: machine: x86_64
Aug 06 07:21:27.930886 np0000006635 devstack@n-api-meta.service[96047]: clock source: unix
Aug 06 07:21:27.930886 np0000006635 devstack@n-api-meta.service[96047]: pcre jit disabled
Aug 06 07:21:27.930886 np0000006635 devstack@n-api-meta.service[96047]: detected number of CPU cores: 16
Aug 06 07:21:27.930886 np0000006635 devstack@n-api-meta.service[96047]: current working directory: /
Aug 06 07:21:27.930886 np0000006635 devstack@n-api-meta.service[96047]: detected binary path: /usr/bin/uwsgi-core
Aug 06 07:21:27.930886 np0000006635 devstack@n-api-meta.service[96047]: your processes number limit is 257052
Aug 06 07:21:27.930886 np0000006635 devstack@n-api-meta.service[96047]: your memory page size is 4096 bytes
Aug 06 07:21:27.930886 np0000006635 devstack@n-api-meta.service[96047]: detected max file descriptor number: 2048
Aug 06 07:21:27.930886 np0000006635 devstack@n-api-meta.service[96047]: lock engine: pthread robust mutexes
Aug 06 07:21:27.931384 np0000006635 devstack@n-api-meta.service[96047]: thunder lock: enabled
Aug 06 07:21:27.931384 np0000006635 devstack@n-api-meta.service[96047]: uWSGI http bound on 0.0.0.0:8775 fd 5
Aug 06 07:21:27.931458 np0000006635 devstack@n-api-meta.service[96047]: uwsgi socket 0 bound to TCP address 127.0.0.1:43913 (port auto-assigned) fd 4
Aug 06 07:21:27.931458 np0000006635 devstack@n-api-meta.service[96047]: Python version: 3.12.3 (main, Jun 19 2026, 12:46:00) [GCC 13.3.0]
Aug 06 07:21:27.931458 np0000006635 devstack@n-api-meta.service[96047]: PEP 405 virtualenv detected: /opt/stack/data/venv
Aug 06 07:21:27.931458 np0000006635 devstack@n-api-meta.service[96047]: Set PythonHome to /opt/stack/data/venv
Aug 06 07:21:27.965581 np0000006635 devstack@n-api-meta.service[96047]: Python main interpreter initialized at 0x7522568a4668
Aug 06 07:21:27.965581 np0000006635 devstack@n-api-meta.service[96047]: python threads support enabled
Aug 06 07:21:27.965581 np0000006635 devstack@n-api-meta.service[96047]: your server socket listen backlog is limited to 100 connections
Aug 06 07:21:27.965581 np0000006635 devstack@n-api-meta.service[96047]: your mercy for graceful operations on workers is 80 seconds
Aug 06 07:21:27.966133 np0000006635 devstack@n-api-meta.service[96047]: mapped 671795 bytes (656 KB) for 4 cores
Aug 06 07:21:27.966493 np0000006635 devstack@n-api-meta.service[96047]: *** Operational MODE: preforking ***
Aug 06 07:21:27.966674 np0000006635 devstack@n-api-meta.service[96047]: *** uWSGI is running in multiple interpreter mode ***
Aug 06 07:21:27.966674 np0000006635 devstack@n-api-meta.service[96047]: spawned uWSGI master process (pid: 96047)
Aug 06 07:21:27.966841 np0000006635 systemd[1]: Started devstack@n-api-meta.service - Devstack devstack@n-api-meta.service.
Aug 06 07:21:27.967247 np0000006635 devstack@n-api-meta.service[96047]: spawned uWSGI worker 1 (pid: 96048, cores: 1)
Aug 06 07:21:27.967754 np0000006635 devstack@n-api-meta.service[96047]: spawned uWSGI worker 2 (pid: 96049, cores: 1)
Aug 06 07:21:27.968129 np0000006635 devstack@n-api-meta.service[96047]: spawned uWSGI worker 3 (pid: 96050, cores: 1)
Aug 06 07:21:27.968743 np0000006635 devstack@n-api-meta.service[96047]: spawned uWSGI worker 4 (pid: 96052, cores: 1)
Aug 06 07:21:27.969312 np0000006635 devstack@n-api-meta.service[96047]: spawned uWSGI http 1 (pid: 96053)
Aug 06 07:21:27.969312 np0000006635 devstack@n-api-meta.service[96047]: running "unix_signal:15 gracefully_kill_them_all" (master-start)...
Aug 06 07:21:29.618090 np0000006635 devstack@n-api-meta.service[96049]: INFO dbcounter [None req-867985f5-2eef-4db8-9802-0672de26f39b None None] Registered counter for database nova_api
Aug 06 07:21:29.660803 np0000006635 devstack@n-api-meta.service[96049]: DEBUG oslo_db.sqlalchemy.engines [None req-867985f5-2eef-4db8-9802-0672de26f39b None None] MySQL server mode set to STRICT_TRANS_TABLES,STRICT_ALL_TABLES,NO_ZERO_IN_DATE,NO_ZERO_DATE,ERROR_FOR_DIVISION_BY_ZERO,TRADITIONAL,NO_ENGINE_SUBSTITUTION {{(pid=96049) _check_effective_sql_mode /opt/stack/data/venv/lib/python3.12/site-packages/oslo_db/sqlalchemy/engines.py:325}}
Aug 06 07:21:29.661262 np0000006635 devstack@n-api-meta.service[96052]: INFO dbcounter [None req-0886580b-16e6-46fc-899d-7e7561b3f175 None None] Registered counter for database nova_api
Aug 06 07:21:29.668733 np0000006635 devstack@n-api-meta.service[96048]: INFO dbcounter [None req-b904b0b3-3b2c-45b0-8a62-21eb07100518 None None] Registered counter for database nova_api
Aug 06 07:21:29.680905 np0000006635 devstack@n-api-meta.service[96050]: INFO dbcounter [None req-db6ab637-b70b-49dc-bf60-4395e7b7c60f None None] Registered counter for database nova_api
Aug 06 07:21:29.687180 np0000006635 devstack@n-api-meta.service[96049]: DEBUG dbcounter [-] [96049] Writer thread running {{(pid=96049) stat_writer /opt/stack/data/venv/lib/python3.12/site-packages/dbcounter.py:102}}
Aug 06 07:21:29.689249 np0000006635 devstack@n-api-meta.service[96049]: DEBUG nova.context [None req-867985f5-2eef-4db8-9802-0672de26f39b None None] Found 2 cells: 00000000-0000-0000-0000-000000000000(cell0),fcaef3ed-b5f2-4175-8139-e252550247e5(cell1) {{(pid=96049) load_cells /opt/stack/nova/nova/context.py:509}}
Aug 06 07:21:29.689483 np0000006635 devstack@n-api-meta.service[96049]: INFO nova.utils [None req-867985f5-2eef-4db8-9802-0672de26f39b None None] The cell worker thread pool MainProcess.cell_worker is initialized
Aug 06 07:21:29.691036 np0000006635 devstack@n-api-meta.service[96049]: DEBUG oslo_concurrency.lockutils [None req-867985f5-2eef-4db8-9802-0672de26f39b None None] Acquiring lock "00000000-0000-0000-0000-000000000000" by "nova.context.set_target_cell..get_or_set_cached_cell_and_set_connections" {{(pid=96049) inner /opt/stack/data/venv/lib/python3.12/site-packages/oslo_concurrency/lockutils.py:512}}
Aug 06 07:21:29.691190 np0000006635 devstack@n-api-meta.service[96049]: DEBUG oslo_concurrency.lockutils [None req-867985f5-2eef-4db8-9802-0672de26f39b None None] Lock "00000000-0000-0000-0000-000000000000" acquired by "nova.context.set_target_cell..get_or_set_cached_cell_and_set_connections" :: waited 0.000s {{(pid=96049) inner /opt/stack/data/venv/lib/python3.12/site-packages/oslo_concurrency/lockutils.py:525}}
Aug 06 07:21:29.691558 np0000006635 devstack@n-api-meta.service[96049]: DEBUG oslo_concurrency.lockutils [None req-867985f5-2eef-4db8-9802-0672de26f39b None None] Lock "00000000-0000-0000-0000-000000000000" "released" by "nova.context.set_target_cell..get_or_set_cached_cell_and_set_connections" :: held 0.000s {{(pid=96049) inner /opt/stack/data/venv/lib/python3.12/site-packages/oslo_concurrency/lockutils.py:544}}
Aug 06 07:21:29.692204 np0000006635 devstack@n-api-meta.service[96049]: DEBUG oslo_concurrency.lockutils [None req-867985f5-2eef-4db8-9802-0672de26f39b None None] Acquiring lock "fcaef3ed-b5f2-4175-8139-e252550247e5" by "nova.context.set_target_cell..get_or_set_cached_cell_and_set_connections" {{(pid=96049) inner /opt/stack/data/venv/lib/python3.12/site-packages/oslo_concurrency/lockutils.py:512}}
Aug 06 07:21:29.692372 np0000006635 devstack@n-api-meta.service[96049]: DEBUG oslo_concurrency.lockutils [None req-867985f5-2eef-4db8-9802-0672de26f39b None None] Lock "fcaef3ed-b5f2-4175-8139-e252550247e5" acquired by "nova.context.set_target_cell..get_or_set_cached_cell_and_set_connections" :: waited 0.000s {{(pid=96049) inner /opt/stack/data/venv/lib/python3.12/site-packages/oslo_concurrency/lockutils.py:525}}
Aug 06 07:21:29.693148 np0000006635 devstack@n-api-meta.service[96049]: DEBUG oslo_concurrency.lockutils [None req-867985f5-2eef-4db8-9802-0672de26f39b None None] Lock "fcaef3ed-b5f2-4175-8139-e252550247e5" "released" by "nova.context.set_target_cell..get_or_set_cached_cell_and_set_connections" :: held 0.001s {{(pid=96049) inner /opt/stack/data/venv/lib/python3.12/site-packages/oslo_concurrency/lockutils.py:544}}
Aug 06 07:21:29.695059 np0000006635 devstack@n-api-meta.service[96049]: INFO dbcounter [None req-867985f5-2eef-4db8-9802-0672de26f39b None None] Registered counter for database nova_cell0
Aug 06 07:21:29.697720 np0000006635 devstack@n-api-meta.service[96049]: INFO dbcounter [None req-867985f5-2eef-4db8-9802-0672de26f39b None None] Registered counter for database nova_cell1
Aug 06 07:21:29.706783 np0000006635 devstack@n-api-meta.service[96052]: DEBUG oslo_db.sqlalchemy.engines [None req-0886580b-16e6-46fc-899d-7e7561b3f175 None None] MySQL server mode set to STRICT_TRANS_TABLES,STRICT_ALL_TABLES,NO_ZERO_IN_DATE,NO_ZERO_DATE,ERROR_FOR_DIVISION_BY_ZERO,TRADITIONAL,NO_ENGINE_SUBSTITUTION {{(pid=96052) _check_effective_sql_mode /opt/stack/data/venv/lib/python3.12/site-packages/oslo_db/sqlalchemy/engines.py:325}}
Aug 06 07:21:29.718475 np0000006635 devstack@n-api-meta.service[96048]: DEBUG oslo_db.sqlalchemy.engines [None req-b904b0b3-3b2c-45b0-8a62-21eb07100518 None None] MySQL server mode set to STRICT_TRANS_TABLES,STRICT_ALL_TABLES,NO_ZERO_IN_DATE,NO_ZERO_DATE,ERROR_FOR_DIVISION_BY_ZERO,TRADITIONAL,NO_ENGINE_SUBSTITUTION {{(pid=96048) _check_effective_sql_mode /opt/stack/data/venv/lib/python3.12/site-packages/oslo_db/sqlalchemy/engines.py:325}}
Aug 06 07:21:29.721876 np0000006635 devstack@n-api-meta.service[96050]: DEBUG oslo_db.sqlalchemy.engines [None req-db6ab637-b70b-49dc-bf60-4395e7b7c60f None None] MySQL server mode set to STRICT_TRANS_TABLES,STRICT_ALL_TABLES,NO_ZERO_IN_DATE,NO_ZERO_DATE,ERROR_FOR_DIVISION_BY_ZERO,TRADITIONAL,NO_ENGINE_SUBSTITUTION {{(pid=96050) _check_effective_sql_mode /opt/stack/data/venv/lib/python3.12/site-packages/oslo_db/sqlalchemy/engines.py:325}}
Aug 06 07:21:29.735453 np0000006635 devstack@n-api-meta.service[96052]: DEBUG dbcounter [-] [96052] Writer thread running {{(pid=96052) stat_writer /opt/stack/data/venv/lib/python3.12/site-packages/dbcounter.py:102}}
Aug 06 07:21:29.737878 np0000006635 devstack@n-api-meta.service[96052]: DEBUG nova.context [None req-0886580b-16e6-46fc-899d-7e7561b3f175 None None] Found 2 cells: 00000000-0000-0000-0000-000000000000(cell0),fcaef3ed-b5f2-4175-8139-e252550247e5(cell1) {{(pid=96052) load_cells /opt/stack/nova/nova/context.py:509}}
Aug 06 07:21:29.738107 np0000006635 devstack@n-api-meta.service[96052]: INFO nova.utils [None req-0886580b-16e6-46fc-899d-7e7561b3f175 None None] The cell worker thread pool MainProcess.cell_worker is initialized
Aug 06 07:21:29.738725 np0000006635 devstack@n-api-meta.service[96049]: DEBUG oslo_db.sqlalchemy.engines [None req-867985f5-2eef-4db8-9802-0672de26f39b None None] MySQL server mode set to STRICT_TRANS_TABLES,STRICT_ALL_TABLES,NO_ZERO_IN_DATE,NO_ZERO_DATE,ERROR_FOR_DIVISION_BY_ZERO,TRADITIONAL,NO_ENGINE_SUBSTITUTION {{(pid=96049) _check_effective_sql_mode /opt/stack/data/venv/lib/python3.12/site-packages/oslo_db/sqlalchemy/engines.py:325}}
Aug 06 07:21:29.739856 np0000006635 devstack@n-api-meta.service[96052]: DEBUG oslo_concurrency.lockutils [None req-0886580b-16e6-46fc-899d-7e7561b3f175 None None] Acquiring lock "00000000-0000-0000-0000-000000000000" by "nova.context.set_target_cell..get_or_set_cached_cell_and_set_connections" {{(pid=96052) inner /opt/stack/data/venv/lib/python3.12/site-packages/oslo_concurrency/lockutils.py:512}}
Aug 06 07:21:29.740064 np0000006635 devstack@n-api-meta.service[96052]: DEBUG oslo_concurrency.lockutils [None req-0886580b-16e6-46fc-899d-7e7561b3f175 None None] Lock "00000000-0000-0000-0000-000000000000" acquired by "nova.context.set_target_cell..get_or_set_cached_cell_and_set_connections" :: waited 0.000s {{(pid=96052) inner /opt/stack/data/venv/lib/python3.12/site-packages/oslo_concurrency/lockutils.py:525}}
Aug 06 07:21:29.740454 np0000006635 devstack@n-api-meta.service[96052]: DEBUG oslo_concurrency.lockutils [None req-0886580b-16e6-46fc-899d-7e7561b3f175 None None] Lock "00000000-0000-0000-0000-000000000000" "released" by "nova.context.set_target_cell..get_or_set_cached_cell_and_set_connections" :: held 0.000s {{(pid=96052) inner /opt/stack/data/venv/lib/python3.12/site-packages/oslo_concurrency/lockutils.py:544}}
Aug 06 07:21:29.741113 np0000006635 devstack@n-api-meta.service[96052]: DEBUG oslo_concurrency.lockutils [None req-0886580b-16e6-46fc-899d-7e7561b3f175 None None] Acquiring lock "fcaef3ed-b5f2-4175-8139-e252550247e5" by "nova.context.set_target_cell..get_or_set_cached_cell_and_set_connections" {{(pid=96052) inner /opt/stack/data/venv/lib/python3.12/site-packages/oslo_concurrency/lockutils.py:512}}
Aug 06 07:21:29.742823 np0000006635 devstack@n-api-meta.service[96052]: INFO dbcounter [None req-0886580b-16e6-46fc-899d-7e7561b3f175 None None] Registered counter for database nova_cell0
Aug 06 07:21:29.744052 np0000006635 devstack@n-api-meta.service[96052]: DEBUG oslo_concurrency.lockutils [None req-0886580b-16e6-46fc-899d-7e7561b3f175 None None] Lock "fcaef3ed-b5f2-4175-8139-e252550247e5" acquired by "nova.context.set_target_cell..get_or_set_cached_cell_and_set_connections" :: waited 0.002s {{(pid=96052) inner /opt/stack/data/venv/lib/python3.12/site-packages/oslo_concurrency/lockutils.py:525}}
Aug 06 07:21:29.745282 np0000006635 devstack@n-api-meta.service[96052]: DEBUG oslo_concurrency.lockutils [None req-0886580b-16e6-46fc-899d-7e7561b3f175 None None] Lock "fcaef3ed-b5f2-4175-8139-e252550247e5" "released" by "nova.context.set_target_cell..get_or_set_cached_cell_and_set_connections" :: held 0.003s {{(pid=96052) inner /opt/stack/data/venv/lib/python3.12/site-packages/oslo_concurrency/lockutils.py:544}}
Aug 06 07:21:29.747168 np0000006635 devstack@n-api-meta.service[96052]: INFO dbcounter [None req-0886580b-16e6-46fc-899d-7e7561b3f175 None None] Registered counter for database nova_cell1
Aug 06 07:21:29.748700 np0000006635 devstack@n-api-meta.service[96048]: DEBUG dbcounter [-] [96048] Writer thread running {{(pid=96048) stat_writer /opt/stack/data/venv/lib/python3.12/site-packages/dbcounter.py:102}}
Aug 06 07:21:29.751274 np0000006635 devstack@n-api-meta.service[96050]: DEBUG dbcounter [-] [96050] Writer thread running {{(pid=96050) stat_writer /opt/stack/data/venv/lib/python3.12/site-packages/dbcounter.py:102}}
Aug 06 07:21:29.752563 np0000006635 devstack@n-api-meta.service[96048]: DEBUG nova.context [None req-b904b0b3-3b2c-45b0-8a62-21eb07100518 None None] Found 2 cells: 00000000-0000-0000-0000-000000000000(cell0),fcaef3ed-b5f2-4175-8139-e252550247e5(cell1) {{(pid=96048) load_cells /opt/stack/nova/nova/context.py:509}}
Aug 06 07:21:29.752845 np0000006635 devstack@n-api-meta.service[96048]: INFO nova.utils [None req-b904b0b3-3b2c-45b0-8a62-21eb07100518 None None] The cell worker thread pool MainProcess.cell_worker is initialized
Aug 06 07:21:29.753521 np0000006635 devstack@n-api-meta.service[96050]: DEBUG nova.context [None req-db6ab637-b70b-49dc-bf60-4395e7b7c60f None None] Found 2 cells: 00000000-0000-0000-0000-000000000000(cell0),fcaef3ed-b5f2-4175-8139-e252550247e5(cell1) {{(pid=96050) load_cells /opt/stack/nova/nova/context.py:509}}
Aug 06 07:21:29.753779 np0000006635 devstack@n-api-meta.service[96050]: INFO nova.utils [None req-db6ab637-b70b-49dc-bf60-4395e7b7c60f None None] The cell worker thread pool MainProcess.cell_worker is initialized
Aug 06 07:21:29.754651 np0000006635 devstack@n-api-meta.service[96048]: DEBUG oslo_concurrency.lockutils [None req-b904b0b3-3b2c-45b0-8a62-21eb07100518 None None] Acquiring lock "00000000-0000-0000-0000-000000000000" by "nova.context.set_target_cell..get_or_set_cached_cell_and_set_connections" {{(pid=96048) inner /opt/stack/data/venv/lib/python3.12/site-packages/oslo_concurrency/lockutils.py:512}}
Aug 06 07:21:29.754841 np0000006635 devstack@n-api-meta.service[96048]: DEBUG oslo_concurrency.lockutils [None req-b904b0b3-3b2c-45b0-8a62-21eb07100518 None None] Lock "00000000-0000-0000-0000-000000000000" acquired by "nova.context.set_target_cell..get_or_set_cached_cell_and_set_connections" :: waited 0.000s {{(pid=96048) inner /opt/stack/data/venv/lib/python3.12/site-packages/oslo_concurrency/lockutils.py:525}}
Aug 06 07:21:29.755270 np0000006635 devstack@n-api-meta.service[96048]: DEBUG oslo_concurrency.lockutils [None req-b904b0b3-3b2c-45b0-8a62-21eb07100518 None None] Lock "00000000-0000-0000-0000-000000000000" "released" by "nova.context.set_target_cell..get_or_set_cached_cell_and_set_connections" :: held 0.000s {{(pid=96048) inner /opt/stack/data/venv/lib/python3.12/site-packages/oslo_concurrency/lockutils.py:544}}
Aug 06 07:21:29.755428 np0000006635 devstack@n-api-meta.service[96050]: DEBUG oslo_concurrency.lockutils [None req-db6ab637-b70b-49dc-bf60-4395e7b7c60f None None] Acquiring lock "00000000-0000-0000-0000-000000000000" by "nova.context.set_target_cell..get_or_set_cached_cell_and_set_connections" {{(pid=96050) inner /opt/stack/data/venv/lib/python3.12/site-packages/oslo_concurrency/lockutils.py:512}}
Aug 06 07:21:29.755593 np0000006635 devstack@n-api-meta.service[96050]: DEBUG oslo_concurrency.lockutils [None req-db6ab637-b70b-49dc-bf60-4395e7b7c60f None None] Lock "00000000-0000-0000-0000-000000000000" acquired by "nova.context.set_target_cell..get_or_set_cached_cell_and_set_connections" :: waited 0.000s {{(pid=96050) inner /opt/stack/data/venv/lib/python3.12/site-packages/oslo_concurrency/lockutils.py:525}}
Aug 06 07:21:29.755925 np0000006635 devstack@n-api-meta.service[96048]: DEBUG oslo_concurrency.lockutils [None req-b904b0b3-3b2c-45b0-8a62-21eb07100518 None None] Acquiring lock "fcaef3ed-b5f2-4175-8139-e252550247e5" by "nova.context.set_target_cell..get_or_set_cached_cell_and_set_connections" {{(pid=96048) inner /opt/stack/data/venv/lib/python3.12/site-packages/oslo_concurrency/lockutils.py:512}}
Aug 06 07:21:29.755981 np0000006635 devstack@n-api-meta.service[96050]: DEBUG oslo_concurrency.lockutils [None req-db6ab637-b70b-49dc-bf60-4395e7b7c60f None None] Lock "00000000-0000-0000-0000-000000000000" "released" by "nova.context.set_target_cell..get_or_set_cached_cell_and_set_connections" :: held 0.000s {{(pid=96050) inner /opt/stack/data/venv/lib/python3.12/site-packages/oslo_concurrency/lockutils.py:544}}
Aug 06 07:21:29.756083 np0000006635 devstack@n-api-meta.service[96048]: DEBUG oslo_concurrency.lockutils [None req-b904b0b3-3b2c-45b0-8a62-21eb07100518 None None] Lock "fcaef3ed-b5f2-4175-8139-e252550247e5" acquired by "nova.context.set_target_cell..get_or_set_cached_cell_and_set_connections" :: waited 0.000s {{(pid=96048) inner /opt/stack/data/venv/lib/python3.12/site-packages/oslo_concurrency/lockutils.py:525}}
Aug 06 07:21:29.756591 np0000006635 devstack@n-api-meta.service[96050]: DEBUG oslo_concurrency.lockutils [None req-db6ab637-b70b-49dc-bf60-4395e7b7c60f None None] Acquiring lock "fcaef3ed-b5f2-4175-8139-e252550247e5" by "nova.context.set_target_cell..get_or_set_cached_cell_and_set_connections" {{(pid=96050) inner /opt/stack/data/venv/lib/python3.12/site-packages/oslo_concurrency/lockutils.py:512}}
Aug 06 07:21:29.756735 np0000006635 devstack@n-api-meta.service[96050]: DEBUG oslo_concurrency.lockutils [None req-db6ab637-b70b-49dc-bf60-4395e7b7c60f None None] Lock "fcaef3ed-b5f2-4175-8139-e252550247e5" acquired by "nova.context.set_target_cell..get_or_set_cached_cell_and_set_connections" :: waited 0.000s {{(pid=96050) inner /opt/stack/data/venv/lib/python3.12/site-packages/oslo_concurrency/lockutils.py:525}}
Aug 06 07:21:29.756909 np0000006635 devstack@n-api-meta.service[96048]: DEBUG oslo_concurrency.lockutils [None req-b904b0b3-3b2c-45b0-8a62-21eb07100518 None None] Lock "fcaef3ed-b5f2-4175-8139-e252550247e5" "released" by "nova.context.set_target_cell..get_or_set_cached_cell_and_set_connections" :: held 0.001s {{(pid=96048) inner /opt/stack/data/venv/lib/python3.12/site-packages/oslo_concurrency/lockutils.py:544}}
Aug 06 07:21:29.757534 np0000006635 devstack@n-api-meta.service[96050]: DEBUG oslo_concurrency.lockutils [None req-db6ab637-b70b-49dc-bf60-4395e7b7c60f None None] Lock "fcaef3ed-b5f2-4175-8139-e252550247e5" "released" by "nova.context.set_target_cell..get_or_set_cached_cell_and_set_connections" :: held 0.001s {{(pid=96050) inner /opt/stack/data/venv/lib/python3.12/site-packages/oslo_concurrency/lockutils.py:544}}
Aug 06 07:21:29.759465 np0000006635 devstack@n-api-meta.service[96048]: INFO dbcounter [None req-b904b0b3-3b2c-45b0-8a62-21eb07100518 None None] Registered counter for database nova_cell0
Aug 06 07:21:29.759580 np0000006635 devstack@n-api-meta.service[96050]: INFO dbcounter [None req-db6ab637-b70b-49dc-bf60-4395e7b7c60f None None] Registered counter for database nova_cell0
Aug 06 07:21:29.764253 np0000006635 devstack@n-api-meta.service[96048]: INFO dbcounter [None req-b904b0b3-3b2c-45b0-8a62-21eb07100518 None None] Registered counter for database nova_cell1
Aug 06 07:21:29.764340 np0000006635 devstack@n-api-meta.service[96050]: INFO dbcounter [None req-db6ab637-b70b-49dc-bf60-4395e7b7c60f None None] Registered counter for database nova_cell1
Aug 06 07:21:29.767619 np0000006635 devstack@n-api-meta.service[96049]: DEBUG oslo_db.sqlalchemy.engines [None req-867985f5-2eef-4db8-9802-0672de26f39b None None] MySQL server mode set to STRICT_TRANS_TABLES,STRICT_ALL_TABLES,NO_ZERO_IN_DATE,NO_ZERO_DATE,ERROR_FOR_DIVISION_BY_ZERO,TRADITIONAL,NO_ENGINE_SUBSTITUTION {{(pid=96049) _check_effective_sql_mode /opt/stack/data/venv/lib/python3.12/site-packages/oslo_db/sqlalchemy/engines.py:325}}
Aug 06 07:21:29.791136 np0000006635 devstack@n-api-meta.service[96052]: DEBUG oslo_db.sqlalchemy.engines [None req-0886580b-16e6-46fc-899d-7e7561b3f175 None None] MySQL server mode set to STRICT_TRANS_TABLES,STRICT_ALL_TABLES,NO_ZERO_IN_DATE,NO_ZERO_DATE,ERROR_FOR_DIVISION_BY_ZERO,TRADITIONAL,NO_ENGINE_SUBSTITUTION {{(pid=96052) _check_effective_sql_mode /opt/stack/data/venv/lib/python3.12/site-packages/oslo_db/sqlalchemy/engines.py:325}}
Aug 06 07:21:29.803894 np0000006635 devstack@n-api-meta.service[96048]: DEBUG oslo_db.sqlalchemy.engines [None req-b904b0b3-3b2c-45b0-8a62-21eb07100518 None None] MySQL server mode set to STRICT_TRANS_TABLES,STRICT_ALL_TABLES,NO_ZERO_IN_DATE,NO_ZERO_DATE,ERROR_FOR_DIVISION_BY_ZERO,TRADITIONAL,NO_ENGINE_SUBSTITUTION {{(pid=96048) _check_effective_sql_mode /opt/stack/data/venv/lib/python3.12/site-packages/oslo_db/sqlalchemy/engines.py:325}}
Aug 06 07:21:29.821947 np0000006635 devstack@n-api-meta.service[96049]: DEBUG dbcounter [-] [96049] Writer thread running {{(pid=96049) stat_writer /opt/stack/data/venv/lib/python3.12/site-packages/dbcounter.py:102}}
Aug 06 07:21:29.823784 np0000006635 devstack@n-api-meta.service[96050]: DEBUG oslo_db.sqlalchemy.engines [None req-db6ab637-b70b-49dc-bf60-4395e7b7c60f None None] MySQL server mode set to STRICT_TRANS_TABLES,STRICT_ALL_TABLES,NO_ZERO_IN_DATE,NO_ZERO_DATE,ERROR_FOR_DIVISION_BY_ZERO,TRADITIONAL,NO_ENGINE_SUBSTITUTION {{(pid=96050) _check_effective_sql_mode /opt/stack/data/venv/lib/python3.12/site-packages/oslo_db/sqlalchemy/engines.py:325}}
Aug 06 07:21:29.827373 np0000006635 devstack@n-api-meta.service[96050]: DEBUG oslo_db.sqlalchemy.engines [None req-db6ab637-b70b-49dc-bf60-4395e7b7c60f None None] MySQL server mode set to STRICT_TRANS_TABLES,STRICT_ALL_TABLES,NO_ZERO_IN_DATE,NO_ZERO_DATE,ERROR_FOR_DIVISION_BY_ZERO,TRADITIONAL,NO_ENGINE_SUBSTITUTION {{(pid=96050) _check_effective_sql_mode /opt/stack/data/venv/lib/python3.12/site-packages/oslo_db/sqlalchemy/engines.py:325}}
Aug 06 07:21:29.829214 np0000006635 devstack@n-api-meta.service[96049]: DEBUG dbcounter [-] [96049] Writer thread running {{(pid=96049) stat_writer /opt/stack/data/venv/lib/python3.12/site-packages/dbcounter.py:102}}
Aug 06 07:21:29.832400 np0000006635 devstack@n-api-meta.service[96049]: INFO dbcounter [None req-867985f5-2eef-4db8-9802-0672de26f39b None None] Registered counter for database nova_cell0
Aug 06 07:21:29.870083 np0000006635 devstack@n-api-meta.service[96049]: DEBUG oslo_db.sqlalchemy.engines [None req-867985f5-2eef-4db8-9802-0672de26f39b None None] MySQL server mode set to STRICT_TRANS_TABLES,STRICT_ALL_TABLES,NO_ZERO_IN_DATE,NO_ZERO_DATE,ERROR_FOR_DIVISION_BY_ZERO,TRADITIONAL,NO_ENGINE_SUBSTITUTION {{(pid=96049) _check_effective_sql_mode /opt/stack/data/venv/lib/python3.12/site-packages/oslo_db/sqlalchemy/engines.py:325}}
Aug 06 07:21:29.873353 np0000006635 devstack@n-api-meta.service[96052]: DEBUG dbcounter [-] [96052] Writer thread running {{(pid=96052) stat_writer /opt/stack/data/venv/lib/python3.12/site-packages/dbcounter.py:102}}
Aug 06 07:21:29.876216 np0000006635 devstack@n-api-meta.service[96049]: DEBUG dbcounter [-] [96049] Writer thread running {{(pid=96049) stat_writer /opt/stack/data/venv/lib/python3.12/site-packages/dbcounter.py:102}}
Aug 06 07:21:29.877758 np0000006635 devstack@n-api-meta.service[96052]: DEBUG oslo_db.sqlalchemy.engines [None req-0886580b-16e6-46fc-899d-7e7561b3f175 None None] MySQL server mode set to STRICT_TRANS_TABLES,STRICT_ALL_TABLES,NO_ZERO_IN_DATE,NO_ZERO_DATE,ERROR_FOR_DIVISION_BY_ZERO,TRADITIONAL,NO_ENGINE_SUBSTITUTION {{(pid=96052) _check_effective_sql_mode /opt/stack/data/venv/lib/python3.12/site-packages/oslo_db/sqlalchemy/engines.py:325}}
Aug 06 07:21:29.882444 np0000006635 devstack@n-api-meta.service[96052]: DEBUG dbcounter [-] [96052] Writer thread running {{(pid=96052) stat_writer /opt/stack/data/venv/lib/python3.12/site-packages/dbcounter.py:102}}
Aug 06 07:21:29.884398 np0000006635 devstack@n-api-meta.service[96048]: DEBUG oslo_db.sqlalchemy.engines [None req-b904b0b3-3b2c-45b0-8a62-21eb07100518 None None] MySQL server mode set to STRICT_TRANS_TABLES,STRICT_ALL_TABLES,NO_ZERO_IN_DATE,NO_ZERO_DATE,ERROR_FOR_DIVISION_BY_ZERO,TRADITIONAL,NO_ENGINE_SUBSTITUTION {{(pid=96048) _check_effective_sql_mode /opt/stack/data/venv/lib/python3.12/site-packages/oslo_db/sqlalchemy/engines.py:325}}
Aug 06 07:21:29.884895 np0000006635 devstack@n-api-meta.service[96052]: INFO dbcounter [None req-0886580b-16e6-46fc-899d-7e7561b3f175 None None] Registered counter for database nova_cell0
Aug 06 07:21:29.888904 np0000006635 devstack@n-api-meta.service[96048]: DEBUG dbcounter [-] [96048] Writer thread running {{(pid=96048) stat_writer /opt/stack/data/venv/lib/python3.12/site-packages/dbcounter.py:102}}
Aug 06 07:21:29.895550 np0000006635 devstack@n-api-meta.service[96048]: DEBUG dbcounter [-] [96048] Writer thread running {{(pid=96048) stat_writer /opt/stack/data/venv/lib/python3.12/site-packages/dbcounter.py:102}}
Aug 06 07:21:29.898329 np0000006635 devstack@n-api-meta.service[96048]: INFO dbcounter [None req-b904b0b3-3b2c-45b0-8a62-21eb07100518 None None] Registered counter for database nova_cell0
Aug 06 07:21:29.912011 np0000006635 devstack@n-api-meta.service[96050]: DEBUG dbcounter [-] [96050] Writer thread running {{(pid=96050) stat_writer /opt/stack/data/venv/lib/python3.12/site-packages/dbcounter.py:102}}
Aug 06 07:21:29.915745 np0000006635 devstack@n-api-meta.service[96049]: WARNING nova.api.metadata.handler [None req-867985f5-2eef-4db8-9802-0672de26f39b None None] metadata_proxy_shared_secret is not configured, the metadata information returned by the proxy cannot be trusted
Aug 06 07:21:29.917025 np0000006635 devstack@n-api-meta.service[96050]: DEBUG dbcounter [-] [96050] Writer thread running {{(pid=96050) stat_writer /opt/stack/data/venv/lib/python3.12/site-packages/dbcounter.py:102}}
Aug 06 07:21:29.917795 np0000006635 devstack@n-api-meta.service[96049]: DEBUG nova.api.openstack.wsgi_app [None req-867985f5-2eef-4db8-9802-0672de26f39b None None] ******************************************************************************** {{(pid=96049) log_opt_values /opt/stack/data/venv/lib/python3.12/site-packages/oslo_config/cfg.py:3518}}
Aug 06 07:21:29.917940 np0000006635 devstack@n-api-meta.service[96049]: DEBUG nova.api.openstack.wsgi_app [None req-867985f5-2eef-4db8-9802-0672de26f39b None None] Configuration options gathered from: {{(pid=96049) log_opt_values /opt/stack/data/venv/lib/python3.12/site-packages/oslo_config/cfg.py:3519}}
Aug 06 07:21:29.918124 np0000006635 devstack@n-api-meta.service[96049]: DEBUG nova.api.openstack.wsgi_app [None req-867985f5-2eef-4db8-9802-0672de26f39b None None] command line args: [] {{(pid=96049) log_opt_values /opt/stack/data/venv/lib/python3.12/site-packages/oslo_config/cfg.py:3520}}
Aug 06 07:21:29.918455 np0000006635 devstack@n-api-meta.service[96049]: DEBUG nova.api.openstack.wsgi_app [None req-867985f5-2eef-4db8-9802-0672de26f39b None None] config files: ['/etc/nova/api-paste.ini', '/etc/nova/nova.conf'] {{(pid=96049) log_opt_values /opt/stack/data/venv/lib/python3.12/site-packages/oslo_config/cfg.py:3521}}
Aug 06 07:21:29.918615 np0000006635 devstack@n-api-meta.service[96049]: DEBUG nova.api.openstack.wsgi_app [None req-867985f5-2eef-4db8-9802-0672de26f39b None None] ================================================================================ {{(pid=96049) log_opt_values /opt/stack/data/venv/lib/python3.12/site-packages/oslo_config/cfg.py:3526}}
Aug 06 07:21:29.918927 np0000006635 devstack@n-api-meta.service[96049]: DEBUG nova.api.openstack.wsgi_app [None req-867985f5-2eef-4db8-9802-0672de26f39b None None] allow_resize_to_same_host = True {{(pid=96049) log_opt_values /opt/stack/data/venv/lib/python3.12/site-packages/oslo_config/cfg.py:3534}}
Aug 06 07:21:29.919123 np0000006635 devstack@n-api-meta.service[96049]: DEBUG nova.api.openstack.wsgi_app [None req-867985f5-2eef-4db8-9802-0672de26f39b None None] arq_binding_timeout = 300 {{(pid=96049) log_opt_values /opt/stack/data/venv/lib/python3.12/site-packages/oslo_config/cfg.py:3534}}
Aug 06 07:21:29.919319 np0000006635 devstack@n-api-meta.service[96049]: DEBUG nova.api.openstack.wsgi_app [None req-867985f5-2eef-4db8-9802-0672de26f39b None None] block_device_allocate_retries = 60 {{(pid=96049) log_opt_values /opt/stack/data/venv/lib/python3.12/site-packages/oslo_config/cfg.py:3534}}
Aug 06 07:21:29.919487 np0000006635 devstack@n-api-meta.service[96049]: DEBUG nova.api.openstack.wsgi_app [None req-867985f5-2eef-4db8-9802-0672de26f39b None None] block_device_allocate_retries_interval = 3 {{(pid=96049) log_opt_values /opt/stack/data/venv/lib/python3.12/site-packages/oslo_config/cfg.py:3534}}
Aug 06 07:21:29.919668 np0000006635 devstack@n-api-meta.service[96049]: DEBUG nova.api.openstack.wsgi_app [None req-867985f5-2eef-4db8-9802-0672de26f39b None None] cell_worker_thread_pool_size = 5 {{(pid=96049) log_opt_values /opt/stack/data/venv/lib/python3.12/site-packages/oslo_config/cfg.py:3534}}
Aug 06 07:21:29.919723 np0000006635 devstack@n-api-meta.service[96050]: INFO dbcounter [None req-db6ab637-b70b-49dc-bf60-4395e7b7c60f None None] Registered counter for database nova_cell0
Aug 06 07:21:29.919860 np0000006635 devstack@n-api-meta.service[96049]: DEBUG nova.api.openstack.wsgi_app [None req-867985f5-2eef-4db8-9802-0672de26f39b None None] cert = self.pem {{(pid=96049) log_opt_values /opt/stack/data/venv/lib/python3.12/site-packages/oslo_config/cfg.py:3534}}
Aug 06 07:21:29.920047 np0000006635 devstack@n-api-meta.service[96049]: DEBUG nova.api.openstack.wsgi_app [None req-867985f5-2eef-4db8-9802-0672de26f39b None None] compute_driver = libvirt.LibvirtDriver {{(pid=96049) log_opt_values /opt/stack/data/venv/lib/python3.12/site-packages/oslo_config/cfg.py:3534}}
Aug 06 07:21:29.920242 np0000006635 devstack@n-api-meta.service[96049]: DEBUG nova.api.openstack.wsgi_app [None req-867985f5-2eef-4db8-9802-0672de26f39b None None] compute_monitors = [] {{(pid=96049) log_opt_values /opt/stack/data/venv/lib/python3.12/site-packages/oslo_config/cfg.py:3534}}
Aug 06 07:21:29.920426 np0000006635 devstack@n-api-meta.service[96049]: DEBUG nova.api.openstack.wsgi_app [None req-867985f5-2eef-4db8-9802-0672de26f39b None None] concurrency_backend = auto {{(pid=96049) log_opt_values /opt/stack/data/venv/lib/python3.12/site-packages/oslo_config/cfg.py:3534}}
Aug 06 07:21:29.920605 np0000006635 devstack@n-api-meta.service[96049]: DEBUG nova.api.openstack.wsgi_app [None req-867985f5-2eef-4db8-9802-0672de26f39b None None] config_dir = [] {{(pid=96049) log_opt_values /opt/stack/data/venv/lib/python3.12/site-packages/oslo_config/cfg.py:3534}}
Aug 06 07:21:29.920782 np0000006635 devstack@n-api-meta.service[96049]: DEBUG nova.api.openstack.wsgi_app [None req-867985f5-2eef-4db8-9802-0672de26f39b None None] config_drive_format = iso9660 {{(pid=96049) log_opt_values /opt/stack/data/venv/lib/python3.12/site-packages/oslo_config/cfg.py:3534}}
Aug 06 07:21:29.920834 np0000006635 devstack@n-api-meta.service[96052]: DEBUG oslo_db.sqlalchemy.engines [None req-0886580b-16e6-46fc-899d-7e7561b3f175 None None] MySQL server mode set to STRICT_TRANS_TABLES,STRICT_ALL_TABLES,NO_ZERO_IN_DATE,NO_ZERO_DATE,ERROR_FOR_DIVISION_BY_ZERO,TRADITIONAL,NO_ENGINE_SUBSTITUTION {{(pid=96052) _check_effective_sql_mode /opt/stack/data/venv/lib/python3.12/site-packages/oslo_db/sqlalchemy/engines.py:325}}
Aug 06 07:21:29.920938 np0000006635 devstack@n-api-meta.service[96049]: DEBUG nova.api.openstack.wsgi_app [None req-867985f5-2eef-4db8-9802-0672de26f39b None None] config_file = ['/etc/nova/api-paste.ini', '/etc/nova/nova.conf'] {{(pid=96049) log_opt_values /opt/stack/data/venv/lib/python3.12/site-packages/oslo_config/cfg.py:3534}}
Aug 06 07:21:29.921112 np0000006635 devstack@n-api-meta.service[96049]: DEBUG nova.api.openstack.wsgi_app [None req-867985f5-2eef-4db8-9802-0672de26f39b None None] config_source = [] {{(pid=96049) log_opt_values /opt/stack/data/venv/lib/python3.12/site-packages/oslo_config/cfg.py:3534}}
Aug 06 07:21:29.921314 np0000006635 devstack@n-api-meta.service[96049]: DEBUG nova.api.openstack.wsgi_app [None req-867985f5-2eef-4db8-9802-0672de26f39b None None] console_host = np0000006635 {{(pid=96049) log_opt_values /opt/stack/data/venv/lib/python3.12/site-packages/oslo_config/cfg.py:3534}}
Aug 06 07:21:29.921494 np0000006635 devstack@n-api-meta.service[96049]: DEBUG nova.api.openstack.wsgi_app [None req-867985f5-2eef-4db8-9802-0672de26f39b None None] control_exchange = nova {{(pid=96049) log_opt_values /opt/stack/data/venv/lib/python3.12/site-packages/oslo_config/cfg.py:3534}}
Aug 06 07:21:29.921663 np0000006635 devstack@n-api-meta.service[96049]: DEBUG nova.api.openstack.wsgi_app [None req-867985f5-2eef-4db8-9802-0672de26f39b None None] cpu_allocation_ratio = None {{(pid=96049) log_opt_values /opt/stack/data/venv/lib/python3.12/site-packages/oslo_config/cfg.py:3534}}
Aug 06 07:21:29.921841 np0000006635 devstack@n-api-meta.service[96049]: DEBUG nova.api.openstack.wsgi_app [None req-867985f5-2eef-4db8-9802-0672de26f39b None None] daemon = False {{(pid=96049) log_opt_values /opt/stack/data/venv/lib/python3.12/site-packages/oslo_config/cfg.py:3534}}
Aug 06 07:21:29.922017 np0000006635 devstack@n-api-meta.service[96049]: DEBUG nova.api.openstack.wsgi_app [None req-867985f5-2eef-4db8-9802-0672de26f39b None None] debug = True {{(pid=96049) log_opt_values /opt/stack/data/venv/lib/python3.12/site-packages/oslo_config/cfg.py:3534}}
Aug 06 07:21:29.922182 np0000006635 devstack@n-api-meta.service[96049]: DEBUG nova.api.openstack.wsgi_app [None req-867985f5-2eef-4db8-9802-0672de26f39b None None] default_access_ip_network_name = None {{(pid=96049) log_opt_values /opt/stack/data/venv/lib/python3.12/site-packages/oslo_config/cfg.py:3534}}
Aug 06 07:21:29.922401 np0000006635 devstack@n-api-meta.service[96049]: DEBUG nova.api.openstack.wsgi_app [None req-867985f5-2eef-4db8-9802-0672de26f39b None None] default_availability_zone = nova {{(pid=96049) log_opt_values /opt/stack/data/venv/lib/python3.12/site-packages/oslo_config/cfg.py:3534}}
Aug 06 07:21:29.922576 np0000006635 devstack@n-api-meta.service[96049]: DEBUG nova.api.openstack.wsgi_app [None req-867985f5-2eef-4db8-9802-0672de26f39b None None] default_ephemeral_format = ext4 {{(pid=96049) log_opt_values /opt/stack/data/venv/lib/python3.12/site-packages/oslo_config/cfg.py:3534}}
Aug 06 07:21:29.922743 np0000006635 devstack@n-api-meta.service[96049]: DEBUG nova.api.openstack.wsgi_app [None req-867985f5-2eef-4db8-9802-0672de26f39b None None] default_green_pool_size = 1000 {{(pid=96049) log_opt_values /opt/stack/data/venv/lib/python3.12/site-packages/oslo_config/cfg.py:3534}}
Aug 06 07:21:29.923026 np0000006635 devstack@n-api-meta.service[96049]: DEBUG nova.api.openstack.wsgi_app [None req-867985f5-2eef-4db8-9802-0672de26f39b None None] default_log_levels = ['amqp=WARN', 'boto=WARN', 'sqlalchemy=WARN', 'suds=INFO', 'oslo.messaging=INFO', 'oslo_messaging=INFO', 'iso8601=WARN', 'requests.packages.urllib3.connectionpool=WARN', 'urllib3.connectionpool=WARN', 'websocket=WARN', 'requests.packages.urllib3.util.retry=WARN', 'urllib3.util.retry=WARN', 'keystonemiddleware=WARN', 'routes.middleware=WARN', 'stevedore=WARN', 'taskflow=WARN', 'keystoneauth=WARN', 'oslo.cache=INFO', 'oslo_policy=INFO', 'dogpile.core.dogpile=INFO', 'glanceclient=WARN', 'oslo.privsep.daemon=INFO'] {{(pid=96049) log_opt_values /opt/stack/data/venv/lib/python3.12/site-packages/oslo_config/cfg.py:3534}}
Aug 06 07:21:29.923212 np0000006635 devstack@n-api-meta.service[96049]: DEBUG nova.api.openstack.wsgi_app [None req-867985f5-2eef-4db8-9802-0672de26f39b None None] default_schedule_zone = None {{(pid=96049) log_opt_values /opt/stack/data/venv/lib/python3.12/site-packages/oslo_config/cfg.py:3534}}
Aug 06 07:21:29.923395 np0000006635 devstack@n-api-meta.service[96049]: DEBUG nova.api.openstack.wsgi_app [None req-867985f5-2eef-4db8-9802-0672de26f39b None None] default_thread_pool_size = 10 {{(pid=96049) log_opt_values /opt/stack/data/venv/lib/python3.12/site-packages/oslo_config/cfg.py:3534}}
Aug 06 07:21:29.923564 np0000006635 devstack@n-api-meta.service[96049]: DEBUG nova.api.openstack.wsgi_app [None req-867985f5-2eef-4db8-9802-0672de26f39b None None] disk_allocation_ratio = None {{(pid=96049) log_opt_values /opt/stack/data/venv/lib/python3.12/site-packages/oslo_config/cfg.py:3534}}
Aug 06 07:21:29.923733 np0000006635 devstack@n-api-meta.service[96049]: DEBUG nova.api.openstack.wsgi_app [None req-867985f5-2eef-4db8-9802-0672de26f39b None None] enable_new_services = True {{(pid=96049) log_opt_values /opt/stack/data/venv/lib/python3.12/site-packages/oslo_config/cfg.py:3534}}
Aug 06 07:21:29.923901 np0000006635 devstack@n-api-meta.service[96049]: DEBUG nova.api.openstack.wsgi_app [None req-867985f5-2eef-4db8-9802-0672de26f39b None None] flat_injected = False {{(pid=96049) log_opt_values /opt/stack/data/venv/lib/python3.12/site-packages/oslo_config/cfg.py:3534}}
Aug 06 07:21:29.924081 np0000006635 devstack@n-api-meta.service[96049]: DEBUG nova.api.openstack.wsgi_app [None req-867985f5-2eef-4db8-9802-0672de26f39b None None] force_config_drive = True {{(pid=96049) log_opt_values /opt/stack/data/venv/lib/python3.12/site-packages/oslo_config/cfg.py:3534}}
Aug 06 07:21:29.924280 np0000006635 devstack@n-api-meta.service[96049]: DEBUG nova.api.openstack.wsgi_app [None req-867985f5-2eef-4db8-9802-0672de26f39b None None] force_raw_images = True {{(pid=96049) log_opt_values /opt/stack/data/venv/lib/python3.12/site-packages/oslo_config/cfg.py:3534}}
Aug 06 07:21:29.924468 np0000006635 devstack@n-api-meta.service[96049]: DEBUG nova.api.openstack.wsgi_app [None req-867985f5-2eef-4db8-9802-0672de26f39b None None] graceful_shutdown_timeout = 5 {{(pid=96049) log_opt_values /opt/stack/data/venv/lib/python3.12/site-packages/oslo_config/cfg.py:3534}}
Aug 06 07:21:29.924641 np0000006635 devstack@n-api-meta.service[96049]: DEBUG nova.api.openstack.wsgi_app [None req-867985f5-2eef-4db8-9802-0672de26f39b None None] heal_instance_info_cache_interval = -1 {{(pid=96049) log_opt_values /opt/stack/data/venv/lib/python3.12/site-packages/oslo_config/cfg.py:3534}}
Aug 06 07:21:29.924872 np0000006635 devstack@n-api-meta.service[96049]: DEBUG nova.api.openstack.wsgi_app [None req-867985f5-2eef-4db8-9802-0672de26f39b None None] host = np0000006635 {{(pid=96049) log_opt_values /opt/stack/data/venv/lib/python3.12/site-packages/oslo_config/cfg.py:3534}}
Aug 06 07:21:29.925052 np0000006635 devstack@n-api-meta.service[96049]: DEBUG nova.api.openstack.wsgi_app [None req-867985f5-2eef-4db8-9802-0672de26f39b None None] initial_cpu_allocation_ratio = 4.0 {{(pid=96049) log_opt_values /opt/stack/data/venv/lib/python3.12/site-packages/oslo_config/cfg.py:3534}}
Aug 06 07:21:29.925240 np0000006635 devstack@n-api-meta.service[96049]: DEBUG nova.api.openstack.wsgi_app [None req-867985f5-2eef-4db8-9802-0672de26f39b None None] initial_disk_allocation_ratio = 1.0 {{(pid=96049) log_opt_values /opt/stack/data/venv/lib/python3.12/site-packages/oslo_config/cfg.py:3534}}
Aug 06 07:21:29.925415 np0000006635 devstack@n-api-meta.service[96049]: DEBUG nova.api.openstack.wsgi_app [None req-867985f5-2eef-4db8-9802-0672de26f39b None None] initial_ram_allocation_ratio = 1.0 {{(pid=96049) log_opt_values /opt/stack/data/venv/lib/python3.12/site-packages/oslo_config/cfg.py:3534}}
Aug 06 07:21:29.925639 np0000006635 devstack@n-api-meta.service[96049]: DEBUG nova.api.openstack.wsgi_app [None req-867985f5-2eef-4db8-9802-0672de26f39b None None] injected_network_template = /opt/stack/nova/nova/virt/interfaces.template {{(pid=96049) log_opt_values /opt/stack/data/venv/lib/python3.12/site-packages/oslo_config/cfg.py:3534}}
Aug 06 07:21:29.925812 np0000006635 devstack@n-api-meta.service[96049]: DEBUG nova.api.openstack.wsgi_app [None req-867985f5-2eef-4db8-9802-0672de26f39b None None] instance_build_timeout = 0 {{(pid=96049) log_opt_values /opt/stack/data/venv/lib/python3.12/site-packages/oslo_config/cfg.py:3534}}
Aug 06 07:21:29.925979 np0000006635 devstack@n-api-meta.service[96049]: DEBUG nova.api.openstack.wsgi_app [None req-867985f5-2eef-4db8-9802-0672de26f39b None None] instance_delete_interval = 300 {{(pid=96049) log_opt_values /opt/stack/data/venv/lib/python3.12/site-packages/oslo_config/cfg.py:3534}}
Aug 06 07:21:29.926150 np0000006635 devstack@n-api-meta.service[96049]: DEBUG nova.api.openstack.wsgi_app [None req-867985f5-2eef-4db8-9802-0672de26f39b None None] instance_format = [instance: %(uuid)s] {{(pid=96049) log_opt_values /opt/stack/data/venv/lib/python3.12/site-packages/oslo_config/cfg.py:3534}}
Aug 06 07:21:29.926357 np0000006635 devstack@n-api-meta.service[96049]: DEBUG nova.api.openstack.wsgi_app [None req-867985f5-2eef-4db8-9802-0672de26f39b None None] instance_name_template = instance-%08x {{(pid=96049) log_opt_values /opt/stack/data/venv/lib/python3.12/site-packages/oslo_config/cfg.py:3534}}
Aug 06 07:21:29.926621 np0000006635 devstack@n-api-meta.service[96049]: DEBUG nova.api.openstack.wsgi_app [None req-867985f5-2eef-4db8-9802-0672de26f39b None None] instance_usage_audit = False {{(pid=96049) log_opt_values /opt/stack/data/venv/lib/python3.12/site-packages/oslo_config/cfg.py:3534}}
Aug 06 07:21:29.926798 np0000006635 devstack@n-api-meta.service[96049]: DEBUG nova.api.openstack.wsgi_app [None req-867985f5-2eef-4db8-9802-0672de26f39b None None] instance_usage_audit_period = month {{(pid=96049) log_opt_values /opt/stack/data/venv/lib/python3.12/site-packages/oslo_config/cfg.py:3534}}
Aug 06 07:21:29.927016 np0000006635 devstack@n-api-meta.service[96049]: DEBUG nova.api.openstack.wsgi_app [None req-867985f5-2eef-4db8-9802-0672de26f39b None None] instance_uuid_format = [instance: %(uuid)s] {{(pid=96049) log_opt_values /opt/stack/data/venv/lib/python3.12/site-packages/oslo_config/cfg.py:3534}}
Aug 06 07:21:29.927193 np0000006635 devstack@n-api-meta.service[96049]: DEBUG nova.api.openstack.wsgi_app [None req-867985f5-2eef-4db8-9802-0672de26f39b None None] instances_path = /opt/stack/data/nova/instances {{(pid=96049) log_opt_values /opt/stack/data/venv/lib/python3.12/site-packages/oslo_config/cfg.py:3534}}
Aug 06 07:21:29.927398 np0000006635 devstack@n-api-meta.service[96049]: DEBUG nova.api.openstack.wsgi_app [None req-867985f5-2eef-4db8-9802-0672de26f39b None None] internal_service_availability_zone = internal {{(pid=96049) log_opt_values /opt/stack/data/venv/lib/python3.12/site-packages/oslo_config/cfg.py:3534}}
Aug 06 07:21:29.927656 np0000006635 devstack@n-api-meta.service[96049]: DEBUG nova.api.openstack.wsgi_app [None req-867985f5-2eef-4db8-9802-0672de26f39b None None] key = None {{(pid=96049) log_opt_values /opt/stack/data/venv/lib/python3.12/site-packages/oslo_config/cfg.py:3534}}
Aug 06 07:21:29.927704 np0000006635 devstack@n-api-meta.service[96052]: DEBUG dbcounter [-] [96052] Writer thread running {{(pid=96052) stat_writer /opt/stack/data/venv/lib/python3.12/site-packages/dbcounter.py:102}}
Aug 06 07:21:29.927832 np0000006635 devstack@n-api-meta.service[96049]: DEBUG nova.api.openstack.wsgi_app [None req-867985f5-2eef-4db8-9802-0672de26f39b None None] live_migration_retry_count = 30 {{(pid=96049) log_opt_values /opt/stack/data/venv/lib/python3.12/site-packages/oslo_config/cfg.py:3534}}
Aug 06 07:21:29.928013 np0000006635 devstack@n-api-meta.service[96049]: DEBUG nova.api.openstack.wsgi_app [None req-867985f5-2eef-4db8-9802-0672de26f39b None None] log_color = False {{(pid=96049) log_opt_values /opt/stack/data/venv/lib/python3.12/site-packages/oslo_config/cfg.py:3534}}
Aug 06 07:21:29.928190 np0000006635 devstack@n-api-meta.service[96049]: DEBUG nova.api.openstack.wsgi_app [None req-867985f5-2eef-4db8-9802-0672de26f39b None None] log_config_append = None {{(pid=96049) log_opt_values /opt/stack/data/venv/lib/python3.12/site-packages/oslo_config/cfg.py:3534}}
Aug 06 07:21:29.928395 np0000006635 devstack@n-api-meta.service[96049]: DEBUG nova.api.openstack.wsgi_app [None req-867985f5-2eef-4db8-9802-0672de26f39b None None] log_date_format = %Y-%m-%d %H:%M:%S {{(pid=96049) log_opt_values /opt/stack/data/venv/lib/python3.12/site-packages/oslo_config/cfg.py:3534}}
Aug 06 07:21:29.928571 np0000006635 devstack@n-api-meta.service[96049]: DEBUG nova.api.openstack.wsgi_app [None req-867985f5-2eef-4db8-9802-0672de26f39b None None] log_dir = None {{(pid=96049) log_opt_values /opt/stack/data/venv/lib/python3.12/site-packages/oslo_config/cfg.py:3534}}
Aug 06 07:21:29.928736 np0000006635 devstack@n-api-meta.service[96049]: DEBUG nova.api.openstack.wsgi_app [None req-867985f5-2eef-4db8-9802-0672de26f39b None None] log_file = None {{(pid=96049) log_opt_values /opt/stack/data/venv/lib/python3.12/site-packages/oslo_config/cfg.py:3534}}
Aug 06 07:21:29.928883 np0000006635 devstack@n-api-meta.service[96049]: DEBUG nova.api.openstack.wsgi_app [None req-867985f5-2eef-4db8-9802-0672de26f39b None None] log_options = True {{(pid=96049) log_opt_values /opt/stack/data/venv/lib/python3.12/site-packages/oslo_config/cfg.py:3534}}
Aug 06 07:21:29.929056 np0000006635 devstack@n-api-meta.service[96049]: DEBUG nova.api.openstack.wsgi_app [None req-867985f5-2eef-4db8-9802-0672de26f39b None None] log_rotate_interval = 1 {{(pid=96049) log_opt_values /opt/stack/data/venv/lib/python3.12/site-packages/oslo_config/cfg.py:3534}}
Aug 06 07:21:29.929256 np0000006635 devstack@n-api-meta.service[96049]: DEBUG nova.api.openstack.wsgi_app [None req-867985f5-2eef-4db8-9802-0672de26f39b None None] log_rotate_interval_type = days {{(pid=96049) log_opt_values /opt/stack/data/venv/lib/python3.12/site-packages/oslo_config/cfg.py:3534}}
Aug 06 07:21:29.929428 np0000006635 devstack@n-api-meta.service[96049]: DEBUG nova.api.openstack.wsgi_app [None req-867985f5-2eef-4db8-9802-0672de26f39b None None] log_rotation_type = none {{(pid=96049) log_opt_values /opt/stack/data/venv/lib/python3.12/site-packages/oslo_config/cfg.py:3534}}
Aug 06 07:21:29.929568 np0000006635 devstack@n-api-meta.service[96049]: DEBUG nova.api.openstack.wsgi_app [None req-867985f5-2eef-4db8-9802-0672de26f39b None None] logging_context_format_string = %(color)s%(levelname)s %(name)s [%(global_request_id)s %(request_id)s %(project_name)s %(user_name)s%(color)s] %(instance)s%(color)s%(message)s {{(pid=96049) log_opt_values /opt/stack/data/venv/lib/python3.12/site-packages/oslo_config/cfg.py:3534}}
Aug 06 07:21:29.929711 np0000006635 devstack@n-api-meta.service[96049]: DEBUG nova.api.openstack.wsgi_app [None req-867985f5-2eef-4db8-9802-0672de26f39b None None] logging_debug_format_suffix = {{(pid=%(process)d) %(funcName)s %(pathname)s:%(lineno)d}} {{(pid=96049) log_opt_values /opt/stack/data/venv/lib/python3.12/site-packages/oslo_config/cfg.py:3534}}
Aug 06 07:21:29.929887 np0000006635 devstack@n-api-meta.service[96049]: DEBUG nova.api.openstack.wsgi_app [None req-867985f5-2eef-4db8-9802-0672de26f39b None None] logging_default_format_string = %(color)s%(levelname)s %(name)s [-%(color)s] %(instance)s%(color)s%(message)s {{(pid=96049) log_opt_values /opt/stack/data/venv/lib/python3.12/site-packages/oslo_config/cfg.py:3534}}
Aug 06 07:21:29.930059 np0000006635 devstack@n-api-meta.service[96049]: DEBUG nova.api.openstack.wsgi_app [None req-867985f5-2eef-4db8-9802-0672de26f39b None None] logging_exception_prefix = ERROR %(name)s %(instance)s {{(pid=96049) log_opt_values /opt/stack/data/venv/lib/python3.12/site-packages/oslo_config/cfg.py:3534}}
Aug 06 07:21:29.930209 np0000006635 devstack@n-api-meta.service[96049]: DEBUG nova.api.openstack.wsgi_app [None req-867985f5-2eef-4db8-9802-0672de26f39b None None] logging_user_identity_format = %(user)s %(project)s %(domain)s %(system_scope)s %(user_domain)s %(project_domain)s {{(pid=96049) log_opt_values /opt/stack/data/venv/lib/python3.12/site-packages/oslo_config/cfg.py:3534}}
