Aug 06 07:21:29.329176 np0000006635 nova-scheduler[96627]: DEBUG cotyledon.oslo_config_glue [-] workarounds.ensure_libvirt_rbd_instance_dir_cleanup = False {{(pid=96627) log_opt_values /opt/stack/data/venv/lib/python3.12/site-packages/oslo_config/cfg.py:3545}}
Aug 06 07:21:29.329176 np0000006635 nova-scheduler[96627]: DEBUG cotyledon.oslo_config_glue [-] workarounds.handle_virt_lifecycle_events = True {{(pid=96627) log_opt_values /opt/stack/data/venv/lib/python3.12/site-packages/oslo_config/cfg.py:3545}}
Aug 06 07:21:29.329176 np0000006635 nova-scheduler[96627]: DEBUG cotyledon.oslo_config_glue [-] workarounds.libvirt_disable_apic = False {{(pid=96627) log_opt_values /opt/stack/data/venv/lib/python3.12/site-packages/oslo_config/cfg.py:3545}}
Aug 06 07:21:29.329176 np0000006635 nova-scheduler[96627]: DEBUG cotyledon.oslo_config_glue [-] workarounds.never_download_image_if_on_rbd = False {{(pid=96627) log_opt_values /opt/stack/data/venv/lib/python3.12/site-packages/oslo_config/cfg.py:3545}}
Aug 06 07:21:29.329176 np0000006635 nova-scheduler[96627]: DEBUG cotyledon.oslo_config_glue [-] workarounds.qemu_monitor_announce_self_count = 3 {{(pid=96627) log_opt_values /opt/stack/data/venv/lib/python3.12/site-packages/oslo_config/cfg.py:3545}}
Aug 06 07:21:29.329176 np0000006635 nova-scheduler[96627]: DEBUG cotyledon.oslo_config_glue [-] workarounds.qemu_monitor_announce_self_interval = 1 {{(pid=96627) log_opt_values /opt/stack/data/venv/lib/python3.12/site-packages/oslo_config/cfg.py:3545}}
Aug 06 07:21:29.329518 np0000006635 nova-scheduler[96627]: DEBUG cotyledon.oslo_config_glue [-] workarounds.reserve_disk_resource_for_image_cache = False {{(pid=96627) log_opt_values /opt/stack/data/venv/lib/python3.12/site-packages/oslo_config/cfg.py:3545}}
Aug 06 07:21:29.329518 np0000006635 nova-scheduler[96627]: DEBUG cotyledon.oslo_config_glue [-] workarounds.skip_cpu_compare_at_startup = False {{(pid=96627) log_opt_values /opt/stack/data/venv/lib/python3.12/site-packages/oslo_config/cfg.py:3545}}
Aug 06 07:21:29.329518 np0000006635 nova-scheduler[96627]: DEBUG cotyledon.oslo_config_glue [-] workarounds.skip_cpu_compare_on_dest = False {{(pid=96627) log_opt_values /opt/stack/data/venv/lib/python3.12/site-packages/oslo_config/cfg.py:3545}}
Aug 06 07:21:29.329518 np0000006635 nova-scheduler[96627]: DEBUG cotyledon.oslo_config_glue [-] workarounds.skip_hypervisor_version_check_on_lm = False {{(pid=96627) log_opt_values /opt/stack/data/venv/lib/python3.12/site-packages/oslo_config/cfg.py:3545}}
Aug 06 07:21:29.329518 np0000006635 nova-scheduler[96627]: DEBUG cotyledon.oslo_config_glue [-] workarounds.skip_reserve_in_use_ironic_nodes = False {{(pid=96627) log_opt_values /opt/stack/data/venv/lib/python3.12/site-packages/oslo_config/cfg.py:3545}}
Aug 06 07:21:29.329518 np0000006635 nova-scheduler[96627]: DEBUG cotyledon.oslo_config_glue [-] workarounds.unified_limits_count_pcpu_as_vcpu = False {{(pid=96627) log_opt_values /opt/stack/data/venv/lib/python3.12/site-packages/oslo_config/cfg.py:3545}}
Aug 06 07:21:29.329518 np0000006635 nova-scheduler[96627]: DEBUG cotyledon.oslo_config_glue [-] workarounds.wait_for_vif_plugged_event_during_hard_reboot = [] {{(pid=96627) log_opt_values /opt/stack/data/venv/lib/python3.12/site-packages/oslo_config/cfg.py:3545}}
Aug 06 07:21:29.329518 np0000006635 nova-scheduler[96627]: DEBUG cotyledon.oslo_config_glue [-] wsgi.api_paste_config = /etc/nova/api-paste.ini {{(pid=96627) log_opt_values /opt/stack/data/venv/lib/python3.12/site-packages/oslo_config/cfg.py:3545}}
Aug 06 07:21:29.329518 np0000006635 nova-scheduler[96627]: DEBUG cotyledon.oslo_config_glue [-] wsgi.secure_proxy_ssl_header = None {{(pid=96627) log_opt_values /opt/stack/data/venv/lib/python3.12/site-packages/oslo_config/cfg.py:3545}}
Aug 06 07:21:29.329808 np0000006635 nova-scheduler[96627]: DEBUG cotyledon.oslo_config_glue [-] zvm.ca_file = None {{(pid=96627) log_opt_values /opt/stack/data/venv/lib/python3.12/site-packages/oslo_config/cfg.py:3545}}
Aug 06 07:21:29.329808 np0000006635 nova-scheduler[96627]: DEBUG cotyledon.oslo_config_glue [-] zvm.cloud_connector_url = None {{(pid=96627) log_opt_values /opt/stack/data/venv/lib/python3.12/site-packages/oslo_config/cfg.py:3545}}
Aug 06 07:21:29.329808 np0000006635 nova-scheduler[96627]: DEBUG cotyledon.oslo_config_glue [-] zvm.image_tmp_path = /opt/stack/data/nova/images {{(pid=96627) log_opt_values /opt/stack/data/venv/lib/python3.12/site-packages/oslo_config/cfg.py:3545}}
Aug 06 07:21:29.329808 np0000006635 nova-scheduler[96627]: DEBUG cotyledon.oslo_config_glue [-] zvm.reachable_timeout = 300 {{(pid=96627) log_opt_values /opt/stack/data/venv/lib/python3.12/site-packages/oslo_config/cfg.py:3545}}
Aug 06 07:21:29.329808 np0000006635 nova-scheduler[96627]: DEBUG cotyledon.oslo_config_glue [-] oslo_versionedobjects.fatal_exception_format_errors = False {{(pid=96627) log_opt_values /opt/stack/data/venv/lib/python3.12/site-packages/oslo_config/cfg.py:3545}}
Aug 06 07:21:29.329808 np0000006635 nova-scheduler[96627]: DEBUG cotyledon.oslo_config_glue [-] oslo_middleware.http_basic_auth_user_file = /etc/htpasswd {{(pid=96627) log_opt_values /opt/stack/data/venv/lib/python3.12/site-packages/oslo_config/cfg.py:3545}}
Aug 06 07:21:29.329808 np0000006635 nova-scheduler[96627]: DEBUG cotyledon.oslo_config_glue [-] oslo_messaging_metrics.metrics_buffer_size = 1000 {{(pid=96627) log_opt_values /opt/stack/data/venv/lib/python3.12/site-packages/oslo_config/cfg.py:3545}}
Aug 06 07:21:29.329808 np0000006635 nova-scheduler[96627]: DEBUG cotyledon.oslo_config_glue [-] oslo_messaging_metrics.metrics_enabled = False {{(pid=96627) log_opt_values /opt/stack/data/venv/lib/python3.12/site-packages/oslo_config/cfg.py:3545}}
Aug 06 07:21:29.329808 np0000006635 nova-scheduler[96627]: DEBUG cotyledon.oslo_config_glue [-] oslo_messaging_metrics.metrics_process_name = {{(pid=96627) log_opt_values /opt/stack/data/venv/lib/python3.12/site-packages/oslo_config/cfg.py:3545}}
Aug 06 07:21:29.330086 np0000006635 nova-scheduler[96627]: DEBUG cotyledon.oslo_config_glue [-] oslo_messaging_metrics.metrics_socket_file = /var/tmp/metrics_collector.sock {{(pid=96627) log_opt_values /opt/stack/data/venv/lib/python3.12/site-packages/oslo_config/cfg.py:3545}}
Aug 06 07:21:29.330086 np0000006635 nova-scheduler[96627]: DEBUG cotyledon.oslo_config_glue [-] oslo_messaging_metrics.metrics_thread_stop_timeout = 10 {{(pid=96627) log_opt_values /opt/stack/data/venv/lib/python3.12/site-packages/oslo_config/cfg.py:3545}}
Aug 06 07:21:29.330086 np0000006635 nova-scheduler[96627]: DEBUG cotyledon.oslo_config_glue [-] profiler.connection_string = messaging:// {{(pid=96627) log_opt_values /opt/stack/data/venv/lib/python3.12/site-packages/oslo_config/cfg.py:3545}}
Aug 06 07:21:29.330086 np0000006635 nova-scheduler[96627]: DEBUG cotyledon.oslo_config_glue [-] profiler.enabled = False {{(pid=96627) log_opt_values /opt/stack/data/venv/lib/python3.12/site-packages/oslo_config/cfg.py:3545}}
Aug 06 07:21:29.330086 np0000006635 nova-scheduler[96627]: DEBUG cotyledon.oslo_config_glue [-] profiler.es_doc_type = notification {{(pid=96627) log_opt_values /opt/stack/data/venv/lib/python3.12/site-packages/oslo_config/cfg.py:3545}}
Aug 06 07:21:29.330086 np0000006635 nova-scheduler[96627]: DEBUG cotyledon.oslo_config_glue [-] profiler.es_scroll_size = 10000 {{(pid=96627) log_opt_values /opt/stack/data/venv/lib/python3.12/site-packages/oslo_config/cfg.py:3545}}
Aug 06 07:21:29.330086 np0000006635 nova-scheduler[96627]: DEBUG cotyledon.oslo_config_glue [-] profiler.es_scroll_time = 2m {{(pid=96627) log_opt_values /opt/stack/data/venv/lib/python3.12/site-packages/oslo_config/cfg.py:3545}}
Aug 06 07:21:29.330086 np0000006635 nova-scheduler[96627]: DEBUG cotyledon.oslo_config_glue [-] profiler.filter_error_trace = False {{(pid=96627) log_opt_values /opt/stack/data/venv/lib/python3.12/site-packages/oslo_config/cfg.py:3545}}
Aug 06 07:21:29.330086 np0000006635 nova-scheduler[96627]: DEBUG cotyledon.oslo_config_glue [-] profiler.hmac_keys = **** {{(pid=96627) log_opt_values /opt/stack/data/venv/lib/python3.12/site-packages/oslo_config/cfg.py:3545}}
Aug 06 07:21:29.330415 np0000006635 nova-scheduler[96627]: DEBUG cotyledon.oslo_config_glue [-] profiler.sentinel_service_name = mymaster {{(pid=96627) log_opt_values /opt/stack/data/venv/lib/python3.12/site-packages/oslo_config/cfg.py:3545}}
Aug 06 07:21:29.330415 np0000006635 nova-scheduler[96627]: DEBUG cotyledon.oslo_config_glue [-] profiler.socket_timeout = 0.1 {{(pid=96627) log_opt_values /opt/stack/data/venv/lib/python3.12/site-packages/oslo_config/cfg.py:3545}}
Aug 06 07:21:29.330415 np0000006635 nova-scheduler[96627]: DEBUG cotyledon.oslo_config_glue [-] profiler.trace_requests = False {{(pid=96627) log_opt_values /opt/stack/data/venv/lib/python3.12/site-packages/oslo_config/cfg.py:3545}}
Aug 06 07:21:29.330415 np0000006635 nova-scheduler[96627]: DEBUG cotyledon.oslo_config_glue [-] profiler.trace_sqlalchemy = False {{(pid=96627) log_opt_values /opt/stack/data/venv/lib/python3.12/site-packages/oslo_config/cfg.py:3545}}
Aug 06 07:21:29.330415 np0000006635 nova-scheduler[96627]: DEBUG cotyledon.oslo_config_glue [-] profiler_jaeger.process_tags = {} {{(pid=96627) log_opt_values /opt/stack/data/venv/lib/python3.12/site-packages/oslo_config/cfg.py:3545}}
Aug 06 07:21:29.330415 np0000006635 nova-scheduler[96627]: DEBUG cotyledon.oslo_config_glue [-] profiler_jaeger.service_name_prefix = None {{(pid=96627) log_opt_values /opt/stack/data/venv/lib/python3.12/site-packages/oslo_config/cfg.py:3545}}
Aug 06 07:21:29.330415 np0000006635 nova-scheduler[96627]: DEBUG cotyledon.oslo_config_glue [-] profiler_otlp.service_name_prefix = None {{(pid=96627) log_opt_values /opt/stack/data/venv/lib/python3.12/site-packages/oslo_config/cfg.py:3545}}
Aug 06 07:21:29.330415 np0000006635 nova-scheduler[96627]: DEBUG cotyledon.oslo_config_glue [-] oslo_messaging_rabbit.amqp_auto_delete = False {{(pid=96627) log_opt_values /opt/stack/data/venv/lib/python3.12/site-packages/oslo_config/cfg.py:3545}}
Aug 06 07:21:29.330415 np0000006635 nova-scheduler[96627]: DEBUG cotyledon.oslo_config_glue [-] oslo_messaging_rabbit.amqp_durable_queues = False {{(pid=96627) log_opt_values /opt/stack/data/venv/lib/python3.12/site-packages/oslo_config/cfg.py:3545}}
Aug 06 07:21:29.330697 np0000006635 nova-scheduler[96627]: DEBUG cotyledon.oslo_config_glue [-] oslo_messaging_rabbit.conn_pool_min_size = 2 {{(pid=96627) log_opt_values /opt/stack/data/venv/lib/python3.12/site-packages/oslo_config/cfg.py:3545}}
Aug 06 07:21:29.330697 np0000006635 nova-scheduler[96627]: DEBUG cotyledon.oslo_config_glue [-] oslo_messaging_rabbit.conn_pool_ttl = 1200 {{(pid=96627) log_opt_values /opt/stack/data/venv/lib/python3.12/site-packages/oslo_config/cfg.py:3545}}
Aug 06 07:21:29.330697 np0000006635 nova-scheduler[96627]: DEBUG cotyledon.oslo_config_glue [-] oslo_messaging_rabbit.direct_mandatory_flag = True {{(pid=96627) log_opt_values /opt/stack/data/venv/lib/python3.12/site-packages/oslo_config/cfg.py:3545}}
Aug 06 07:21:29.330697 np0000006635 nova-scheduler[96627]: DEBUG cotyledon.oslo_config_glue [-] oslo_messaging_rabbit.enable_cancel_on_failover = False {{(pid=96627) log_opt_values /opt/stack/data/venv/lib/python3.12/site-packages/oslo_config/cfg.py:3545}}
Aug 06 07:21:29.330697 np0000006635 nova-scheduler[96627]: DEBUG cotyledon.oslo_config_glue [-] oslo_messaging_rabbit.heartbeat_rate = 3 {{(pid=96627) log_opt_values /opt/stack/data/venv/lib/python3.12/site-packages/oslo_config/cfg.py:3545}}
Aug 06 07:21:29.330697 np0000006635 nova-scheduler[96627]: DEBUG cotyledon.oslo_config_glue [-] oslo_messaging_rabbit.heartbeat_timeout_threshold = 60 {{(pid=96627) log_opt_values /opt/stack/data/venv/lib/python3.12/site-packages/oslo_config/cfg.py:3545}}
Aug 06 07:21:29.330697 np0000006635 nova-scheduler[96627]: DEBUG cotyledon.oslo_config_glue [-] oslo_messaging_rabbit.hostname = np0000006635 {{(pid=96627) log_opt_values /opt/stack/data/venv/lib/python3.12/site-packages/oslo_config/cfg.py:3545}}
Aug 06 07:21:29.330697 np0000006635 nova-scheduler[96627]: DEBUG cotyledon.oslo_config_glue [-] oslo_messaging_rabbit.kombu_compression = None {{(pid=96627) log_opt_values /opt/stack/data/venv/lib/python3.12/site-packages/oslo_config/cfg.py:3545}}
Aug 06 07:21:29.330697 np0000006635 nova-scheduler[96627]: DEBUG cotyledon.oslo_config_glue [-] oslo_messaging_rabbit.kombu_failover_strategy = round-robin {{(pid=96627) log_opt_values /opt/stack/data/venv/lib/python3.12/site-packages/oslo_config/cfg.py:3545}}
Aug 06 07:21:29.330959 np0000006635 nova-scheduler[96627]: DEBUG cotyledon.oslo_config_glue [-] oslo_messaging_rabbit.kombu_missing_consumer_retry_timeout = 60 {{(pid=96627) log_opt_values /opt/stack/data/venv/lib/python3.12/site-packages/oslo_config/cfg.py:3545}}
Aug 06 07:21:29.330959 np0000006635 nova-scheduler[96627]: DEBUG cotyledon.oslo_config_glue [-] oslo_messaging_rabbit.kombu_reconnect_delay = 1.0 {{(pid=96627) log_opt_values /opt/stack/data/venv/lib/python3.12/site-packages/oslo_config/cfg.py:3545}}
Aug 06 07:21:29.330959 np0000006635 nova-scheduler[96627]: DEBUG cotyledon.oslo_config_glue [-] oslo_messaging_rabbit.kombu_reconnect_splay = 0.0 {{(pid=96627) log_opt_values /opt/stack/data/venv/lib/python3.12/site-packages/oslo_config/cfg.py:3545}}
Aug 06 07:21:29.330959 np0000006635 nova-scheduler[96627]: DEBUG cotyledon.oslo_config_glue [-] oslo_messaging_rabbit.processname = nova-scheduler {{(pid=96627) log_opt_values /opt/stack/data/venv/lib/python3.12/site-packages/oslo_config/cfg.py:3545}}
Aug 06 07:21:29.330959 np0000006635 nova-scheduler[96627]: DEBUG cotyledon.oslo_config_glue [-] oslo_messaging_rabbit.rabbit_ha_queues = False {{(pid=96627) log_opt_values /opt/stack/data/venv/lib/python3.12/site-packages/oslo_config/cfg.py:3545}}
Aug 06 07:21:29.330959 np0000006635 nova-scheduler[96627]: DEBUG cotyledon.oslo_config_glue [-] oslo_messaging_rabbit.rabbit_interval_max = 30 {{(pid=96627) log_opt_values /opt/stack/data/venv/lib/python3.12/site-packages/oslo_config/cfg.py:3545}}
Aug 06 07:21:29.330959 np0000006635 nova-scheduler[96627]: DEBUG cotyledon.oslo_config_glue [-] oslo_messaging_rabbit.rabbit_login_method = AMQPLAIN {{(pid=96627) log_opt_values /opt/stack/data/venv/lib/python3.12/site-packages/oslo_config/cfg.py:3545}}
Aug 06 07:21:29.330959 np0000006635 nova-scheduler[96627]: DEBUG cotyledon.oslo_config_glue [-] oslo_messaging_rabbit.rabbit_qos_prefetch_count = 0 {{(pid=96627) log_opt_values /opt/stack/data/venv/lib/python3.12/site-packages/oslo_config/cfg.py:3545}}
Aug 06 07:21:29.330959 np0000006635 nova-scheduler[96627]: DEBUG cotyledon.oslo_config_glue [-] oslo_messaging_rabbit.rabbit_quorum_delivery_limit = 0 {{(pid=96627) log_opt_values /opt/stack/data/venv/lib/python3.12/site-packages/oslo_config/cfg.py:3545}}
Aug 06 07:21:29.331252 np0000006635 nova-scheduler[96627]: DEBUG cotyledon.oslo_config_glue [-] oslo_messaging_rabbit.rabbit_quorum_max_memory_bytes = 0 {{(pid=96627) log_opt_values /opt/stack/data/venv/lib/python3.12/site-packages/oslo_config/cfg.py:3545}}
Aug 06 07:21:29.331252 np0000006635 nova-scheduler[96627]: DEBUG cotyledon.oslo_config_glue [-] oslo_messaging_rabbit.rabbit_quorum_max_memory_length = 0 {{(pid=96627) log_opt_values /opt/stack/data/venv/lib/python3.12/site-packages/oslo_config/cfg.py:3545}}
Aug 06 07:21:29.331252 np0000006635 nova-scheduler[96627]: DEBUG cotyledon.oslo_config_glue [-] oslo_messaging_rabbit.rabbit_quorum_queue = False {{(pid=96627) log_opt_values /opt/stack/data/venv/lib/python3.12/site-packages/oslo_config/cfg.py:3545}}
Aug 06 07:21:29.331252 np0000006635 nova-scheduler[96627]: DEBUG cotyledon.oslo_config_glue [-] oslo_messaging_rabbit.rabbit_retry_backoff = 2 {{(pid=96627) log_opt_values /opt/stack/data/venv/lib/python3.12/site-packages/oslo_config/cfg.py:3545}}
Aug 06 07:21:29.331252 np0000006635 nova-scheduler[96627]: DEBUG cotyledon.oslo_config_glue [-] oslo_messaging_rabbit.rabbit_retry_interval = 1 {{(pid=96627) log_opt_values /opt/stack/data/venv/lib/python3.12/site-packages/oslo_config/cfg.py:3545}}
Aug 06 07:21:29.331252 np0000006635 nova-scheduler[96627]: DEBUG cotyledon.oslo_config_glue [-] oslo_messaging_rabbit.rabbit_stream_fanout = False {{(pid=96627) log_opt_values /opt/stack/data/venv/lib/python3.12/site-packages/oslo_config/cfg.py:3545}}
Aug 06 07:21:29.331252 np0000006635 nova-scheduler[96627]: DEBUG cotyledon.oslo_config_glue [-] oslo_messaging_rabbit.rabbit_transient_queues_ttl = 1800 {{(pid=96627) log_opt_values /opt/stack/data/venv/lib/python3.12/site-packages/oslo_config/cfg.py:3545}}
Aug 06 07:21:29.331252 np0000006635 nova-scheduler[96627]: DEBUG cotyledon.oslo_config_glue [-] oslo_messaging_rabbit.rabbit_transient_quorum_queue = False {{(pid=96627) log_opt_values /opt/stack/data/venv/lib/python3.12/site-packages/oslo_config/cfg.py:3545}}
Aug 06 07:21:29.331252 np0000006635 nova-scheduler[96627]: DEBUG cotyledon.oslo_config_glue [-] oslo_messaging_rabbit.rpc_conn_pool_size = 30 {{(pid=96627) log_opt_values /opt/stack/data/venv/lib/python3.12/site-packages/oslo_config/cfg.py:3545}}
Aug 06 07:21:29.331452 np0000006635 nova-scheduler[96627]: DEBUG cotyledon.oslo_config_glue [-] oslo_messaging_rabbit.ssl = False {{(pid=96627) log_opt_values /opt/stack/data/venv/lib/python3.12/site-packages/oslo_config/cfg.py:3545}}
Aug 06 07:21:29.331452 np0000006635 nova-scheduler[96627]: DEBUG cotyledon.oslo_config_glue [-] oslo_messaging_rabbit.ssl_ca_file = {{(pid=96627) log_opt_values /opt/stack/data/venv/lib/python3.12/site-packages/oslo_config/cfg.py:3545}}
Aug 06 07:21:29.331452 np0000006635 nova-scheduler[96627]: DEBUG cotyledon.oslo_config_glue [-] oslo_messaging_rabbit.ssl_cert_file = {{(pid=96627) log_opt_values /opt/stack/data/venv/lib/python3.12/site-packages/oslo_config/cfg.py:3545}}
Aug 06 07:21:29.331452 np0000006635 nova-scheduler[96627]: DEBUG cotyledon.oslo_config_glue [-] oslo_messaging_rabbit.ssl_enforce_fips_mode = False {{(pid=96627) log_opt_values /opt/stack/data/venv/lib/python3.12/site-packages/oslo_config/cfg.py:3545}}
Aug 06 07:21:29.331452 np0000006635 nova-scheduler[96627]: DEBUG cotyledon.oslo_config_glue [-] oslo_messaging_rabbit.ssl_enforce_hostname_verification = True {{(pid=96627) log_opt_values /opt/stack/data/venv/lib/python3.12/site-packages/oslo_config/cfg.py:3545}}
Aug 06 07:21:29.331452 np0000006635 nova-scheduler[96627]: DEBUG cotyledon.oslo_config_glue [-] oslo_messaging_rabbit.ssl_key_file = {{(pid=96627) log_opt_values /opt/stack/data/venv/lib/python3.12/site-packages/oslo_config/cfg.py:3545}}
Aug 06 07:21:29.331452 np0000006635 nova-scheduler[96627]: DEBUG cotyledon.oslo_config_glue [-] oslo_messaging_rabbit.ssl_version = {{(pid=96627) log_opt_values /opt/stack/data/venv/lib/python3.12/site-packages/oslo_config/cfg.py:3545}}
Aug 06 07:21:29.331452 np0000006635 nova-scheduler[96627]: DEBUG cotyledon.oslo_config_glue [-] oslo_messaging_rabbit.use_queue_manager = False {{(pid=96627) log_opt_values /opt/stack/data/venv/lib/python3.12/site-packages/oslo_config/cfg.py:3545}}
Aug 06 07:21:29.331452 np0000006635 nova-scheduler[96627]: DEBUG cotyledon.oslo_config_glue [-] oslo_messaging_notifications.driver = ['messagingv2'] {{(pid=96627) log_opt_values /opt/stack/data/venv/lib/python3.12/site-packages/oslo_config/cfg.py:3545}}
Aug 06 07:21:29.331690 np0000006635 nova-scheduler[96627]: DEBUG cotyledon.oslo_config_glue [-] oslo_messaging_notifications.retry = -1 {{(pid=96627) log_opt_values /opt/stack/data/venv/lib/python3.12/site-packages/oslo_config/cfg.py:3545}}
Aug 06 07:21:29.331690 np0000006635 nova-scheduler[96627]: DEBUG cotyledon.oslo_config_glue [-] oslo_messaging_notifications.topics = ['notifications'] {{(pid=96627) log_opt_values /opt/stack/data/venv/lib/python3.12/site-packages/oslo_config/cfg.py:3545}}
Aug 06 07:21:29.331690 np0000006635 nova-scheduler[96627]: DEBUG cotyledon.oslo_config_glue [-] oslo_messaging_notifications.transport_url = **** {{(pid=96627) log_opt_values /opt/stack/data/venv/lib/python3.12/site-packages/oslo_config/cfg.py:3545}}
Aug 06 07:21:29.331690 np0000006635 nova-scheduler[96627]: DEBUG cotyledon.oslo_config_glue [-] oslo_limit.auth_section = None {{(pid=96627) log_opt_values /opt/stack/data/venv/lib/python3.12/site-packages/oslo_config/cfg.py:3545}}
Aug 06 07:21:29.331690 np0000006635 nova-scheduler[96627]: DEBUG cotyledon.oslo_config_glue [-] oslo_limit.auth_type = None {{(pid=96627) log_opt_values /opt/stack/data/venv/lib/python3.12/site-packages/oslo_config/cfg.py:3545}}
Aug 06 07:21:29.331690 np0000006635 nova-scheduler[96627]: DEBUG cotyledon.oslo_config_glue [-] oslo_limit.cafile = None {{(pid=96627) log_opt_values /opt/stack/data/venv/lib/python3.12/site-packages/oslo_config/cfg.py:3545}}
Aug 06 07:21:29.331690 np0000006635 nova-scheduler[96627]: DEBUG cotyledon.oslo_config_glue [-] oslo_limit.certfile = None {{(pid=96627) log_opt_values /opt/stack/data/venv/lib/python3.12/site-packages/oslo_config/cfg.py:3545}}
Aug 06 07:21:29.331690 np0000006635 nova-scheduler[96627]: DEBUG cotyledon.oslo_config_glue [-] oslo_limit.collect_timing = False {{(pid=96627) log_opt_values /opt/stack/data/venv/lib/python3.12/site-packages/oslo_config/cfg.py:3545}}
Aug 06 07:21:29.331690 np0000006635 nova-scheduler[96627]: DEBUG cotyledon.oslo_config_glue [-] oslo_limit.connect_retries = None {{(pid=96627) log_opt_values /opt/stack/data/venv/lib/python3.12/site-packages/oslo_config/cfg.py:3545}}
Aug 06 07:21:29.331919 np0000006635 nova-scheduler[96627]: DEBUG cotyledon.oslo_config_glue [-] oslo_limit.connect_retry_delay = None {{(pid=96627) log_opt_values /opt/stack/data/venv/lib/python3.12/site-packages/oslo_config/cfg.py:3545}}
Aug 06 07:21:29.331919 np0000006635 nova-scheduler[96627]: DEBUG cotyledon.oslo_config_glue [-] oslo_limit.endpoint_id = None {{(pid=96627) log_opt_values /opt/stack/data/venv/lib/python3.12/site-packages/oslo_config/cfg.py:3545}}
Aug 06 07:21:29.331919 np0000006635 nova-scheduler[96627]: DEBUG cotyledon.oslo_config_glue [-] oslo_limit.endpoint_interface = public {{(pid=96627) log_opt_values /opt/stack/data/venv/lib/python3.12/site-packages/oslo_config/cfg.py:3545}}
Aug 06 07:21:29.331919 np0000006635 nova-scheduler[96627]: DEBUG cotyledon.oslo_config_glue [-] oslo_limit.endpoint_override = None {{(pid=96627) log_opt_values /opt/stack/data/venv/lib/python3.12/site-packages/oslo_config/cfg.py:3545}}
Aug 06 07:21:29.331919 np0000006635 nova-scheduler[96627]: DEBUG cotyledon.oslo_config_glue [-] oslo_limit.endpoint_region_name = None {{(pid=96627) log_opt_values /opt/stack/data/venv/lib/python3.12/site-packages/oslo_config/cfg.py:3545}}
Aug 06 07:21:29.331919 np0000006635 nova-scheduler[96627]: DEBUG cotyledon.oslo_config_glue [-] oslo_limit.endpoint_service_name = None {{(pid=96627) log_opt_values /opt/stack/data/venv/lib/python3.12/site-packages/oslo_config/cfg.py:3545}}
Aug 06 07:21:29.331919 np0000006635 nova-scheduler[96627]: DEBUG cotyledon.oslo_config_glue [-] oslo_limit.endpoint_service_type = None {{(pid=96627) log_opt_values /opt/stack/data/venv/lib/python3.12/site-packages/oslo_config/cfg.py:3545}}
Aug 06 07:21:29.331919 np0000006635 nova-scheduler[96627]: DEBUG cotyledon.oslo_config_glue [-] oslo_limit.insecure = False {{(pid=96627) log_opt_values /opt/stack/data/venv/lib/python3.12/site-packages/oslo_config/cfg.py:3545}}
Aug 06 07:21:29.331919 np0000006635 nova-scheduler[96627]: DEBUG cotyledon.oslo_config_glue [-] oslo_limit.keyfile = None {{(pid=96627) log_opt_values /opt/stack/data/venv/lib/python3.12/site-packages/oslo_config/cfg.py:3545}}
Aug 06 07:21:29.332146 np0000006635 nova-scheduler[96627]: DEBUG cotyledon.oslo_config_glue [-] oslo_limit.max_version = None {{(pid=96627) log_opt_values /opt/stack/data/venv/lib/python3.12/site-packages/oslo_config/cfg.py:3545}}
Aug 06 07:21:29.332146 np0000006635 nova-scheduler[96627]: DEBUG cotyledon.oslo_config_glue [-] oslo_limit.min_version = None {{(pid=96627) log_opt_values /opt/stack/data/venv/lib/python3.12/site-packages/oslo_config/cfg.py:3545}}
Aug 06 07:21:29.332146 np0000006635 nova-scheduler[96627]: DEBUG cotyledon.oslo_config_glue [-] oslo_limit.region_name = None {{(pid=96627) log_opt_values /opt/stack/data/venv/lib/python3.12/site-packages/oslo_config/cfg.py:3545}}
Aug 06 07:21:29.332146 np0000006635 nova-scheduler[96627]: DEBUG cotyledon.oslo_config_glue [-] oslo_limit.retriable_status_codes = None {{(pid=96627) log_opt_values /opt/stack/data/venv/lib/python3.12/site-packages/oslo_config/cfg.py:3545}}
Aug 06 07:21:29.332146 np0000006635 nova-scheduler[96627]: DEBUG cotyledon.oslo_config_glue [-] oslo_limit.service_name = None {{(pid=96627) log_opt_values /opt/stack/data/venv/lib/python3.12/site-packages/oslo_config/cfg.py:3545}}
Aug 06 07:21:29.332146 np0000006635 nova-scheduler[96627]: DEBUG cotyledon.oslo_config_glue [-] oslo_limit.service_type = None {{(pid=96627) log_opt_values /opt/stack/data/venv/lib/python3.12/site-packages/oslo_config/cfg.py:3545}}
Aug 06 07:21:29.332146 np0000006635 nova-scheduler[96627]: DEBUG cotyledon.oslo_config_glue [-] oslo_limit.split_loggers = False {{(pid=96627) log_opt_values /opt/stack/data/venv/lib/python3.12/site-packages/oslo_config/cfg.py:3545}}
Aug 06 07:21:29.332146 np0000006635 nova-scheduler[96627]: DEBUG cotyledon.oslo_config_glue [-] oslo_limit.status_code_retries = None {{(pid=96627) log_opt_values /opt/stack/data/venv/lib/python3.12/site-packages/oslo_config/cfg.py:3545}}
Aug 06 07:21:29.332146 np0000006635 nova-scheduler[96627]: DEBUG cotyledon.oslo_config_glue [-] oslo_limit.status_code_retry_delay = None {{(pid=96627) log_opt_values /opt/stack/data/venv/lib/python3.12/site-packages/oslo_config/cfg.py:3545}}
Aug 06 07:21:29.332409 np0000006635 nova-scheduler[96627]: DEBUG cotyledon.oslo_config_glue [-] oslo_limit.timeout = None {{(pid=96627) log_opt_values /opt/stack/data/venv/lib/python3.12/site-packages/oslo_config/cfg.py:3545}}
Aug 06 07:21:29.332409 np0000006635 nova-scheduler[96627]: DEBUG cotyledon.oslo_config_glue [-] oslo_limit.valid_interfaces = None {{(pid=96627) log_opt_values /opt/stack/data/venv/lib/python3.12/site-packages/oslo_config/cfg.py:3545}}
Aug 06 07:21:29.332409 np0000006635 nova-scheduler[96627]: DEBUG cotyledon.oslo_config_glue [-] oslo_limit.version = None {{(pid=96627) log_opt_values /opt/stack/data/venv/lib/python3.12/site-packages/oslo_config/cfg.py:3545}}
Aug 06 07:21:29.332409 np0000006635 nova-scheduler[96627]: DEBUG cotyledon.oslo_config_glue [-] oslo_reports.file_event_handler = None {{(pid=96627) log_opt_values /opt/stack/data/venv/lib/python3.12/site-packages/oslo_config/cfg.py:3545}}
Aug 06 07:21:29.332409 np0000006635 nova-scheduler[96627]: DEBUG cotyledon.oslo_config_glue [-] oslo_reports.file_event_handler_interval = 1 {{(pid=96627) log_opt_values /opt/stack/data/venv/lib/python3.12/site-packages/oslo_config/cfg.py:3545}}
Aug 06 07:21:29.332409 np0000006635 nova-scheduler[96627]: DEBUG cotyledon.oslo_config_glue [-] oslo_reports.log_dir = None {{(pid=96627) log_opt_values /opt/stack/data/venv/lib/python3.12/site-packages/oslo_config/cfg.py:3545}}
Aug 06 07:21:29.332409 np0000006635 nova-scheduler[96627]: DEBUG cotyledon.oslo_config_glue [-] ******************************************************************************** {{(pid=96627) log_opt_values /opt/stack/data/venv/lib/python3.12/site-packages/oslo_config/cfg.py:3552}}
Aug 06 07:21:29.332409 np0000006635 nova-scheduler[96627]: DEBUG cotyledon._service_worker [-] Run service ServiceWrapper(3) [96627] {{(pid=96627) wait_forever /opt/stack/data/venv/lib/python3.12/site-packages/cotyledon/_service_worker.py:218}}
Aug 06 07:21:29.332409 np0000006635 nova-scheduler[96627]: INFO nova.service [-] Starting scheduler node (version 33.1.0)
Aug 06 07:21:29.332409 np0000006635 nova-scheduler[96627]: INFO dbcounter [None req-756a17c4-1f9d-47bf-b26d-492e0c049e8c None None] Registered counter for database nova_cell0
Aug 06 07:21:29.332633 np0000006635 nova-scheduler[96623]: DEBUG oslo_db.sqlalchemy.engines [None req-f4cdb0dc-4629-4e30-abb5-0292eb2b83ae None None] MySQL server mode set to STRICT_TRANS_TABLES,STRICT_ALL_TABLES,NO_ZERO_IN_DATE,NO_ZERO_DATE,ERROR_FOR_DIVISION_BY_ZERO,TRADITIONAL,NO_ENGINE_SUBSTITUTION {{(pid=96623) _check_effective_sql_mode /opt/stack/data/venv/lib/python3.12/site-packages/oslo_db/sqlalchemy/engines.py:325}}
Aug 06 07:21:29.332633 np0000006635 nova-scheduler[96623]: DEBUG dbcounter [-] [96623] Writer thread running {{(pid=96623) stat_writer /opt/stack/data/venv/lib/python3.12/site-packages/dbcounter.py:102}}
Aug 06 07:21:29.336085 np0000006635 nova-scheduler[96625]: DEBUG oslo_db.sqlalchemy.engines [None req-939ed31b-becb-4b6a-89f4-afbcb4da56b6 None None] MySQL server mode set to STRICT_TRANS_TABLES,STRICT_ALL_TABLES,NO_ZERO_IN_DATE,NO_ZERO_DATE,ERROR_FOR_DIVISION_BY_ZERO,TRADITIONAL,NO_ENGINE_SUBSTITUTION {{(pid=96625) _check_effective_sql_mode /opt/stack/data/venv/lib/python3.12/site-packages/oslo_db/sqlalchemy/engines.py:325}}
Aug 06 07:21:29.339934 np0000006635 nova-scheduler[96621]: DEBUG oslo_db.sqlalchemy.engines [None req-2dbe4a7c-cff5-4215-8b6d-b2aeca510c0d None None] MySQL server mode set to STRICT_TRANS_TABLES,STRICT_ALL_TABLES,NO_ZERO_IN_DATE,NO_ZERO_DATE,ERROR_FOR_DIVISION_BY_ZERO,TRADITIONAL,NO_ENGINE_SUBSTITUTION {{(pid=96621) _check_effective_sql_mode /opt/stack/data/venv/lib/python3.12/site-packages/oslo_db/sqlalchemy/engines.py:325}}
Aug 06 07:21:29.342560 np0000006635 nova-scheduler[96627]: DEBUG oslo_db.sqlalchemy.engines [None req-756a17c4-1f9d-47bf-b26d-492e0c049e8c None None] MySQL server mode set to STRICT_TRANS_TABLES,STRICT_ALL_TABLES,NO_ZERO_IN_DATE,NO_ZERO_DATE,ERROR_FOR_DIVISION_BY_ZERO,TRADITIONAL,NO_ENGINE_SUBSTITUTION {{(pid=96627) _check_effective_sql_mode /opt/stack/data/venv/lib/python3.12/site-packages/oslo_db/sqlalchemy/engines.py:325}}
Aug 06 07:21:29.346348 np0000006635 nova-scheduler[96623]: DEBUG nova.service [None req-f4cdb0dc-4629-4e30-abb5-0292eb2b83ae None None] Creating RPC server for service: nova-scheduler on topic: scheduler {{(pid=96623) start /opt/stack/nova/nova/service.py:196}}
Aug 06 07:21:29.348512 np0000006635 nova-scheduler[96625]: DEBUG dbcounter [-] [96625] Writer thread running {{(pid=96625) stat_writer /opt/stack/data/venv/lib/python3.12/site-packages/dbcounter.py:102}}
Aug 06 07:21:29.351967 np0000006635 nova-scheduler[96625]: DEBUG nova.service [None req-939ed31b-becb-4b6a-89f4-afbcb4da56b6 None None] Creating RPC server for service: nova-scheduler on topic: scheduler {{(pid=96625) start /opt/stack/nova/nova/service.py:196}}
Aug 06 07:21:29.352052 np0000006635 nova-scheduler[96621]: DEBUG dbcounter [-] [96621] Writer thread running {{(pid=96621) stat_writer /opt/stack/data/venv/lib/python3.12/site-packages/dbcounter.py:102}}
Aug 06 07:21:29.356335 np0000006635 nova-scheduler[96627]: DEBUG dbcounter [-] [96627] Writer thread running {{(pid=96627) stat_writer /opt/stack/data/venv/lib/python3.12/site-packages/dbcounter.py:102}}
Aug 06 07:21:29.359003 np0000006635 nova-scheduler[96621]: DEBUG nova.service [None req-2dbe4a7c-cff5-4215-8b6d-b2aeca510c0d None None] Creating RPC server for service: nova-scheduler on topic: scheduler {{(pid=96621) start /opt/stack/nova/nova/service.py:196}}
Aug 06 07:21:29.360733 np0000006635 nova-scheduler[96627]: DEBUG nova.service [None req-756a17c4-1f9d-47bf-b26d-492e0c049e8c None None] Creating RPC server for service: nova-scheduler on topic: scheduler {{(pid=96627) start /opt/stack/nova/nova/service.py:196}}
Aug 06 07:21:29.375480 np0000006635 nova-scheduler[96625]: DEBUG nova.service [None req-939ed31b-becb-4b6a-89f4-afbcb4da56b6 None None] Join ServiceGroup membership for this service scheduler {{(pid=96625) start /opt/stack/nova/nova/service.py:222}}
Aug 06 07:21:29.375655 np0000006635 nova-scheduler[96625]: DEBUG nova.servicegroup.drivers.db [None req-939ed31b-becb-4b6a-89f4-afbcb4da56b6 None None] DB_Driver: join new ServiceGroup member np0000006635 to the scheduler group, service = {{(pid=96625) join /opt/stack/nova/nova/servicegroup/drivers/db.py:44}}
Aug 06 07:21:29.378016 np0000006635 nova-scheduler[96627]: DEBUG nova.service [None req-756a17c4-1f9d-47bf-b26d-492e0c049e8c None None] Join ServiceGroup membership for this service scheduler {{(pid=96627) start /opt/stack/nova/nova/service.py:222}}
Aug 06 07:21:29.378498 np0000006635 nova-scheduler[96627]: DEBUG nova.servicegroup.drivers.db [None req-756a17c4-1f9d-47bf-b26d-492e0c049e8c None None] DB_Driver: join new ServiceGroup member np0000006635 to the scheduler group, service = {{(pid=96627) join /opt/stack/nova/nova/servicegroup/drivers/db.py:44}}
Aug 06 07:21:29.379353 np0000006635 nova-scheduler[96621]: DEBUG nova.service [None req-2dbe4a7c-cff5-4215-8b6d-b2aeca510c0d None None] Join ServiceGroup membership for this service scheduler {{(pid=96621) start /opt/stack/nova/nova/service.py:222}}
Aug 06 07:21:29.379575 np0000006635 nova-scheduler[96621]: DEBUG nova.servicegroup.drivers.db [None req-2dbe4a7c-cff5-4215-8b6d-b2aeca510c0d None None] DB_Driver: join new ServiceGroup member np0000006635 to the scheduler group, service = {{(pid=96621) join /opt/stack/nova/nova/servicegroup/drivers/db.py:44}}
Aug 06 07:21:29.381287 np0000006635 nova-scheduler[96623]: DEBUG nova.service [None req-f4cdb0dc-4629-4e30-abb5-0292eb2b83ae None None] Join ServiceGroup membership for this service scheduler {{(pid=96623) start /opt/stack/nova/nova/service.py:222}}
Aug 06 07:21:29.381593 np0000006635 nova-scheduler[96623]: DEBUG nova.servicegroup.drivers.db [None req-f4cdb0dc-4629-4e30-abb5-0292eb2b83ae None None] DB_Driver: join new ServiceGroup member np0000006635 to the scheduler group, service = {{(pid=96623) join /opt/stack/nova/nova/servicegroup/drivers/db.py:44}}
Aug 06 07:21:34.392526 np0000006635 nova-scheduler[96625]: DEBUG oslo.service.backend._threading.loopingcall [-] Fixed interval looping call 'nova.servicegroup.drivers.db.DbDriver._report_state' sleeping for 119.98 seconds {{(pid=96625) _run_loop /opt/stack/data/venv/lib/python3.12/site-packages/oslo_service/backend/_threading/loopingcall.py:125}}
Aug 06 07:21:34.392827 np0000006635 nova-scheduler[96623]: DEBUG oslo.service.backend._threading.loopingcall [-] Fixed interval looping call 'nova.servicegroup.drivers.db.DbDriver._report_state' sleeping for 119.99 seconds {{(pid=96623) _run_loop /opt/stack/data/venv/lib/python3.12/site-packages/oslo_service/backend/_threading/loopingcall.py:125}}
Aug 06 07:21:34.394560 np0000006635 nova-scheduler[96621]: DEBUG oslo.service.backend._threading.loopingcall [-] Fixed interval looping call 'nova.servicegroup.drivers.db.DbDriver._report_state' sleeping for 119.99 seconds {{(pid=96621) _run_loop /opt/stack/data/venv/lib/python3.12/site-packages/oslo_service/backend/_threading/loopingcall.py:125}}
Aug 06 07:21:34.397976 np0000006635 nova-scheduler[96627]: DEBUG oslo.service.backend._threading.loopingcall [-] Fixed interval looping call 'nova.servicegroup.drivers.db.DbDriver._report_state' sleeping for 119.99 seconds {{(pid=96627) _run_loop /opt/stack/data/venv/lib/python3.12/site-packages/oslo_service/backend/_threading/loopingcall.py:125}}
Aug 06 07:21:37.965097 np0000006635 nova-scheduler[95419]: DEBUG dbcounter [-] [95419] Writing DB stats nova_api:SELECT=3 {{(pid=95419) stat_writer /opt/stack/data/venv/lib/python3.12/site-packages/dbcounter.py:115}}
Aug 06 07:21:38.080771 np0000006635 nova-scheduler[95419]: DEBUG dbcounter [-] [95419] Writing DB stats nova_cell0:SELECT=1 {{(pid=95419) stat_writer /opt/stack/data/venv/lib/python3.12/site-packages/dbcounter.py:115}}
Aug 06 07:21:38.085091 np0000006635 nova-scheduler[95419]: DEBUG dbcounter [-] [95419] Writing DB stats nova_cell1:SELECT=1 {{(pid=95419) stat_writer /opt/stack/data/venv/lib/python3.12/site-packages/dbcounter.py:115}}
Aug 06 07:21:44.388821 np0000006635 nova-scheduler[96625]: DEBUG dbcounter [-] [96625] Writing DB stats nova_cell0:SELECT=3,nova_cell0:UPDATE=1 {{(pid=96625) stat_writer /opt/stack/data/venv/lib/python3.12/site-packages/dbcounter.py:115}}
Aug 06 07:21:44.390394 np0000006635 nova-scheduler[96623]: DEBUG dbcounter [-] [96623] Writing DB stats nova_cell0:SELECT=4,nova_cell0:INSERT=1,nova_cell0:UPDATE=1 {{(pid=96623) stat_writer /opt/stack/data/venv/lib/python3.12/site-packages/dbcounter.py:115}}
Aug 06 07:21:44.392581 np0000006635 nova-scheduler[96621]: DEBUG dbcounter [-] [96621] Writing DB stats nova_cell0:SELECT=3,nova_cell0:UPDATE=1 {{(pid=96621) stat_writer /opt/stack/data/venv/lib/python3.12/site-packages/dbcounter.py:115}}
Aug 06 07:21:44.395643 np0000006635 nova-scheduler[96627]: DEBUG dbcounter [-] [96627] Writing DB stats nova_cell0:SELECT=3 {{(pid=96627) stat_writer /opt/stack/data/venv/lib/python3.12/site-packages/dbcounter.py:115}}
Aug 06 07:21:50.381422 np0000006635 nova-scheduler[96621]: DEBUG oslo.service.backend._threading.loopingcall [None req-560e7e38-4e0c-464c-9f07-c540a96862e1 None None] Dynamic interval looping call 'nova.service.Service.periodic_tasks' sleeping for 60.00 seconds {{(pid=96621) _run_loop /opt/stack/data/venv/lib/python3.12/site-packages/oslo_service/backend/_threading/loopingcall.py:125}}
Aug 06 07:22:06.383794 np0000006635 nova-scheduler[96623]: DEBUG oslo.service.backend._threading.loopingcall [None req-0eb48e49-7a58-48df-bcc9-787c2812b437 None None] Dynamic interval looping call 'nova.service.Service.periodic_tasks' sleeping for 60.00 seconds {{(pid=96623) _run_loop /opt/stack/data/venv/lib/python3.12/site-packages/oslo_service/backend/_threading/loopingcall.py:125}}
Aug 06 07:22:15.377779 np0000006635 nova-scheduler[96625]: DEBUG oslo.service.backend._threading.loopingcall [None req-acafcb15-c4ec-4ecf-a586-5a3205574c94 None None] Dynamic interval looping call 'nova.service.Service.periodic_tasks' sleeping for 60.00 seconds {{(pid=96625) _run_loop /opt/stack/data/venv/lib/python3.12/site-packages/oslo_service/backend/_threading/loopingcall.py:125}}
Aug 06 07:22:24.382172 np0000006635 nova-scheduler[96627]: DEBUG oslo.service.backend._threading.loopingcall [None req-090bd788-e398-47f0-8be8-f7291008cf99 None None] Dynamic interval looping call 'nova.service.Service.periodic_tasks' sleeping for 60.00 seconds {{(pid=96627) _run_loop /opt/stack/data/venv/lib/python3.12/site-packages/oslo_service/backend/_threading/loopingcall.py:125}}
Aug 06 07:22:50.381914 np0000006635 nova-scheduler[96621]: DEBUG oslo.service.backend._threading.loopingcall [None req-560e7e38-4e0c-464c-9f07-c540a96862e1 None None] Dynamic interval looping call 'nova.service.Service.periodic_tasks' sleeping for 60.00 seconds {{(pid=96621) _run_loop /opt/stack/data/venv/lib/python3.12/site-packages/oslo_service/backend/_threading/loopingcall.py:125}}
Aug 06 07:23:06.384320 np0000006635 nova-scheduler[96623]: DEBUG oslo.service.backend._threading.loopingcall [None req-0eb48e49-7a58-48df-bcc9-787c2812b437 None None] Dynamic interval looping call 'nova.service.Service.periodic_tasks' sleeping for 60.00 seconds {{(pid=96623) _run_loop /opt/stack/data/venv/lib/python3.12/site-packages/oslo_service/backend/_threading/loopingcall.py:125}}
Aug 06 07:23:15.378291 np0000006635 nova-scheduler[96625]: DEBUG oslo.service.backend._threading.loopingcall [None req-acafcb15-c4ec-4ecf-a586-5a3205574c94 None None] Dynamic interval looping call 'nova.service.Service.periodic_tasks' sleeping for 60.00 seconds {{(pid=96625) _run_loop /opt/stack/data/venv/lib/python3.12/site-packages/oslo_service/backend/_threading/loopingcall.py:125}}
Aug 06 07:23:24.382625 np0000006635 nova-scheduler[96627]: DEBUG oslo.service.backend._threading.loopingcall [None req-090bd788-e398-47f0-8be8-f7291008cf99 None None] Dynamic interval looping call 'nova.service.Service.periodic_tasks' sleeping for 60.00 seconds {{(pid=96627) _run_loop /opt/stack/data/venv/lib/python3.12/site-packages/oslo_service/backend/_threading/loopingcall.py:125}}
Aug 06 07:23:34.380096 np0000006635 nova-scheduler[96625]: DEBUG oslo.service.backend._threading.loopingcall [-] Fixed interval looping call 'nova.servicegroup.drivers.db.DbDriver._report_state' sleeping for 119.99 seconds {{(pid=96625) _run_loop /opt/stack/data/venv/lib/python3.12/site-packages/oslo_service/backend/_threading/loopingcall.py:125}}
Aug 06 07:23:34.386499 np0000006635 nova-scheduler[96623]: DEBUG oslo.service.backend._threading.loopingcall [-] Fixed interval looping call 'nova.servicegroup.drivers.db.DbDriver._report_state' sleeping for 120.00 seconds {{(pid=96623) _run_loop /opt/stack/data/venv/lib/python3.12/site-packages/oslo_service/backend/_threading/loopingcall.py:125}}
Aug 06 07:23:34.388654 np0000006635 nova-scheduler[96621]: DEBUG oslo.service.backend._threading.loopingcall [-] Fixed interval looping call 'nova.servicegroup.drivers.db.DbDriver._report_state' sleeping for 120.00 seconds {{(pid=96621) _run_loop /opt/stack/data/venv/lib/python3.12/site-packages/oslo_service/backend/_threading/loopingcall.py:125}}
Aug 06 07:23:34.391864 np0000006635 nova-scheduler[96627]: DEBUG oslo.service.backend._threading.loopingcall [-] Fixed interval looping call 'nova.servicegroup.drivers.db.DbDriver._report_state' sleeping for 120.00 seconds {{(pid=96627) _run_loop /opt/stack/data/venv/lib/python3.12/site-packages/oslo_service/backend/_threading/loopingcall.py:125}}
Aug 06 07:23:44.377455 np0000006635 nova-scheduler[96625]: DEBUG dbcounter [-] [96625] Writing DB stats nova_cell0:SELECT=1,nova_cell0:UPDATE=1 {{(pid=96625) stat_writer /opt/stack/data/venv/lib/python3.12/site-packages/dbcounter.py:115}}
Aug 06 07:23:44.385155 np0000006635 nova-scheduler[96623]: DEBUG dbcounter [-] [96623] Writing DB stats nova_cell0:SELECT=1 {{(pid=96623) stat_writer /opt/stack/data/venv/lib/python3.12/site-packages/dbcounter.py:115}}
Aug 06 07:23:44.388801 np0000006635 nova-scheduler[96621]: DEBUG dbcounter [-] [96621] Writing DB stats nova_cell0:SELECT=1 {{(pid=96621) stat_writer /opt/stack/data/venv/lib/python3.12/site-packages/dbcounter.py:115}}
Aug 06 07:23:44.390059 np0000006635 nova-scheduler[96627]: DEBUG dbcounter [-] [96627] Writing DB stats nova_cell0:SELECT=1 {{(pid=96627) stat_writer /opt/stack/data/venv/lib/python3.12/site-packages/dbcounter.py:115}}
Aug 06 07:23:48.475612 np0000006635 nova-scheduler[96625]: DEBUG nova.scheduler.manager [None req-d004c146-e4b0-42aa-9c9b-dba676b02009 tempest-DeleteServersTestJSON-1215580946 tempest-DeleteServersTestJSON-1215580946-project-member] Starting to schedule for instances: ['dc399dee-e165-40d7-8928-5985f8ebbeff'] {{(pid=96625) select_destinations /opt/stack/nova/nova/scheduler/manager.py:209}}
Aug 06 07:23:48.475999 np0000006635 nova-scheduler[96625]: DEBUG nova.scheduler.request_filter [None req-d004c146-e4b0-42aa-9c9b-dba676b02009 tempest-DeleteServersTestJSON-1215580946 tempest-DeleteServersTestJSON-1215580946-project-member] compute_status_filter request filter added forbidden trait COMPUTE_STATUS_DISABLED {{(pid=96625) compute_status_filter /opt/stack/nova/nova/scheduler/request_filter.py:253}}
Aug 06 07:23:48.476139 np0000006635 nova-scheduler[96625]: DEBUG nova.scheduler.request_filter [None req-d004c146-e4b0-42aa-9c9b-dba676b02009 tempest-DeleteServersTestJSON-1215580946 tempest-DeleteServersTestJSON-1215580946-project-member] Request filter 'compute_status_filter' took 0.0 seconds {{(pid=96625) wrapper /opt/stack/nova/nova/scheduler/request_filter.py:46}}
Aug 06 07:23:48.477618 np0000006635 nova-scheduler[96625]: DEBUG nova.scheduler.request_filter [None req-d004c146-e4b0-42aa-9c9b-dba676b02009 tempest-DeleteServersTestJSON-1215580946 tempest-DeleteServersTestJSON-1215580946-project-member] Request filter 'accelerators_filter' took 0.0 seconds {{(pid=96625) wrapper /opt/stack/nova/nova/scheduler/request_filter.py:46}}
Aug 06 07:23:48.477909 np0000006635 nova-scheduler[96625]: DEBUG nova.scheduler.request_filter [None req-d004c146-e4b0-42aa-9c9b-dba676b02009 tempest-DeleteServersTestJSON-1215580946 tempest-DeleteServersTestJSON-1215580946-project-member] Request filter 'packed_virtqueue_filter' took 0.0 seconds {{(pid=96625) wrapper /opt/stack/nova/nova/scheduler/request_filter.py:46}}
Aug 06 07:23:48.478340 np0000006635 nova-scheduler[96625]: DEBUG nova.scheduler.request_filter [None req-d004c146-e4b0-42aa-9c9b-dba676b02009 tempest-DeleteServersTestJSON-1215580946 tempest-DeleteServersTestJSON-1215580946-project-member] Request filter 'remote_managed_ports_filter' took 0.0 seconds {{(pid=96625) wrapper /opt/stack/nova/nova/scheduler/request_filter.py:46}}
Aug 06 07:23:48.478465 np0000006635 nova-scheduler[96625]: DEBUG nova.scheduler.request_filter [None req-d004c146-e4b0-42aa-9c9b-dba676b02009 tempest-DeleteServersTestJSON-1215580946 tempest-DeleteServersTestJSON-1215580946-project-member] ephemeral_encryption_filter skipped {{(pid=96625) ephemeral_encryption_filter /opt/stack/nova/nova/scheduler/request_filter.py:426}}
Aug 06 07:23:48.478644 np0000006635 nova-scheduler[96625]: DEBUG nova.scheduler.request_filter [None req-d004c146-e4b0-42aa-9c9b-dba676b02009 tempest-DeleteServersTestJSON-1215580946 tempest-DeleteServersTestJSON-1215580946-project-member] virtio_sound_filter skipped {{(pid=96625) virtio_sound_filter /opt/stack/nova/nova/scheduler/request_filter.py:460}}
Aug 06 07:23:48.478769 np0000006635 nova-scheduler[96625]: DEBUG nova.scheduler.request_filter [None req-d004c146-e4b0-42aa-9c9b-dba676b02009 tempest-DeleteServersTestJSON-1215580946 tempest-DeleteServersTestJSON-1215580946-project-member] tpm_secret_security_filter skipped {{(pid=96625) tpm_secret_security_filter /opt/stack/nova/nova/scheduler/request_filter.py:477}}
Aug 06 07:23:49.010996 np0000006635 nova-scheduler[96625]: INFO nova.utils [None req-d004c146-e4b0-42aa-9c9b-dba676b02009 tempest-DeleteServersTestJSON-1215580946 tempest-DeleteServersTestJSON-1215580946-project-member] The cell worker thread pool ForkProcess-3.cell_worker is initialized
Aug 06 07:23:49.011506 np0000006635 nova-scheduler[96625]: DEBUG oslo_concurrency.lockutils [None req-d004c146-e4b0-42aa-9c9b-dba676b02009 tempest-DeleteServersTestJSON-1215580946 tempest-DeleteServersTestJSON-1215580946-project-member] Acquiring lock "fcaef3ed-b5f2-4175-8139-e252550247e5" by "nova.context.set_target_cell..get_or_set_cached_cell_and_set_connections" {{(pid=96625) inner /opt/stack/data/venv/lib/python3.12/site-packages/oslo_concurrency/lockutils.py:512}}
Aug 06 07:23:49.012035 np0000006635 nova-scheduler[96625]: DEBUG oslo_concurrency.lockutils [None req-d004c146-e4b0-42aa-9c9b-dba676b02009 tempest-DeleteServersTestJSON-1215580946 tempest-DeleteServersTestJSON-1215580946-project-member] Lock "fcaef3ed-b5f2-4175-8139-e252550247e5" acquired by "nova.context.set_target_cell..get_or_set_cached_cell_and_set_connections" :: waited 0.001s {{(pid=96625) inner /opt/stack/data/venv/lib/python3.12/site-packages/oslo_concurrency/lockutils.py:525}}
Aug 06 07:23:49.013431 np0000006635 nova-scheduler[96625]: DEBUG oslo_concurrency.lockutils [None req-d004c146-e4b0-42aa-9c9b-dba676b02009 tempest-DeleteServersTestJSON-1215580946 tempest-DeleteServersTestJSON-1215580946-project-member] Lock "fcaef3ed-b5f2-4175-8139-e252550247e5" "released" by "nova.context.set_target_cell..get_or_set_cached_cell_and_set_connections" :: held 0.001s {{(pid=96625) inner /opt/stack/data/venv/lib/python3.12/site-packages/oslo_concurrency/lockutils.py:544}}
Aug 06 07:23:49.015381 np0000006635 nova-scheduler[96625]: INFO dbcounter [None req-d004c146-e4b0-42aa-9c9b-dba676b02009 tempest-DeleteServersTestJSON-1215580946 tempest-DeleteServersTestJSON-1215580946-project-member] Registered counter for database nova_cell1
Aug 06 07:23:49.060531 np0000006635 nova-scheduler[96625]: DEBUG oslo_db.sqlalchemy.engines [None req-d004c146-e4b0-42aa-9c9b-dba676b02009 tempest-DeleteServersTestJSON-1215580946 tempest-DeleteServersTestJSON-1215580946-project-member] MySQL server mode set to STRICT_TRANS_TABLES,STRICT_ALL_TABLES,NO_ZERO_IN_DATE,NO_ZERO_DATE,ERROR_FOR_DIVISION_BY_ZERO,TRADITIONAL,NO_ENGINE_SUBSTITUTION {{(pid=96625) _check_effective_sql_mode /opt/stack/data/venv/lib/python3.12/site-packages/oslo_db/sqlalchemy/engines.py:325}}
Aug 06 07:23:49.066729 np0000006635 nova-scheduler[96625]: DEBUG dbcounter [-] [96625] Writer thread running {{(pid=96625) stat_writer /opt/stack/data/venv/lib/python3.12/site-packages/dbcounter.py:102}}
Aug 06 07:23:49.079640 np0000006635 nova-scheduler[96625]: DEBUG oslo_db.sqlalchemy.engines [None req-d004c146-e4b0-42aa-9c9b-dba676b02009 tempest-DeleteServersTestJSON-1215580946 tempest-DeleteServersTestJSON-1215580946-project-member] Parent process 95419 forked (96625) with an open database connection, which is being discarded and recreated. {{(pid=96625) checkout /opt/stack/data/venv/lib/python3.12/site-packages/oslo_db/sqlalchemy/engines.py:402}}
Aug 06 07:23:49.141002 np0000006635 nova-scheduler[96625]: DEBUG dbcounter [-] [96625] Writer thread running {{(pid=96625) stat_writer /opt/stack/data/venv/lib/python3.12/site-packages/dbcounter.py:102}}
Aug 06 07:23:49.144538 np0000006635 nova-scheduler[96625]: DEBUG oslo_concurrency.lockutils [None req-d004c146-e4b0-42aa-9c9b-dba676b02009 tempest-DeleteServersTestJSON-1215580946 tempest-DeleteServersTestJSON-1215580946-project-member] Acquiring lock "fcaef3ed-b5f2-4175-8139-e252550247e5" by "nova.context.set_target_cell..get_or_set_cached_cell_and_set_connections" {{(pid=96625) inner /opt/stack/data/venv/lib/python3.12/site-packages/oslo_concurrency/lockutils.py:512}}
Aug 06 07:23:49.144776 np0000006635 nova-scheduler[96625]: DEBUG oslo_concurrency.lockutils [None req-d004c146-e4b0-42aa-9c9b-dba676b02009 tempest-DeleteServersTestJSON-1215580946 tempest-DeleteServersTestJSON-1215580946-project-member] Lock "fcaef3ed-b5f2-4175-8139-e252550247e5" acquired by "nova.context.set_target_cell..get_or_set_cached_cell_and_set_connections" :: waited 0.000s {{(pid=96625) inner /opt/stack/data/venv/lib/python3.12/site-packages/oslo_concurrency/lockutils.py:525}}
