Aug 06 07:21:04.816729 np0000006635 devstack@neutron-api.service[90847]: DEBUG neutron_lib.callbacks.manager [None req-f69fda32-c673-4995-8c25-56e40f0eb120 None None] Subscribe: > floatingip after_status_update 55550000, False {{(pid=90847) subscribe /opt/stack/data/venv/lib/python3.12/site-packages/neutron_lib/callbacks/manager.py:52}}
Aug 06 07:21:04.816819 np0000006635 devstack@neutron-api.service[90850]: DEBUG neutron.api.extensions [None req-0c7a821a-2b49-417e-b082-d51d07920ceb None None] Ext name="Security group filtering on the shared field" alias="security-groups-shared-filtering" description="Support filtering security groups on the shared field" updated="2021-10-05T09:00:00-00:00" {{(pid=90850) _check_extension /opt/stack/neutron/neutron/api/extensions.py:415}}
Aug 06 07:21:04.816877 np0000006635 devstack@neutron-api.service[90847]: DEBUG neutron_lib.callbacks.manager [None req-f69fda32-c673-4995-8c25-56e40f0eb120 None None] Subscribe: > floatingip after_update 55550000, False {{(pid=90847) subscribe /opt/stack/data/venv/lib/python3.12/site-packages/neutron_lib/callbacks/manager.py:52}}
Aug 06 07:21:04.816990 np0000006635 devstack@neutron-api.service[90850]: INFO neutron.api.extensions [None req-0c7a821a-2b49-417e-b082-d51d07920ceb None None] Loaded extension: security-groups-shared-filtering
Aug 06 07:21:04.817050 np0000006635 devstack@neutron-api.service[90847]: DEBUG neutron_lib.callbacks.manager [None req-f69fda32-c673-4995-8c25-56e40f0eb120 None None] Subscribe: > port_forwarding after_create 55550000, False {{(pid=90847) subscribe /opt/stack/data/venv/lib/python3.12/site-packages/neutron_lib/callbacks/manager.py:52}}
Aug 06 07:21:04.817139 np0000006635 devstack@neutron-api.service[90850]: DEBUG neutron.api.extensions [None req-0c7a821a-2b49-417e-b082-d51d07920ceb None None] Loading extension file: securitygroup.py {{(pid=90850) _load_all_extensions_from_path /opt/stack/neutron/neutron/api/extensions.py:449}}
Aug 06 07:21:04.817332 np0000006635 devstack@neutron-api.service[90847]: DEBUG neutron_lib.callbacks.manager [None req-f69fda32-c673-4995-8c25-56e40f0eb120 None None] Subscribe: > router_interface after_delete 55550000, False {{(pid=90847) subscribe /opt/stack/data/venv/lib/python3.12/site-packages/neutron_lib/callbacks/manager.py:52}}
Aug 06 07:21:04.817332 np0000006635 devstack@neutron-api.service[90847]: DEBUG neutron_lib.callbacks.manager [None req-f69fda32-c673-4995-8c25-56e40f0eb120 None None] Subscribe: > router after_create 55550000, False {{(pid=90847) subscribe /opt/stack/data/venv/lib/python3.12/site-packages/neutron_lib/callbacks/manager.py:52}}
Aug 06 07:21:04.817509 np0000006635 devstack@neutron-api.service[90847]: DEBUG neutron_lib.callbacks.manager [None req-f69fda32-c673-4995-8c25-56e40f0eb120 None None] Subscribe: > router precommit_create 55550000, False {{(pid=90847) subscribe /opt/stack/data/venv/lib/python3.12/site-packages/neutron_lib/callbacks/manager.py:52}}
Aug 06 07:21:04.817678 np0000006635 devstack@neutron-api.service[90847]: DEBUG neutron_lib.callbacks.manager [None req-f69fda32-c673-4995-8c25-56e40f0eb120 None None] Subscribe: > router after_delete 55550000, False {{(pid=90847) subscribe /opt/stack/data/venv/lib/python3.12/site-packages/neutron_lib/callbacks/manager.py:52}}
Aug 06 07:21:04.817795 np0000006635 devstack@neutron-api.service[90847]: DEBUG neutron_lib.callbacks.manager [None req-f69fda32-c673-4995-8c25-56e40f0eb120 None None] Subscribe: > router after_update 55550000, False {{(pid=90847) subscribe /opt/stack/data/venv/lib/python3.12/site-packages/neutron_lib/callbacks/manager.py:52}}
Aug 06 07:21:04.817985 np0000006635 devstack@neutron-api.service[90847]: DEBUG neutron.services.service_base [None req-f69fda32-c673-4995-8c25-56e40f0eb120 None None] Loaded 'neutron.services.ovn_l3.service_providers.ovn.OvnDriver' provider for service L3_ROUTER_NAT {{(pid=90847) load_drivers /opt/stack/neutron/neutron/services/service_base.py:49}}
Aug 06 07:21:04.818191 np0000006635 devstack@neutron-api.service[90847]: DEBUG neutron_lib.callbacks.manager [None req-f69fda32-c673-4995-8c25-56e40f0eb120 None None] Subscribe: > process after_init 55550001, True {{(pid=90847) subscribe /opt/stack/data/venv/lib/python3.12/site-packages/neutron_lib/callbacks/manager.py:52}}
Aug 06 07:21:04.818427 np0000006635 devstack@neutron-api.service[90847]: DEBUG neutron.manager [None req-f69fda32-c673-4995-8c25-56e40f0eb120 None None] Successfully loaded L3_ROUTER_NAT plugin. Description: L3 Router Service Plugin for basic L3 forwarding using OVN {{(pid=90847) _create_and_add_service_plugin /opt/stack/neutron/neutron/manager.py:236}}
Aug 06 07:21:04.818588 np0000006635 devstack@neutron-api.service[90847]: INFO neutron.manager [None req-f69fda32-c673-4995-8c25-56e40f0eb120 None None] Loading Plugin: auto_allocate
Aug 06 07:21:04.819179 np0000006635 devstack@neutron-api.service[90850]: DEBUG neutron.api.extensions [None req-0c7a821a-2b49-417e-b082-d51d07920ceb None None] Ext name="security-group" alias="security-group" description="The security groups extension." updated="2012-10-05T10:00:00-00:00" {{(pid=90850) _check_extension /opt/stack/neutron/neutron/api/extensions.py:415}}
Aug 06 07:21:04.819496 np0000006635 devstack@neutron-api.service[90850]: INFO neutron.api.extensions [None req-0c7a821a-2b49-417e-b082-d51d07920ceb None None] Loaded extension: security-group
Aug 06 07:21:04.819579 np0000006635 devstack@neutron-api.service[90850]: DEBUG neutron.api.extensions [None req-0c7a821a-2b49-417e-b082-d51d07920ceb None None] Loading extension file: segment.py {{(pid=90850) _load_all_extensions_from_path /opt/stack/neutron/neutron/api/extensions.py:449}}
Aug 06 07:21:04.820022 np0000006635 devstack@neutron-api.service[90850]: DEBUG neutron.api.extensions [None req-0c7a821a-2b49-417e-b082-d51d07920ceb None None] Ext name="Segment" alias="segment" description="Segments extension." updated="2016-02-24T17:00:00-00:00" {{(pid=90850) _check_extension /opt/stack/neutron/neutron/api/extensions.py:415}}
Aug 06 07:21:04.820137 np0000006635 devstack@neutron-api.service[90847]: DEBUG neutron_lib.callbacks.manager [None req-f69fda32-c673-4995-8c25-56e40f0eb120 None None] Subscribe: network precommit_update 55550000, False {{(pid=90847) subscribe /opt/stack/data/venv/lib/python3.12/site-packages/neutron_lib/callbacks/manager.py:52}}
Aug 06 07:21:04.820266 np0000006635 devstack@neutron-api.service[90847]: DEBUG neutron_lib.callbacks.manager [None req-f69fda32-c673-4995-8c25-56e40f0eb120 None None] Subscribe: network precommit_create 55550000, False {{(pid=90847) subscribe /opt/stack/data/venv/lib/python3.12/site-packages/neutron_lib/callbacks/manager.py:52}}
Aug 06 07:21:04.820439 np0000006635 devstack@neutron-api.service[90850]: INFO neutron.api.extensions [None req-0c7a821a-2b49-417e-b082-d51d07920ceb None None] Extension segment not supported by any of loaded plugins
Aug 06 07:21:04.820439 np0000006635 devstack@neutron-api.service[90850]: DEBUG neutron.api.extensions [None req-0c7a821a-2b49-417e-b082-d51d07920ceb None None] Loading extension file: segments_peer_subnet_host_routes.py {{(pid=90850) _load_all_extensions_from_path /opt/stack/neutron/neutron/api/extensions.py:449}}
Aug 06 07:21:04.820620 np0000006635 devstack@neutron-api.service[90847]: DEBUG neutron.manager [None req-f69fda32-c673-4995-8c25-56e40f0eb120 None None] Successfully loaded auto-allocated-topology plugin. Description: Auto Allocated Topology - aka get me a network. {{(pid=90847) _create_and_add_service_plugin /opt/stack/neutron/neutron/manager.py:236}}
Aug 06 07:21:04.820811 np0000006635 devstack@neutron-api.service[90847]: INFO neutron.manager [None req-f69fda32-c673-4995-8c25-56e40f0eb120 None None] Loading Plugin: tag
Aug 06 07:21:04.820961 np0000006635 devstack@neutron-api.service[90850]: DEBUG neutron.api.extensions [None req-0c7a821a-2b49-417e-b082-d51d07920ceb None None] Ext name="Segments peer-subnet host routes" alias="segments-peer-subnet-host-routes" description="Add host routes to subnets on a routed network (segments)" updated="2018-06-12T10:00:00-00:00" {{(pid=90850) _check_extension /opt/stack/neutron/neutron/api/extensions.py:415}}
Aug 06 07:21:04.820961 np0000006635 devstack@neutron-api.service[90850]: INFO neutron.api.extensions [None req-0c7a821a-2b49-417e-b082-d51d07920ceb None None] Extension segments-peer-subnet-host-routes not supported by any of loaded plugins
Aug 06 07:21:04.821082 np0000006635 devstack@neutron-api.service[90850]: DEBUG neutron.api.extensions [None req-0c7a821a-2b49-417e-b082-d51d07920ceb None None] Loading extension file: servicetype.py {{(pid=90850) _load_all_extensions_from_path /opt/stack/neutron/neutron/api/extensions.py:449}}
Aug 06 07:21:04.821433 np0000006635 devstack@neutron-api.service[90850]: DEBUG neutron.api.extensions [None req-0c7a821a-2b49-417e-b082-d51d07920ceb None None] Ext name="Neutron Service Type Management" alias="service-type" description="API for retrieving service providers for Neutron advanced services" updated="2013-01-20T00:00:00-00:00" {{(pid=90850) _check_extension /opt/stack/neutron/neutron/api/extensions.py:415}}
Aug 06 07:21:04.821573 np0000006635 devstack@neutron-api.service[90850]: INFO neutron.api.extensions [None req-0c7a821a-2b49-417e-b082-d51d07920ceb None None] Loaded extension: service-type
Aug 06 07:21:04.821654 np0000006635 devstack@neutron-api.service[90850]: DEBUG neutron.api.extensions [None req-0c7a821a-2b49-417e-b082-d51d07920ceb None None] Loading extension file: sorting.py {{(pid=90850) _load_all_extensions_from_path /opt/stack/neutron/neutron/api/extensions.py:449}}
Aug 06 07:21:04.821893 np0000006635 devstack@neutron-api.service[90850]: DEBUG neutron.api.extensions [None req-0c7a821a-2b49-417e-b082-d51d07920ceb None None] Ext name="Sorting support" alias="sorting" description="Extension that indicates that sorting is enabled." updated="2016-06-12T00:00:00-00:00" {{(pid=90850) _check_extension /opt/stack/neutron/neutron/api/extensions.py:415}}
Aug 06 07:21:04.822024 np0000006635 devstack@neutron-api.service[90850]: INFO neutron.api.extensions [None req-0c7a821a-2b49-417e-b082-d51d07920ceb None None] Loaded extension: sorting
Aug 06 07:21:04.822124 np0000006635 devstack@neutron-api.service[90850]: DEBUG neutron.api.extensions [None req-0c7a821a-2b49-417e-b082-d51d07920ceb None None] Loading extension file: standard_attr_segment.py {{(pid=90850) _load_all_extensions_from_path /opt/stack/neutron/neutron/api/extensions.py:449}}
Aug 06 07:21:04.822387 np0000006635 devstack@neutron-api.service[90850]: DEBUG neutron.api.extensions [None req-0c7a821a-2b49-417e-b082-d51d07920ceb None None] Ext name="Standard Attribute Segment Extension" alias="standard-attr-segment" description="Add standard attributes to Segment resource" updated="2018-04-09T10:00:00-00:00" {{(pid=90850) _check_extension /opt/stack/neutron/neutron/api/extensions.py:415}}
Aug 06 07:21:04.822616 np0000006635 devstack@neutron-api.service[90850]: INFO neutron.api.extensions [None req-0c7a821a-2b49-417e-b082-d51d07920ceb None None] Extension standard-attr-segment not supported by any of loaded plugins
Aug 06 07:21:04.822739 np0000006635 devstack@neutron-api.service[90850]: DEBUG neutron.api.extensions [None req-0c7a821a-2b49-417e-b082-d51d07920ceb None None] Loading extension file: standardattrdescription.py {{(pid=90850) _load_all_extensions_from_path /opt/stack/neutron/neutron/api/extensions.py:449}}
Aug 06 07:21:04.823056 np0000006635 devstack@neutron-api.service[90850]: DEBUG neutron.api.extensions [None req-0c7a821a-2b49-417e-b082-d51d07920ceb None None] Ext name="standard-attr-description" alias="standard-attr-description" description="Extension to add descriptions to standard attributes" updated="2016-02-10T10:00:00-00:00" {{(pid=90850) _check_extension /opt/stack/neutron/neutron/api/extensions.py:415}}
Aug 06 07:21:04.823863 np0000006635 devstack@neutron-api.service[90850]: INFO neutron.api.extensions [None req-0c7a821a-2b49-417e-b082-d51d07920ceb None None] Loaded extension: standard-attr-description
Aug 06 07:21:04.823863 np0000006635 devstack@neutron-api.service[90850]: DEBUG neutron.api.extensions [None req-0c7a821a-2b49-417e-b082-d51d07920ceb None None] Loading extension file: stateful_security_group.py {{(pid=90850) _load_all_extensions_from_path /opt/stack/neutron/neutron/api/extensions.py:449}}
Aug 06 07:21:04.823863 np0000006635 devstack@neutron-api.service[90850]: DEBUG neutron.api.extensions [None req-0c7a821a-2b49-417e-b082-d51d07920ceb None None] Ext name="Stateful security group" alias="stateful-security-group" description="Indicates if the security group is stateful or not" updated="2019-11-26T09:00:00-00:00" {{(pid=90850) _check_extension /opt/stack/neutron/neutron/api/extensions.py:415}}
Aug 06 07:21:04.824149 np0000006635 devstack@neutron-api.service[90850]: INFO neutron.api.extensions [None req-0c7a821a-2b49-417e-b082-d51d07920ceb None None] Loaded extension: stateful-security-group
Aug 06 07:21:04.824149 np0000006635 devstack@neutron-api.service[90850]: DEBUG neutron.api.extensions [None req-0c7a821a-2b49-417e-b082-d51d07920ceb None None] Loading extension file: stdattrs_common.py {{(pid=90850) _load_all_extensions_from_path /opt/stack/neutron/neutron/api/extensions.py:449}}
Aug 06 07:21:04.824555 np0000006635 devstack@neutron-api.service[90850]: WARNING neutron.api.extensions [None req-0c7a821a-2b49-417e-b082-d51d07920ceb None None] Did not find expected name "Stdattrs_common" in /opt/stack/neutron/neutron/extensions/stdattrs_common.py
Aug 06 07:21:04.824646 np0000006635 devstack@neutron-api.service[90850]: DEBUG neutron.api.extensions [None req-0c7a821a-2b49-417e-b082-d51d07920ceb None None] Loading extension file: subnet_dns_publish_fixed_ip.py {{(pid=90850) _load_all_extensions_from_path /opt/stack/neutron/neutron/api/extensions.py:449}}
Aug 06 07:21:04.827453 np0000006635 devstack@neutron-api.service[90850]: DEBUG neutron.api.extensions [None req-0c7a821a-2b49-417e-b082-d51d07920ceb None None] Ext name="Subnet DNS publish fixed IP" alias="subnet-dns-publish-fixed-ip" description="Support choosing to publish DNS records for IPs from a subnet" updated="2019-05-24T10:00:00-00:00" {{(pid=90850) _check_extension /opt/stack/neutron/neutron/api/extensions.py:415}}
Aug 06 07:21:04.827683 np0000006635 devstack@neutron-api.service[90847]: DEBUG neutron.manager [None req-f69fda32-c673-4995-8c25-56e40f0eb120 None None] Successfully loaded TAG plugin. Description: Tag support {{(pid=90847) _create_and_add_service_plugin /opt/stack/neutron/neutron/manager.py:236}}
Aug 06 07:21:04.827683 np0000006635 devstack@neutron-api.service[90847]: INFO neutron.manager [None req-f69fda32-c673-4995-8c25-56e40f0eb120 None None] Loading Plugin: timestamp
Aug 06 07:21:04.827954 np0000006635 devstack@neutron-api.service[90850]: INFO neutron.api.extensions [None req-0c7a821a-2b49-417e-b082-d51d07920ceb None None] Loaded extension: subnet-dns-publish-fixed-ip
Aug 06 07:21:04.827954 np0000006635 devstack@neutron-api.service[90850]: DEBUG neutron.api.extensions [None req-0c7a821a-2b49-417e-b082-d51d07920ceb None None] Loading extension file: subnet_external_network.py {{(pid=90850) _load_all_extensions_from_path /opt/stack/neutron/neutron/api/extensions.py:449}}
Aug 06 07:21:04.827954 np0000006635 devstack@neutron-api.service[90850]: DEBUG neutron.api.extensions [None req-0c7a821a-2b49-417e-b082-d51d07920ceb None None] Ext name="Subnet belongs to an external network" alias="subnet-external-network" description="Informs if the subnet belongs to an external network" updated="2024-02-05T18:00:00-00:00" {{(pid=90850) _check_extension /opt/stack/neutron/neutron/api/extensions.py:415}}
Aug 06 07:21:04.827954 np0000006635 devstack@neutron-api.service[90850]: INFO neutron.api.extensions [None req-0c7a821a-2b49-417e-b082-d51d07920ceb None None] Loaded extension: subnet-external-network
Aug 06 07:21:04.827954 np0000006635 devstack@neutron-api.service[90850]: DEBUG neutron.api.extensions [None req-0c7a821a-2b49-417e-b082-d51d07920ceb None None] Loading extension file: subnet_onboard.py {{(pid=90850) _load_all_extensions_from_path /opt/stack/neutron/neutron/api/extensions.py:449}}
Aug 06 07:21:04.827954 np0000006635 devstack@neutron-api.service[90850]: DEBUG neutron.api.extensions [None req-0c7a821a-2b49-417e-b082-d51d07920ceb None None] Ext name="Subnet Onboard" alias="subnet_onboard" description="Provides support for onboarding subnets into subnet pools" updated="2018-12-18T09:00:00-00:00" {{(pid=90850) _check_extension /opt/stack/neutron/neutron/api/extensions.py:415}}
Aug 06 07:21:04.827954 np0000006635 devstack@neutron-api.service[90850]: INFO neutron.api.extensions [None req-0c7a821a-2b49-417e-b082-d51d07920ceb None None] Loaded extension: subnet_onboard
Aug 06 07:21:04.827954 np0000006635 devstack@neutron-api.service[90850]: DEBUG neutron.api.extensions [None req-0c7a821a-2b49-417e-b082-d51d07920ceb None None] Loading extension file: subnet_segmentid_writable.py {{(pid=90850) _load_all_extensions_from_path /opt/stack/neutron/neutron/api/extensions.py:449}}
Aug 06 07:21:04.828507 np0000006635 devstack@neutron-api.service[90847]: DEBUG neutron.manager [None req-f69fda32-c673-4995-8c25-56e40f0eb120 None None] Successfully loaded timestamp plugin. Description: Adds timestamps to Neutron resources with standard attributes {{(pid=90847) _create_and_add_service_plugin /opt/stack/neutron/neutron/manager.py:236}}
Aug 06 07:21:04.828746 np0000006635 devstack@neutron-api.service[90850]: DEBUG neutron.api.extensions [None req-0c7a821a-2b49-417e-b082-d51d07920ceb None None] Ext name="Subnet SegmentID (writable)" alias="subnet-segmentid-writable" description="Provides a writable segment_id attribute for a subnet resource." updated="2018-03-12T00:00:00-00:00" {{(pid=90850) _check_extension /opt/stack/neutron/neutron/api/extensions.py:415}}
Aug 06 07:21:04.828999 np0000006635 devstack@neutron-api.service[90847]: INFO neutron.manager [None req-f69fda32-c673-4995-8c25-56e40f0eb120 None None] Loading Plugin: network_ip_availability
Aug 06 07:21:04.829111 np0000006635 devstack@neutron-api.service[90850]: INFO neutron.api.extensions [None req-0c7a821a-2b49-417e-b082-d51d07920ceb None None] Extension subnet-segmentid-writable not supported by any of loaded plugins
Aug 06 07:21:04.829111 np0000006635 devstack@neutron-api.service[90850]: DEBUG neutron.api.extensions [None req-0c7a821a-2b49-417e-b082-d51d07920ceb None None] Loading extension file: subnet_service_types.py {{(pid=90850) _load_all_extensions_from_path /opt/stack/neutron/neutron/api/extensions.py:449}}
Aug 06 07:21:04.829111 np0000006635 devstack@neutron-api.service[90850]: DEBUG neutron.api.extensions [None req-0c7a821a-2b49-417e-b082-d51d07920ceb None None] Ext name="Subnet service types" alias="subnet-service-types" description="Provides ability to set the subnet service_types field" updated="2016-03-15T18:00:00-00:00" {{(pid=90850) _check_extension /opt/stack/neutron/neutron/api/extensions.py:415}}
Aug 06 07:21:04.829111 np0000006635 devstack@neutron-api.service[90850]: INFO neutron.api.extensions [None req-0c7a821a-2b49-417e-b082-d51d07920ceb None None] Loaded extension: subnet-service-types
Aug 06 07:21:04.829111 np0000006635 devstack@neutron-api.service[90850]: DEBUG neutron.api.extensions [None req-0c7a821a-2b49-417e-b082-d51d07920ceb None None] Loading extension file: subnetallocation.py {{(pid=90850) _load_all_extensions_from_path /opt/stack/neutron/neutron/api/extensions.py:449}}
Aug 06 07:21:04.829111 np0000006635 devstack@neutron-api.service[90850]: DEBUG neutron.api.extensions [None req-0c7a821a-2b49-417e-b082-d51d07920ceb None None] Ext name="Subnet Allocation" alias="subnet_allocation" description="Enables allocation of subnets from a subnet pool" updated="2015-03-30T10:00:00-00:00" {{(pid=90850) _check_extension /opt/stack/neutron/neutron/api/extensions.py:415}}
Aug 06 07:21:04.829499 np0000006635 devstack@neutron-api.service[90850]: INFO neutron.api.extensions [None req-0c7a821a-2b49-417e-b082-d51d07920ceb None None] Loaded extension: subnet_allocation
Aug 06 07:21:04.829499 np0000006635 devstack@neutron-api.service[90850]: DEBUG neutron.api.extensions [None req-0c7a821a-2b49-417e-b082-d51d07920ceb None None] Loading extension file: subnetpool_prefix_ops.py {{(pid=90850) _load_all_extensions_from_path /opt/stack/neutron/neutron/api/extensions.py:449}}
Aug 06 07:21:04.829729 np0000006635 devstack@neutron-api.service[90850]: DEBUG neutron.api.extensions [None req-0c7a821a-2b49-417e-b082-d51d07920ceb None None] Ext name="Subnet Pool Prefix Operations" alias="subnetpool-prefix-ops" description="Provides support for adjusting the prefix list of subnet pools" updated="2019-02-08T10:00:00-00:00" {{(pid=90850) _check_extension /opt/stack/neutron/neutron/api/extensions.py:415}}
Aug 06 07:21:04.829828 np0000006635 devstack@neutron-api.service[90847]: DEBUG neutron.manager [None req-f69fda32-c673-4995-8c25-56e40f0eb120 None None] Successfully loaded network-ip-availability plugin. Description: Provides IP availability data for each network and subnet. {{(pid=90847) _create_and_add_service_plugin /opt/stack/neutron/neutron/manager.py:236}}
Aug 06 07:21:04.829931 np0000006635 devstack@neutron-api.service[90847]: INFO neutron.manager [None req-f69fda32-c673-4995-8c25-56e40f0eb120 None None] Loading Plugin: flavors
Aug 06 07:21:04.830017 np0000006635 devstack@neutron-api.service[90850]: INFO neutron.api.extensions [None req-0c7a821a-2b49-417e-b082-d51d07920ceb None None] Loaded extension: subnetpool-prefix-ops
Aug 06 07:21:04.830086 np0000006635 devstack@neutron-api.service[90850]: DEBUG neutron.api.extensions [None req-0c7a821a-2b49-417e-b082-d51d07920ceb None None] Loading extension file: tag_creation.py {{(pid=90850) _load_all_extensions_from_path /opt/stack/neutron/neutron/api/extensions.py:449}}
Aug 06 07:21:04.830401 np0000006635 devstack@neutron-api.service[90850]: DEBUG neutron.api.extensions [None req-0c7a821a-2b49-417e-b082-d51d07920ceb None None] Ext name="Tag creation extension" alias="tag-creation" description="Allow to create multiple tags for a resource" updated="2024-23-07T10:00:00-00:00" {{(pid=90850) _check_extension /opt/stack/neutron/neutron/api/extensions.py:415}}
Aug 06 07:21:04.830617 np0000006635 devstack@neutron-api.service[90850]: INFO neutron.api.extensions [None req-0c7a821a-2b49-417e-b082-d51d07920ceb None None] Loaded extension: tag-creation
Aug 06 07:21:04.830714 np0000006635 devstack@neutron-api.service[90850]: DEBUG neutron.api.extensions [None req-0c7a821a-2b49-417e-b082-d51d07920ceb None None] Loading extension file: tag_ports_during_bulk_creation.py {{(pid=90850) _load_all_extensions_from_path /opt/stack/neutron/neutron/api/extensions.py:449}}
Aug 06 07:21:04.831030 np0000006635 devstack@neutron-api.service[90850]: DEBUG neutron.api.extensions [None req-0c7a821a-2b49-417e-b082-d51d07920ceb None None] Ext name="Tag Ports During Bulk Creation" alias="tag-ports-during-bulk-creation" description="Allow to tag ports during bulk creation" updated="2019-12-29T19:00:00-00:00" {{(pid=90850) _check_extension /opt/stack/neutron/neutron/api/extensions.py:415}}
Aug 06 07:21:04.831271 np0000006635 devstack@neutron-api.service[90847]: DEBUG neutron.manager [None req-f69fda32-c673-4995-8c25-56e40f0eb120 None None] Successfully loaded FLAVORS plugin. Description: Neutron Flavors and Service Profiles manager plugin {{(pid=90847) _create_and_add_service_plugin /opt/stack/neutron/neutron/manager.py:236}}
Aug 06 07:21:04.831358 np0000006635 devstack@neutron-api.service[90850]: INFO neutron.api.extensions [None req-0c7a821a-2b49-417e-b082-d51d07920ceb None None] Extension tag-ports-during-bulk-creation not supported by any of loaded plugins
Aug 06 07:21:04.831437 np0000006635 devstack@neutron-api.service[90850]: DEBUG neutron.api.extensions [None req-0c7a821a-2b49-417e-b082-d51d07920ceb None None] Loading extension file: tagging.py {{(pid=90850) _load_all_extensions_from_path /opt/stack/neutron/neutron/api/extensions.py:449}}
Aug 06 07:21:04.831499 np0000006635 devstack@neutron-api.service[90847]: INFO neutron.manager [None req-f69fda32-c673-4995-8c25-56e40f0eb120 None None] Loading Plugin: revisions
Aug 06 07:21:04.832536 np0000006635 devstack@neutron-api.service[90850]: DEBUG neutron.api.extensions [None req-0c7a821a-2b49-417e-b082-d51d07920ceb None None] Ext name="Tag support for resources with standard attribute: port, subnet, subnetpool, network, security_group, router, floatingip, policy, trunk, network_segment_range" alias="standard-attr-tag" description="Enables to set tag on resources with standard attribute." updated="2017-01-01T00:00:00-00:00" {{(pid=90850) _check_extension /opt/stack/neutron/neutron/api/extensions.py:415}}
Aug 06 07:21:04.832854 np0000006635 devstack@neutron-api.service[90850]: INFO neutron.api.extensions [None req-0c7a821a-2b49-417e-b082-d51d07920ceb None None] Loaded extension: standard-attr-tag
Aug 06 07:21:04.832998 np0000006635 devstack@neutron-api.service[90850]: DEBUG neutron.api.extensions [None req-0c7a821a-2b49-417e-b082-d51d07920ceb None None] Loading extension file: timestamp.py {{(pid=90850) _load_all_extensions_from_path /opt/stack/neutron/neutron/api/extensions.py:449}}
Aug 06 07:21:04.833084 np0000006635 devstack@neutron-api.service[90847]: DEBUG neutron.manager [None req-f69fda32-c673-4995-8c25-56e40f0eb120 None None] Successfully loaded revision_plugin plugin. Description: Adds revision numbers to resources. {{(pid=90847) _create_and_add_service_plugin /opt/stack/neutron/neutron/manager.py:236}}
Aug 06 07:21:04.833274 np0000006635 devstack@neutron-api.service[90847]: DEBUG oslo_concurrency.lockutils [None req-f69fda32-c673-4995-8c25-56e40f0eb120 None None] Lock "manager" "released" by "neutron.manager.NeutronManager._create_instance" :: held 4.051s {{(pid=90847) inner /opt/stack/data/venv/lib/python3.12/site-packages/oslo_concurrency/lockutils.py:544}}
Aug 06 07:21:04.833385 np0000006635 devstack@neutron-api.service[90850]: DEBUG neutron.api.extensions [None req-0c7a821a-2b49-417e-b082-d51d07920ceb None None] Ext name="Resource timestamps" alias="standard-attr-timestamp" description="Adds created_at and updated_at fields to all Neutron resources that have Neutron standard attributes." updated="2016-09-12T10:00:00-00:00" {{(pid=90850) _check_extension /opt/stack/neutron/neutron/api/extensions.py:415}}
Aug 06 07:21:04.833611 np0000006635 devstack@neutron-api.service[90847]: DEBUG neutron.api.extensions [None req-f69fda32-c673-4995-8c25-56e40f0eb120 None None] get_extension_paths = OrderedDict({'/opt/stack/neutron/neutron/extensions': 1}) {{(pid=90847) get_extensions_path /opt/stack/neutron/neutron/api/extensions.py:640}}
Aug 06 07:21:04.833664 np0000006635 devstack@neutron-api.service[90850]: INFO neutron.api.extensions [None req-0c7a821a-2b49-417e-b082-d51d07920ceb None None] Loaded extension: standard-attr-timestamp
Aug 06 07:21:04.833764 np0000006635 devstack@neutron-api.service[90847]: INFO neutron.api.extensions [None req-f69fda32-c673-4995-8c25-56e40f0eb120 None None] Initializing extension manager.
Aug 06 07:21:04.833833 np0000006635 devstack@neutron-api.service[90850]: DEBUG neutron.api.extensions [None req-0c7a821a-2b49-417e-b082-d51d07920ceb None None] Loading extension file: trunk.py {{(pid=90850) _load_all_extensions_from_path /opt/stack/neutron/neutron/api/extensions.py:449}}
Aug 06 07:21:04.834136 np0000006635 devstack@neutron-api.service[90847]: DEBUG neutron.api.extensions [None req-f69fda32-c673-4995-8c25-56e40f0eb120 None None] Loading extension file: __init__.py {{(pid=90847) _load_all_extensions_from_path /opt/stack/neutron/neutron/api/extensions.py:449}}
Aug 06 07:21:04.834217 np0000006635 devstack@neutron-api.service[90850]: DEBUG neutron.api.extensions [None req-0c7a821a-2b49-417e-b082-d51d07920ceb None None] Ext name="Trunk Extension" alias="trunk" description="Provides support for trunk ports" updated="2016-01-01T10:00:00-00:00" {{(pid=90850) _check_extension /opt/stack/neutron/neutron/api/extensions.py:415}}
Aug 06 07:21:04.834316 np0000006635 devstack@neutron-api.service[90847]: DEBUG neutron.api.extensions [None req-f69fda32-c673-4995-8c25-56e40f0eb120 None None] Loading extension file: __pycache__ {{(pid=90847) _load_all_extensions_from_path /opt/stack/neutron/neutron/api/extensions.py:449}}
Aug 06 07:21:04.834441 np0000006635 devstack@neutron-api.service[90850]: INFO neutron.api.extensions [None req-0c7a821a-2b49-417e-b082-d51d07920ceb None None] Extension trunk not supported by any of loaded plugins
Aug 06 07:21:04.834539 np0000006635 devstack@neutron-api.service[90847]: DEBUG neutron.api.extensions [None req-f69fda32-c673-4995-8c25-56e40f0eb120 None None] Loading extension file: aap_reject_multicast.py {{(pid=90847) _load_all_extensions_from_path /opt/stack/neutron/neutron/api/extensions.py:449}}
Aug 06 07:21:04.834596 np0000006635 devstack@neutron-api.service[90850]: DEBUG neutron.api.extensions [None req-0c7a821a-2b49-417e-b082-d51d07920ceb None None] Loading extension file: trunk_details.py {{(pid=90850) _load_all_extensions_from_path /opt/stack/neutron/neutron/api/extensions.py:449}}
Aug 06 07:21:04.834811 np0000006635 devstack@neutron-api.service[90847]: DEBUG neutron.api.extensions [None req-f69fda32-c673-4995-8c25-56e40f0eb120 None None] Ext name="Allowed address pairs reject multicast extension" alias="aap-reject-multicast" description="Reject multicast addresses in Allowed Address Pairs" updated="2026-04-01T00:00:00-00:00" {{(pid=90847) _check_extension /opt/stack/neutron/neutron/api/extensions.py:415}}
Aug 06 07:21:04.834910 np0000006635 devstack@neutron-api.service[90850]: DEBUG neutron.api.extensions [None req-0c7a821a-2b49-417e-b082-d51d07920ceb None None] Ext name="Trunk port details" alias="trunk-details" description="Expose trunk port details" updated="2016-01-01T10:00:00-00:00" {{(pid=90850) _check_extension /opt/stack/neutron/neutron/api/extensions.py:415}}
Aug 06 07:21:04.835120 np0000006635 devstack@neutron-api.service[90847]: INFO neutron.api.extensions [None req-f69fda32-c673-4995-8c25-56e40f0eb120 None None] Extension aap-reject-multicast not supported by any of loaded plugins
Aug 06 07:21:04.835185 np0000006635 devstack@neutron-api.service[90850]: INFO neutron.api.extensions [None req-0c7a821a-2b49-417e-b082-d51d07920ceb None None] Extension trunk-details not supported by any of loaded plugins
Aug 06 07:21:04.835274 np0000006635 devstack@neutron-api.service[90847]: DEBUG neutron.api.extensions [None req-f69fda32-c673-4995-8c25-56e40f0eb120 None None] Loading extension file: address_group.py {{(pid=90847) _load_all_extensions_from_path /opt/stack/neutron/neutron/api/extensions.py:449}}
Aug 06 07:21:04.835345 np0000006635 devstack@neutron-api.service[90850]: DEBUG neutron.api.extensions [None req-0c7a821a-2b49-417e-b082-d51d07920ceb None None] Loading extension file: uplink_status_propagation.py {{(pid=90850) _load_all_extensions_from_path /opt/stack/neutron/neutron/api/extensions.py:449}}
Aug 06 07:21:04.835707 np0000006635 devstack@neutron-api.service[90850]: DEBUG neutron.api.extensions [None req-0c7a821a-2b49-417e-b082-d51d07920ceb None None] Ext name="Uplink status propagation extension" alias="uplink-status-propagation" description="Provides ability to propagate port uplink status." updated="2018-05-31T18:00:00-00:00" {{(pid=90850) _check_extension /opt/stack/neutron/neutron/api/extensions.py:415}}
Aug 06 07:21:04.835788 np0000006635 devstack@neutron-api.service[90847]: DEBUG neutron.api.extensions [None req-f69fda32-c673-4995-8c25-56e40f0eb120 None None] Ext name="Address group" alias="address-group" description="Support address group" updated="2020-07-15T10:00:00-00:00" {{(pid=90847) _check_extension /opt/stack/neutron/neutron/api/extensions.py:415}}
Aug 06 07:21:04.835925 np0000006635 devstack@neutron-api.service[90850]: INFO neutron.api.extensions [None req-0c7a821a-2b49-417e-b082-d51d07920ceb None None] Extension uplink-status-propagation not supported by any of loaded plugins
Aug 06 07:21:04.835993 np0000006635 devstack@neutron-api.service[90847]: INFO neutron.api.extensions [None req-f69fda32-c673-4995-8c25-56e40f0eb120 None None] Loaded extension: address-group
Aug 06 07:21:04.836055 np0000006635 devstack@neutron-api.service[90850]: DEBUG neutron.api.extensions [None req-0c7a821a-2b49-417e-b082-d51d07920ceb None None] Loading extension file: uplink_status_propagation_updatable.py {{(pid=90850) _load_all_extensions_from_path /opt/stack/neutron/neutron/api/extensions.py:449}}
Aug 06 07:21:04.836143 np0000006635 devstack@neutron-api.service[90847]: DEBUG neutron.api.extensions [None req-f69fda32-c673-4995-8c25-56e40f0eb120 None None] Loading extension file: address_scope.py {{(pid=90847) _load_all_extensions_from_path /opt/stack/neutron/neutron/api/extensions.py:449}}
Aug 06 07:21:04.836388 np0000006635 devstack@neutron-api.service[90850]: DEBUG neutron.api.extensions [None req-0c7a821a-2b49-417e-b082-d51d07920ceb None None] Ext name="Uplink status propagation updatable extension" alias="uplink-status-propagation-updatable" description="Provides ability to update the port uplink status." updated="2024-09-03T18:00:00-00:00" {{(pid=90850) _check_extension /opt/stack/neutron/neutron/api/extensions.py:415}}
Aug 06 07:21:04.836622 np0000006635 devstack@neutron-api.service[90850]: INFO neutron.api.extensions [None req-0c7a821a-2b49-417e-b082-d51d07920ceb None None] Extension uplink-status-propagation-updatable not supported by any of loaded plugins
Aug 06 07:21:04.836686 np0000006635 devstack@neutron-api.service[90847]: DEBUG neutron.api.extensions [None req-f69fda32-c673-4995-8c25-56e40f0eb120 None None] Ext name="Address scope" alias="address-scope" description="Address scopes extension." updated="2015-07-26T10:00:00-00:00" {{(pid=90847) _check_extension /opt/stack/neutron/neutron/api/extensions.py:415}}
Aug 06 07:21:04.836756 np0000006635 devstack@neutron-api.service[90850]: DEBUG neutron.api.extensions [None req-0c7a821a-2b49-417e-b082-d51d07920ceb None None] Loading extension file: vlantransparent.py {{(pid=90850) _load_all_extensions_from_path /opt/stack/neutron/neutron/api/extensions.py:449}}
Aug 06 07:21:04.836866 np0000006635 devstack@neutron-api.service[90847]: INFO neutron.api.extensions [None req-f69fda32-c673-4995-8c25-56e40f0eb120 None None] Loaded extension: address-scope
Aug 06 07:21:04.837018 np0000006635 devstack@neutron-api.service[90847]: DEBUG neutron.api.extensions [None req-f69fda32-c673-4995-8c25-56e40f0eb120 None None] Loading extension file: admin_state_down_before_update.py {{(pid=90847) _load_all_extensions_from_path /opt/stack/neutron/neutron/api/extensions.py:449}}
Aug 06 07:21:04.837085 np0000006635 devstack@neutron-api.service[90850]: DEBUG neutron.api.extensions [None req-0c7a821a-2b49-417e-b082-d51d07920ceb None None] Ext name="Vlantransparent" alias="vlan-transparent" description="Provides Vlan Transparent Networks" updated="2015-03-23T09:00:00-00:00" {{(pid=90850) _check_extension /opt/stack/neutron/neutron/api/extensions.py:415}}
Aug 06 07:21:04.837309 np0000006635 devstack@neutron-api.service[90850]: INFO neutron.api.extensions [None req-0c7a821a-2b49-417e-b082-d51d07920ceb None None] Loaded extension: vlan-transparent
Aug 06 07:21:04.837471 np0000006635 devstack@neutron-api.service[90847]: DEBUG neutron.api.extensions [None req-f69fda32-c673-4995-8c25-56e40f0eb120 None None] Ext name="Enforce Router's Admin State Down Before Update Extension" alias="router-admin-state-down-before-update" description="Ensure that the admin state of a router is DOWN (admin_state_up=False) before updating the distributed attribute" updated="2019-07-02T15:56:00" {{(pid=90847) _check_extension /opt/stack/neutron/neutron/api/extensions.py:415}}
Aug 06 07:21:04.837661 np0000006635 devstack@neutron-api.service[90847]: INFO neutron.api.extensions [None req-f69fda32-c673-4995-8c25-56e40f0eb120 None None] Extension router-admin-state-down-before-update not supported by any of loaded plugins
Aug 06 07:21:04.837783 np0000006635 devstack@neutron-api.service[90847]: DEBUG neutron.api.extensions [None req-f69fda32-c673-4995-8c25-56e40f0eb120 None None] Loading extension file: agent.py {{(pid=90847) _load_all_extensions_from_path /opt/stack/neutron/neutron/api/extensions.py:449}}
Aug 06 07:21:04.838304 np0000006635 devstack@neutron-api.service[90847]: DEBUG neutron.api.extensions [None req-f69fda32-c673-4995-8c25-56e40f0eb120 None None] Ext name="agent" alias="agent" description="The agent management extension." updated="2013-02-03T10:00:00-00:00" {{(pid=90847) _check_extension /opt/stack/neutron/neutron/api/extensions.py:415}}
Aug 06 07:21:04.838563 np0000006635 devstack@neutron-api.service[90847]: INFO neutron.api.extensions [None req-f69fda32-c673-4995-8c25-56e40f0eb120 None None] Loaded extension: agent
Aug 06 07:21:04.838694 np0000006635 devstack@neutron-api.service[90847]: DEBUG neutron.api.extensions [None req-f69fda32-c673-4995-8c25-56e40f0eb120 None None] Loading extension file: agent_resources_synced.py {{(pid=90847) _load_all_extensions_from_path /opt/stack/neutron/neutron/api/extensions.py:449}}
Aug 06 07:21:04.839031 np0000006635 devstack@neutron-api.service[90847]: DEBUG neutron.api.extensions [None req-f69fda32-c673-4995-8c25-56e40f0eb120 None None] Ext name="Agent's Resource View Synced to Placement" alias="agent-resources-synced" description="Stores success/failure of last sync to Placement" updated="2018-12-19T00:00:00-00:00" {{(pid=90847) _check_extension /opt/stack/neutron/neutron/api/extensions.py:415}}
Aug 06 07:21:04.839338 np0000006635 devstack@neutron-api.service[90847]: INFO neutron.api.extensions [None req-f69fda32-c673-4995-8c25-56e40f0eb120 None None] Extension agent-resources-synced not supported by any of loaded plugins
Aug 06 07:21:04.839550 np0000006635 devstack@neutron-api.service[90847]: DEBUG neutron.api.extensions [None req-f69fda32-c673-4995-8c25-56e40f0eb120 None None] Loading extension file: agent_sort_key.py {{(pid=90847) _load_all_extensions_from_path /opt/stack/neutron/neutron/api/extensions.py:449}}
Aug 06 07:21:04.839680 np0000006635 devstack@neutron-api.service[90850]: INFO neutron.quota.resource_registry [None req-0c7a821a-2b49-417e-b082-d51d07920ceb None None] Creating instance of TrackedResource for resource:network
Aug 06 07:21:04.839804 np0000006635 devstack@neutron-api.service[90850]: INFO neutron.quota.resource_registry [None req-0c7a821a-2b49-417e-b082-d51d07920ceb None None] Creating instance of TrackedResource for resource:subnet
Aug 06 07:21:04.839908 np0000006635 devstack@neutron-api.service[90847]: DEBUG neutron.api.extensions [None req-f69fda32-c673-4995-8c25-56e40f0eb120 None None] Ext name="Agents Sort Key" alias="agent_sort_key" description="Enabling the keyword sort_key for sorting in agents." updated="2013-02-03T10:00:00-00:00" {{(pid=90847) _check_extension /opt/stack/neutron/neutron/api/extensions.py:415}}
Aug 06 07:21:04.840020 np0000006635 devstack@neutron-api.service[90850]: INFO neutron.quota.resource_registry [None req-0c7a821a-2b49-417e-b082-d51d07920ceb None None] Creating instance of TrackedResource for resource:subnetpool
Aug 06 07:21:04.840020 np0000006635 devstack@neutron-api.service[90850]: INFO neutron.quota.resource_registry [None req-0c7a821a-2b49-417e-b082-d51d07920ceb None None] Creating instance of TrackedResource for resource:port
Aug 06 07:21:04.840139 np0000006635 devstack@neutron-api.service[90847]: INFO neutron.api.extensions [None req-f69fda32-c673-4995-8c25-56e40f0eb120 None None] Extension agent_sort_key not supported by any of loaded plugins
Aug 06 07:21:04.840284 np0000006635 devstack@neutron-api.service[90847]: DEBUG neutron.api.extensions [None req-f69fda32-c673-4995-8c25-56e40f0eb120 None None] Loading extension file: allowedaddresspairs.py {{(pid=90847) _load_all_extensions_from_path /opt/stack/neutron/neutron/api/extensions.py:449}}
Aug 06 07:21:04.841423 np0000006635 devstack@neutron-api.service[90847]: DEBUG neutron.api.extensions [None req-f69fda32-c673-4995-8c25-56e40f0eb120 None None] Ext name="Allowed Address Pairs" alias="allowed-address-pairs" description="Provides allowed address pairs" updated="2013-07-23T10:00:00-00:00" {{(pid=90847) _check_extension /opt/stack/neutron/neutron/api/extensions.py:415}}
Aug 06 07:21:04.841649 np0000006635 devstack@neutron-api.service[90847]: INFO neutron.api.extensions [None req-f69fda32-c673-4995-8c25-56e40f0eb120 None None] Loaded extension: allowed-address-pairs
Aug 06 07:21:04.841809 np0000006635 devstack@neutron-api.service[90847]: DEBUG neutron.api.extensions [None req-f69fda32-c673-4995-8c25-56e40f0eb120 None None] Loading extension file: auto_allocated_topology.py {{(pid=90847) _load_all_extensions_from_path /opt/stack/neutron/neutron/api/extensions.py:449}}
Aug 06 07:21:04.841957 np0000006635 devstack@neutron-api.service[90850]: INFO neutron.quota.resource_registry [None req-0c7a821a-2b49-417e-b082-d51d07920ceb None None] Creating instance of CountableResource for resource:router_route
Aug 06 07:21:04.842180 np0000006635 devstack@neutron-api.service[90850]: DEBUG neutron.api.v2.resource_helper [None req-0c7a821a-2b49-417e-b082-d51d07920ceb None None] Service L3_ROUTER_NAT assigned prefix: {{(pid=90850) build_resource_info /opt/stack/neutron/neutron/api/v2/resource_helper.py:77}}
Aug 06 07:21:04.842291 np0000006635 devstack@neutron-api.service[90847]: DEBUG neutron.api.extensions [None req-f69fda32-c673-4995-8c25-56e40f0eb120 None None] Ext name="Auto Allocated Topology Services" alias="auto-allocated-topology" description="Auto Allocated Topology Services." updated="2016-01-01T00:00:00-00:00" {{(pid=90847) _check_extension /opt/stack/neutron/neutron/api/extensions.py:415}}
Aug 06 07:21:04.842482 np0000006635 devstack@neutron-api.service[90847]: INFO neutron.api.extensions [None req-f69fda32-c673-4995-8c25-56e40f0eb120 None None] Loaded extension: auto-allocated-topology
Aug 06 07:21:04.842656 np0000006635 devstack@neutron-api.service[90847]: DEBUG neutron.api.extensions [None req-f69fda32-c673-4995-8c25-56e40f0eb120 None None] Loading extension file: availability_zone.py {{(pid=90847) _load_all_extensions_from_path /opt/stack/neutron/neutron/api/extensions.py:449}}
Aug 06 07:21:04.842737 np0000006635 devstack@neutron-api.service[90850]: DEBUG neutron.api.v2.resource_helper [None req-0c7a821a-2b49-417e-b082-d51d07920ceb None None] Service FLAVORS assigned prefix: {{(pid=90850) build_resource_info /opt/stack/neutron/neutron/api/v2/resource_helper.py:77}}
Aug 06 07:21:04.843065 np0000006635 devstack@neutron-api.service[90847]: DEBUG neutron.api.extensions [None req-f69fda32-c673-4995-8c25-56e40f0eb120 None None] Ext name="Availability Zone" alias="availability_zone" description="The availability zone extension." updated="2015-01-01T10:00:00-00:00" {{(pid=90847) _check_extension /opt/stack/neutron/neutron/api/extensions.py:415}}
Aug 06 07:21:04.843335 np0000006635 devstack@neutron-api.service[90847]: INFO neutron.api.extensions [None req-f69fda32-c673-4995-8c25-56e40f0eb120 None None] Loaded extension: availability_zone
Aug 06 07:21:04.843468 np0000006635 devstack@neutron-api.service[90847]: DEBUG neutron.api.extensions [None req-f69fda32-c673-4995-8c25-56e40f0eb120 None None] Loading extension file: availability_zone_filter.py {{(pid=90847) _load_all_extensions_from_path /opt/stack/neutron/neutron/api/extensions.py:449}}
Aug 06 07:21:04.843626 np0000006635 devstack@neutron-api.service[90850]: DEBUG neutron.api.v2.resource_helper [None req-0c7a821a-2b49-417e-b082-d51d07920ceb None None] Service L3_ROUTER_NAT assigned prefix: {{(pid=90850) build_resource_info /opt/stack/neutron/neutron/api/v2/resource_helper.py:77}}
Aug 06 07:21:04.844035 np0000006635 devstack@neutron-api.service[90850]: DEBUG neutron.api.v2.resource_helper [None req-0c7a821a-2b49-417e-b082-d51d07920ceb None None] Service L3_ROUTER_NAT assigned prefix: {{(pid=90850) build_resource_info /opt/stack/neutron/neutron/api/v2/resource_helper.py:77}}
Aug 06 07:21:04.844128 np0000006635 devstack@neutron-api.service[90847]: DEBUG neutron.api.extensions [None req-f69fda32-c673-4995-8c25-56e40f0eb120 None None] Ext name="Availability Zone Filter Extension" alias="availability_zone_filter" description="Add filter parameters to AvailabilityZone resource" updated="2018-06-22T10:00:00-00:00" {{(pid=90847) _check_extension /opt/stack/neutron/neutron/api/extensions.py:415}}
Aug 06 07:21:04.844184 np0000006635 devstack@neutron-api.service[90850]: INFO neutron.quota.resource_registry [None req-0c7a821a-2b49-417e-b082-d51d07920ceb None None] Creating instance of TrackedResource for resource:router
Aug 06 07:21:04.844515 np0000006635 devstack@neutron-api.service[90847]: INFO neutron.api.extensions [None req-f69fda32-c673-4995-8c25-56e40f0eb120 None None] Extension availability_zone_filter not supported by any of loaded plugins
Aug 06 07:21:04.844652 np0000006635 devstack@neutron-api.service[90847]: DEBUG neutron.api.extensions [None req-f69fda32-c673-4995-8c25-56e40f0eb120 None None] Loading extension file: data_plane_status.py {{(pid=90847) _load_all_extensions_from_path /opt/stack/neutron/neutron/api/extensions.py:449}}
Aug 06 07:21:04.844758 np0000006635 devstack@neutron-api.service[90850]: INFO neutron.quota.resource_registry [None req-0c7a821a-2b49-417e-b082-d51d07920ceb None None] Creating instance of TrackedResource for resource:floatingip
Aug 06 07:21:04.845124 np0000006635 devstack@neutron-api.service[90847]: DEBUG neutron.api.extensions [None req-f69fda32-c673-4995-8c25-56e40f0eb120 None None] Ext name="Port data plane status extension" alias="data-plane-status" description="Expose status of underlying data plane" updated="2017-01-24T10:00:00-00:00" {{(pid=90847) _check_extension /opt/stack/neutron/neutron/api/extensions.py:415}}
Aug 06 07:21:04.845280 np0000006635 devstack@neutron-api.service[90847]: INFO neutron.api.extensions [None req-f69fda32-c673-4995-8c25-56e40f0eb120 None None] Extension data-plane-status not supported by any of loaded plugins
Aug 06 07:21:04.845502 np0000006635 devstack@neutron-api.service[90847]: DEBUG neutron.api.extensions [None req-f69fda32-c673-4995-8c25-56e40f0eb120 None None] Loading extension file: default_subnetpools.py {{(pid=90847) _load_all_extensions_from_path /opt/stack/neutron/neutron/api/extensions.py:449}}
Aug 06 07:21:04.845712 np0000006635 devstack@neutron-api.service[90847]: DEBUG neutron.api.extensions [None req-f69fda32-c673-4995-8c25-56e40f0eb120 None None] Ext name="Default Subnetpools" alias="default-subnetpools" description="Provides ability to mark and use a subnetpool as the default." updated="2016-02-18T18:00:00-00:00" {{(pid=90847) _check_extension /opt/stack/neutron/neutron/api/extensions.py:415}}
Aug 06 07:21:04.845989 np0000006635 devstack@neutron-api.service[90847]: INFO neutron.api.extensions [None req-f69fda32-c673-4995-8c25-56e40f0eb120 None None] Loaded extension: default-subnetpools
Aug 06 07:21:04.846296 np0000006635 devstack@neutron-api.service[90847]: DEBUG neutron.api.extensions [None req-f69fda32-c673-4995-8c25-56e40f0eb120 None None] Loading extension file: dhcpagentscheduler.py {{(pid=90847) _load_all_extensions_from_path /opt/stack/neutron/neutron/api/extensions.py:449}}
Aug 06 07:21:04.846450 np0000006635 devstack@neutron-api.service[90850]: INFO neutron.quota.resource_registry [None req-0c7a821a-2b49-417e-b082-d51d07920ceb None None] Creating instance of CountableResource for resource:rbac_policy
Aug 06 07:21:04.846805 np0000006635 devstack@neutron-api.service[90847]: DEBUG neutron.api.extensions [None req-f69fda32-c673-4995-8c25-56e40f0eb120 None None] Ext name="DHCP Agent Scheduler" alias="dhcp_agent_scheduler" description="Schedule networks among dhcp agents" updated="2013-02-07T10:00:00-00:00" {{(pid=90847) _check_extension /opt/stack/neutron/neutron/api/extensions.py:415}}
Aug 06 07:21:04.847029 np0000006635 devstack@neutron-api.service[90847]: INFO neutron.api.extensions [None req-f69fda32-c673-4995-8c25-56e40f0eb120 None None] Loaded extension: dhcp_agent_scheduler
Aug 06 07:21:04.847183 np0000006635 devstack@neutron-api.service[90850]: INFO neutron.quota.resource_registry [None req-0c7a821a-2b49-417e-b082-d51d07920ceb None None] Creating instance of TrackedResource for resource:security_group
Aug 06 07:21:04.847299 np0000006635 devstack@neutron-api.service[90847]: DEBUG neutron.api.extensions [None req-f69fda32-c673-4995-8c25-56e40f0eb120 None None] Loading extension file: dns.py {{(pid=90847) _load_all_extensions_from_path /opt/stack/neutron/neutron/api/extensions.py:449}}
Aug 06 07:21:04.847760 np0000006635 devstack@neutron-api.service[90847]: DEBUG neutron.api.extensions [None req-f69fda32-c673-4995-8c25-56e40f0eb120 None None] Ext name="DNS Integration" alias="dns-integration" description="Provides integration with DNS." updated="2015-08-15T18:00:00-00:00" {{(pid=90847) _check_extension /opt/stack/neutron/neutron/api/extensions.py:415}}
Aug 06 07:21:04.847873 np0000006635 devstack@neutron-api.service[90850]: INFO neutron.quota.resource_registry [None req-0c7a821a-2b49-417e-b082-d51d07920ceb None None] Creating instance of TrackedResource for resource:security_group_rule
Aug 06 07:21:04.847970 np0000006635 devstack@neutron-api.service[90847]: INFO neutron.api.extensions [None req-f69fda32-c673-4995-8c25-56e40f0eb120 None None] Loaded extension: dns-integration
Aug 06 07:21:04.847970 np0000006635 devstack@neutron-api.service[90847]: DEBUG neutron.api.extensions [None req-f69fda32-c673-4995-8c25-56e40f0eb120 None None] Loading extension file: dns_domain_ports.py {{(pid=90847) _load_all_extensions_from_path /opt/stack/neutron/neutron/api/extensions.py:449}}
