Jun 02 15:08:40.147299 np0000001940 devstack@c-api.service[99334]: DEBUG cinder.api.openstack.wsgi [None req-a1d2d083-47e3-4aa7-b6f1-e556eb400701 tempest-TestMultiAttachVolumeSwap-134993622 tempest-TestMultiAttachVolumeSwap-134993622-project-member] Calling method 'show' {{(pid=99334) _process_stack /opt/stack/cinder/cinder/api/openstack/wsgi.py:878}}
Jun 02 15:08:40.166977 np0000001940 devstack@c-api.service[99334]: /opt/stack/data/venv/lib/python3.12/site-packages/oslo_context/context.py:102: DeprecationWarning: Policy enforcement is depending on the value of is_admin. This key is deprecated. Please update your policy file to use the standard policy values.
Jun 02 15:08:40.166977 np0000001940 devstack@c-api.service[99334]: warnings.warn(
Jun 02 15:08:40.175743 np0000001940 devstack@c-api.service[99334]: INFO cinder.volume.api [None req-a1d2d083-47e3-4aa7-b6f1-e556eb400701 tempest-TestMultiAttachVolumeSwap-134993622 tempest-TestMultiAttachVolumeSwap-134993622-project-member] Volume info retrieved successfully.
Jun 02 15:08:40.185361 np0000001940 devstack@c-api.service[99334]: INFO cinder.api.openstack.wsgi [None req-a1d2d083-47e3-4aa7-b6f1-e556eb400701 tempest-TestMultiAttachVolumeSwap-134993622 tempest-TestMultiAttachVolumeSwap-134993622-project-member] https://10.4.3.205/volume/v3/volumes/82877822-bcff-420e-a3ec-57db641abc95 returned with HTTP 200
Jun 02 15:08:40.185361 np0000001940 devstack@c-api.service[99334]: [pid: 99334|app: 0|req: 144/433] 10.4.3.205 () {66 vars in 1348 bytes} [Tue Jun 2 15:08:40 2026] GET /volume/v3/volumes/82877822-bcff-420e-a3ec-57db641abc95 => generated 1164 bytes in 42 msecs (HTTP/1.1 200) 7 headers in 286 bytes (1 switches on core 0)
Jun 02 15:08:40.437591 np0000001940 devstack@c-api.service[99336]: DEBUG cinder.api.middleware.request_id [None req-8a091ce5-ab01-4a6e-94bf-b36babd50482 None None] RequestId filter calling following filter/app {{(pid=99336) _context_setter /opt/stack/cinder/cinder/api/middleware/request_id.py:62}}
Jun 02 15:08:40.441349 np0000001940 devstack@c-api.service[99336]: INFO cinder.api.openstack.wsgi [None req-8a091ce5-ab01-4a6e-94bf-b36babd50482 tempest-TaggedBootDevicesTest_v242-669011382 tempest-TaggedBootDevicesTest_v242-669011382-project-member] GET https://10.4.3.205/volume/v3/volumes/2a0843b4-51e8-4831-94e1-085b1f8d5303
Jun 02 15:08:40.441667 np0000001940 devstack@c-api.service[99336]: DEBUG cinder.api.openstack.wsgi [None req-8a091ce5-ab01-4a6e-94bf-b36babd50482 tempest-TaggedBootDevicesTest_v242-669011382 tempest-TaggedBootDevicesTest_v242-669011382-project-member] Empty body provided in request {{(pid=99336) get_body /opt/stack/cinder/cinder/api/openstack/wsgi.py:725}}
Jun 02 15:08:40.441838 np0000001940 devstack@c-api.service[99336]: DEBUG cinder.api.openstack.wsgi [None req-8a091ce5-ab01-4a6e-94bf-b36babd50482 tempest-TaggedBootDevicesTest_v242-669011382 tempest-TaggedBootDevicesTest_v242-669011382-project-member] Calling method 'show' {{(pid=99336) _process_stack /opt/stack/cinder/cinder/api/openstack/wsgi.py:878}}
Jun 02 15:08:40.456379 np0000001940 devstack@c-api.service[99336]: /opt/stack/data/venv/lib/python3.12/site-packages/oslo_context/context.py:102: DeprecationWarning: Policy enforcement is depending on the value of is_admin. This key is deprecated. Please update your policy file to use the standard policy values.
Jun 02 15:08:40.456379 np0000001940 devstack@c-api.service[99336]: warnings.warn(
Jun 02 15:08:40.464235 np0000001940 devstack@c-api.service[99336]: INFO cinder.volume.api [None req-8a091ce5-ab01-4a6e-94bf-b36babd50482 tempest-TaggedBootDevicesTest_v242-669011382 tempest-TaggedBootDevicesTest_v242-669011382-project-member] Volume info retrieved successfully.
Jun 02 15:08:40.471203 np0000001940 devstack@c-api.service[99336]: INFO cinder.api.openstack.wsgi [None req-8a091ce5-ab01-4a6e-94bf-b36babd50482 tempest-TaggedBootDevicesTest_v242-669011382 tempest-TaggedBootDevicesTest_v242-669011382-project-member] https://10.4.3.205/volume/v3/volumes/2a0843b4-51e8-4831-94e1-085b1f8d5303 returned with HTTP 200
Jun 02 15:08:40.471303 np0000001940 devstack@c-api.service[99336]: [pid: 99336|app: 0|req: 143/434] 10.4.3.205 () {66 vars in 1348 bytes} [Tue Jun 2 15:08:40 2026] GET /volume/v3/volumes/2a0843b4-51e8-4831-94e1-085b1f8d5303 => generated 850 bytes in 34 msecs (HTTP/1.1 200) 7 headers in 285 bytes (1 switches on core 0)
Jun 02 15:08:40.528639 np0000001940 devstack@c-api.service[99335]: INFO cinder.api.openstack.wsgi [None req-a1657835-17d7-43fc-b373-0caf0c241b2f tempest-VolumesListTestJSON-1671140531 tempest-VolumesListTestJSON-1671140531-project-member] GET https://10.4.3.205/volume/v3/volumes
Jun 02 15:08:40.528639 np0000001940 devstack@c-api.service[99335]: DEBUG cinder.api.openstack.wsgi [None req-a1657835-17d7-43fc-b373-0caf0c241b2f tempest-VolumesListTestJSON-1671140531 tempest-VolumesListTestJSON-1671140531-project-member] Empty body provided in request {{(pid=99335) get_body /opt/stack/cinder/cinder/api/openstack/wsgi.py:725}}
Jun 02 15:08:40.528639 np0000001940 devstack@c-api.service[99335]: DEBUG cinder.api.openstack.wsgi [None req-a1657835-17d7-43fc-b373-0caf0c241b2f tempest-VolumesListTestJSON-1671140531 tempest-VolumesListTestJSON-1671140531-project-member] Calling method 'index' {{(pid=99335) _process_stack /opt/stack/cinder/cinder/api/openstack/wsgi.py:878}}
Jun 02 15:08:40.529190 np0000001940 devstack@c-api.service[99335]: DEBUG cinder.api.api_utils [None req-a1657835-17d7-43fc-b373-0caf0c241b2f tempest-VolumesListTestJSON-1671140531 tempest-VolumesListTestJSON-1671140531-project-member] Removing options '' from query. {{(pid=99335) remove_invalid_filter_options /opt/stack/cinder/cinder/api/api_utils.py:82}}
Jun 02 15:08:40.530194 np0000001940 devstack@c-api.service[99335]: DEBUG cinder.volume.api [None req-a1657835-17d7-43fc-b373-0caf0c241b2f tempest-VolumesListTestJSON-1671140531 tempest-VolumesListTestJSON-1671140531-project-member] Searching by: MultiDict([('no_migration_targets', True)]). {{(pid=99335) get_all /opt/stack/cinder/cinder/volume/api.py:663}}
Jun 02 15:08:40.541687 np0000001940 devstack@c-api.service[99335]: INFO cinder.volume.api [None req-a1657835-17d7-43fc-b373-0caf0c241b2f tempest-VolumesListTestJSON-1671140531 tempest-VolumesListTestJSON-1671140531-project-member] Get all volumes completed successfully.
Jun 02 15:08:40.542181 np0000001940 devstack@c-api.service[99335]: INFO cinder.api.openstack.wsgi [None req-a1657835-17d7-43fc-b373-0caf0c241b2f tempest-VolumesListTestJSON-1671140531 tempest-VolumesListTestJSON-1671140531-project-member] https://10.4.3.205/volume/v3/volumes returned with HTTP 200
Jun 02 15:08:40.542775 np0000001940 devstack@c-api.service[99335]: [pid: 99335|app: 0|req: 148/435] 10.4.3.205 () {66 vars in 1237 bytes} [Tue Jun 2 15:08:40 2026] GET /volume/v3/volumes => generated 15 bytes in 408 msecs (HTTP/1.1 200) 7 headers in 284 bytes (1 switches on core 0)
Jun 02 15:08:40.559346 np0000001940 devstack@c-api.service[99334]: DEBUG cinder.api.middleware.request_id [None req-c7e7f806-9aa3-4021-af3f-47ad368f1c42 None None] RequestId filter calling following filter/app {{(pid=99334) _context_setter /opt/stack/cinder/cinder/api/middleware/request_id.py:62}}
Jun 02 15:08:40.563105 np0000001940 devstack@c-api.service[99334]: INFO cinder.api.openstack.wsgi [None req-c7e7f806-9aa3-4021-af3f-47ad368f1c42 tempest-VolumesListTestJSON-1671140531 tempest-VolumesListTestJSON-1671140531-project-member] POST https://10.4.3.205/volume/v3/volumes
Jun 02 15:08:40.563105 np0000001940 devstack@c-api.service[99334]: DEBUG cinder.api.openstack.wsgi [None req-c7e7f806-9aa3-4021-af3f-47ad368f1c42 tempest-VolumesListTestJSON-1671140531 tempest-VolumesListTestJSON-1671140531-project-member] Action: 'create', calling method: create, body: {"volume": {"metadata": {"Type": "work"}, "size": 1, "name": "tempest-VolumesListTestJSON-Volume-1696080192"}} {{(pid=99334) _process_stack /opt/stack/cinder/cinder/api/openstack/wsgi.py:876}}
Jun 02 15:08:40.564530 np0000001940 devstack@c-api.service[99334]: DEBUG cinder.api.v3.volumes [None req-c7e7f806-9aa3-4021-af3f-47ad368f1c42 tempest-VolumesListTestJSON-1671140531 tempest-VolumesListTestJSON-1671140531-project-member] Create volume request body: {'volume': {'metadata': {'Type': 'work'}, 'size': 1, 'name': 'tempest-VolumesListTestJSON-Volume-1696080192'}} {{(pid=99334) create /opt/stack/cinder/cinder/api/v3/volumes.py:368}}
Jun 02 15:08:40.565473 np0000001940 devstack@c-api.service[99334]: INFO cinder.api.v3.volumes [None req-c7e7f806-9aa3-4021-af3f-47ad368f1c42 tempest-VolumesListTestJSON-1671140531 tempest-VolumesListTestJSON-1671140531-project-member] Create volume of 1 GB
Jun 02 15:08:40.572584 np0000001940 devstack@c-api.service[99334]: INFO cinder.volume.api [None req-c7e7f806-9aa3-4021-af3f-47ad368f1c42 tempest-VolumesListTestJSON-1671140531 tempest-VolumesListTestJSON-1671140531-project-member] Availability Zones retrieved successfully.
Jun 02 15:08:40.581002 np0000001940 devstack@c-api.service[99334]: DEBUG cinder.volume.api [None req-c7e7f806-9aa3-4021-af3f-47ad368f1c42 tempest-VolumesListTestJSON-1671140531 tempest-VolumesListTestJSON-1671140531-project-member] Flow 'volume_create_api' (d539da09-a0ba-40e1-9e45-11c7786098cc) transitioned into state 'RUNNING' from state 'PENDING' {{(pid=99334) _flow_receiver /opt/stack/data/venv/lib/python3.12/site-packages/taskflow/listeners/logging.py:160}}
Jun 02 15:08:40.581002 np0000001940 devstack@c-api.service[99334]: DEBUG cinder.volume.api [None req-c7e7f806-9aa3-4021-af3f-47ad368f1c42 tempest-VolumesListTestJSON-1671140531 tempest-VolumesListTestJSON-1671140531-project-member] Task 'cinder.volume.flows.api.create_volume.ExtractVolumeRequestTask;volume:create' (4ab35648-3800-4d7d-9de2-6ea8943e4d88) transitioned into state 'RUNNING' from state 'PENDING' {{(pid=99334) _task_receiver /opt/stack/data/venv/lib/python3.12/site-packages/taskflow/listeners/logging.py:242}}
Jun 02 15:08:40.581421 np0000001940 devstack@c-api.service[99334]: DEBUG cinder.volume.flows.api.create_volume [None req-c7e7f806-9aa3-4021-af3f-47ad368f1c42 tempest-VolumesListTestJSON-1671140531 tempest-VolumesListTestJSON-1671140531-project-member] Validating volume size '1' using validate_int {{(pid=99334) _extract_size /opt/stack/cinder/cinder/volume/flows/api/create_volume.py:226}}
Jun 02 15:08:40.625470 np0000001940 devstack@c-api.service[99334]: DEBUG cinder.volume.api [None req-c7e7f806-9aa3-4021-af3f-47ad368f1c42 tempest-VolumesListTestJSON-1671140531 tempest-VolumesListTestJSON-1671140531-project-member] Task 'cinder.volume.flows.api.create_volume.ExtractVolumeRequestTask;volume:create' (4ab35648-3800-4d7d-9de2-6ea8943e4d88) transitioned into state 'SUCCESS' from state 'RUNNING' with result '{'size': 1, 'snapshot_id': None, 'source_volid': None, 'volume_type': VolumeType(created_at=2026-06-02T15:04:21Z,deleted=False,deleted_at=None,description=None,extra_specs={volume_backend_name='storpool'},id=c20900e4-7693-4f47-a080-2fc70167e3d7,is_public=True,name='storpool',projects=[],qos_specs=,qos_specs_id=None,updated_at=None), 'volume_type_id': 'c20900e4-7693-4f47-a080-2fc70167e3d7', 'encryption_key_id': None, 'qos_specs': None, 'consistencygroup_id': None, 'cgsnapshot_id': None, 'group_id': None, 'replication_status': 'disabled', 'refresh_az': False, 'backup_id': None, 'multiattach': False, 'availability_zones': ['nova']}' {{(pid=99334) _task_receiver /opt/stack/data/venv/lib/python3.12/site-packages/taskflow/listeners/logging.py:218}}
Jun 02 15:08:40.627956 np0000001940 devstack@c-api.service[99334]: DEBUG cinder.volume.api [None req-c7e7f806-9aa3-4021-af3f-47ad368f1c42 tempest-VolumesListTestJSON-1671140531 tempest-VolumesListTestJSON-1671140531-project-member] Task 'cinder.volume.flows.api.create_volume.QuotaReserveTask;volume:create' (afc49fb6-966e-43ee-af15-a8ddfbb44280) transitioned into state 'RUNNING' from state 'PENDING' {{(pid=99334) _task_receiver /opt/stack/data/venv/lib/python3.12/site-packages/taskflow/listeners/logging.py:242}}
Jun 02 15:08:40.737669 np0000001940 devstack@c-api.service[99334]: DEBUG cinder.quota [None req-c7e7f806-9aa3-4021-af3f-47ad368f1c42 tempest-VolumesListTestJSON-1671140531 tempest-VolumesListTestJSON-1671140531-project-member] Created reservations ['62b613a9-7c96-4aa1-ab58-dfbf26622ecb', '35386442-3548-42f9-8e9f-db6050f2ae7b', 'eb883751-eaf6-4131-9f1d-7d5a6d75994f', '1a3c29d2-de07-484c-945a-f06f6245af0d'] {{(pid=99334) reserve /opt/stack/cinder/cinder/quota.py:752}}
Jun 02 15:08:40.738755 np0000001940 devstack@c-api.service[99334]: DEBUG cinder.volume.api [None req-c7e7f806-9aa3-4021-af3f-47ad368f1c42 tempest-VolumesListTestJSON-1671140531 tempest-VolumesListTestJSON-1671140531-project-member] Task 'cinder.volume.flows.api.create_volume.QuotaReserveTask;volume:create' (afc49fb6-966e-43ee-af15-a8ddfbb44280) transitioned into state 'SUCCESS' from state 'RUNNING' with result '{'reservations': ['62b613a9-7c96-4aa1-ab58-dfbf26622ecb', '35386442-3548-42f9-8e9f-db6050f2ae7b', 'eb883751-eaf6-4131-9f1d-7d5a6d75994f', '1a3c29d2-de07-484c-945a-f06f6245af0d']}' {{(pid=99334) _task_receiver /opt/stack/data/venv/lib/python3.12/site-packages/taskflow/listeners/logging.py:218}}
Jun 02 15:08:40.739670 np0000001940 devstack@c-api.service[99334]: DEBUG cinder.volume.api [None req-c7e7f806-9aa3-4021-af3f-47ad368f1c42 tempest-VolumesListTestJSON-1671140531 tempest-VolumesListTestJSON-1671140531-project-member] Task 'cinder.volume.flows.api.create_volume.EntryCreateTask;volume:create' (1d4e54d4-4a9c-4702-9406-473957ce1dfc) transitioned into state 'RUNNING' from state 'PENDING' {{(pid=99334) _task_receiver /opt/stack/data/venv/lib/python3.12/site-packages/taskflow/listeners/logging.py:242}}
Jun 02 15:08:40.763534 np0000001940 devstack@c-api.service[99334]: DEBUG cinder.volume.api [None req-c7e7f806-9aa3-4021-af3f-47ad368f1c42 tempest-VolumesListTestJSON-1671140531 tempest-VolumesListTestJSON-1671140531-project-member] Task 'cinder.volume.flows.api.create_volume.EntryCreateTask;volume:create' (1d4e54d4-4a9c-4702-9406-473957ce1dfc) transitioned into state 'SUCCESS' from state 'RUNNING' with result '{'volume_id': 'd4be8b33-ec98-48cd-b901-d12d565b2efd', 'volume_properties': VolumeProperties(attach_status='detached',availability_zone='nova',cgsnapshot_id=None,consistencygroup_id=None,display_description=None,display_name='tempest-VolumesListTestJSON-Volume-1696080192',encryption_key_id=None,group_id=None,group_type_id=,metadata={Type='work'},multiattach=False,project_id='112a71a5dfed4e5e8ee472eac6b6c3b1',qos_specs=None,replication_status=,reservations=['62b613a9-7c96-4aa1-ab58-dfbf26622ecb','35386442-3548-42f9-8e9f-db6050f2ae7b','eb883751-eaf6-4131-9f1d-7d5a6d75994f','1a3c29d2-de07-484c-945a-f06f6245af0d'],size=1,snapshot_id=None,source_replicaid=,source_volid=None,status='creating',user_id='4f83e7d7cea14cd7a1ff0a446c0b0343',volume_type_id=c20900e4-7693-4f47-a080-2fc70167e3d7), 'volume': Volume(_name_id=None,admin_metadata=,attach_status='detached',availability_zone='nova',bootable=False,cluster=,cluster_name=None,consistencygroup=,consistencygroup_id=None,created_at=2026-06-02T15:08:40Z,deleted=False,deleted_at=None,display_description=None,display_name='tempest-VolumesListTestJSON-Volume-1696080192',ec2_id=None,encryption_key_id=None,glance_metadata=,group=,group_id=None,host=None,id=d4be8b33-ec98-48cd-b901-d12d565b2efd,launched_at=None,metadata={Type='work'},migration_status=None,multiattach=False,previous_status=None,project_id='112a71a5dfed4e5e8ee472eac6b6c3b1',provider_auth=None,provider_geometry=None,provider_id=None,provider_location=None,replication_driver_data=None,replication_extended_status=None,replication_status=None,scheduled_at=None,service_uuid=None,shared_targets=True,size=1,snapshot_id=None,snapshots=,source_volid=None,status='creating',terminated_at=None,updated_at=None,use_quota=True,user_id='4f83e7d7cea14cd7a1ff0a446c0b0343',volume_attachment=VolumeAttachmentList,volume_type=VolumeType(c20900e4-7693-4f47-a080-2fc70167e3d7),volume_type_id=c20900e4-7693-4f47-a080-2fc70167e3d7)}' {{(pid=99334) _task_receiver /opt/stack/data/venv/lib/python3.12/site-packages/taskflow/listeners/logging.py:218}}
Jun 02 15:08:40.764609 np0000001940 devstack@c-api.service[99334]: DEBUG cinder.volume.api [None req-c7e7f806-9aa3-4021-af3f-47ad368f1c42 tempest-VolumesListTestJSON-1671140531 tempest-VolumesListTestJSON-1671140531-project-member] Task 'cinder.volume.flows.api.create_volume.QuotaCommitTask;volume:create' (8d8d62ef-91bb-4457-adbd-63bea83adf55) transitioned into state 'RUNNING' from state 'PENDING' {{(pid=99334) _task_receiver /opt/stack/data/venv/lib/python3.12/site-packages/taskflow/listeners/logging.py:242}}
Jun 02 15:08:40.796941 np0000001940 devstack@c-api.service[99334]: DEBUG cinder.volume.api [None req-c7e7f806-9aa3-4021-af3f-47ad368f1c42 tempest-VolumesListTestJSON-1671140531 tempest-VolumesListTestJSON-1671140531-project-member] Task 'cinder.volume.flows.api.create_volume.QuotaCommitTask;volume:create' (8d8d62ef-91bb-4457-adbd-63bea83adf55) transitioned into state 'SUCCESS' from state 'RUNNING' with result '{'volume_properties': VolumeProperties(attach_status='detached',availability_zone='nova',cgsnapshot_id=None,consistencygroup_id=None,display_description=None,display_name='tempest-VolumesListTestJSON-Volume-1696080192',encryption_key_id=None,group_id=None,group_type_id=,metadata={Type='work'},multiattach=False,project_id='112a71a5dfed4e5e8ee472eac6b6c3b1',qos_specs=None,replication_status=,reservations=['62b613a9-7c96-4aa1-ab58-dfbf26622ecb','35386442-3548-42f9-8e9f-db6050f2ae7b','eb883751-eaf6-4131-9f1d-7d5a6d75994f','1a3c29d2-de07-484c-945a-f06f6245af0d'],size=1,snapshot_id=None,source_replicaid=,source_volid=None,status='creating',user_id='4f83e7d7cea14cd7a1ff0a446c0b0343',volume_type_id=c20900e4-7693-4f47-a080-2fc70167e3d7)}' {{(pid=99334) _task_receiver /opt/stack/data/venv/lib/python3.12/site-packages/taskflow/listeners/logging.py:218}}
Jun 02 15:08:40.798016 np0000001940 devstack@c-api.service[99334]: DEBUG cinder.volume.api [None req-c7e7f806-9aa3-4021-af3f-47ad368f1c42 tempest-VolumesListTestJSON-1671140531 tempest-VolumesListTestJSON-1671140531-project-member] Task 'cinder.volume.flows.api.create_volume.VolumeCastTask;volume:create' (3591b88b-a809-491f-93e4-aa2d76248e19) transitioned into state 'RUNNING' from state 'PENDING' {{(pid=99334) _task_receiver /opt/stack/data/venv/lib/python3.12/site-packages/taskflow/listeners/logging.py:242}}
Jun 02 15:08:40.814971 np0000001940 devstack@c-api.service[99336]: DEBUG cinder.api.middleware.request_id [None req-2c00f9c7-912a-4fb6-8ed9-91a38e86b199 None None] RequestId filter calling following filter/app {{(pid=99336) _context_setter /opt/stack/cinder/cinder/api/middleware/request_id.py:62}}
Jun 02 15:08:40.818315 np0000001940 devstack@c-api.service[99336]: INFO cinder.api.openstack.wsgi [None req-2c00f9c7-912a-4fb6-8ed9-91a38e86b199 tempest-VolumesActionsTest-1117500001 tempest-VolumesActionsTest-1117500001-project-member] POST https://10.4.3.205/volume/v3/volumes/6d59fe02-9e31-46ec-b134-d302f0abd4cc/action
Jun 02 15:08:40.819372 np0000001940 devstack@c-api.service[99336]: DEBUG cinder.api.openstack.wsgi [None req-2c00f9c7-912a-4fb6-8ed9-91a38e86b199 tempest-VolumesActionsTest-1117500001 tempest-VolumesActionsTest-1117500001-project-member] Action body: b'{"os-reserve": {}}' {{(pid=99336) get_method /opt/stack/cinder/cinder/api/openstack/wsgi.py:993}}
Jun 02 15:08:40.819541 np0000001940 devstack@c-api.service[99336]: DEBUG cinder.api.openstack.wsgi [None req-2c00f9c7-912a-4fb6-8ed9-91a38e86b199 tempest-VolumesActionsTest-1117500001 tempest-VolumesActionsTest-1117500001-project-member] Action: 'action', calling method: _reserve, body: {"os-reserve": {}} {{(pid=99336) _process_stack /opt/stack/cinder/cinder/api/openstack/wsgi.py:876}}
Jun 02 15:08:40.836849 np0000001940 devstack@c-api.service[99334]: DEBUG cinder.volume.api [None req-c7e7f806-9aa3-4021-af3f-47ad368f1c42 tempest-VolumesListTestJSON-1671140531 tempest-VolumesListTestJSON-1671140531-project-member] Task 'cinder.volume.flows.api.create_volume.VolumeCastTask;volume:create' (3591b88b-a809-491f-93e4-aa2d76248e19) transitioned into state 'SUCCESS' from state 'RUNNING' with result 'None' {{(pid=99334) _task_receiver /opt/stack/data/venv/lib/python3.12/site-packages/taskflow/listeners/logging.py:218}}
Jun 02 15:08:40.837076 np0000001940 devstack@c-api.service[99336]: /opt/stack/data/venv/lib/python3.12/site-packages/oslo_context/context.py:102: DeprecationWarning: Policy enforcement is depending on the value of is_admin. This key is deprecated. Please update your policy file to use the standard policy values.
Jun 02 15:08:40.837076 np0000001940 devstack@c-api.service[99336]: warnings.warn(
Jun 02 15:08:40.837645 np0000001940 devstack@c-api.service[99336]: INFO cinder.volume.api [None req-2c00f9c7-912a-4fb6-8ed9-91a38e86b199 tempest-VolumesActionsTest-1117500001 tempest-VolumesActionsTest-1117500001-project-member] Volume info retrieved successfully.
Jun 02 15:08:40.838107 np0000001940 devstack@c-api.service[99334]: DEBUG cinder.volume.api [None req-c7e7f806-9aa3-4021-af3f-47ad368f1c42 tempest-VolumesListTestJSON-1671140531 tempest-VolumesListTestJSON-1671140531-project-member] Flow 'volume_create_api' (d539da09-a0ba-40e1-9e45-11c7786098cc) transitioned into state 'SUCCESS' from state 'RUNNING' {{(pid=99334) _flow_receiver /opt/stack/data/venv/lib/python3.12/site-packages/taskflow/listeners/logging.py:160}}
Jun 02 15:08:40.838666 np0000001940 devstack@c-api.service[99334]: INFO cinder.volume.api [None req-c7e7f806-9aa3-4021-af3f-47ad368f1c42 tempest-VolumesListTestJSON-1671140531 tempest-VolumesListTestJSON-1671140531-project-member] Create volume request issued successfully.
Jun 02 15:08:40.839531 np0000001940 devstack@c-api.service[99334]: INFO cinder.api.openstack.wsgi [None req-c7e7f806-9aa3-4021-af3f-47ad368f1c42 tempest-VolumesListTestJSON-1671140531 tempest-VolumesListTestJSON-1671140531-project-member] https://10.4.3.205/volume/v3/volumes returned with HTTP 202
Jun 02 15:08:40.840158 np0000001940 devstack@c-api.service[99334]: [pid: 99334|app: 0|req: 145/436] 10.4.3.205 () {68 vars in 1259 bytes} [Tue Jun 2 15:08:40 2026] POST /volume/v3/volumes => generated 764 bytes in 282 msecs (HTTP/1.1 202) 7 headers in 291 bytes (1 switches on core 0)
Jun 02 15:08:40.849786 np0000001940 devstack@c-api.service[99336]: INFO cinder.volume.api [None req-2c00f9c7-912a-4fb6-8ed9-91a38e86b199 tempest-VolumesActionsTest-1117500001 tempest-VolumesActionsTest-1117500001-project-member] Reserve volume completed successfully.
Jun 02 15:08:40.850279 np0000001940 devstack@c-api.service[99336]: INFO cinder.api.openstack.wsgi [None req-2c00f9c7-912a-4fb6-8ed9-91a38e86b199 tempest-VolumesActionsTest-1117500001 tempest-VolumesActionsTest-1117500001-project-member] https://10.4.3.205/volume/v3/volumes/6d59fe02-9e31-46ec-b134-d302f0abd4cc/action returned with HTTP 202
Jun 02 15:08:40.850684 np0000001940 devstack@c-api.service[99336]: [pid: 99336|app: 0|req: 144/437] 10.4.3.205 () {68 vars in 1390 bytes} [Tue Jun 2 15:08:40 2026] POST /volume/v3/volumes/6d59fe02-9e31-46ec-b134-d302f0abd4cc/action => generated 0 bytes in 36 msecs (HTTP/1.1 202) 7 headers in 289 bytes (1 switches on core 0)
Jun 02 15:08:40.862214 np0000001940 devstack@c-api.service[99335]: DEBUG cinder.api.middleware.request_id [None req-07131f9f-d997-44fe-9504-2d898d72e58f None None] RequestId filter calling following filter/app {{(pid=99335) _context_setter /opt/stack/cinder/cinder/api/middleware/request_id.py:62}}
Jun 02 15:08:40.863488 np0000001940 devstack@c-api.service[99334]: DEBUG cinder.api.middleware.request_id [None req-1adf51fd-821b-4aa8-a85a-ddf4bb269f96 None None] RequestId filter calling following filter/app {{(pid=99334) _context_setter /opt/stack/cinder/cinder/api/middleware/request_id.py:62}}
Jun 02 15:08:40.866735 np0000001940 devstack@c-api.service[99335]: INFO cinder.api.openstack.wsgi [None req-07131f9f-d997-44fe-9504-2d898d72e58f tempest-VolumesListTestJSON-1671140531 tempest-VolumesListTestJSON-1671140531-project-member] GET https://10.4.3.205/volume/v3/volumes/d4be8b33-ec98-48cd-b901-d12d565b2efd
Jun 02 15:08:40.866735 np0000001940 devstack@c-api.service[99335]: DEBUG cinder.api.openstack.wsgi [None req-07131f9f-d997-44fe-9504-2d898d72e58f tempest-VolumesListTestJSON-1671140531 tempest-VolumesListTestJSON-1671140531-project-member] Empty body provided in request {{(pid=99335) get_body /opt/stack/cinder/cinder/api/openstack/wsgi.py:725}}
Jun 02 15:08:40.866735 np0000001940 devstack@c-api.service[99335]: DEBUG cinder.api.openstack.wsgi [None req-07131f9f-d997-44fe-9504-2d898d72e58f tempest-VolumesListTestJSON-1671140531 tempest-VolumesListTestJSON-1671140531-project-member] Calling method 'show' {{(pid=99335) _process_stack /opt/stack/cinder/cinder/api/openstack/wsgi.py:878}}
Jun 02 15:08:40.867155 np0000001940 devstack@c-api.service[99334]: INFO cinder.api.openstack.wsgi [None req-1adf51fd-821b-4aa8-a85a-ddf4bb269f96 tempest-VolumesActionsTest-1117500001 tempest-VolumesActionsTest-1117500001-project-member] GET https://10.4.3.205/volume/v3/volumes/6d59fe02-9e31-46ec-b134-d302f0abd4cc
Jun 02 15:08:40.867155 np0000001940 devstack@c-api.service[99334]: DEBUG cinder.api.openstack.wsgi [None req-1adf51fd-821b-4aa8-a85a-ddf4bb269f96 tempest-VolumesActionsTest-1117500001 tempest-VolumesActionsTest-1117500001-project-member] Empty body provided in request {{(pid=99334) get_body /opt/stack/cinder/cinder/api/openstack/wsgi.py:725}}
Jun 02 15:08:40.867155 np0000001940 devstack@c-api.service[99334]: DEBUG cinder.api.openstack.wsgi [None req-1adf51fd-821b-4aa8-a85a-ddf4bb269f96 tempest-VolumesActionsTest-1117500001 tempest-VolumesActionsTest-1117500001-project-member] Calling method 'show' {{(pid=99334) _process_stack /opt/stack/cinder/cinder/api/openstack/wsgi.py:878}}
Jun 02 15:08:40.883861 np0000001940 devstack@c-api.service[99334]: /opt/stack/data/venv/lib/python3.12/site-packages/oslo_context/context.py:102: DeprecationWarning: Policy enforcement is depending on the value of is_admin. This key is deprecated. Please update your policy file to use the standard policy values.
Jun 02 15:08:40.883861 np0000001940 devstack@c-api.service[99334]: warnings.warn(
Jun 02 15:08:40.892166 np0000001940 devstack@c-api.service[99335]: /opt/stack/data/venv/lib/python3.12/site-packages/oslo_context/context.py:102: DeprecationWarning: Policy enforcement is depending on the value of is_admin. This key is deprecated. Please update your policy file to use the standard policy values.
Jun 02 15:08:40.892166 np0000001940 devstack@c-api.service[99335]: warnings.warn(
Jun 02 15:08:40.893399 np0000001940 devstack@c-api.service[99334]: INFO cinder.volume.api [None req-1adf51fd-821b-4aa8-a85a-ddf4bb269f96 tempest-VolumesActionsTest-1117500001 tempest-VolumesActionsTest-1117500001-project-member] Volume info retrieved successfully.
Jun 02 15:08:40.903259 np0000001940 devstack@c-api.service[99334]: INFO cinder.api.openstack.wsgi [None req-1adf51fd-821b-4aa8-a85a-ddf4bb269f96 tempest-VolumesActionsTest-1117500001 tempest-VolumesActionsTest-1117500001-project-member] https://10.4.3.205/volume/v3/volumes/6d59fe02-9e31-46ec-b134-d302f0abd4cc returned with HTTP 200
Jun 02 15:08:40.904389 np0000001940 devstack@c-api.service[99334]: [pid: 99334|app: 0|req: 146/438] 10.4.3.205 () {66 vars in 1348 bytes} [Tue Jun 2 15:08:40 2026] GET /volume/v3/volumes/6d59fe02-9e31-46ec-b134-d302f0abd4cc => generated 861 bytes in 41 msecs (HTTP/1.1 200) 7 headers in 285 bytes (1 switches on core 0)
Jun 02 15:08:40.911601 np0000001940 devstack@c-api.service[99335]: INFO cinder.volume.api [None req-07131f9f-d997-44fe-9504-2d898d72e58f tempest-VolumesListTestJSON-1671140531 tempest-VolumesListTestJSON-1671140531-project-member] Volume info retrieved successfully.
Jun 02 15:08:40.918049 np0000001940 devstack@c-api.service[99336]: DEBUG cinder.api.middleware.request_id [None req-454c4254-2e5e-45b2-a934-e0f081c3f261 None None] RequestId filter calling following filter/app {{(pid=99336) _context_setter /opt/stack/cinder/cinder/api/middleware/request_id.py:62}}
Jun 02 15:08:40.919698 np0000001940 devstack@c-api.service[99336]: INFO cinder.api.openstack.wsgi [None req-454c4254-2e5e-45b2-a934-e0f081c3f261 tempest-VolumesActionsTest-1117500001 tempest-VolumesActionsTest-1117500001-project-member] POST https://10.4.3.205/volume/v3/volumes/6d59fe02-9e31-46ec-b134-d302f0abd4cc/action
Jun 02 15:08:40.920203 np0000001940 devstack@c-api.service[99336]: DEBUG cinder.api.openstack.wsgi [None req-454c4254-2e5e-45b2-a934-e0f081c3f261 tempest-VolumesActionsTest-1117500001 tempest-VolumesActionsTest-1117500001-project-member] Action body: b'{"os-unreserve": {}}' {{(pid=99336) get_method /opt/stack/cinder/cinder/api/openstack/wsgi.py:993}}
Jun 02 15:08:40.920404 np0000001940 devstack@c-api.service[99336]: DEBUG cinder.api.openstack.wsgi [None req-454c4254-2e5e-45b2-a934-e0f081c3f261 tempest-VolumesActionsTest-1117500001 tempest-VolumesActionsTest-1117500001-project-member] Action: 'action', calling method: _unreserve, body: {"os-unreserve": {}} {{(pid=99336) _process_stack /opt/stack/cinder/cinder/api/openstack/wsgi.py:876}}
Jun 02 15:08:40.921142 np0000001940 devstack@c-api.service[99335]: INFO cinder.api.openstack.wsgi [None req-07131f9f-d997-44fe-9504-2d898d72e58f tempest-VolumesListTestJSON-1671140531 tempest-VolumesListTestJSON-1671140531-project-member] https://10.4.3.205/volume/v3/volumes/d4be8b33-ec98-48cd-b901-d12d565b2efd returned with HTTP 200
Jun 02 15:08:40.921873 np0000001940 devstack@c-api.service[99335]: [pid: 99335|app: 0|req: 149/439] 10.4.3.205 () {66 vars in 1348 bytes} [Tue Jun 2 15:08:40 2026] GET /volume/v3/volumes/d4be8b33-ec98-48cd-b901-d12d565b2efd => generated 832 bytes in 60 msecs (HTTP/1.1 200) 7 headers in 285 bytes (1 switches on core 0)
Jun 02 15:08:40.936974 np0000001940 devstack@c-api.service[99336]: /opt/stack/data/venv/lib/python3.12/site-packages/oslo_context/context.py:102: DeprecationWarning: Policy enforcement is depending on the value of is_admin. This key is deprecated. Please update your policy file to use the standard policy values.
Jun 02 15:08:40.936974 np0000001940 devstack@c-api.service[99336]: warnings.warn(
Jun 02 15:08:40.936974 np0000001940 devstack@c-api.service[99336]: INFO cinder.volume.api [None req-454c4254-2e5e-45b2-a934-e0f081c3f261 tempest-VolumesActionsTest-1117500001 tempest-VolumesActionsTest-1117500001-project-member] Volume info retrieved successfully.
Jun 02 15:08:40.962092 np0000001940 devstack@c-api.service[99336]: INFO cinder.volume.api [None req-454c4254-2e5e-45b2-a934-e0f081c3f261 tempest-VolumesActionsTest-1117500001 tempest-VolumesActionsTest-1117500001-project-member] Unreserve volume completed successfully.
Jun 02 15:08:40.962331 np0000001940 devstack@c-api.service[99336]: INFO cinder.api.openstack.wsgi [None req-454c4254-2e5e-45b2-a934-e0f081c3f261 tempest-VolumesActionsTest-1117500001 tempest-VolumesActionsTest-1117500001-project-member] https://10.4.3.205/volume/v3/volumes/6d59fe02-9e31-46ec-b134-d302f0abd4cc/action returned with HTTP 202
Jun 02 15:08:40.962825 np0000001940 devstack@c-api.service[99336]: [pid: 99336|app: 0|req: 145/440] 10.4.3.205 () {68 vars in 1390 bytes} [Tue Jun 2 15:08:40 2026] POST /volume/v3/volumes/6d59fe02-9e31-46ec-b134-d302f0abd4cc/action => generated 0 bytes in 45 msecs (HTTP/1.1 202) 7 headers in 289 bytes (1 switches on core 0)
Jun 02 15:08:40.974331 np0000001940 devstack@c-api.service[99334]: DEBUG cinder.api.middleware.request_id [None req-02b207db-a0e4-4b8a-bd75-31a11af73cca None None] RequestId filter calling following filter/app {{(pid=99334) _context_setter /opt/stack/cinder/cinder/api/middleware/request_id.py:62}}
Jun 02 15:08:40.976466 np0000001940 devstack@c-api.service[99334]: INFO cinder.api.openstack.wsgi [None req-02b207db-a0e4-4b8a-bd75-31a11af73cca tempest-VolumesActionsTest-1117500001 tempest-VolumesActionsTest-1117500001-project-member] GET https://10.4.3.205/volume/v3/volumes/6d59fe02-9e31-46ec-b134-d302f0abd4cc
Jun 02 15:08:40.976466 np0000001940 devstack@c-api.service[99334]: DEBUG cinder.api.openstack.wsgi [None req-02b207db-a0e4-4b8a-bd75-31a11af73cca tempest-VolumesActionsTest-1117500001 tempest-VolumesActionsTest-1117500001-project-member] Empty body provided in request {{(pid=99334) get_body /opt/stack/cinder/cinder/api/openstack/wsgi.py:725}}
Jun 02 15:08:40.976558 np0000001940 devstack@c-api.service[99334]: DEBUG cinder.api.openstack.wsgi [None req-02b207db-a0e4-4b8a-bd75-31a11af73cca tempest-VolumesActionsTest-1117500001 tempest-VolumesActionsTest-1117500001-project-member] Calling method 'show' {{(pid=99334) _process_stack /opt/stack/cinder/cinder/api/openstack/wsgi.py:878}}
Jun 02 15:08:40.987337 np0000001940 devstack@c-api.service[99334]: /opt/stack/data/venv/lib/python3.12/site-packages/oslo_context/context.py:102: DeprecationWarning: Policy enforcement is depending on the value of is_admin. This key is deprecated. Please update your policy file to use the standard policy values.
Jun 02 15:08:40.987337 np0000001940 devstack@c-api.service[99334]: warnings.warn(
Jun 02 15:08:40.993076 np0000001940 devstack@c-api.service[99334]: INFO cinder.volume.api [None req-02b207db-a0e4-4b8a-bd75-31a11af73cca tempest-VolumesActionsTest-1117500001 tempest-VolumesActionsTest-1117500001-project-member] Volume info retrieved successfully.
Jun 02 15:08:41.000685 np0000001940 devstack@c-api.service[99334]: INFO cinder.api.openstack.wsgi [None req-02b207db-a0e4-4b8a-bd75-31a11af73cca tempest-VolumesActionsTest-1117500001 tempest-VolumesActionsTest-1117500001-project-member] https://10.4.3.205/volume/v3/volumes/6d59fe02-9e31-46ec-b134-d302f0abd4cc returned with HTTP 200
Jun 02 15:08:41.001029 np0000001940 devstack@c-api.service[99334]: [pid: 99334|app: 0|req: 147/441] 10.4.3.205 () {66 vars in 1348 bytes} [Tue Jun 2 15:08:40 2026] GET /volume/v3/volumes/6d59fe02-9e31-46ec-b134-d302f0abd4cc => generated 861 bytes in 27 msecs (HTTP/1.1 200) 7 headers in 285 bytes (1 switches on core 0)
Jun 02 15:08:41.021567 np0000001940 devstack@c-api.service[99335]: DEBUG cinder.api.middleware.request_id [None req-450a5d58-f4c1-4de2-b411-a1c495263d9a None None] RequestId filter calling following filter/app {{(pid=99335) _context_setter /opt/stack/cinder/cinder/api/middleware/request_id.py:62}}
Jun 02 15:08:41.024186 np0000001940 devstack@c-api.service[99335]: INFO cinder.api.openstack.wsgi [None req-450a5d58-f4c1-4de2-b411-a1c495263d9a tempest-VolumesActionsTest-1117500001 tempest-VolumesActionsTest-1117500001-project-member] POST https://10.4.3.205/volume/v3/volumes/6d59fe02-9e31-46ec-b134-d302f0abd4cc/action
Jun 02 15:08:41.024519 np0000001940 devstack@c-api.service[99335]: DEBUG cinder.api.openstack.wsgi [None req-450a5d58-f4c1-4de2-b411-a1c495263d9a tempest-VolumesActionsTest-1117500001 tempest-VolumesActionsTest-1117500001-project-member] Action body: b'{"os-set_bootable": {"bootable": true}}' {{(pid=99335) get_method /opt/stack/cinder/cinder/api/openstack/wsgi.py:993}}
Jun 02 15:08:41.024768 np0000001940 devstack@c-api.service[99335]: DEBUG cinder.api.openstack.wsgi [None req-450a5d58-f4c1-4de2-b411-a1c495263d9a tempest-VolumesActionsTest-1117500001 tempest-VolumesActionsTest-1117500001-project-member] Action: 'action', calling method: _set_bootable, body: {"os-set_bootable": {"bootable": true}} {{(pid=99335) _process_stack /opt/stack/cinder/cinder/api/openstack/wsgi.py:876}}
Jun 02 15:08:41.035067 np0000001940 devstack@c-api.service[99335]: /opt/stack/data/venv/lib/python3.12/site-packages/oslo_context/context.py:102: DeprecationWarning: Policy enforcement is depending on the value of is_admin. This key is deprecated. Please update your policy file to use the standard policy values.
Jun 02 15:08:41.035067 np0000001940 devstack@c-api.service[99335]: warnings.warn(
Jun 02 15:08:41.035835 np0000001940 devstack@c-api.service[99335]: INFO cinder.volume.api [None req-450a5d58-f4c1-4de2-b411-a1c495263d9a tempest-VolumesActionsTest-1117500001 tempest-VolumesActionsTest-1117500001-project-member] Volume info retrieved successfully.
Jun 02 15:08:41.047544 np0000001940 devstack@c-api.service[99335]: INFO cinder.volume.api [None req-450a5d58-f4c1-4de2-b411-a1c495263d9a tempest-VolumesActionsTest-1117500001 tempest-VolumesActionsTest-1117500001-project-member] Volume updated successfully.
Jun 02 15:08:41.047934 np0000001940 devstack@c-api.service[99335]: INFO cinder.api.openstack.wsgi [None req-450a5d58-f4c1-4de2-b411-a1c495263d9a tempest-VolumesActionsTest-1117500001 tempest-VolumesActionsTest-1117500001-project-member] https://10.4.3.205/volume/v3/volumes/6d59fe02-9e31-46ec-b134-d302f0abd4cc/action returned with HTTP 200
Jun 02 15:08:41.048503 np0000001940 devstack@c-api.service[99335]: [pid: 99335|app: 0|req: 150/442] 10.4.3.205 () {68 vars in 1390 bytes} [Tue Jun 2 15:08:41 2026] POST /volume/v3/volumes/6d59fe02-9e31-46ec-b134-d302f0abd4cc/action => generated 0 bytes in 27 msecs (HTTP/1.1 200) 7 headers in 283 bytes (1 switches on core 0)
Jun 02 15:08:41.058690 np0000001940 devstack@c-api.service[99336]: DEBUG cinder.api.middleware.request_id [None req-54ce1490-3b03-48fd-9437-ed6312be5611 None None] RequestId filter calling following filter/app {{(pid=99336) _context_setter /opt/stack/cinder/cinder/api/middleware/request_id.py:62}}
Jun 02 15:08:41.061112 np0000001940 devstack@c-api.service[99336]: INFO cinder.api.openstack.wsgi [None req-54ce1490-3b03-48fd-9437-ed6312be5611 tempest-VolumesActionsTest-1117500001 tempest-VolumesActionsTest-1117500001-project-member] GET https://10.4.3.205/volume/v3/volumes/6d59fe02-9e31-46ec-b134-d302f0abd4cc
Jun 02 15:08:41.061396 np0000001940 devstack@c-api.service[99336]: DEBUG cinder.api.openstack.wsgi [None req-54ce1490-3b03-48fd-9437-ed6312be5611 tempest-VolumesActionsTest-1117500001 tempest-VolumesActionsTest-1117500001-project-member] Empty body provided in request {{(pid=99336) get_body /opt/stack/cinder/cinder/api/openstack/wsgi.py:725}}
Jun 02 15:08:41.061760 np0000001940 devstack@c-api.service[99336]: DEBUG cinder.api.openstack.wsgi [None req-54ce1490-3b03-48fd-9437-ed6312be5611 tempest-VolumesActionsTest-1117500001 tempest-VolumesActionsTest-1117500001-project-member] Calling method 'show' {{(pid=99336) _process_stack /opt/stack/cinder/cinder/api/openstack/wsgi.py:878}}
Jun 02 15:08:41.072277 np0000001940 devstack@c-api.service[99336]: /opt/stack/data/venv/lib/python3.12/site-packages/oslo_context/context.py:102: DeprecationWarning: Policy enforcement is depending on the value of is_admin. This key is deprecated. Please update your policy file to use the standard policy values.
Jun 02 15:08:41.072277 np0000001940 devstack@c-api.service[99336]: warnings.warn(
Jun 02 15:08:41.080075 np0000001940 devstack@c-api.service[99336]: INFO cinder.volume.api [None req-54ce1490-3b03-48fd-9437-ed6312be5611 tempest-VolumesActionsTest-1117500001 tempest-VolumesActionsTest-1117500001-project-member] Volume info retrieved successfully.
Jun 02 15:08:41.090621 np0000001940 devstack@c-api.service[99336]: INFO cinder.api.openstack.wsgi [None req-54ce1490-3b03-48fd-9437-ed6312be5611 tempest-VolumesActionsTest-1117500001 tempest-VolumesActionsTest-1117500001-project-member] https://10.4.3.205/volume/v3/volumes/6d59fe02-9e31-46ec-b134-d302f0abd4cc returned with HTTP 200
Jun 02 15:08:41.091096 np0000001940 devstack@c-api.service[99336]: [pid: 99336|app: 0|req: 146/443] 10.4.3.205 () {66 vars in 1348 bytes} [Tue Jun 2 15:08:41 2026] GET /volume/v3/volumes/6d59fe02-9e31-46ec-b134-d302f0abd4cc => generated 860 bytes in 33 msecs (HTTP/1.1 200) 7 headers in 285 bytes (1 switches on core 0)
Jun 02 15:08:41.110341 np0000001940 devstack@c-api.service[99334]: DEBUG cinder.api.middleware.request_id [None req-7a01e79f-7182-4562-a2bc-c314a122d339 None None] RequestId filter calling following filter/app {{(pid=99334) _context_setter /opt/stack/cinder/cinder/api/middleware/request_id.py:62}}
Jun 02 15:08:41.112209 np0000001940 devstack@c-api.service[99334]: INFO cinder.api.openstack.wsgi [None req-7a01e79f-7182-4562-a2bc-c314a122d339 tempest-VolumesActionsTest-1117500001 tempest-VolumesActionsTest-1117500001-project-member] POST https://10.4.3.205/volume/v3/volumes/6d59fe02-9e31-46ec-b134-d302f0abd4cc/action
Jun 02 15:08:41.112985 np0000001940 devstack@c-api.service[99334]: DEBUG cinder.api.openstack.wsgi [None req-7a01e79f-7182-4562-a2bc-c314a122d339 tempest-VolumesActionsTest-1117500001 tempest-VolumesActionsTest-1117500001-project-member] Action body: b'{"os-set_bootable": {"bootable": false}}' {{(pid=99334) get_method /opt/stack/cinder/cinder/api/openstack/wsgi.py:993}}
Jun 02 15:08:41.112985 np0000001940 devstack@c-api.service[99334]: DEBUG cinder.api.openstack.wsgi [None req-7a01e79f-7182-4562-a2bc-c314a122d339 tempest-VolumesActionsTest-1117500001 tempest-VolumesActionsTest-1117500001-project-member] Action: 'action', calling method: _set_bootable, body: {"os-set_bootable": {"bootable": false}} {{(pid=99334) _process_stack /opt/stack/cinder/cinder/api/openstack/wsgi.py:876}}
Jun 02 15:08:41.127689 np0000001940 devstack@c-api.service[99334]: /opt/stack/data/venv/lib/python3.12/site-packages/oslo_context/context.py:102: DeprecationWarning: Policy enforcement is depending on the value of is_admin. This key is deprecated. Please update your policy file to use the standard policy values.
Jun 02 15:08:41.127689 np0000001940 devstack@c-api.service[99334]: warnings.warn(
Jun 02 15:08:41.128249 np0000001940 devstack@c-api.service[99334]: INFO cinder.volume.api [None req-7a01e79f-7182-4562-a2bc-c314a122d339 tempest-VolumesActionsTest-1117500001 tempest-VolumesActionsTest-1117500001-project-member] Volume info retrieved successfully.
Jun 02 15:08:41.140417 np0000001940 devstack@c-api.service[99334]: INFO cinder.volume.api [None req-7a01e79f-7182-4562-a2bc-c314a122d339 tempest-VolumesActionsTest-1117500001 tempest-VolumesActionsTest-1117500001-project-member] Volume updated successfully.
Jun 02 15:08:41.140663 np0000001940 devstack@c-api.service[99334]: INFO cinder.api.openstack.wsgi [None req-7a01e79f-7182-4562-a2bc-c314a122d339 tempest-VolumesActionsTest-1117500001 tempest-VolumesActionsTest-1117500001-project-member] https://10.4.3.205/volume/v3/volumes/6d59fe02-9e31-46ec-b134-d302f0abd4cc/action returned with HTTP 200
Jun 02 15:08:41.141396 np0000001940 devstack@c-api.service[99334]: [pid: 99334|app: 0|req: 148/444] 10.4.3.205 () {68 vars in 1390 bytes} [Tue Jun 2 15:08:41 2026] POST /volume/v3/volumes/6d59fe02-9e31-46ec-b134-d302f0abd4cc/action => generated 0 bytes in 31 msecs (HTTP/1.1 200) 7 headers in 283 bytes (1 switches on core 0)
Jun 02 15:08:41.149351 np0000001940 devstack@c-api.service[99335]: DEBUG cinder.api.middleware.request_id [None req-415bf297-4b0b-46b6-a714-8ce1e99351f9 None None] RequestId filter calling following filter/app {{(pid=99335) _context_setter /opt/stack/cinder/cinder/api/middleware/request_id.py:62}}
Jun 02 15:08:41.151260 np0000001940 devstack@c-api.service[99335]: INFO cinder.api.openstack.wsgi [None req-415bf297-4b0b-46b6-a714-8ce1e99351f9 tempest-VolumesActionsTest-1117500001 tempest-VolumesActionsTest-1117500001-project-member] GET https://10.4.3.205/volume/v3/volumes/6d59fe02-9e31-46ec-b134-d302f0abd4cc
Jun 02 15:08:41.151479 np0000001940 devstack@c-api.service[99335]: DEBUG cinder.api.openstack.wsgi [None req-415bf297-4b0b-46b6-a714-8ce1e99351f9 tempest-VolumesActionsTest-1117500001 tempest-VolumesActionsTest-1117500001-project-member] Empty body provided in request {{(pid=99335) get_body /opt/stack/cinder/cinder/api/openstack/wsgi.py:725}}
Jun 02 15:08:41.151707 np0000001940 devstack@c-api.service[99335]: DEBUG cinder.api.openstack.wsgi [None req-415bf297-4b0b-46b6-a714-8ce1e99351f9 tempest-VolumesActionsTest-1117500001 tempest-VolumesActionsTest-1117500001-project-member] Calling method 'show' {{(pid=99335) _process_stack /opt/stack/cinder/cinder/api/openstack/wsgi.py:878}}
Jun 02 15:08:41.162253 np0000001940 devstack@c-api.service[99335]: /opt/stack/data/venv/lib/python3.12/site-packages/oslo_context/context.py:102: DeprecationWarning: Policy enforcement is depending on the value of is_admin. This key is deprecated. Please update your policy file to use the standard policy values.
Jun 02 15:08:41.162253 np0000001940 devstack@c-api.service[99335]: warnings.warn(
Jun 02 15:08:41.170932 np0000001940 devstack@c-api.service[99335]: INFO cinder.volume.api [None req-415bf297-4b0b-46b6-a714-8ce1e99351f9 tempest-VolumesActionsTest-1117500001 tempest-VolumesActionsTest-1117500001-project-member] Volume info retrieved successfully.
Jun 02 15:08:41.179164 np0000001940 devstack@c-api.service[99335]: INFO cinder.api.openstack.wsgi [None req-415bf297-4b0b-46b6-a714-8ce1e99351f9 tempest-VolumesActionsTest-1117500001 tempest-VolumesActionsTest-1117500001-project-member] https://10.4.3.205/volume/v3/volumes/6d59fe02-9e31-46ec-b134-d302f0abd4cc returned with HTTP 200
Jun 02 15:08:41.179631 np0000001940 devstack@c-api.service[99335]: [pid: 99335|app: 0|req: 151/445] 10.4.3.205 () {66 vars in 1348 bytes} [Tue Jun 2 15:08:41 2026] GET /volume/v3/volumes/6d59fe02-9e31-46ec-b134-d302f0abd4cc => generated 861 bytes in 31 msecs (HTTP/1.1 200) 7 headers in 285 bytes (1 switches on core 0)
Jun 02 15:08:41.193550 np0000001940 devstack@c-api.service[99336]: DEBUG cinder.api.middleware.request_id [None req-4cff3ed9-397e-4117-a804-317365e85258 None None] RequestId filter calling following filter/app {{(pid=99336) _context_setter /opt/stack/cinder/cinder/api/middleware/request_id.py:62}}
Jun 02 15:08:41.198241 np0000001940 devstack@c-api.service[99336]: INFO cinder.api.openstack.wsgi [None req-4cff3ed9-397e-4117-a804-317365e85258 tempest-VolumesActionsTest-1117500001 tempest-VolumesActionsTest-1117500001-project-member] POST https://10.4.3.205/volume/v3/volumes/6d59fe02-9e31-46ec-b134-d302f0abd4cc/action
Jun 02 15:08:41.198796 np0000001940 devstack@c-api.service[99336]: DEBUG cinder.api.openstack.wsgi [None req-4cff3ed9-397e-4117-a804-317365e85258 tempest-VolumesActionsTest-1117500001 tempest-VolumesActionsTest-1117500001-project-member] Action body: b'{"os-update_readonly_flag": {"readonly": true}}' {{(pid=99336) get_method /opt/stack/cinder/cinder/api/openstack/wsgi.py:993}}
Jun 02 15:08:41.199122 np0000001940 devstack@c-api.service[99336]: DEBUG cinder.api.openstack.wsgi [None req-4cff3ed9-397e-4117-a804-317365e85258 tempest-VolumesActionsTest-1117500001 tempest-VolumesActionsTest-1117500001-project-member] Action: 'action', calling method: _volume_readonly_update, body: {"os-update_readonly_flag": {"readonly": true}} {{(pid=99336) _process_stack /opt/stack/cinder/cinder/api/openstack/wsgi.py:876}}
Jun 02 15:08:41.203146 np0000001940 devstack@c-api.service[99334]: DEBUG cinder.api.middleware.request_id [None req-ead7b7f0-e60b-46d0-9a93-7729b73552f7 None None] RequestId filter calling following filter/app {{(pid=99334) _context_setter /opt/stack/cinder/cinder/api/middleware/request_id.py:62}}
Jun 02 15:08:41.205115 np0000001940 devstack@c-api.service[99334]: INFO cinder.api.openstack.wsgi [None req-ead7b7f0-e60b-46d0-9a93-7729b73552f7 tempest-TestMultiAttachVolumeSwap-134993622 tempest-TestMultiAttachVolumeSwap-134993622-project-member] GET https://10.4.3.205/volume/v3/volumes/82877822-bcff-420e-a3ec-57db641abc95
Jun 02 15:08:41.205350 np0000001940 devstack@c-api.service[99334]: DEBUG cinder.api.openstack.wsgi [None req-ead7b7f0-e60b-46d0-9a93-7729b73552f7 tempest-TestMultiAttachVolumeSwap-134993622 tempest-TestMultiAttachVolumeSwap-134993622-project-member] Empty body provided in request {{(pid=99334) get_body /opt/stack/cinder/cinder/api/openstack/wsgi.py:725}}
Jun 02 15:08:41.205575 np0000001940 devstack@c-api.service[99334]: DEBUG cinder.api.openstack.wsgi [None req-ead7b7f0-e60b-46d0-9a93-7729b73552f7 tempest-TestMultiAttachVolumeSwap-134993622 tempest-TestMultiAttachVolumeSwap-134993622-project-member] Calling method 'show' {{(pid=99334) _process_stack /opt/stack/cinder/cinder/api/openstack/wsgi.py:878}}
Jun 02 15:08:41.219536 np0000001940 devstack@c-api.service[99336]: /opt/stack/data/venv/lib/python3.12/site-packages/oslo_context/context.py:102: DeprecationWarning: Policy enforcement is depending on the value of is_admin. This key is deprecated. Please update your policy file to use the standard policy values.
Jun 02 15:08:41.219536 np0000001940 devstack@c-api.service[99336]: warnings.warn(
Jun 02 15:08:41.220374 np0000001940 devstack@c-api.service[99336]: INFO cinder.volume.api [None req-4cff3ed9-397e-4117-a804-317365e85258 tempest-VolumesActionsTest-1117500001 tempest-VolumesActionsTest-1117500001-project-member] Volume info retrieved successfully.
Jun 02 15:08:41.229936 np0000001940 devstack@c-api.service[99334]: /opt/stack/data/venv/lib/python3.12/site-packages/oslo_context/context.py:102: DeprecationWarning: Policy enforcement is depending on the value of is_admin. This key is deprecated. Please update your policy file to use the standard policy values.
Jun 02 15:08:41.229936 np0000001940 devstack@c-api.service[99334]: warnings.warn(
Jun 02 15:08:41.234022 np0000001940 devstack@c-api.service[99334]: INFO cinder.volume.api [None req-ead7b7f0-e60b-46d0-9a93-7729b73552f7 tempest-TestMultiAttachVolumeSwap-134993622 tempest-TestMultiAttachVolumeSwap-134993622-project-member] Volume info retrieved successfully.
Jun 02 15:08:41.239680 np0000001940 devstack@c-api.service[99334]: INFO cinder.api.openstack.wsgi [None req-ead7b7f0-e60b-46d0-9a93-7729b73552f7 tempest-TestMultiAttachVolumeSwap-134993622 tempest-TestMultiAttachVolumeSwap-134993622-project-member] https://10.4.3.205/volume/v3/volumes/82877822-bcff-420e-a3ec-57db641abc95 returned with HTTP 200
