Aug 03 05:49:43.702215 np0000006317 devstack@g-api.service[99719]: DEBUG glance.api.middleware.version_negotiation [None req-42fd1c7b-387f-4e68-acc8-50112e5984af tempest-VolumesActionsTest-1062156585 tempest-VolumesActionsTest-1062156585-project-member] Using url versioning {{(pid=99719) process_request /opt/stack/glance/glance/api/middleware/version_negotiation.py:57}}
Aug 03 05:49:43.702215 np0000006317 devstack@g-api.service[99719]: DEBUG glance.api.middleware.version_negotiation [None req-42fd1c7b-387f-4e68-acc8-50112e5984af tempest-VolumesActionsTest-1062156585 tempest-VolumesActionsTest-1062156585-project-member] Matched version: v2 {{(pid=99719) process_request /opt/stack/glance/glance/api/middleware/version_negotiation.py:69}}
Aug 03 05:49:43.702308 np0000006317 devstack@g-api.service[99719]: DEBUG glance.api.middleware.version_negotiation [None req-42fd1c7b-387f-4e68-acc8-50112e5984af tempest-VolumesActionsTest-1062156585 tempest-VolumesActionsTest-1062156585-project-member] new path /v2/images/1f25c7d5-746f-439e-8d60-b4f6385d4945 {{(pid=99719) process_request /opt/stack/glance/glance/api/middleware/version_negotiation.py:70}}
Aug 03 05:49:43.727082 np0000006317 devstack@g-api.service[99719]: [pid: 99719|app: 0|req: 30/89] 127.0.0.1 () {40 vars in 834 bytes} [Mon Aug 3 05:49:43 2026] GET /v2/images/1f25c7d5-746f-439e-8d60-b4f6385d4945 => generated 1360 bytes in 25 msecs (HTTP/1.1 200) 4 headers in 158 bytes (1 switches on core 0)
Aug 03 05:49:43.937606 np0000006317 devstack@g-api.service[99718]: DEBUG glance.api.middleware.version_negotiation [None req-6ba9dff3-4953-4fef-8af0-09f354047b82 tempest-ServerBootFromVolumeStableRescueTest-1996513100 tempest-ServerBootFromVolumeStableRescueTest-1996513100-project-member] Determining version of request: GET /v2/images/1f25c7d5-746f-439e-8d60-b4f6385d4945 Accept: */* {{(pid=99718) process_request /opt/stack/glance/glance/api/middleware/version_negotiation.py:44}}
Aug 03 05:49:43.938040 np0000006317 devstack@g-api.service[99718]: DEBUG glance.api.middleware.version_negotiation [None req-6ba9dff3-4953-4fef-8af0-09f354047b82 tempest-ServerBootFromVolumeStableRescueTest-1996513100 tempest-ServerBootFromVolumeStableRescueTest-1996513100-project-member] Using url versioning {{(pid=99718) process_request /opt/stack/glance/glance/api/middleware/version_negotiation.py:57}}
Aug 03 05:49:43.938206 np0000006317 devstack@g-api.service[99718]: DEBUG glance.api.middleware.version_negotiation [None req-6ba9dff3-4953-4fef-8af0-09f354047b82 tempest-ServerBootFromVolumeStableRescueTest-1996513100 tempest-ServerBootFromVolumeStableRescueTest-1996513100-project-member] Matched version: v2 {{(pid=99718) process_request /opt/stack/glance/glance/api/middleware/version_negotiation.py:69}}
Aug 03 05:49:43.938391 np0000006317 devstack@g-api.service[99718]: DEBUG glance.api.middleware.version_negotiation [None req-6ba9dff3-4953-4fef-8af0-09f354047b82 tempest-ServerBootFromVolumeStableRescueTest-1996513100 tempest-ServerBootFromVolumeStableRescueTest-1996513100-project-member] new path /v2/images/1f25c7d5-746f-439e-8d60-b4f6385d4945 {{(pid=99718) process_request /opt/stack/glance/glance/api/middleware/version_negotiation.py:70}}
Aug 03 05:49:43.964139 np0000006317 devstack@g-api.service[99718]: [pid: 99718|app: 0|req: 28/90] 127.0.0.1 () {44 vars in 1111 bytes} [Mon Aug 3 05:49:43 2026] GET /v2/images/1f25c7d5-746f-439e-8d60-b4f6385d4945 => generated 1360 bytes in 27 msecs (HTTP/1.1 200) 4 headers in 158 bytes (1 switches on core 0)
Aug 03 05:49:44.019064 np0000006317 devstack@g-api.service[99720]: DEBUG glance.api.middleware.version_negotiation [None req-6ba9dff3-4953-4fef-8af0-09f354047b82 tempest-ServerBootFromVolumeStableRescueTest-1996513100 tempest-ServerBootFromVolumeStableRescueTest-1996513100-project-member] Determining version of request: GET /v2/schemas/image Accept: */* {{(pid=99720) process_request /opt/stack/glance/glance/api/middleware/version_negotiation.py:44}}
Aug 03 05:49:44.019390 np0000006317 devstack@g-api.service[99720]: DEBUG glance.api.middleware.version_negotiation [None req-6ba9dff3-4953-4fef-8af0-09f354047b82 tempest-ServerBootFromVolumeStableRescueTest-1996513100 tempest-ServerBootFromVolumeStableRescueTest-1996513100-project-member] Using url versioning {{(pid=99720) process_request /opt/stack/glance/glance/api/middleware/version_negotiation.py:57}}
Aug 03 05:49:44.019585 np0000006317 devstack@g-api.service[99720]: DEBUG glance.api.middleware.version_negotiation [None req-6ba9dff3-4953-4fef-8af0-09f354047b82 tempest-ServerBootFromVolumeStableRescueTest-1996513100 tempest-ServerBootFromVolumeStableRescueTest-1996513100-project-member] Matched version: v2 {{(pid=99720) process_request /opt/stack/glance/glance/api/middleware/version_negotiation.py:69}}
Aug 03 05:49:44.019711 np0000006317 devstack@g-api.service[99720]: DEBUG glance.api.middleware.version_negotiation [None req-6ba9dff3-4953-4fef-8af0-09f354047b82 tempest-ServerBootFromVolumeStableRescueTest-1996513100 tempest-ServerBootFromVolumeStableRescueTest-1996513100-project-member] new path /v2/schemas/image {{(pid=99720) process_request /opt/stack/glance/glance/api/middleware/version_negotiation.py:70}}
Aug 03 05:49:44.022881 np0000006317 devstack@g-api.service[99720]: [pid: 99720|app: 0|req: 33/91] 127.0.0.1 () {44 vars in 1051 bytes} [Mon Aug 3 05:49:44 2026] GET /v2/schemas/image => generated 6083 bytes in 4 msecs (HTTP/1.1 200) 4 headers in 158 bytes (1 switches on core 0)
Aug 03 05:49:44.739257 np0000006317 devstack@g-api.service[99719]: DEBUG glance.api.middleware.version_negotiation [None req-4fc0ca8e-b116-4f30-89bb-b88f0745d782 tempest-ServerBootFromVolumeStableRescueTest-1996513100 tempest-ServerBootFromVolumeStableRescueTest-1996513100-project-member] Determining version of request: GET /v2/images/1f25c7d5-746f-439e-8d60-b4f6385d4945 Accept: application/json {{(pid=99719) process_request /opt/stack/glance/glance/api/middleware/version_negotiation.py:44}}
Aug 03 05:49:44.739257 np0000006317 devstack@g-api.service[99719]: DEBUG glance.api.middleware.version_negotiation [None req-4fc0ca8e-b116-4f30-89bb-b88f0745d782 tempest-ServerBootFromVolumeStableRescueTest-1996513100 tempest-ServerBootFromVolumeStableRescueTest-1996513100-project-member] Using url versioning {{(pid=99719) process_request /opt/stack/glance/glance/api/middleware/version_negotiation.py:57}}
Aug 03 05:49:44.740559 np0000006317 devstack@g-api.service[99719]: DEBUG glance.api.middleware.version_negotiation [None req-4fc0ca8e-b116-4f30-89bb-b88f0745d782 tempest-ServerBootFromVolumeStableRescueTest-1996513100 tempest-ServerBootFromVolumeStableRescueTest-1996513100-project-member] Matched version: v2 {{(pid=99719) process_request /opt/stack/glance/glance/api/middleware/version_negotiation.py:69}}
Aug 03 05:49:44.740781 np0000006317 devstack@g-api.service[99719]: DEBUG glance.api.middleware.version_negotiation [None req-4fc0ca8e-b116-4f30-89bb-b88f0745d782 tempest-ServerBootFromVolumeStableRescueTest-1996513100 tempest-ServerBootFromVolumeStableRescueTest-1996513100-project-member] new path /v2/images/1f25c7d5-746f-439e-8d60-b4f6385d4945 {{(pid=99719) process_request /opt/stack/glance/glance/api/middleware/version_negotiation.py:70}}
Aug 03 05:49:44.764679 np0000006317 devstack@g-api.service[99719]: [pid: 99719|app: 0|req: 31/92] 127.0.0.1 () {40 vars in 834 bytes} [Mon Aug 3 05:49:44 2026] GET /v2/images/1f25c7d5-746f-439e-8d60-b4f6385d4945 => generated 1360 bytes in 26 msecs (HTTP/1.1 200) 4 headers in 158 bytes (1 switches on core 0)
Aug 03 05:49:45.077615 np0000006317 devstack@g-api.service[99718]: DEBUG glance.api.middleware.version_negotiation [None req-6ba9dff3-4953-4fef-8af0-09f354047b82 tempest-ServerBootFromVolumeStableRescueTest-1996513100 tempest-ServerBootFromVolumeStableRescueTest-1996513100-project-member] Determining version of request: GET /v2/images/6569ae99-ec46-41fb-b417-4da426ade638 Accept: */* {{(pid=99718) process_request /opt/stack/glance/glance/api/middleware/version_negotiation.py:44}}
Aug 03 05:49:45.078172 np0000006317 devstack@g-api.service[99718]: DEBUG glance.api.middleware.version_negotiation [None req-6ba9dff3-4953-4fef-8af0-09f354047b82 tempest-ServerBootFromVolumeStableRescueTest-1996513100 tempest-ServerBootFromVolumeStableRescueTest-1996513100-project-member] Using url versioning {{(pid=99718) process_request /opt/stack/glance/glance/api/middleware/version_negotiation.py:57}}
Aug 03 05:49:45.078172 np0000006317 devstack@g-api.service[99718]: DEBUG glance.api.middleware.version_negotiation [None req-6ba9dff3-4953-4fef-8af0-09f354047b82 tempest-ServerBootFromVolumeStableRescueTest-1996513100 tempest-ServerBootFromVolumeStableRescueTest-1996513100-project-member] Matched version: v2 {{(pid=99718) process_request /opt/stack/glance/glance/api/middleware/version_negotiation.py:69}}
Aug 03 05:49:45.078292 np0000006317 devstack@g-api.service[99718]: DEBUG glance.api.middleware.version_negotiation [None req-6ba9dff3-4953-4fef-8af0-09f354047b82 tempest-ServerBootFromVolumeStableRescueTest-1996513100 tempest-ServerBootFromVolumeStableRescueTest-1996513100-project-member] new path /v2/images/6569ae99-ec46-41fb-b417-4da426ade638 {{(pid=99718) process_request /opt/stack/glance/glance/api/middleware/version_negotiation.py:70}}
Aug 03 05:49:45.102707 np0000006317 devstack@g-api.service[99718]: [pid: 99718|app: 0|req: 29/93] 127.0.0.1 () {44 vars in 1111 bytes} [Mon Aug 3 05:49:45 2026] GET /v2/images/6569ae99-ec46-41fb-b417-4da426ade638 => generated 1044 bytes in 26 msecs (HTTP/1.1 200) 4 headers in 158 bytes (1 switches on core 0)
Aug 03 05:49:45.189608 np0000006317 devstack@g-api.service[99720]: DEBUG glance.api.middleware.version_negotiation [None req-6ba9dff3-4953-4fef-8af0-09f354047b82 tempest-ServerBootFromVolumeStableRescueTest-1996513100 tempest-ServerBootFromVolumeStableRescueTest-1996513100-project-member] Determining version of request: GET /v2/schemas/image Accept: */* {{(pid=99720) process_request /opt/stack/glance/glance/api/middleware/version_negotiation.py:44}}
Aug 03 05:49:45.189970 np0000006317 devstack@g-api.service[99720]: DEBUG glance.api.middleware.version_negotiation [None req-6ba9dff3-4953-4fef-8af0-09f354047b82 tempest-ServerBootFromVolumeStableRescueTest-1996513100 tempest-ServerBootFromVolumeStableRescueTest-1996513100-project-member] Using url versioning {{(pid=99720) process_request /opt/stack/glance/glance/api/middleware/version_negotiation.py:57}}
Aug 03 05:49:45.189970 np0000006317 devstack@g-api.service[99720]: DEBUG glance.api.middleware.version_negotiation [None req-6ba9dff3-4953-4fef-8af0-09f354047b82 tempest-ServerBootFromVolumeStableRescueTest-1996513100 tempest-ServerBootFromVolumeStableRescueTest-1996513100-project-member] Matched version: v2 {{(pid=99720) process_request /opt/stack/glance/glance/api/middleware/version_negotiation.py:69}}
Aug 03 05:49:45.190051 np0000006317 devstack@g-api.service[99720]: DEBUG glance.api.middleware.version_negotiation [None req-6ba9dff3-4953-4fef-8af0-09f354047b82 tempest-ServerBootFromVolumeStableRescueTest-1996513100 tempest-ServerBootFromVolumeStableRescueTest-1996513100-project-member] new path /v2/schemas/image {{(pid=99720) process_request /opt/stack/glance/glance/api/middleware/version_negotiation.py:70}}
Aug 03 05:49:45.197668 np0000006317 devstack@g-api.service[99720]: [pid: 99720|app: 0|req: 34/94] 127.0.0.1 () {44 vars in 1051 bytes} [Mon Aug 3 05:49:45 2026] GET /v2/schemas/image => generated 6083 bytes in 8 msecs (HTTP/1.1 200) 4 headers in 158 bytes (1 switches on core 0)
Aug 03 05:49:45.776476 np0000006317 devstack@g-api.service[99719]: DEBUG glance.api.middleware.version_negotiation [None req-1db407f9-ca6b-4ec2-b47e-28cc27505831 tempest-ServerBootFromVolumeStableRescueTest-1996513100 tempest-ServerBootFromVolumeStableRescueTest-1996513100-project-member] Determining version of request: GET /v2/images/1f25c7d5-746f-439e-8d60-b4f6385d4945 Accept: application/json {{(pid=99719) process_request /opt/stack/glance/glance/api/middleware/version_negotiation.py:44}}
Aug 03 05:49:45.777981 np0000006317 devstack@g-api.service[99719]: DEBUG glance.api.middleware.version_negotiation [None req-1db407f9-ca6b-4ec2-b47e-28cc27505831 tempest-ServerBootFromVolumeStableRescueTest-1996513100 tempest-ServerBootFromVolumeStableRescueTest-1996513100-project-member] Using url versioning {{(pid=99719) process_request /opt/stack/glance/glance/api/middleware/version_negotiation.py:57}}
Aug 03 05:49:45.777981 np0000006317 devstack@g-api.service[99719]: DEBUG glance.api.middleware.version_negotiation [None req-1db407f9-ca6b-4ec2-b47e-28cc27505831 tempest-ServerBootFromVolumeStableRescueTest-1996513100 tempest-ServerBootFromVolumeStableRescueTest-1996513100-project-member] Matched version: v2 {{(pid=99719) process_request /opt/stack/glance/glance/api/middleware/version_negotiation.py:69}}
Aug 03 05:49:45.777981 np0000006317 devstack@g-api.service[99719]: DEBUG glance.api.middleware.version_negotiation [None req-1db407f9-ca6b-4ec2-b47e-28cc27505831 tempest-ServerBootFromVolumeStableRescueTest-1996513100 tempest-ServerBootFromVolumeStableRescueTest-1996513100-project-member] new path /v2/images/1f25c7d5-746f-439e-8d60-b4f6385d4945 {{(pid=99719) process_request /opt/stack/glance/glance/api/middleware/version_negotiation.py:70}}
Aug 03 05:49:45.810815 np0000006317 devstack@g-api.service[99719]: [pid: 99719|app: 0|req: 32/95] 127.0.0.1 () {40 vars in 834 bytes} [Mon Aug 3 05:49:45 2026] GET /v2/images/1f25c7d5-746f-439e-8d60-b4f6385d4945 => generated 1360 bytes in 34 msecs (HTTP/1.1 200) 4 headers in 158 bytes (1 switches on core 0)
Aug 03 05:49:45.816755 np0000006317 devstack@g-api.service[99718]: DEBUG glance.api.middleware.version_negotiation [None req-88a48f09-5010-437c-a15b-c7b8006632e7 tempest-ServerActionsTestOtherA-1936385648 tempest-ServerActionsTestOtherA-1936385648-project-member] Determining version of request: GET /v2/images/1f25c7d5-746f-439e-8d60-b4f6385d4945 Accept: */* {{(pid=99718) process_request /opt/stack/glance/glance/api/middleware/version_negotiation.py:44}}
Aug 03 05:49:45.817083 np0000006317 devstack@g-api.service[99718]: DEBUG glance.api.middleware.version_negotiation [None req-88a48f09-5010-437c-a15b-c7b8006632e7 tempest-ServerActionsTestOtherA-1936385648 tempest-ServerActionsTestOtherA-1936385648-project-member] Using url versioning {{(pid=99718) process_request /opt/stack/glance/glance/api/middleware/version_negotiation.py:57}}
Aug 03 05:49:45.817304 np0000006317 devstack@g-api.service[99718]: DEBUG glance.api.middleware.version_negotiation [None req-88a48f09-5010-437c-a15b-c7b8006632e7 tempest-ServerActionsTestOtherA-1936385648 tempest-ServerActionsTestOtherA-1936385648-project-member] Matched version: v2 {{(pid=99718) process_request /opt/stack/glance/glance/api/middleware/version_negotiation.py:69}}
Aug 03 05:49:45.817461 np0000006317 devstack@g-api.service[99718]: DEBUG glance.api.middleware.version_negotiation [None req-88a48f09-5010-437c-a15b-c7b8006632e7 tempest-ServerActionsTestOtherA-1936385648 tempest-ServerActionsTestOtherA-1936385648-project-member] new path /v2/images/1f25c7d5-746f-439e-8d60-b4f6385d4945 {{(pid=99718) process_request /opt/stack/glance/glance/api/middleware/version_negotiation.py:70}}
Aug 03 05:49:45.840934 np0000006317 devstack@g-api.service[99718]: [pid: 99718|app: 0|req: 30/96] 127.0.0.1 () {44 vars in 1111 bytes} [Mon Aug 3 05:49:45 2026] GET /v2/images/1f25c7d5-746f-439e-8d60-b4f6385d4945 => generated 1360 bytes in 24 msecs (HTTP/1.1 200) 4 headers in 158 bytes (1 switches on core 0)
Aug 03 05:49:45.886740 np0000006317 devstack@g-api.service[99720]: DEBUG glance.api.middleware.version_negotiation [None req-88a48f09-5010-437c-a15b-c7b8006632e7 tempest-ServerActionsTestOtherA-1936385648 tempest-ServerActionsTestOtherA-1936385648-project-member] Determining version of request: GET /v2/schemas/image Accept: */* {{(pid=99720) process_request /opt/stack/glance/glance/api/middleware/version_negotiation.py:44}}
Aug 03 05:49:45.886954 np0000006317 devstack@g-api.service[99720]: DEBUG glance.api.middleware.version_negotiation [None req-88a48f09-5010-437c-a15b-c7b8006632e7 tempest-ServerActionsTestOtherA-1936385648 tempest-ServerActionsTestOtherA-1936385648-project-member] Using url versioning {{(pid=99720) process_request /opt/stack/glance/glance/api/middleware/version_negotiation.py:57}}
Aug 03 05:49:45.887708 np0000006317 devstack@g-api.service[99720]: DEBUG glance.api.middleware.version_negotiation [None req-88a48f09-5010-437c-a15b-c7b8006632e7 tempest-ServerActionsTestOtherA-1936385648 tempest-ServerActionsTestOtherA-1936385648-project-member] Matched version: v2 {{(pid=99720) process_request /opt/stack/glance/glance/api/middleware/version_negotiation.py:69}}
Aug 03 05:49:45.887708 np0000006317 devstack@g-api.service[99720]: DEBUG glance.api.middleware.version_negotiation [None req-88a48f09-5010-437c-a15b-c7b8006632e7 tempest-ServerActionsTestOtherA-1936385648 tempest-ServerActionsTestOtherA-1936385648-project-member] new path /v2/schemas/image {{(pid=99720) process_request /opt/stack/glance/glance/api/middleware/version_negotiation.py:70}}
Aug 03 05:49:45.897173 np0000006317 devstack@g-api.service[99720]: [pid: 99720|app: 0|req: 35/97] 127.0.0.1 () {44 vars in 1051 bytes} [Mon Aug 3 05:49:45 2026] GET /v2/schemas/image => generated 6083 bytes in 10 msecs (HTTP/1.1 200) 4 headers in 158 bytes (1 switches on core 0)
Aug 03 05:49:45.965031 np0000006317 devstack@g-api.service[99719]: DEBUG glance.api.middleware.version_negotiation [None req-da6cb4b5-34e6-4679-a018-34fcf5a79f3a tempest-ServerBootFromVolumeStableRescueTest-1996513100 tempest-ServerBootFromVolumeStableRescueTest-1996513100-project-member] Determining version of request: GET /v2/schemas/image Accept: */* {{(pid=99719) process_request /opt/stack/glance/glance/api/middleware/version_negotiation.py:44}}
Aug 03 05:49:45.965031 np0000006317 devstack@g-api.service[99719]: DEBUG glance.api.middleware.version_negotiation [None req-da6cb4b5-34e6-4679-a018-34fcf5a79f3a tempest-ServerBootFromVolumeStableRescueTest-1996513100 tempest-ServerBootFromVolumeStableRescueTest-1996513100-project-member] Using url versioning {{(pid=99719) process_request /opt/stack/glance/glance/api/middleware/version_negotiation.py:57}}
Aug 03 05:49:45.965031 np0000006317 devstack@g-api.service[99719]: DEBUG glance.api.middleware.version_negotiation [None req-da6cb4b5-34e6-4679-a018-34fcf5a79f3a tempest-ServerBootFromVolumeStableRescueTest-1996513100 tempest-ServerBootFromVolumeStableRescueTest-1996513100-project-member] Matched version: v2 {{(pid=99719) process_request /opt/stack/glance/glance/api/middleware/version_negotiation.py:69}}
Aug 03 05:49:45.965031 np0000006317 devstack@g-api.service[99719]: DEBUG glance.api.middleware.version_negotiation [None req-da6cb4b5-34e6-4679-a018-34fcf5a79f3a tempest-ServerBootFromVolumeStableRescueTest-1996513100 tempest-ServerBootFromVolumeStableRescueTest-1996513100-project-member] new path /v2/schemas/image {{(pid=99719) process_request /opt/stack/glance/glance/api/middleware/version_negotiation.py:70}}
Aug 03 05:49:45.972080 np0000006317 devstack@g-api.service[99719]: [pid: 99719|app: 0|req: 33/98] 127.0.0.1 () {44 vars in 1051 bytes} [Mon Aug 3 05:49:45 2026] GET /v2/schemas/image => generated 6083 bytes in 7 msecs (HTTP/1.1 200) 4 headers in 158 bytes (1 switches on core 0)
Aug 03 05:49:46.021597 np0000006317 devstack@g-api.service[99718]: DEBUG glance.api.middleware.version_negotiation [None req-6ba9dff3-4953-4fef-8af0-09f354047b82 tempest-ServerBootFromVolumeStableRescueTest-1996513100 tempest-ServerBootFromVolumeStableRescueTest-1996513100-project-member] Determining version of request: PATCH /v2/images/1f25c7d5-746f-439e-8d60-b4f6385d4945 Accept: */* {{(pid=99718) process_request /opt/stack/glance/glance/api/middleware/version_negotiation.py:44}}
Aug 03 05:49:46.022463 np0000006317 devstack@g-api.service[99718]: DEBUG glance.api.middleware.version_negotiation [None req-6ba9dff3-4953-4fef-8af0-09f354047b82 tempest-ServerBootFromVolumeStableRescueTest-1996513100 tempest-ServerBootFromVolumeStableRescueTest-1996513100-project-member] Using url versioning {{(pid=99718) process_request /opt/stack/glance/glance/api/middleware/version_negotiation.py:57}}
Aug 03 05:49:46.023437 np0000006317 devstack@g-api.service[99718]: DEBUG glance.api.middleware.version_negotiation [None req-6ba9dff3-4953-4fef-8af0-09f354047b82 tempest-ServerBootFromVolumeStableRescueTest-1996513100 tempest-ServerBootFromVolumeStableRescueTest-1996513100-project-member] Matched version: v2 {{(pid=99718) process_request /opt/stack/glance/glance/api/middleware/version_negotiation.py:69}}
Aug 03 05:49:46.023437 np0000006317 devstack@g-api.service[99718]: DEBUG glance.api.middleware.version_negotiation [None req-6ba9dff3-4953-4fef-8af0-09f354047b82 tempest-ServerBootFromVolumeStableRescueTest-1996513100 tempest-ServerBootFromVolumeStableRescueTest-1996513100-project-member] new path /v2/images/1f25c7d5-746f-439e-8d60-b4f6385d4945 {{(pid=99718) process_request /opt/stack/glance/glance/api/middleware/version_negotiation.py:70}}
Aug 03 05:49:46.319035 np0000006317 devstack@g-api.service[99718]: [pid: 99718|app: 0|req: 31/99] 127.0.0.1 () {46 vars in 1154 bytes} [Mon Aug 3 05:49:46 2026] PATCH /v2/images/1f25c7d5-746f-439e-8d60-b4f6385d4945 => generated 1471 bytes in 294 msecs (HTTP/1.1 200) 4 headers in 158 bytes (1 switches on core 0)
Aug 03 05:49:46.399627 np0000006317 devstack@g-api.service[99720]: DEBUG glance.api.middleware.version_negotiation [None req-6ba9dff3-4953-4fef-8af0-09f354047b82 tempest-ServerBootFromVolumeStableRescueTest-1996513100 tempest-ServerBootFromVolumeStableRescueTest-1996513100-project-member] Determining version of request: GET /v2/images/1f25c7d5-746f-439e-8d60-b4f6385d4945 Accept: */* {{(pid=99720) process_request /opt/stack/glance/glance/api/middleware/version_negotiation.py:44}}
Aug 03 05:49:46.400248 np0000006317 devstack@g-api.service[99720]: DEBUG glance.api.middleware.version_negotiation [None req-6ba9dff3-4953-4fef-8af0-09f354047b82 tempest-ServerBootFromVolumeStableRescueTest-1996513100 tempest-ServerBootFromVolumeStableRescueTest-1996513100-project-member] Using url versioning {{(pid=99720) process_request /opt/stack/glance/glance/api/middleware/version_negotiation.py:57}}
Aug 03 05:49:46.400248 np0000006317 devstack@g-api.service[99720]: DEBUG glance.api.middleware.version_negotiation [None req-6ba9dff3-4953-4fef-8af0-09f354047b82 tempest-ServerBootFromVolumeStableRescueTest-1996513100 tempest-ServerBootFromVolumeStableRescueTest-1996513100-project-member] Matched version: v2 {{(pid=99720) process_request /opt/stack/glance/glance/api/middleware/version_negotiation.py:69}}
Aug 03 05:49:46.400248 np0000006317 devstack@g-api.service[99720]: DEBUG glance.api.middleware.version_negotiation [None req-6ba9dff3-4953-4fef-8af0-09f354047b82 tempest-ServerBootFromVolumeStableRescueTest-1996513100 tempest-ServerBootFromVolumeStableRescueTest-1996513100-project-member] new path /v2/images/1f25c7d5-746f-439e-8d60-b4f6385d4945 {{(pid=99720) process_request /opt/stack/glance/glance/api/middleware/version_negotiation.py:70}}
Aug 03 05:49:46.432852 np0000006317 devstack@g-api.service[99720]: [pid: 99720|app: 0|req: 36/100] 127.0.0.1 () {44 vars in 1111 bytes} [Mon Aug 3 05:49:46 2026] GET /v2/images/1f25c7d5-746f-439e-8d60-b4f6385d4945 => generated 1471 bytes in 33 msecs (HTTP/1.1 200) 4 headers in 158 bytes (1 switches on core 0)
Aug 03 05:49:46.513398 np0000006317 devstack@g-api.service[99719]: DEBUG glance.api.middleware.version_negotiation [None req-6ba9dff3-4953-4fef-8af0-09f354047b82 tempest-ServerBootFromVolumeStableRescueTest-1996513100 tempest-ServerBootFromVolumeStableRescueTest-1996513100-project-member] Determining version of request: PUT /v2/images/1f25c7d5-746f-439e-8d60-b4f6385d4945/file Accept: */* {{(pid=99719) process_request /opt/stack/glance/glance/api/middleware/version_negotiation.py:44}}
Aug 03 05:49:46.513610 np0000006317 devstack@g-api.service[99719]: DEBUG glance.api.middleware.version_negotiation [None req-6ba9dff3-4953-4fef-8af0-09f354047b82 tempest-ServerBootFromVolumeStableRescueTest-1996513100 tempest-ServerBootFromVolumeStableRescueTest-1996513100-project-member] Using url versioning {{(pid=99719) process_request /opt/stack/glance/glance/api/middleware/version_negotiation.py:57}}
Aug 03 05:49:46.513796 np0000006317 devstack@g-api.service[99719]: DEBUG glance.api.middleware.version_negotiation [None req-6ba9dff3-4953-4fef-8af0-09f354047b82 tempest-ServerBootFromVolumeStableRescueTest-1996513100 tempest-ServerBootFromVolumeStableRescueTest-1996513100-project-member] Matched version: v2 {{(pid=99719) process_request /opt/stack/glance/glance/api/middleware/version_negotiation.py:69}}
Aug 03 05:49:46.513859 np0000006317 devstack@g-api.service[99719]: DEBUG glance.api.middleware.version_negotiation [None req-6ba9dff3-4953-4fef-8af0-09f354047b82 tempest-ServerBootFromVolumeStableRescueTest-1996513100 tempest-ServerBootFromVolumeStableRescueTest-1996513100-project-member] new path /v2/images/1f25c7d5-746f-439e-8d60-b4f6385d4945/file {{(pid=99719) process_request /opt/stack/glance/glance/api/middleware/version_negotiation.py:70}}
Aug 03 05:49:46.824829 np0000006317 devstack@g-api.service[99718]: DEBUG glance.api.middleware.version_negotiation [None req-6ba9dff3-4953-4fef-8af0-09f354047b82 tempest-ServerBootFromVolumeStableRescueTest-1996513100 tempest-ServerBootFromVolumeStableRescueTest-1996513100-project-member] Determining version of request: GET /v2/images/1f25c7d5-746f-439e-8d60-b4f6385d4945 Accept: application/json {{(pid=99718) process_request /opt/stack/glance/glance/api/middleware/version_negotiation.py:44}}
Aug 03 05:49:46.825915 np0000006317 devstack@g-api.service[99718]: DEBUG glance.api.middleware.version_negotiation [None req-6ba9dff3-4953-4fef-8af0-09f354047b82 tempest-ServerBootFromVolumeStableRescueTest-1996513100 tempest-ServerBootFromVolumeStableRescueTest-1996513100-project-member] Using url versioning {{(pid=99718) process_request /opt/stack/glance/glance/api/middleware/version_negotiation.py:57}}
Aug 03 05:49:46.825991 np0000006317 devstack@g-api.service[99718]: DEBUG glance.api.middleware.version_negotiation [None req-6ba9dff3-4953-4fef-8af0-09f354047b82 tempest-ServerBootFromVolumeStableRescueTest-1996513100 tempest-ServerBootFromVolumeStableRescueTest-1996513100-project-member] Matched version: v2 {{(pid=99718) process_request /opt/stack/glance/glance/api/middleware/version_negotiation.py:69}}
Aug 03 05:49:46.826936 np0000006317 devstack@g-api.service[99718]: DEBUG glance.api.middleware.version_negotiation [None req-6ba9dff3-4953-4fef-8af0-09f354047b82 tempest-ServerBootFromVolumeStableRescueTest-1996513100 tempest-ServerBootFromVolumeStableRescueTest-1996513100-project-member] new path /v2/images/1f25c7d5-746f-439e-8d60-b4f6385d4945 {{(pid=99718) process_request /opt/stack/glance/glance/api/middleware/version_negotiation.py:70}}
Aug 03 05:49:46.854472 np0000006317 devstack@g-api.service[99718]: [pid: 99718|app: 0|req: 32/101] 127.0.0.1 () {40 vars in 834 bytes} [Mon Aug 3 05:49:46 2026] GET /v2/images/1f25c7d5-746f-439e-8d60-b4f6385d4945 => generated 1471 bytes in 30 msecs (HTTP/1.1 200) 4 headers in 158 bytes (1 switches on core 0)
Aug 03 05:49:47.669449 np0000006317 devstack@g-api.service[99719]: INFO glance.api.v2.image_data [None req-6ba9dff3-4953-4fef-8af0-09f354047b82 tempest-ServerBootFromVolumeStableRescueTest-1996513100 tempest-ServerBootFromVolumeStableRescueTest-1996513100-project-member] Unable to create trust: no such option collect_timing in group [keystone_authtoken] Use the existing user token.
Aug 03 05:49:47.863919 np0000006317 devstack@g-api.service[99720]: DEBUG glance.api.middleware.version_negotiation [None req-6ba9dff3-4953-4fef-8af0-09f354047b82 tempest-ServerBootFromVolumeStableRescueTest-1996513100 tempest-ServerBootFromVolumeStableRescueTest-1996513100-project-member] Determining version of request: GET /v2/images/1f25c7d5-746f-439e-8d60-b4f6385d4945 Accept: application/json {{(pid=99720) process_request /opt/stack/glance/glance/api/middleware/version_negotiation.py:44}}
Aug 03 05:49:47.864352 np0000006317 devstack@g-api.service[99720]: DEBUG glance.api.middleware.version_negotiation [None req-6ba9dff3-4953-4fef-8af0-09f354047b82 tempest-ServerBootFromVolumeStableRescueTest-1996513100 tempest-ServerBootFromVolumeStableRescueTest-1996513100-project-member] Using url versioning {{(pid=99720) process_request /opt/stack/glance/glance/api/middleware/version_negotiation.py:57}}
Aug 03 05:49:47.864352 np0000006317 devstack@g-api.service[99720]: DEBUG glance.api.middleware.version_negotiation [None req-6ba9dff3-4953-4fef-8af0-09f354047b82 tempest-ServerBootFromVolumeStableRescueTest-1996513100 tempest-ServerBootFromVolumeStableRescueTest-1996513100-project-member] Matched version: v2 {{(pid=99720) process_request /opt/stack/glance/glance/api/middleware/version_negotiation.py:69}}
Aug 03 05:49:47.864352 np0000006317 devstack@g-api.service[99720]: DEBUG glance.api.middleware.version_negotiation [None req-6ba9dff3-4953-4fef-8af0-09f354047b82 tempest-ServerBootFromVolumeStableRescueTest-1996513100 tempest-ServerBootFromVolumeStableRescueTest-1996513100-project-member] new path /v2/images/1f25c7d5-746f-439e-8d60-b4f6385d4945 {{(pid=99720) process_request /opt/stack/glance/glance/api/middleware/version_negotiation.py:70}}
Aug 03 05:49:47.892905 np0000006317 devstack@g-api.service[99720]: [pid: 99720|app: 0|req: 37/102] 127.0.0.1 () {40 vars in 834 bytes} [Mon Aug 3 05:49:47 2026] GET /v2/images/1f25c7d5-746f-439e-8d60-b4f6385d4945 => generated 1471 bytes in 29 msecs (HTTP/1.1 200) 4 headers in 158 bytes (1 switches on core 0)
Aug 03 05:49:48.701717 np0000006317 devstack@g-api.service[99719]: DEBUG glance.location [None req-6ba9dff3-4953-4fef-8af0-09f354047b82 tempest-ServerBootFromVolumeStableRescueTest-1996513100 tempest-ServerBootFromVolumeStableRescueTest-1996513100-project-member] Enabling in-flight format inspection for qcow2 {{(pid=99719) set_data /opt/stack/glance/glance/location.py:596}}
Aug 03 05:49:48.702488 np0000006317 devstack@g-api.service[99719]: DEBUG glance_store.backend [None req-6ba9dff3-4953-4fef-8af0-09f354047b82 tempest-ServerBootFromVolumeStableRescueTest-1996513100 tempest-ServerBootFromVolumeStableRescueTest-1996513100-project-member] Attempting to import store swift {{(pid=99719) _load_store /opt/stack/data/venv/lib/python3.12/site-packages/glance_store/backend.py:215}}
Aug 03 05:49:48.704488 np0000006317 devstack@g-api.service[99719]: DEBUG glance_store.capabilities [None req-6ba9dff3-4953-4fef-8af0-09f354047b82 tempest-ServerBootFromVolumeStableRescueTest-1996513100 tempest-ServerBootFromVolumeStableRescueTest-1996513100-project-member] Store glance_store._drivers.swift.store.SingleTenantStore doesn't support updating dynamic storage capabilities. Please overwrite 'update_capabilities' method of the store to implement updating logics if needed. {{(pid=99719) update_capabilities /opt/stack/data/venv/lib/python3.12/site-packages/glance_store/capabilities.py:91}}
Aug 03 05:49:48.704488 np0000006317 devstack@g-api.service[99719]: DEBUG glance_store.driver [None req-6ba9dff3-4953-4fef-8af0-09f354047b82 tempest-ServerBootFromVolumeStableRescueTest-1996513100 tempest-ServerBootFromVolumeStableRescueTest-1996513100-project-member] Late loading location class glance_store._drivers.swift.store.StoreLocation {{(pid=99719) get_store_location_class /opt/stack/data/venv/lib/python3.12/site-packages/glance_store/driver.py:134}}
Aug 03 05:49:48.704488 np0000006317 devstack@g-api.service[99719]: DEBUG glance_store.location [None req-6ba9dff3-4953-4fef-8af0-09f354047b82 tempest-ServerBootFromVolumeStableRescueTest-1996513100 tempest-ServerBootFromVolumeStableRescueTest-1996513100-project-member] Registering scheme swift+https with {'store': , 'location_class': , 'store_entry': 'swift'} {{(pid=99719) register_scheme_map /opt/stack/data/venv/lib/python3.12/site-packages/glance_store/location.py:146}}
Aug 03 05:49:48.704722 np0000006317 devstack@g-api.service[99719]: DEBUG glance_store.location [None req-6ba9dff3-4953-4fef-8af0-09f354047b82 tempest-ServerBootFromVolumeStableRescueTest-1996513100 tempest-ServerBootFromVolumeStableRescueTest-1996513100-project-member] Registering scheme swift+https with {'store': , 'location_class': , 'store_entry': 'swift'} {{(pid=99719) register_scheme_map /opt/stack/data/venv/lib/python3.12/site-packages/glance_store/location.py:146}}
Aug 03 05:49:48.704722 np0000006317 devstack@g-api.service[99719]: DEBUG glance_store.location [None req-6ba9dff3-4953-4fef-8af0-09f354047b82 tempest-ServerBootFromVolumeStableRescueTest-1996513100 tempest-ServerBootFromVolumeStableRescueTest-1996513100-project-member] Registering scheme swift with {'store': , 'location_class': , 'store_entry': 'swift'} {{(pid=99719) register_scheme_map /opt/stack/data/venv/lib/python3.12/site-packages/glance_store/location.py:146}}
Aug 03 05:49:48.704722 np0000006317 devstack@g-api.service[99719]: DEBUG glance_store.location [None req-6ba9dff3-4953-4fef-8af0-09f354047b82 tempest-ServerBootFromVolumeStableRescueTest-1996513100 tempest-ServerBootFromVolumeStableRescueTest-1996513100-project-member] Registering scheme swift+https with {'store': , 'location_class': , 'store_entry': 'swift'} {{(pid=99719) register_scheme_map /opt/stack/data/venv/lib/python3.12/site-packages/glance_store/location.py:146}}
Aug 03 05:49:48.704942 np0000006317 devstack@g-api.service[99719]: DEBUG glance_store.location [None req-6ba9dff3-4953-4fef-8af0-09f354047b82 tempest-ServerBootFromVolumeStableRescueTest-1996513100 tempest-ServerBootFromVolumeStableRescueTest-1996513100-project-member] Registering scheme swift with {'store': , 'location_class': , 'store_entry': 'swift'} {{(pid=99719) register_scheme_map /opt/stack/data/venv/lib/python3.12/site-packages/glance_store/location.py:146}}
Aug 03 05:49:48.704942 np0000006317 devstack@g-api.service[99719]: DEBUG glance_store.location [None req-6ba9dff3-4953-4fef-8af0-09f354047b82 tempest-ServerBootFromVolumeStableRescueTest-1996513100 tempest-ServerBootFromVolumeStableRescueTest-1996513100-project-member] Registering scheme swift+http with {'store': , 'location_class': , 'store_entry': 'swift'} {{(pid=99719) register_scheme_map /opt/stack/data/venv/lib/python3.12/site-packages/glance_store/location.py:146}}
Aug 03 05:49:48.704942 np0000006317 devstack@g-api.service[99719]: DEBUG glance_store.location [None req-6ba9dff3-4953-4fef-8af0-09f354047b82 tempest-ServerBootFromVolumeStableRescueTest-1996513100 tempest-ServerBootFromVolumeStableRescueTest-1996513100-project-member] Registering scheme swift+https with {'store': , 'location_class': , 'store_entry': 'swift'} {{(pid=99719) register_scheme_map /opt/stack/data/venv/lib/python3.12/site-packages/glance_store/location.py:146}}
Aug 03 05:49:48.705133 np0000006317 devstack@g-api.service[99719]: DEBUG glance_store.location [None req-6ba9dff3-4953-4fef-8af0-09f354047b82 tempest-ServerBootFromVolumeStableRescueTest-1996513100 tempest-ServerBootFromVolumeStableRescueTest-1996513100-project-member] Registering scheme swift with {'store': , 'location_class': , 'store_entry': 'swift'} {{(pid=99719) register_scheme_map /opt/stack/data/venv/lib/python3.12/site-packages/glance_store/location.py:146}}
Aug 03 05:49:48.705193 np0000006317 devstack@g-api.service[99719]: DEBUG glance_store.location [None req-6ba9dff3-4953-4fef-8af0-09f354047b82 tempest-ServerBootFromVolumeStableRescueTest-1996513100 tempest-ServerBootFromVolumeStableRescueTest-1996513100-project-member] Registering scheme swift+http with {'store': , 'location_class': , 'store_entry': 'swift'} {{(pid=99719) register_scheme_map /opt/stack/data/venv/lib/python3.12/site-packages/glance_store/location.py:146}}
Aug 03 05:49:48.705331 np0000006317 devstack@g-api.service[99719]: DEBUG glance_store.location [None req-6ba9dff3-4953-4fef-8af0-09f354047b82 tempest-ServerBootFromVolumeStableRescueTest-1996513100 tempest-ServerBootFromVolumeStableRescueTest-1996513100-project-member] Registering scheme swift+config with {'store': , 'location_class': , 'store_entry': 'swift'} {{(pid=99719) register_scheme_map /opt/stack/data/venv/lib/python3.12/site-packages/glance_store/location.py:146}}
Aug 03 05:49:48.905050 np0000006317 devstack@g-api.service[99718]: DEBUG glance.api.middleware.version_negotiation [None req-69556d35-70a7-4ef3-8dfc-b3182c7ae728 tempest-ServerBootFromVolumeStableRescueTest-1996513100 tempest-ServerBootFromVolumeStableRescueTest-1996513100-project-member] Determining version of request: GET /v2/images/1f25c7d5-746f-439e-8d60-b4f6385d4945 Accept: application/json {{(pid=99718) process_request /opt/stack/glance/glance/api/middleware/version_negotiation.py:44}}
Aug 03 05:49:48.906046 np0000006317 devstack@g-api.service[99718]: DEBUG glance.api.middleware.version_negotiation [None req-69556d35-70a7-4ef3-8dfc-b3182c7ae728 tempest-ServerBootFromVolumeStableRescueTest-1996513100 tempest-ServerBootFromVolumeStableRescueTest-1996513100-project-member] Using url versioning {{(pid=99718) process_request /opt/stack/glance/glance/api/middleware/version_negotiation.py:57}}
Aug 03 05:49:48.906046 np0000006317 devstack@g-api.service[99718]: DEBUG glance.api.middleware.version_negotiation [None req-69556d35-70a7-4ef3-8dfc-b3182c7ae728 tempest-ServerBootFromVolumeStableRescueTest-1996513100 tempest-ServerBootFromVolumeStableRescueTest-1996513100-project-member] Matched version: v2 {{(pid=99718) process_request /opt/stack/glance/glance/api/middleware/version_negotiation.py:69}}
Aug 03 05:49:48.906046 np0000006317 devstack@g-api.service[99718]: DEBUG glance.api.middleware.version_negotiation [None req-69556d35-70a7-4ef3-8dfc-b3182c7ae728 tempest-ServerBootFromVolumeStableRescueTest-1996513100 tempest-ServerBootFromVolumeStableRescueTest-1996513100-project-member] new path /v2/images/1f25c7d5-746f-439e-8d60-b4f6385d4945 {{(pid=99718) process_request /opt/stack/glance/glance/api/middleware/version_negotiation.py:70}}
Aug 03 05:49:48.934137 np0000006317 devstack@g-api.service[99718]: [pid: 99718|app: 0|req: 33/103] 127.0.0.1 () {40 vars in 834 bytes} [Mon Aug 3 05:49:48 2026] GET /v2/images/1f25c7d5-746f-439e-8d60-b4f6385d4945 => generated 1471 bytes in 29 msecs (HTTP/1.1 200) 4 headers in 158 bytes (1 switches on core 0)
Aug 03 05:49:49.390655 np0000006317 devstack@g-api.service[99719]: DEBUG swiftclient [None req-6ba9dff3-4953-4fef-8af0-09f354047b82 tempest-ServerBootFromVolumeStableRescueTest-1996513100 tempest-ServerBootFromVolumeStableRescueTest-1996513100-project-member] REQ: curl -i https://10.4.3.87:8080/v1/AUTH_1f710306552a4ab589221d38d644d414/glance -I -H "X-Auth-Token: gAAAAABqcCv8mPHO..." {{(pid=99719) http_log /opt/stack/data/venv/lib/python3.12/site-packages/swiftclient/client.py:160}}
Aug 03 05:49:49.391918 np0000006317 devstack@g-api.service[99719]: DEBUG swiftclient [None req-6ba9dff3-4953-4fef-8af0-09f354047b82 tempest-ServerBootFromVolumeStableRescueTest-1996513100 tempest-ServerBootFromVolumeStableRescueTest-1996513100-project-member] RESP STATUS: 204 No Content {{(pid=99719) http_log /opt/stack/data/venv/lib/python3.12/site-packages/swiftclient/client.py:161}}
Aug 03 05:49:49.391918 np0000006317 devstack@g-api.service[99719]: DEBUG swiftclient [None req-6ba9dff3-4953-4fef-8af0-09f354047b82 tempest-ServerBootFromVolumeStableRescueTest-1996513100 tempest-ServerBootFromVolumeStableRescueTest-1996513100-project-member] RESP HEADERS: {'Date': 'Mon, 03 Aug 2026 05:49:49 GMT', 'Server': 'Apache/2.4.58 (Ubuntu)', 'Content-Type': 'text/plain; charset=utf-8', 'X-Container-Object-Count': '7', 'X-Container-Bytes-Used': '109576192', 'X-Timestamp': '1785736002.14189', 'Last-Modified': 'Mon, 03 Aug 2026 05:46:43 GMT', 'Accept-Ranges': 'bytes', 'X-Storage-Policy': 'Policy-0', 'X-Container-Sharding': 'False', 'Vary': 'Accept', 'X-Trans-Id': 'tx918ef3c6673e4da381795-006a702bfc', 'X-Openstack-Request-Id': 'tx918ef3c6673e4da381795-006a702bfc', 'Connection': 'close'} {{(pid=99719) http_log /opt/stack/data/venv/lib/python3.12/site-packages/swiftclient/client.py:162}}
Aug 03 05:49:49.391918 np0000006317 devstack@g-api.service[99719]: DEBUG glance_store._drivers.swift.store [None req-6ba9dff3-4953-4fef-8af0-09f354047b82 tempest-ServerBootFromVolumeStableRescueTest-1996513100 tempest-ServerBootFromVolumeStableRescueTest-1996513100-project-member] Adding image object '1f25c7d5-746f-439e-8d60-b4f6385d4945' to Swift {{(pid=99719) add /opt/stack/data/venv/lib/python3.12/site-packages/glance_store/_drivers/swift/store.py:970}}
Aug 03 05:49:49.392352 np0000006317 devstack@g-api.service[99719]: DEBUG glance_store._drivers.swift.store [None req-6ba9dff3-4953-4fef-8af0-09f354047b82 tempest-ServerBootFromVolumeStableRescueTest-1996513100 tempest-ServerBootFromVolumeStableRescueTest-1996513100-project-member] Cannot determine image size because it is either not provided in the request or chunked-transfer encoding is used. Adding image as a segmented object to Swift. {{(pid=99719) add /opt/stack/data/venv/lib/python3.12/site-packages/glance_store/_drivers/swift/store.py:994}}
Aug 03 05:49:49.401354 np0000006317 devstack@g-api.service[99719]: DEBUG oslo_utils.imageutils.format_inspector [None req-6ba9dff3-4953-4fef-8af0-09f354047b82 tempest-ServerBootFromVolumeStableRescueTest-1996513100 tempest-ServerBootFromVolumeStableRescueTest-1996513100-project-member] Format inspector for vmdk does not match, excluding from consideration (Signature KDMV not found: b'QFI\xfb') {{(pid=99719) _process_chunk /opt/stack/data/venv/lib/python3.12/site-packages/oslo_utils/imageutils/format_inspector.py:1758}}
Aug 03 05:49:49.407859 np0000006317 devstack@g-api.service[99719]: DEBUG oslo_utils.imageutils.format_inspector [None req-6ba9dff3-4953-4fef-8af0-09f354047b82 tempest-ServerBootFromVolumeStableRescueTest-1996513100 tempest-ServerBootFromVolumeStableRescueTest-1996513100-project-member] Format inspector for vhdx does not match, excluding from consideration (Region signature not found at 30000) {{(pid=99719) _process_chunk /opt/stack/data/venv/lib/python3.12/site-packages/oslo_utils/imageutils/format_inspector.py:1758}}
Aug 03 05:49:49.692371 np0000006317 devstack@g-api.service[99719]: DEBUG swiftclient [None req-6ba9dff3-4953-4fef-8af0-09f354047b82 tempest-ServerBootFromVolumeStableRescueTest-1996513100 tempest-ServerBootFromVolumeStableRescueTest-1996513100-project-member] REQ: curl -i https://10.4.3.87:8080/v1/AUTH_1f710306552a4ab589221d38d644d414/glance/1f25c7d5-746f-439e-8d60-b4f6385d4945-00001 -X PUT -H "X-Auth-Token: gAAAAABqcCv8mPHO..." {{(pid=99719) http_log /opt/stack/data/venv/lib/python3.12/site-packages/swiftclient/client.py:160}}
Aug 03 05:49:49.692371 np0000006317 devstack@g-api.service[99719]: DEBUG swiftclient [None req-6ba9dff3-4953-4fef-8af0-09f354047b82 tempest-ServerBootFromVolumeStableRescueTest-1996513100 tempest-ServerBootFromVolumeStableRescueTest-1996513100-project-member] RESP STATUS: 201 Created {{(pid=99719) http_log /opt/stack/data/venv/lib/python3.12/site-packages/swiftclient/client.py:161}}
Aug 03 05:49:49.694189 np0000006317 devstack@g-api.service[99719]: DEBUG swiftclient [None req-6ba9dff3-4953-4fef-8af0-09f354047b82 tempest-ServerBootFromVolumeStableRescueTest-1996513100 tempest-ServerBootFromVolumeStableRescueTest-1996513100-project-member] RESP HEADERS: {'Date': 'Mon, 03 Aug 2026 05:49:49 GMT', 'Server': 'Apache/2.4.58 (Ubuntu)', 'Content-Type': 'text/html; charset=UTF-8', 'Content-Length': '0', 'Etag': '4fa343ee581d8d2e78533191fd1ac3e1', 'Last-Modified': 'Mon, 03 Aug 2026 05:49:50 GMT', 'X-Trans-Id': 'tx661f36b1827542bb986ae-006a702bfd', 'X-Openstack-Request-Id': 'tx661f36b1827542bb986ae-006a702bfd', 'Connection': 'close'} {{(pid=99719) http_log /opt/stack/data/venv/lib/python3.12/site-packages/swiftclient/client.py:162}}
Aug 03 05:49:49.694189 np0000006317 devstack@g-api.service[99719]: DEBUG glance_store._drivers.swift.store [None req-6ba9dff3-4953-4fef-8af0-09f354047b82 tempest-ServerBootFromVolumeStableRescueTest-1996513100 tempest-ServerBootFromVolumeStableRescueTest-1996513100-project-member] Wrote chunk 1f25c7d5-746f-439e-8d60-b4f6385d4945-00001 (1/?) of length 23527424 to Swift returning MD5 of content: 4fa343ee581d8d2e78533191fd1ac3e1 {{(pid=99719) add /opt/stack/data/venv/lib/python3.12/site-packages/glance_store/_drivers/swift/store.py:1059}}
Aug 03 05:49:49.694418 np0000006317 devstack@g-api.service[99719]: DEBUG glance_store._drivers.swift.store [None req-6ba9dff3-4953-4fef-8af0-09f354047b82 tempest-ServerBootFromVolumeStableRescueTest-1996513100 tempest-ServerBootFromVolumeStableRescueTest-1996513100-project-member] Not writing zero-length chunk. {{(pid=99719) add /opt/stack/data/venv/lib/python3.12/site-packages/glance_store/_drivers/swift/store.py:1028}}
Aug 03 05:49:49.714034 np0000006317 devstack@g-api.service[99720]: DEBUG glance.api.middleware.version_negotiation [None req-d6171239-727e-499d-b7eb-064825347f44 tempest-ServerBootFromVolumeStableRescueTest-1996513100 tempest-ServerBootFromVolumeStableRescueTest-1996513100-project-member] Determining version of request: DELETE /v2/images/8d7ce74a-5dfd-4c52-8a87-3f6318ff72f6 Accept: application/json {{(pid=99720) process_request /opt/stack/glance/glance/api/middleware/version_negotiation.py:44}}
Aug 03 05:49:49.714586 np0000006317 devstack@g-api.service[99720]: DEBUG glance.api.middleware.version_negotiation [None req-d6171239-727e-499d-b7eb-064825347f44 tempest-ServerBootFromVolumeStableRescueTest-1996513100 tempest-ServerBootFromVolumeStableRescueTest-1996513100-project-member] Using url versioning {{(pid=99720) process_request /opt/stack/glance/glance/api/middleware/version_negotiation.py:57}}
Aug 03 05:49:49.714586 np0000006317 devstack@g-api.service[99720]: DEBUG glance.api.middleware.version_negotiation [None req-d6171239-727e-499d-b7eb-064825347f44 tempest-ServerBootFromVolumeStableRescueTest-1996513100 tempest-ServerBootFromVolumeStableRescueTest-1996513100-project-member] Matched version: v2 {{(pid=99720) process_request /opt/stack/glance/glance/api/middleware/version_negotiation.py:69}}
Aug 03 05:49:49.714586 np0000006317 devstack@g-api.service[99720]: DEBUG glance.api.middleware.version_negotiation [None req-d6171239-727e-499d-b7eb-064825347f44 tempest-ServerBootFromVolumeStableRescueTest-1996513100 tempest-ServerBootFromVolumeStableRescueTest-1996513100-project-member] new path /v2/images/8d7ce74a-5dfd-4c52-8a87-3f6318ff72f6 {{(pid=99720) process_request /opt/stack/glance/glance/api/middleware/version_negotiation.py:70}}
Aug 03 05:49:49.724674 np0000006317 devstack@g-api.service[99720]: WARNING glance.api.v2.images [None req-c20f5a34-dc81-454f-864c-c3a6136a3a4f tempest-AttachSCSIVolumeTestJSON-2139536066 tempest-AttachSCSIVolumeTestJSON-2139536066-project-admin] After upload to backend, deletion of staged image data has failed because it cannot be found at /tmp/staging//8d7ce74a-5dfd-4c52-8a87-3f6318ff72f6
Aug 03 05:49:49.725466 np0000006317 devstack@g-api.service[99720]: DEBUG glance_store.backend [None req-c20f5a34-dc81-454f-864c-c3a6136a3a4f tempest-AttachSCSIVolumeTestJSON-2139536066 tempest-AttachSCSIVolumeTestJSON-2139536066-project-admin] Attempting to import store swift {{(pid=99720) _load_store /opt/stack/data/venv/lib/python3.12/site-packages/glance_store/backend.py:215}}
Aug 03 05:49:49.727231 np0000006317 devstack@g-api.service[99719]: DEBUG swiftclient [None req-6ba9dff3-4953-4fef-8af0-09f354047b82 tempest-ServerBootFromVolumeStableRescueTest-1996513100 tempest-ServerBootFromVolumeStableRescueTest-1996513100-project-member] REQ: curl -i https://10.4.3.87:8080/v1/AUTH_1f710306552a4ab589221d38d644d414/glance/1f25c7d5-746f-439e-8d60-b4f6385d4945 -X PUT -H "X-Object-Manifest: glance/1f25c7d5-746f-439e-8d60-b4f6385d4945-" -H "X-Auth-Token: gAAAAABqcCv8mPHO..." -H "Content-Length: 0" {{(pid=99719) http_log /opt/stack/data/venv/lib/python3.12/site-packages/swiftclient/client.py:160}}
Aug 03 05:49:49.727681 np0000006317 devstack@g-api.service[99719]: DEBUG swiftclient [None req-6ba9dff3-4953-4fef-8af0-09f354047b82 tempest-ServerBootFromVolumeStableRescueTest-1996513100 tempest-ServerBootFromVolumeStableRescueTest-1996513100-project-member] RESP STATUS: 201 Created {{(pid=99719) http_log /opt/stack/data/venv/lib/python3.12/site-packages/swiftclient/client.py:161}}
Aug 03 05:49:49.727681 np0000006317 devstack@g-api.service[99719]: DEBUG swiftclient [None req-6ba9dff3-4953-4fef-8af0-09f354047b82 tempest-ServerBootFromVolumeStableRescueTest-1996513100 tempest-ServerBootFromVolumeStableRescueTest-1996513100-project-member] RESP HEADERS: {'Date': 'Mon, 03 Aug 2026 05:49:49 GMT', 'Server': 'Apache/2.4.58 (Ubuntu)', 'Content-Type': 'text/html; charset=UTF-8', 'Content-Length': '0', 'Etag': 'd41d8cd98f00b204e9800998ecf8427e', 'Last-Modified': 'Mon, 03 Aug 2026 05:49:50 GMT', 'X-Trans-Id': 'txaf3f6c302bd74fbeaf851-006a702bfd', 'X-Openstack-Request-Id': 'txaf3f6c302bd74fbeaf851-006a702bfd', 'Connection': 'close'} {{(pid=99719) http_log /opt/stack/data/venv/lib/python3.12/site-packages/swiftclient/client.py:162}}
Aug 03 05:49:49.728188 np0000006317 devstack@g-api.service[99719]: INFO glance.location [None req-6ba9dff3-4953-4fef-8af0-09f354047b82 tempest-ServerBootFromVolumeStableRescueTest-1996513100 tempest-ServerBootFromVolumeStableRescueTest-1996513100-project-member] Image format matched and virtual size computed: 1073741824
