Aug 03 05:46:12.301118 np0000006317 nova-scheduler[93452]: DEBUG cotyledon.oslo_config_glue [-] oslo_messaging_rabbit.rabbit_qos_prefetch_count = 0 {{(pid=93452) log_opt_values /opt/stack/data/venv/lib/python3.12/site-packages/oslo_config/cfg.py:3253}}
Aug 03 05:46:12.301118 np0000006317 nova-scheduler[93452]: DEBUG cotyledon.oslo_config_glue [-] oslo_messaging_rabbit.rabbit_quorum_delivery_limit = 0 {{(pid=93452) log_opt_values /opt/stack/data/venv/lib/python3.12/site-packages/oslo_config/cfg.py:3253}}
Aug 03 05:46:12.301304 np0000006317 nova-scheduler[93452]: DEBUG cotyledon.oslo_config_glue [-] oslo_messaging_rabbit.rabbit_quorum_max_memory_bytes = 0 {{(pid=93452) log_opt_values /opt/stack/data/venv/lib/python3.12/site-packages/oslo_config/cfg.py:3253}}
Aug 03 05:46:12.301304 np0000006317 nova-scheduler[93452]: DEBUG cotyledon.oslo_config_glue [-] oslo_messaging_rabbit.rabbit_quorum_max_memory_length = 0 {{(pid=93452) log_opt_values /opt/stack/data/venv/lib/python3.12/site-packages/oslo_config/cfg.py:3253}}
Aug 03 05:46:12.301304 np0000006317 nova-scheduler[93452]: DEBUG cotyledon.oslo_config_glue [-] oslo_messaging_rabbit.rabbit_quorum_queue = False {{(pid=93452) log_opt_values /opt/stack/data/venv/lib/python3.12/site-packages/oslo_config/cfg.py:3253}}
Aug 03 05:46:12.301304 np0000006317 nova-scheduler[93452]: DEBUG cotyledon.oslo_config_glue [-] oslo_messaging_rabbit.rabbit_retry_backoff = 2 {{(pid=93452) log_opt_values /opt/stack/data/venv/lib/python3.12/site-packages/oslo_config/cfg.py:3253}}
Aug 03 05:46:12.301304 np0000006317 nova-scheduler[93452]: DEBUG cotyledon.oslo_config_glue [-] oslo_messaging_rabbit.rabbit_retry_interval = 1 {{(pid=93452) log_opt_values /opt/stack/data/venv/lib/python3.12/site-packages/oslo_config/cfg.py:3253}}
Aug 03 05:46:12.301304 np0000006317 nova-scheduler[93452]: DEBUG cotyledon.oslo_config_glue [-] oslo_messaging_rabbit.rabbit_stream_fanout = False {{(pid=93452) log_opt_values /opt/stack/data/venv/lib/python3.12/site-packages/oslo_config/cfg.py:3253}}
Aug 03 05:46:12.301304 np0000006317 nova-scheduler[93452]: DEBUG cotyledon.oslo_config_glue [-] oslo_messaging_rabbit.rabbit_transient_queues_ttl = 1800 {{(pid=93452) log_opt_values /opt/stack/data/venv/lib/python3.12/site-packages/oslo_config/cfg.py:3253}}
Aug 03 05:46:12.301304 np0000006317 nova-scheduler[93452]: DEBUG cotyledon.oslo_config_glue [-] oslo_messaging_rabbit.rabbit_transient_quorum_queue = False {{(pid=93452) log_opt_values /opt/stack/data/venv/lib/python3.12/site-packages/oslo_config/cfg.py:3253}}
Aug 03 05:46:12.301470 np0000006317 nova-scheduler[93452]: DEBUG cotyledon.oslo_config_glue [-] oslo_messaging_rabbit.rpc_conn_pool_size = 30 {{(pid=93452) log_opt_values /opt/stack/data/venv/lib/python3.12/site-packages/oslo_config/cfg.py:3253}}
Aug 03 05:46:12.301470 np0000006317 nova-scheduler[93452]: DEBUG cotyledon.oslo_config_glue [-] oslo_messaging_rabbit.ssl = False {{(pid=93452) log_opt_values /opt/stack/data/venv/lib/python3.12/site-packages/oslo_config/cfg.py:3253}}
Aug 03 05:46:12.301470 np0000006317 nova-scheduler[93452]: DEBUG cotyledon.oslo_config_glue [-] oslo_messaging_rabbit.ssl_ca_file = {{(pid=93452) log_opt_values /opt/stack/data/venv/lib/python3.12/site-packages/oslo_config/cfg.py:3253}}
Aug 03 05:46:12.301470 np0000006317 nova-scheduler[93452]: DEBUG cotyledon.oslo_config_glue [-] oslo_messaging_rabbit.ssl_cert_file = {{(pid=93452) log_opt_values /opt/stack/data/venv/lib/python3.12/site-packages/oslo_config/cfg.py:3253}}
Aug 03 05:46:12.301470 np0000006317 nova-scheduler[93452]: DEBUG cotyledon.oslo_config_glue [-] oslo_messaging_rabbit.ssl_enforce_fips_mode = False {{(pid=93452) log_opt_values /opt/stack/data/venv/lib/python3.12/site-packages/oslo_config/cfg.py:3253}}
Aug 03 05:46:12.301470 np0000006317 nova-scheduler[93452]: DEBUG cotyledon.oslo_config_glue [-] oslo_messaging_rabbit.ssl_enforce_hostname_verification = True {{(pid=93452) log_opt_values /opt/stack/data/venv/lib/python3.12/site-packages/oslo_config/cfg.py:3253}}
Aug 03 05:46:12.301470 np0000006317 nova-scheduler[93452]: DEBUG cotyledon.oslo_config_glue [-] oslo_messaging_rabbit.ssl_key_file = {{(pid=93452) log_opt_values /opt/stack/data/venv/lib/python3.12/site-packages/oslo_config/cfg.py:3253}}
Aug 03 05:46:12.301470 np0000006317 nova-scheduler[93452]: DEBUG cotyledon.oslo_config_glue [-] oslo_messaging_rabbit.ssl_version = {{(pid=93452) log_opt_values /opt/stack/data/venv/lib/python3.12/site-packages/oslo_config/cfg.py:3253}}
Aug 03 05:46:12.301470 np0000006317 nova-scheduler[93452]: DEBUG cotyledon.oslo_config_glue [-] oslo_messaging_rabbit.use_queue_manager = False {{(pid=93452) log_opt_values /opt/stack/data/venv/lib/python3.12/site-packages/oslo_config/cfg.py:3253}}
Aug 03 05:46:12.301639 np0000006317 nova-scheduler[93452]: DEBUG cotyledon.oslo_config_glue [-] oslo_messaging_notifications.driver = ['messagingv2'] {{(pid=93452) log_opt_values /opt/stack/data/venv/lib/python3.12/site-packages/oslo_config/cfg.py:3253}}
Aug 03 05:46:12.301639 np0000006317 nova-scheduler[93452]: DEBUG cotyledon.oslo_config_glue [-] oslo_messaging_notifications.retry = -1 {{(pid=93452) log_opt_values /opt/stack/data/venv/lib/python3.12/site-packages/oslo_config/cfg.py:3253}}
Aug 03 05:46:12.301639 np0000006317 nova-scheduler[93452]: DEBUG cotyledon.oslo_config_glue [-] oslo_messaging_notifications.topics = ['notifications'] {{(pid=93452) log_opt_values /opt/stack/data/venv/lib/python3.12/site-packages/oslo_config/cfg.py:3253}}
Aug 03 05:46:12.301639 np0000006317 nova-scheduler[93452]: DEBUG cotyledon.oslo_config_glue [-] oslo_messaging_notifications.transport_url = **** {{(pid=93452) log_opt_values /opt/stack/data/venv/lib/python3.12/site-packages/oslo_config/cfg.py:3253}}
Aug 03 05:46:12.301639 np0000006317 nova-scheduler[93452]: DEBUG cotyledon.oslo_config_glue [-] oslo_limit.auth_section = None {{(pid=93452) log_opt_values /opt/stack/data/venv/lib/python3.12/site-packages/oslo_config/cfg.py:3253}}
Aug 03 05:46:12.301639 np0000006317 nova-scheduler[93452]: DEBUG cotyledon.oslo_config_glue [-] oslo_limit.auth_type = None {{(pid=93452) log_opt_values /opt/stack/data/venv/lib/python3.12/site-packages/oslo_config/cfg.py:3253}}
Aug 03 05:46:12.301639 np0000006317 nova-scheduler[93452]: DEBUG cotyledon.oslo_config_glue [-] oslo_limit.cafile = None {{(pid=93452) log_opt_values /opt/stack/data/venv/lib/python3.12/site-packages/oslo_config/cfg.py:3253}}
Aug 03 05:46:12.301639 np0000006317 nova-scheduler[93452]: DEBUG cotyledon.oslo_config_glue [-] oslo_limit.certfile = None {{(pid=93452) log_opt_values /opt/stack/data/venv/lib/python3.12/site-packages/oslo_config/cfg.py:3253}}
Aug 03 05:46:12.301639 np0000006317 nova-scheduler[93452]: DEBUG cotyledon.oslo_config_glue [-] oslo_limit.collect_timing = False {{(pid=93452) log_opt_values /opt/stack/data/venv/lib/python3.12/site-packages/oslo_config/cfg.py:3253}}
Aug 03 05:46:12.301835 np0000006317 nova-scheduler[93452]: DEBUG cotyledon.oslo_config_glue [-] oslo_limit.connect_retries = None {{(pid=93452) log_opt_values /opt/stack/data/venv/lib/python3.12/site-packages/oslo_config/cfg.py:3253}}
Aug 03 05:46:12.301835 np0000006317 nova-scheduler[93452]: DEBUG cotyledon.oslo_config_glue [-] oslo_limit.connect_retry_delay = None {{(pid=93452) log_opt_values /opt/stack/data/venv/lib/python3.12/site-packages/oslo_config/cfg.py:3253}}
Aug 03 05:46:12.301835 np0000006317 nova-scheduler[93452]: DEBUG cotyledon.oslo_config_glue [-] oslo_limit.endpoint_id = None {{(pid=93452) log_opt_values /opt/stack/data/venv/lib/python3.12/site-packages/oslo_config/cfg.py:3253}}
Aug 03 05:46:12.301835 np0000006317 nova-scheduler[93452]: DEBUG cotyledon.oslo_config_glue [-] oslo_limit.endpoint_interface = public {{(pid=93452) log_opt_values /opt/stack/data/venv/lib/python3.12/site-packages/oslo_config/cfg.py:3253}}
Aug 03 05:46:12.301835 np0000006317 nova-scheduler[93452]: DEBUG cotyledon.oslo_config_glue [-] oslo_limit.endpoint_override = None {{(pid=93452) log_opt_values /opt/stack/data/venv/lib/python3.12/site-packages/oslo_config/cfg.py:3253}}
Aug 03 05:46:12.301835 np0000006317 nova-scheduler[93452]: DEBUG cotyledon.oslo_config_glue [-] oslo_limit.endpoint_region_name = None {{(pid=93452) log_opt_values /opt/stack/data/venv/lib/python3.12/site-packages/oslo_config/cfg.py:3253}}
Aug 03 05:46:12.301835 np0000006317 nova-scheduler[93452]: DEBUG cotyledon.oslo_config_glue [-] oslo_limit.endpoint_service_name = None {{(pid=93452) log_opt_values /opt/stack/data/venv/lib/python3.12/site-packages/oslo_config/cfg.py:3253}}
Aug 03 05:46:12.301835 np0000006317 nova-scheduler[93452]: DEBUG cotyledon.oslo_config_glue [-] oslo_limit.endpoint_service_type = None {{(pid=93452) log_opt_values /opt/stack/data/venv/lib/python3.12/site-packages/oslo_config/cfg.py:3253}}
Aug 03 05:46:12.301835 np0000006317 nova-scheduler[93452]: DEBUG cotyledon.oslo_config_glue [-] oslo_limit.insecure = False {{(pid=93452) log_opt_values /opt/stack/data/venv/lib/python3.12/site-packages/oslo_config/cfg.py:3253}}
Aug 03 05:46:12.302024 np0000006317 nova-scheduler[93452]: DEBUG cotyledon.oslo_config_glue [-] oslo_limit.keyfile = None {{(pid=93452) log_opt_values /opt/stack/data/venv/lib/python3.12/site-packages/oslo_config/cfg.py:3253}}
Aug 03 05:46:12.302024 np0000006317 nova-scheduler[93452]: DEBUG cotyledon.oslo_config_glue [-] oslo_limit.max_version = None {{(pid=93452) log_opt_values /opt/stack/data/venv/lib/python3.12/site-packages/oslo_config/cfg.py:3253}}
Aug 03 05:46:12.302024 np0000006317 nova-scheduler[93452]: DEBUG cotyledon.oslo_config_glue [-] oslo_limit.min_version = None {{(pid=93452) log_opt_values /opt/stack/data/venv/lib/python3.12/site-packages/oslo_config/cfg.py:3253}}
Aug 03 05:46:12.302024 np0000006317 nova-scheduler[93452]: DEBUG cotyledon.oslo_config_glue [-] oslo_limit.region_name = None {{(pid=93452) log_opt_values /opt/stack/data/venv/lib/python3.12/site-packages/oslo_config/cfg.py:3253}}
Aug 03 05:46:12.302024 np0000006317 nova-scheduler[93452]: DEBUG cotyledon.oslo_config_glue [-] oslo_limit.retriable_status_codes = None {{(pid=93452) log_opt_values /opt/stack/data/venv/lib/python3.12/site-packages/oslo_config/cfg.py:3253}}
Aug 03 05:46:12.302024 np0000006317 nova-scheduler[93452]: DEBUG cotyledon.oslo_config_glue [-] oslo_limit.service_name = None {{(pid=93452) log_opt_values /opt/stack/data/venv/lib/python3.12/site-packages/oslo_config/cfg.py:3253}}
Aug 03 05:46:12.302024 np0000006317 nova-scheduler[93452]: DEBUG cotyledon.oslo_config_glue [-] oslo_limit.service_type = None {{(pid=93452) log_opt_values /opt/stack/data/venv/lib/python3.12/site-packages/oslo_config/cfg.py:3253}}
Aug 03 05:46:12.302024 np0000006317 nova-scheduler[93452]: DEBUG cotyledon.oslo_config_glue [-] oslo_limit.split_loggers = False {{(pid=93452) log_opt_values /opt/stack/data/venv/lib/python3.12/site-packages/oslo_config/cfg.py:3253}}
Aug 03 05:46:12.302024 np0000006317 nova-scheduler[93452]: DEBUG cotyledon.oslo_config_glue [-] oslo_limit.status_code_retries = None {{(pid=93452) log_opt_values /opt/stack/data/venv/lib/python3.12/site-packages/oslo_config/cfg.py:3253}}
Aug 03 05:46:12.302207 np0000006317 nova-scheduler[93452]: DEBUG cotyledon.oslo_config_glue [-] oslo_limit.status_code_retry_delay = None {{(pid=93452) log_opt_values /opt/stack/data/venv/lib/python3.12/site-packages/oslo_config/cfg.py:3253}}
Aug 03 05:46:12.302207 np0000006317 nova-scheduler[93452]: DEBUG cotyledon.oslo_config_glue [-] oslo_limit.timeout = None {{(pid=93452) log_opt_values /opt/stack/data/venv/lib/python3.12/site-packages/oslo_config/cfg.py:3253}}
Aug 03 05:46:12.302207 np0000006317 nova-scheduler[93452]: DEBUG cotyledon.oslo_config_glue [-] oslo_limit.valid_interfaces = None {{(pid=93452) log_opt_values /opt/stack/data/venv/lib/python3.12/site-packages/oslo_config/cfg.py:3253}}
Aug 03 05:46:12.302207 np0000006317 nova-scheduler[93452]: DEBUG cotyledon.oslo_config_glue [-] oslo_limit.version = None {{(pid=93452) log_opt_values /opt/stack/data/venv/lib/python3.12/site-packages/oslo_config/cfg.py:3253}}
Aug 03 05:46:12.302207 np0000006317 nova-scheduler[93452]: DEBUG cotyledon.oslo_config_glue [-] oslo_reports.file_event_handler = None {{(pid=93452) log_opt_values /opt/stack/data/venv/lib/python3.12/site-packages/oslo_config/cfg.py:3253}}
Aug 03 05:46:12.302207 np0000006317 nova-scheduler[93452]: DEBUG cotyledon.oslo_config_glue [-] oslo_reports.file_event_handler_interval = 1 {{(pid=93452) log_opt_values /opt/stack/data/venv/lib/python3.12/site-packages/oslo_config/cfg.py:3253}}
Aug 03 05:46:12.302207 np0000006317 nova-scheduler[93452]: DEBUG cotyledon.oslo_config_glue [-] oslo_reports.log_dir = None {{(pid=93452) log_opt_values /opt/stack/data/venv/lib/python3.12/site-packages/oslo_config/cfg.py:3253}}
Aug 03 05:46:12.302207 np0000006317 nova-scheduler[93452]: DEBUG cotyledon.oslo_config_glue [-] ******************************************************************************** {{(pid=93452) log_opt_values /opt/stack/data/venv/lib/python3.12/site-packages/oslo_config/cfg.py:3260}}
Aug 03 05:46:12.302207 np0000006317 nova-scheduler[93452]: DEBUG cotyledon._service_worker [-] Run service ServiceWrapper(2) [93452] {{(pid=93452) wait_forever /opt/stack/data/venv/lib/python3.12/site-packages/cotyledon/_service_worker.py:218}}
Aug 03 05:46:12.302418 np0000006317 nova-scheduler[93452]: INFO nova.service [-] Starting scheduler node (version 33.1.0)
Aug 03 05:46:12.302418 np0000006317 nova-scheduler[93452]: INFO dbcounter [None req-0d7434bf-fc94-45d9-ba87-4be7d7b55220 None None] Registered counter for database nova_cell0
Aug 03 05:46:12.302477 np0000006317 nova-scheduler[93414]: DEBUG oslo_db.sqlalchemy.engines [None req-f68f188d-8895-4b34-afa1-8ba80a6cb1d5 None None] MySQL server mode set to STRICT_TRANS_TABLES,STRICT_ALL_TABLES,NO_ZERO_IN_DATE,NO_ZERO_DATE,ERROR_FOR_DIVISION_BY_ZERO,TRADITIONAL,NO_ENGINE_SUBSTITUTION {{(pid=93414) _check_effective_sql_mode /opt/stack/data/venv/lib/python3.12/site-packages/oslo_db/sqlalchemy/engines.py:325}}
Aug 03 05:46:12.307872 np0000006317 nova-scheduler[93418]: DEBUG oslo_db.sqlalchemy.engines [None req-900568db-4503-43e2-94e2-7efc71ee0612 None None] MySQL server mode set to STRICT_TRANS_TABLES,STRICT_ALL_TABLES,NO_ZERO_IN_DATE,NO_ZERO_DATE,ERROR_FOR_DIVISION_BY_ZERO,TRADITIONAL,NO_ENGINE_SUBSTITUTION {{(pid=93418) _check_effective_sql_mode /opt/stack/data/venv/lib/python3.12/site-packages/oslo_db/sqlalchemy/engines.py:325}}
Aug 03 05:46:12.312084 np0000006317 nova-scheduler[93414]: DEBUG dbcounter [-] [93414] Writer thread running {{(pid=93414) stat_writer /opt/stack/data/venv/lib/python3.12/site-packages/dbcounter.py:102}}
Aug 03 05:46:12.318650 np0000006317 nova-scheduler[93418]: DEBUG dbcounter [-] [93418] Writer thread running {{(pid=93418) stat_writer /opt/stack/data/venv/lib/python3.12/site-packages/dbcounter.py:102}}
Aug 03 05:46:12.326050 np0000006317 nova-scheduler[93414]: DEBUG nova.service [None req-f68f188d-8895-4b34-afa1-8ba80a6cb1d5 None None] Creating RPC server for service: nova-scheduler on topic: scheduler {{(pid=93414) start /opt/stack/nova/nova/service.py:196}}
Aug 03 05:46:12.340198 np0000006317 nova-scheduler[93418]: DEBUG nova.service [None req-900568db-4503-43e2-94e2-7efc71ee0612 None None] Creating RPC server for service: nova-scheduler on topic: scheduler {{(pid=93418) start /opt/stack/nova/nova/service.py:196}}
Aug 03 05:46:12.341271 np0000006317 nova-scheduler[93452]: DEBUG oslo_db.sqlalchemy.engines [None req-0d7434bf-fc94-45d9-ba87-4be7d7b55220 None None] MySQL server mode set to STRICT_TRANS_TABLES,STRICT_ALL_TABLES,NO_ZERO_IN_DATE,NO_ZERO_DATE,ERROR_FOR_DIVISION_BY_ZERO,TRADITIONAL,NO_ENGINE_SUBSTITUTION {{(pid=93452) _check_effective_sql_mode /opt/stack/data/venv/lib/python3.12/site-packages/oslo_db/sqlalchemy/engines.py:325}}
Aug 03 05:46:12.351190 np0000006317 nova-scheduler[93452]: DEBUG dbcounter [-] [93452] Writer thread running {{(pid=93452) stat_writer /opt/stack/data/venv/lib/python3.12/site-packages/dbcounter.py:102}}
Aug 03 05:46:12.353734 np0000006317 nova-scheduler[93414]: DEBUG nova.service [None req-f68f188d-8895-4b34-afa1-8ba80a6cb1d5 None None] Join ServiceGroup membership for this service scheduler {{(pid=93414) start /opt/stack/nova/nova/service.py:222}}
Aug 03 05:46:12.353941 np0000006317 nova-scheduler[93414]: DEBUG nova.servicegroup.drivers.db [None req-f68f188d-8895-4b34-afa1-8ba80a6cb1d5 None None] DB_Driver: join new ServiceGroup member np0000006317 to the scheduler group, service = {{(pid=93414) join /opt/stack/nova/nova/servicegroup/drivers/db.py:44}}
Aug 03 05:46:12.354433 np0000006317 nova-scheduler[93452]: DEBUG nova.service [None req-0d7434bf-fc94-45d9-ba87-4be7d7b55220 None None] Creating RPC server for service: nova-scheduler on topic: scheduler {{(pid=93452) start /opt/stack/nova/nova/service.py:196}}
Aug 03 05:46:12.358491 np0000006317 nova-scheduler[93418]: DEBUG nova.service [None req-900568db-4503-43e2-94e2-7efc71ee0612 None None] Join ServiceGroup membership for this service scheduler {{(pid=93418) start /opt/stack/nova/nova/service.py:222}}
Aug 03 05:46:12.358762 np0000006317 nova-scheduler[93418]: DEBUG nova.servicegroup.drivers.db [None req-900568db-4503-43e2-94e2-7efc71ee0612 None None] DB_Driver: join new ServiceGroup member np0000006317 to the scheduler group, service = {{(pid=93418) join /opt/stack/nova/nova/servicegroup/drivers/db.py:44}}
Aug 03 05:46:12.371482 np0000006317 nova-scheduler[93452]: DEBUG nova.service [None req-0d7434bf-fc94-45d9-ba87-4be7d7b55220 None None] Join ServiceGroup membership for this service scheduler {{(pid=93452) start /opt/stack/nova/nova/service.py:222}}
Aug 03 05:46:12.371724 np0000006317 nova-scheduler[93452]: DEBUG nova.servicegroup.drivers.db [None req-0d7434bf-fc94-45d9-ba87-4be7d7b55220 None None] DB_Driver: join new ServiceGroup member np0000006317 to the scheduler group, service = {{(pid=93452) join /opt/stack/nova/nova/servicegroup/drivers/db.py:44}}
Aug 03 05:46:17.356715 np0000006317 nova-scheduler[93414]: DEBUG oslo.service.backend._threading.loopingcall [None req-c116f4ee-5d7a-4f88-a9d4-4c364bbc154b None None] Dynamic interval looping call 'nova.service.Service.periodic_tasks' sleeping for 60.00 seconds {{(pid=93414) _run_loop /opt/stack/data/venv/lib/python3.12/site-packages/oslo_service/backend/_threading/loopingcall.py:125}}
Aug 03 05:46:17.368569 np0000006317 nova-scheduler[93414]: DEBUG oslo.service.backend._threading.loopingcall [-] Fixed interval looping call 'nova.servicegroup.drivers.db.DbDriver._report_state' sleeping for 119.99 seconds {{(pid=93414) _run_loop /opt/stack/data/venv/lib/python3.12/site-packages/oslo_service/backend/_threading/loopingcall.py:125}}
Aug 03 05:46:17.371181 np0000006317 nova-scheduler[93418]: DEBUG oslo.service.backend._threading.loopingcall [-] Fixed interval looping call 'nova.servicegroup.drivers.db.DbDriver._report_state' sleeping for 119.99 seconds {{(pid=93418) _run_loop /opt/stack/data/venv/lib/python3.12/site-packages/oslo_service/backend/_threading/loopingcall.py:125}}
Aug 03 05:46:17.389276 np0000006317 nova-scheduler[93452]: DEBUG oslo.service.backend._threading.loopingcall [-] Fixed interval looping call 'nova.servicegroup.drivers.db.DbDriver._report_state' sleeping for 119.98 seconds {{(pid=93452) _run_loop /opt/stack/data/venv/lib/python3.12/site-packages/oslo_service/backend/_threading/loopingcall.py:125}}
Aug 03 05:46:20.946203 np0000006317 nova-scheduler[92208]: DEBUG dbcounter [-] [92208] Writing DB stats nova_api:SELECT=3 {{(pid=92208) stat_writer /opt/stack/data/venv/lib/python3.12/site-packages/dbcounter.py:115}}
Aug 03 05:46:21.076040 np0000006317 nova-scheduler[92208]: DEBUG dbcounter [-] [92208] Writing DB stats nova_cell0:SELECT=1 {{(pid=92208) stat_writer /opt/stack/data/venv/lib/python3.12/site-packages/dbcounter.py:115}}
Aug 03 05:46:21.080107 np0000006317 nova-scheduler[92208]: DEBUG dbcounter [-] [92208] Writing DB stats nova_cell1:SELECT=1 {{(pid=92208) stat_writer /opt/stack/data/venv/lib/python3.12/site-packages/dbcounter.py:115}}
Aug 03 05:46:27.364909 np0000006317 nova-scheduler[93414]: DEBUG dbcounter [-] [93414] Writing DB stats nova_cell0:SELECT=4,nova_cell0:INSERT=1,nova_cell0:UPDATE=1 {{(pid=93414) stat_writer /opt/stack/data/venv/lib/python3.12/site-packages/dbcounter.py:115}}
Aug 03 05:46:27.370025 np0000006317 nova-scheduler[93418]: DEBUG dbcounter [-] [93418] Writing DB stats nova_cell0:SELECT=5,nova_cell0:INSERT=1,nova_cell0:UPDATE=1 {{(pid=93418) stat_writer /opt/stack/data/venv/lib/python3.12/site-packages/dbcounter.py:115}}
Aug 03 05:46:27.387746 np0000006317 nova-scheduler[93452]: DEBUG dbcounter [-] [93452] Writing DB stats nova_cell0:SELECT=3 {{(pid=93452) stat_writer /opt/stack/data/venv/lib/python3.12/site-packages/dbcounter.py:115}}
Aug 03 05:46:31.361514 np0000006317 nova-scheduler[93418]: DEBUG oslo.service.backend._threading.loopingcall [None req-927df4fe-b63a-4b7b-b14e-bed100ec499b None None] Dynamic interval looping call 'nova.service.Service.periodic_tasks' sleeping for 60.00 seconds {{(pid=93418) _run_loop /opt/stack/data/venv/lib/python3.12/site-packages/oslo_service/backend/_threading/loopingcall.py:125}}
Aug 03 05:47:10.374058 np0000006317 nova-scheduler[93452]: DEBUG oslo.service.backend._threading.loopingcall [None req-6b43f1db-a6e2-4750-87bc-463023661be6 None None] Dynamic interval looping call 'nova.service.Service.periodic_tasks' sleeping for 60.00 seconds {{(pid=93452) _run_loop /opt/stack/data/venv/lib/python3.12/site-packages/oslo_service/backend/_threading/loopingcall.py:125}}
Aug 03 05:47:17.357826 np0000006317 nova-scheduler[93414]: DEBUG oslo.service.backend._threading.loopingcall [None req-c116f4ee-5d7a-4f88-a9d4-4c364bbc154b None None] Dynamic interval looping call 'nova.service.Service.periodic_tasks' sleeping for 60.00 seconds {{(pid=93414) _run_loop /opt/stack/data/venv/lib/python3.12/site-packages/oslo_service/backend/_threading/loopingcall.py:125}}
Aug 03 05:47:31.362021 np0000006317 nova-scheduler[93418]: DEBUG oslo.service.backend._threading.loopingcall [None req-927df4fe-b63a-4b7b-b14e-bed100ec499b None None] Dynamic interval looping call 'nova.service.Service.periodic_tasks' sleeping for 60.00 seconds {{(pid=93418) _run_loop /opt/stack/data/venv/lib/python3.12/site-packages/oslo_service/backend/_threading/loopingcall.py:125}}
Aug 03 05:48:10.374418 np0000006317 nova-scheduler[93452]: DEBUG oslo.service.backend._threading.loopingcall [None req-6b43f1db-a6e2-4750-87bc-463023661be6 None None] Dynamic interval looping call 'nova.service.Service.periodic_tasks' sleeping for 60.00 seconds {{(pid=93452) _run_loop /opt/stack/data/venv/lib/python3.12/site-packages/oslo_service/backend/_threading/loopingcall.py:125}}
Aug 03 05:48:17.358334 np0000006317 nova-scheduler[93414]: DEBUG oslo.service.backend._threading.loopingcall [None req-c116f4ee-5d7a-4f88-a9d4-4c364bbc154b None None] Dynamic interval looping call 'nova.service.Service.periodic_tasks' sleeping for 60.00 seconds {{(pid=93414) _run_loop /opt/stack/data/venv/lib/python3.12/site-packages/oslo_service/backend/_threading/loopingcall.py:125}}
Aug 03 05:48:17.365750 np0000006317 nova-scheduler[93414]: DEBUG oslo.service.backend._threading.loopingcall [-] Fixed interval looping call 'nova.servicegroup.drivers.db.DbDriver._report_state' sleeping for 119.99 seconds {{(pid=93414) _run_loop /opt/stack/data/venv/lib/python3.12/site-packages/oslo_service/backend/_threading/loopingcall.py:125}}
Aug 03 05:48:17.367173 np0000006317 nova-scheduler[93418]: DEBUG oslo.service.backend._threading.loopingcall [-] Fixed interval looping call 'nova.servicegroup.drivers.db.DbDriver._report_state' sleeping for 119.99 seconds {{(pid=93418) _run_loop /opt/stack/data/venv/lib/python3.12/site-packages/oslo_service/backend/_threading/loopingcall.py:125}}
Aug 03 05:48:17.372151 np0000006317 nova-scheduler[93452]: DEBUG oslo.service.backend._threading.loopingcall [-] Fixed interval looping call 'nova.servicegroup.drivers.db.DbDriver._report_state' sleeping for 120.00 seconds {{(pid=93452) _run_loop /opt/stack/data/venv/lib/python3.12/site-packages/oslo_service/backend/_threading/loopingcall.py:125}}
Aug 03 05:48:27.362749 np0000006317 nova-scheduler[93414]: DEBUG dbcounter [-] [93414] Writing DB stats nova_cell0:SELECT=1,nova_cell0:UPDATE=1 {{(pid=93414) stat_writer /opt/stack/data/venv/lib/python3.12/site-packages/dbcounter.py:115}}
Aug 03 05:48:27.366212 np0000006317 nova-scheduler[93418]: DEBUG dbcounter [-] [93418] Writing DB stats nova_cell0:SELECT=1 {{(pid=93418) stat_writer /opt/stack/data/venv/lib/python3.12/site-packages/dbcounter.py:115}}
Aug 03 05:48:27.370664 np0000006317 nova-scheduler[93452]: DEBUG dbcounter [-] [93452] Writing DB stats nova_cell0:SELECT=1 {{(pid=93452) stat_writer /opt/stack/data/venv/lib/python3.12/site-packages/dbcounter.py:115}}
Aug 03 05:48:31.362759 np0000006317 nova-scheduler[93418]: DEBUG oslo.service.backend._threading.loopingcall [None req-927df4fe-b63a-4b7b-b14e-bed100ec499b None None] Dynamic interval looping call 'nova.service.Service.periodic_tasks' sleeping for 60.00 seconds {{(pid=93418) _run_loop /opt/stack/data/venv/lib/python3.12/site-packages/oslo_service/backend/_threading/loopingcall.py:125}}
Aug 03 05:48:41.182670 np0000006317 nova-scheduler[93414]: DEBUG nova.scheduler.manager [None req-f43fe0cd-fa5f-45e6-b6c2-104409255e0a tempest-ServerBootFromVolumeStableRescueTest-1996513100 tempest-ServerBootFromVolumeStableRescueTest-1996513100-project-member] Starting to schedule for instances: ['791eb18b-b1c4-4d05-9eec-6ceac2adde36'] {{(pid=93414) select_destinations /opt/stack/nova/nova/scheduler/manager.py:209}}
Aug 03 05:48:41.183255 np0000006317 nova-scheduler[93414]: DEBUG nova.scheduler.request_filter [None req-f43fe0cd-fa5f-45e6-b6c2-104409255e0a tempest-ServerBootFromVolumeStableRescueTest-1996513100 tempest-ServerBootFromVolumeStableRescueTest-1996513100-project-member] compute_status_filter request filter added forbidden trait COMPUTE_STATUS_DISABLED {{(pid=93414) compute_status_filter /opt/stack/nova/nova/scheduler/request_filter.py:253}}
Aug 03 05:48:41.183372 np0000006317 nova-scheduler[93414]: DEBUG nova.scheduler.request_filter [None req-f43fe0cd-fa5f-45e6-b6c2-104409255e0a tempest-ServerBootFromVolumeStableRescueTest-1996513100 tempest-ServerBootFromVolumeStableRescueTest-1996513100-project-member] Request filter 'compute_status_filter' took 0.0 seconds {{(pid=93414) wrapper /opt/stack/nova/nova/scheduler/request_filter.py:46}}
Aug 03 05:48:41.183542 np0000006317 nova-scheduler[93414]: DEBUG nova.scheduler.request_filter [None req-f43fe0cd-fa5f-45e6-b6c2-104409255e0a tempest-ServerBootFromVolumeStableRescueTest-1996513100 tempest-ServerBootFromVolumeStableRescueTest-1996513100-project-member] Request filter 'accelerators_filter' took 0.0 seconds {{(pid=93414) wrapper /opt/stack/nova/nova/scheduler/request_filter.py:46}}
Aug 03 05:48:41.183967 np0000006317 nova-scheduler[93414]: DEBUG nova.scheduler.request_filter [None req-f43fe0cd-fa5f-45e6-b6c2-104409255e0a tempest-ServerBootFromVolumeStableRescueTest-1996513100 tempest-ServerBootFromVolumeStableRescueTest-1996513100-project-member] Request filter 'packed_virtqueue_filter' took 0.0 seconds {{(pid=93414) wrapper /opt/stack/nova/nova/scheduler/request_filter.py:46}}
Aug 03 05:48:41.184249 np0000006317 nova-scheduler[93414]: DEBUG nova.scheduler.request_filter [None req-f43fe0cd-fa5f-45e6-b6c2-104409255e0a tempest-ServerBootFromVolumeStableRescueTest-1996513100 tempest-ServerBootFromVolumeStableRescueTest-1996513100-project-member] Request filter 'remote_managed_ports_filter' took 0.0 seconds {{(pid=93414) wrapper /opt/stack/nova/nova/scheduler/request_filter.py:46}}
Aug 03 05:48:41.184382 np0000006317 nova-scheduler[93414]: DEBUG nova.scheduler.request_filter [None req-f43fe0cd-fa5f-45e6-b6c2-104409255e0a tempest-ServerBootFromVolumeStableRescueTest-1996513100 tempest-ServerBootFromVolumeStableRescueTest-1996513100-project-member] ephemeral_encryption_filter skipped {{(pid=93414) ephemeral_encryption_filter /opt/stack/nova/nova/scheduler/request_filter.py:426}}
Aug 03 05:48:41.184497 np0000006317 nova-scheduler[93414]: DEBUG nova.scheduler.request_filter [None req-f43fe0cd-fa5f-45e6-b6c2-104409255e0a tempest-ServerBootFromVolumeStableRescueTest-1996513100 tempest-ServerBootFromVolumeStableRescueTest-1996513100-project-member] virtio_sound_filter skipped {{(pid=93414) virtio_sound_filter /opt/stack/nova/nova/scheduler/request_filter.py:460}}
Aug 03 05:48:41.184615 np0000006317 nova-scheduler[93414]: DEBUG nova.scheduler.request_filter [None req-f43fe0cd-fa5f-45e6-b6c2-104409255e0a tempest-ServerBootFromVolumeStableRescueTest-1996513100 tempest-ServerBootFromVolumeStableRescueTest-1996513100-project-member] tpm_secret_security_filter skipped {{(pid=93414) tpm_secret_security_filter /opt/stack/nova/nova/scheduler/request_filter.py:477}}
Aug 03 05:48:42.098030 np0000006317 nova-scheduler[93414]: INFO nova.utils [None req-f43fe0cd-fa5f-45e6-b6c2-104409255e0a tempest-ServerBootFromVolumeStableRescueTest-1996513100 tempest-ServerBootFromVolumeStableRescueTest-1996513100-project-member] The cell worker thread pool ForkProcess-1.cell_worker is initialized
Aug 03 05:48:42.098030 np0000006317 nova-scheduler[93414]: DEBUG oslo_concurrency.lockutils [None req-f43fe0cd-fa5f-45e6-b6c2-104409255e0a tempest-ServerBootFromVolumeStableRescueTest-1996513100 tempest-ServerBootFromVolumeStableRescueTest-1996513100-project-member] Acquiring lock "21029842-9c2f-4a49-a911-22ef0f23c02f" by "nova.context.set_target_cell..get_or_set_cached_cell_and_set_connections" {{(pid=93414) inner /opt/stack/data/venv/lib/python3.12/site-packages/oslo_concurrency/lockutils.py:512}}
Aug 03 05:48:42.098030 np0000006317 nova-scheduler[93414]: DEBUG oslo_concurrency.lockutils [None req-f43fe0cd-fa5f-45e6-b6c2-104409255e0a tempest-ServerBootFromVolumeStableRescueTest-1996513100 tempest-ServerBootFromVolumeStableRescueTest-1996513100-project-member] Lock "21029842-9c2f-4a49-a911-22ef0f23c02f" acquired by "nova.context.set_target_cell..get_or_set_cached_cell_and_set_connections" :: waited 0.000s {{(pid=93414) inner /opt/stack/data/venv/lib/python3.12/site-packages/oslo_concurrency/lockutils.py:525}}
Aug 03 05:48:42.098030 np0000006317 nova-scheduler[93414]: DEBUG oslo_concurrency.lockutils [None req-f43fe0cd-fa5f-45e6-b6c2-104409255e0a tempest-ServerBootFromVolumeStableRescueTest-1996513100 tempest-ServerBootFromVolumeStableRescueTest-1996513100-project-member] Lock "21029842-9c2f-4a49-a911-22ef0f23c02f" "released" by "nova.context.set_target_cell..get_or_set_cached_cell_and_set_connections" :: held 0.001s {{(pid=93414) inner /opt/stack/data/venv/lib/python3.12/site-packages/oslo_concurrency/lockutils.py:544}}
Aug 03 05:48:42.098900 np0000006317 nova-scheduler[93414]: INFO dbcounter [None req-f43fe0cd-fa5f-45e6-b6c2-104409255e0a tempest-ServerBootFromVolumeStableRescueTest-1996513100 tempest-ServerBootFromVolumeStableRescueTest-1996513100-project-member] Registered counter for database nova_cell1
Aug 03 05:48:42.150405 np0000006317 nova-scheduler[93414]: DEBUG oslo_db.sqlalchemy.engines [None req-f43fe0cd-fa5f-45e6-b6c2-104409255e0a tempest-ServerBootFromVolumeStableRescueTest-1996513100 tempest-ServerBootFromVolumeStableRescueTest-1996513100-project-member] MySQL server mode set to STRICT_TRANS_TABLES,STRICT_ALL_TABLES,NO_ZERO_IN_DATE,NO_ZERO_DATE,ERROR_FOR_DIVISION_BY_ZERO,TRADITIONAL,NO_ENGINE_SUBSTITUTION {{(pid=93414) _check_effective_sql_mode /opt/stack/data/venv/lib/python3.12/site-packages/oslo_db/sqlalchemy/engines.py:325}}
Aug 03 05:48:42.154854 np0000006317 nova-scheduler[93418]: DEBUG nova.scheduler.manager [None req-3652d0a1-0a51-45bc-b1cb-87b8ac0edb80 tempest-ServerActionsTestOtherA-1936385648 tempest-ServerActionsTestOtherA-1936385648-project-member] Starting to schedule for instances: ['1bedf66f-0596-4755-aa1e-f0e87bb215d4'] {{(pid=93418) select_destinations /opt/stack/nova/nova/scheduler/manager.py:209}}
Aug 03 05:48:42.155442 np0000006317 nova-scheduler[93418]: DEBUG nova.scheduler.request_filter [None req-3652d0a1-0a51-45bc-b1cb-87b8ac0edb80 tempest-ServerActionsTestOtherA-1936385648 tempest-ServerActionsTestOtherA-1936385648-project-member] compute_status_filter request filter added forbidden trait COMPUTE_STATUS_DISABLED {{(pid=93418) compute_status_filter /opt/stack/nova/nova/scheduler/request_filter.py:253}}
Aug 03 05:48:42.155636 np0000006317 nova-scheduler[93418]: DEBUG nova.scheduler.request_filter [None req-3652d0a1-0a51-45bc-b1cb-87b8ac0edb80 tempest-ServerActionsTestOtherA-1936385648 tempest-ServerActionsTestOtherA-1936385648-project-member] Request filter 'compute_status_filter' took 0.0 seconds {{(pid=93418) wrapper /opt/stack/nova/nova/scheduler/request_filter.py:46}}
Aug 03 05:48:42.155878 np0000006317 nova-scheduler[93418]: DEBUG nova.scheduler.request_filter [None req-3652d0a1-0a51-45bc-b1cb-87b8ac0edb80 tempest-ServerActionsTestOtherA-1936385648 tempest-ServerActionsTestOtherA-1936385648-project-member] Request filter 'accelerators_filter' took 0.0 seconds {{(pid=93418) wrapper /opt/stack/nova/nova/scheduler/request_filter.py:46}}
Aug 03 05:48:42.156070 np0000006317 nova-scheduler[93418]: DEBUG nova.scheduler.request_filter [None req-3652d0a1-0a51-45bc-b1cb-87b8ac0edb80 tempest-ServerActionsTestOtherA-1936385648 tempest-ServerActionsTestOtherA-1936385648-project-member] Request filter 'packed_virtqueue_filter' took 0.0 seconds {{(pid=93418) wrapper /opt/stack/nova/nova/scheduler/request_filter.py:46}}
Aug 03 05:48:42.156717 np0000006317 nova-scheduler[93418]: DEBUG nova.scheduler.request_filter [None req-3652d0a1-0a51-45bc-b1cb-87b8ac0edb80 tempest-ServerActionsTestOtherA-1936385648 tempest-ServerActionsTestOtherA-1936385648-project-member] Request filter 'remote_managed_ports_filter' took 0.0 seconds {{(pid=93418) wrapper /opt/stack/nova/nova/scheduler/request_filter.py:46}}
Aug 03 05:48:42.156891 np0000006317 nova-scheduler[93418]: DEBUG nova.scheduler.request_filter [None req-3652d0a1-0a51-45bc-b1cb-87b8ac0edb80 tempest-ServerActionsTestOtherA-1936385648 tempest-ServerActionsTestOtherA-1936385648-project-member] ephemeral_encryption_filter skipped {{(pid=93418) ephemeral_encryption_filter /opt/stack/nova/nova/scheduler/request_filter.py:426}}
Aug 03 05:48:42.157113 np0000006317 nova-scheduler[93418]: DEBUG nova.scheduler.request_filter [None req-3652d0a1-0a51-45bc-b1cb-87b8ac0edb80 tempest-ServerActionsTestOtherA-1936385648 tempest-ServerActionsTestOtherA-1936385648-project-member] virtio_sound_filter skipped {{(pid=93418) virtio_sound_filter /opt/stack/nova/nova/scheduler/request_filter.py:460}}
Aug 03 05:48:42.157184 np0000006317 nova-scheduler[93418]: DEBUG nova.scheduler.request_filter [None req-3652d0a1-0a51-45bc-b1cb-87b8ac0edb80 tempest-ServerActionsTestOtherA-1936385648 tempest-ServerActionsTestOtherA-1936385648-project-member] tpm_secret_security_filter skipped {{(pid=93418) tpm_secret_security_filter /opt/stack/nova/nova/scheduler/request_filter.py:477}}
Aug 03 05:48:42.157315 np0000006317 nova-scheduler[93414]: DEBUG dbcounter [-] [93414] Writer thread running {{(pid=93414) stat_writer /opt/stack/data/venv/lib/python3.12/site-packages/dbcounter.py:102}}
Aug 03 05:48:42.173396 np0000006317 nova-scheduler[93414]: DEBUG oslo_db.sqlalchemy.engines [None req-f43fe0cd-fa5f-45e6-b6c2-104409255e0a tempest-ServerBootFromVolumeStableRescueTest-1996513100 tempest-ServerBootFromVolumeStableRescueTest-1996513100-project-member] Parent process 92208 forked (93414) with an open database connection, which is being discarded and recreated. {{(pid=93414) checkout /opt/stack/data/venv/lib/python3.12/site-packages/oslo_db/sqlalchemy/engines.py:402}}
Aug 03 05:48:42.207983 np0000006317 nova-scheduler[93414]: DEBUG dbcounter [-] [93414] Writer thread running {{(pid=93414) stat_writer /opt/stack/data/venv/lib/python3.12/site-packages/dbcounter.py:102}}
Aug 03 05:48:42.210878 np0000006317 nova-scheduler[93414]: DEBUG oslo_concurrency.lockutils [None req-f43fe0cd-fa5f-45e6-b6c2-104409255e0a tempest-ServerBootFromVolumeStableRescueTest-1996513100 tempest-ServerBootFromVolumeStableRescueTest-1996513100-project-member] Acquiring lock "21029842-9c2f-4a49-a911-22ef0f23c02f" by "nova.context.set_target_cell..get_or_set_cached_cell_and_set_connections" {{(pid=93414) inner /opt/stack/data/venv/lib/python3.12/site-packages/oslo_concurrency/lockutils.py:512}}
Aug 03 05:48:42.211231 np0000006317 nova-scheduler[93414]: DEBUG oslo_concurrency.lockutils [None req-f43fe0cd-fa5f-45e6-b6c2-104409255e0a tempest-ServerBootFromVolumeStableRescueTest-1996513100 tempest-ServerBootFromVolumeStableRescueTest-1996513100-project-member] Lock "21029842-9c2f-4a49-a911-22ef0f23c02f" acquired by "nova.context.set_target_cell..get_or_set_cached_cell_and_set_connections" :: waited 0.000s {{(pid=93414) inner /opt/stack/data/venv/lib/python3.12/site-packages/oslo_concurrency/lockutils.py:525}}
Aug 03 05:48:42.212731 np0000006317 nova-scheduler[93414]: DEBUG oslo_concurrency.lockutils [None req-f43fe0cd-fa5f-45e6-b6c2-104409255e0a tempest-ServerBootFromVolumeStableRescueTest-1996513100 tempest-ServerBootFromVolumeStableRescueTest-1996513100-project-member] Lock "21029842-9c2f-4a49-a911-22ef0f23c02f" "released" by "nova.context.set_target_cell..get_or_set_cached_cell_and_set_connections" :: held 0.000s {{(pid=93414) inner /opt/stack/data/venv/lib/python3.12/site-packages/oslo_concurrency/lockutils.py:544}}
Aug 03 05:48:42.215496 np0000006317 nova-scheduler[93414]: DEBUG oslo_concurrency.lockutils [None req-f43fe0cd-fa5f-45e6-b6c2-104409255e0a tempest-ServerBootFromVolumeStableRescueTest-1996513100 tempest-ServerBootFromVolumeStableRescueTest-1996513100-project-member] Acquiring lock "np0000006317-np0000006317" by "nova.scheduler.host_manager.HostState.update.._locked_update" {{(pid=93414) inner /opt/stack/data/venv/lib/python3.12/site-packages/oslo_concurrency/lockutils.py:512}}
Aug 03 05:48:42.216266 np0000006317 nova-scheduler[93414]: DEBUG oslo_concurrency.lockutils [None req-f43fe0cd-fa5f-45e6-b6c2-104409255e0a tempest-ServerBootFromVolumeStableRescueTest-1996513100 tempest-ServerBootFromVolumeStableRescueTest-1996513100-project-member] Lock "np0000006317-np0000006317" acquired by "nova.scheduler.host_manager.HostState.update.._locked_update" :: waited 0.000s {{(pid=93414) inner /opt/stack/data/venv/lib/python3.12/site-packages/oslo_concurrency/lockutils.py:525}}
Aug 03 05:48:42.216660 np0000006317 nova-scheduler[93414]: DEBUG nova.scheduler.host_manager [None req-f43fe0cd-fa5f-45e6-b6c2-104409255e0a tempest-ServerBootFromVolumeStableRescueTest-1996513100 tempest-ServerBootFromVolumeStableRescueTest-1996513100-project-member] Update host state from compute node: ComputeNode(cpu_allocation_ratio=4.0,cpu_info='{"arch": "x86_64", "model": "EPYC-Milan", "vendor": "AMD", "topology": {"cells": 1, "sockets": 16, "cores": 1, "threads": 1}, "maxphysaddr": {"mode": "emulate", "bits": 40}, "features": ["clflush", "v-vmsave-vmload", "hypervisor", "stibp", "mca", "sse2", "invpcid", "fpu", "ssbd", "vaes", "sse", "pku", "nx", "adx", "cx8", "vmcb-clean", "fsgsbase", "syscall", "fxsr", "cmp_legacy", "movbe", "avx2", "mce", "f16c", "pse", "pge", "clwb", "smep", "lahf_lm", "cr8legacy", "fsrm", "lm", "svm", "mmxext", "xsave", "3dnowprefetch", "nrip-save", "cx16", "topoext", "pse36", "sse4a", "rdseed", "sse4.2", "umip", "amd-stibp", "mtrr", "pschange-mc-no", "flushbyasid", "xsaves", "xsavec", "popcnt", "bmi2", "ibpb", "abm", "lfence-always-serializing", "cmov", "null-sel-clr-base", "mmx", "fma", "pcid", "arch-capabilities", "de", "amd-psfd", "sha-ni", "tsc-scale", "bmi1", "vme", "erms", "fxsr_opt", "npt", "sep", "xgetbv1", "xsaveopt", "vgif", "lbrv", "wbnoinvd", "gds-no", "mds-no", "pclmuldq", "arat", "amd-ssbd", "pni", "pat", "apic", "tsc_adjust", "virt-ssbd", "no-nested-data-bp", "perfctr_core", "clzero", "svme-addr-chk", "tsc-deadline", "misalignsse", "xsaveerptr", "spec-ctrl", "sse4.1", "avx", "clflushopt", "pdpe1gb", "pfthreshold", "rdctl-no", "ibrs", "rdrand", "osvw", "skip-l1dfl-vmentry", "stibp-always-on", "aes", "pause-filter", "msr", "smap", "rdtscp", "tsc", "pae", "ssse3", "rdpid", "x2apic", "vpclmulqdq"]}',created_at=2026-08-03T05:46:34Z,current_workload=0,deleted=False,deleted_at=None,disk_allocation_ratio=1.0,disk_available_least=73,free_disk_gb=95,free_ram_mb=62765,host='np0000006317',host_ip=10.4.3.87,hypervisor_hostname='np0000006317',hypervisor_type='QEMU',hypervisor_version=8002002,id=1,local_gb=95,local_gb_used=0,mapped=1,memory_mb=63277,memory_mb_used=512,metrics='[]',numa_topology='{"nova_object.name": "NUMATopology", "nova_object.namespace": "nova", "nova_object.version": "1.2", "nova_object.data": {"cells": [{"nova_object.name": "NUMACell", "nova_object.namespace": "nova", "nova_object.version": "1.5", "nova_object.data": {"id": 0, "cpuset": [0, 1, 2, 3, 4, 5, 6, 7, 8, 9, 10, 11, 12, 13, 14, 15], "pcpuset": [0, 1, 2, 3, 4, 5, 6, 7, 8, 9, 10, 11, 12, 13, 14, 15], "memory": 63277, "cpu_usage": 0, "memory_usage": 0, "pinned_cpus": [], "siblings": [[6], [12], [2], [15], [5], [11], [8], [14], [4], [1], [7], [10], [0], [13], [3], [9]], "mempages": [{"nova_object.name": "NUMAPagesTopology", "nova_object.namespace": "nova", "nova_object.version": "1.1", "nova_object.data": {"size_kb": 4, "total": 16177929, "used": 0, "reserved": 0}, "nova_object.changes": ["reserved", "total", "used", "size_kb"]}, {"nova_object.name": "NUMAPagesTopology", "nova_object.namespace": "nova", "nova_object.version": "1.1", "nova_object.data": {"size_kb": 2048, "total": 41, "used": 0, "reserved": 0}, "nova_object.changes": ["reserved", "total", "used", "size_kb"]}, {"nova_object.name": "NUMAPagesTopology", "nova_object.namespace": "nova", "nova_object.version": "1.1", "nova_object.data": {"size_kb": 1048576, "total": 0, "used": 0, "reserved": 0}, "nova_object.changes": ["reserved", "total", "used", "size_kb"]}], "network_metadata": {"nova_object.name": "NetworkMetadata", "nova_object.namespace": "nova", "nova_object.version": "1.0", "nova_object.data": {"physnets": [], "tunneled": false}, "nova_object.changes": ["tunneled", "physnets"]}, "socket": null}, "nova_object.changes": ["socket", "network_metadata", "cpu_usage", "mempages", "memory", "id", "pinned_cpus", "cpuset", "siblings", "memory_usage", "pcpuset"]}]}, "nova_object.changes": ["cells"]}',pci_device_pools=PciDevicePoolList,ram_allocation_ratio=1.0,running_vms=0,service_id=3,stats={failed_builds='0',uptime=' 05:48:20 up 13 min, 2 users, load average: 1.87, 1.50, 0.83
Aug 03 05:48:42.216660 np0000006317 nova-scheduler[93414]: '},supported_hv_specs=[HVSpec,HVSpec,HVSpec,HVSpec,HVSpec,HVSpec,HVSpec,HVSpec,HVSpec,HVSpec,HVSpec,HVSpec,HVSpec,HVSpec,HVSpec,HVSpec,HVSpec,HVSpec,HVSpec,HVSpec,HVSpec,HVSpec,HVSpec,HVSpec,HVSpec],updated_at=2026-08-03T05:48:21Z,uuid=396be5c6-1553-4da6-9eb2-a3e2c47f410e,vcpus=16,vcpus_used=0) {{(pid=93414) _locked_update /opt/stack/nova/nova/scheduler/host_manager.py:168}}
Aug 03 05:48:42.217425 np0000006317 nova-scheduler[93414]: DEBUG nova.scheduler.host_manager [None req-f43fe0cd-fa5f-45e6-b6c2-104409255e0a tempest-ServerBootFromVolumeStableRescueTest-1996513100 tempest-ServerBootFromVolumeStableRescueTest-1996513100-project-member] Update host state with aggregates: [] {{(pid=93414) _locked_update /opt/stack/nova/nova/scheduler/host_manager.py:171}}
Aug 03 05:48:42.217496 np0000006317 nova-scheduler[93414]: DEBUG nova.scheduler.host_manager [None req-f43fe0cd-fa5f-45e6-b6c2-104409255e0a tempest-ServerBootFromVolumeStableRescueTest-1996513100 tempest-ServerBootFromVolumeStableRescueTest-1996513100-project-member] Update host state with service dict: {'id': 3, 'uuid': '8e4cc3e2-216b-456c-a850-4c3672ca7f41', 'host': 'np0000006317', 'binary': 'nova-compute', 'topic': 'compute', 'report_count': 2, 'disabled': False, 'disabled_reason': None, 'last_seen_up': datetime.datetime(2026, 8, 3, 5, 48, 40, tzinfo=datetime.timezone.utc), 'forced_down': False, 'version': 72, 'created_at': datetime.datetime(2026, 8, 3, 5, 46, 33, tzinfo=datetime.timezone.utc), 'updated_at': datetime.datetime(2026, 8, 3, 5, 48, 40, tzinfo=datetime.timezone.utc), 'deleted_at': None, 'deleted': False} {{(pid=93414) _locked_update /opt/stack/nova/nova/scheduler/host_manager.py:174}}
Aug 03 05:48:42.217866 np0000006317 nova-scheduler[93414]: DEBUG nova.scheduler.host_manager [None req-f43fe0cd-fa5f-45e6-b6c2-104409255e0a tempest-ServerBootFromVolumeStableRescueTest-1996513100 tempest-ServerBootFromVolumeStableRescueTest-1996513100-project-member] Update host state with instances: [] {{(pid=93414) _locked_update /opt/stack/nova/nova/scheduler/host_manager.py:177}}
Aug 03 05:48:42.217866 np0000006317 nova-scheduler[93414]: DEBUG oslo_concurrency.lockutils [None req-f43fe0cd-fa5f-45e6-b6c2-104409255e0a tempest-ServerBootFromVolumeStableRescueTest-1996513100 tempest-ServerBootFromVolumeStableRescueTest-1996513100-project-member] Lock "np0000006317-np0000006317" "released" by "nova.scheduler.host_manager.HostState.update.._locked_update" :: held 0.002s {{(pid=93414) inner /opt/stack/data/venv/lib/python3.12/site-packages/oslo_concurrency/lockutils.py:544}}
Aug 03 05:48:42.218158 np0000006317 nova-scheduler[93414]: DEBUG nova.filters [None req-f43fe0cd-fa5f-45e6-b6c2-104409255e0a tempest-ServerBootFromVolumeStableRescueTest-1996513100 tempest-ServerBootFromVolumeStableRescueTest-1996513100-project-member] Starting with 1 host(s) {{(pid=93414) get_filtered_objects /opt/stack/nova/nova/filters.py:70}}
Aug 03 05:48:42.218400 np0000006317 nova-scheduler[93414]: DEBUG nova.filters [None req-f43fe0cd-fa5f-45e6-b6c2-104409255e0a tempest-ServerBootFromVolumeStableRescueTest-1996513100 tempest-ServerBootFromVolumeStableRescueTest-1996513100-project-member] Filter ComputeFilter returned 1 host(s) {{(pid=93414) get_filtered_objects /opt/stack/nova/nova/filters.py:102}}
Aug 03 05:48:42.218400 np0000006317 nova-scheduler[93414]: DEBUG nova.filters [None req-f43fe0cd-fa5f-45e6-b6c2-104409255e0a tempest-ServerBootFromVolumeStableRescueTest-1996513100 tempest-ServerBootFromVolumeStableRescueTest-1996513100-project-member] Filter ComputeCapabilitiesFilter returned 1 host(s) {{(pid=93414) get_filtered_objects /opt/stack/nova/nova/filters.py:102}}
Aug 03 05:48:42.218562 np0000006317 nova-scheduler[93414]: DEBUG nova.filters [None req-f43fe0cd-fa5f-45e6-b6c2-104409255e0a tempest-ServerBootFromVolumeStableRescueTest-1996513100 tempest-ServerBootFromVolumeStableRescueTest-1996513100-project-member] Filter ImagePropertiesFilter returned 1 host(s) {{(pid=93414) get_filtered_objects /opt/stack/nova/nova/filters.py:102}}
Aug 03 05:48:42.218679 np0000006317 nova-scheduler[93414]: DEBUG nova.filters [None req-f43fe0cd-fa5f-45e6-b6c2-104409255e0a tempest-ServerBootFromVolumeStableRescueTest-1996513100 tempest-ServerBootFromVolumeStableRescueTest-1996513100-project-member] Filter ServerGroupAntiAffinityFilter returned 1 host(s) {{(pid=93414) get_filtered_objects /opt/stack/nova/nova/filters.py:102}}
Aug 03 05:48:42.218772 np0000006317 nova-scheduler[93414]: DEBUG nova.filters [None req-f43fe0cd-fa5f-45e6-b6c2-104409255e0a tempest-ServerBootFromVolumeStableRescueTest-1996513100 tempest-ServerBootFromVolumeStableRescueTest-1996513100-project-member] Filter ServerGroupAffinityFilter returned 1 host(s) {{(pid=93414) get_filtered_objects /opt/stack/nova/nova/filters.py:102}}
Aug 03 05:48:42.218896 np0000006317 nova-scheduler[93414]: DEBUG nova.filters [None req-f43fe0cd-fa5f-45e6-b6c2-104409255e0a tempest-ServerBootFromVolumeStableRescueTest-1996513100 tempest-ServerBootFromVolumeStableRescueTest-1996513100-project-member] Filter SameHostFilter returned 1 host(s) {{(pid=93414) get_filtered_objects /opt/stack/nova/nova/filters.py:102}}
Aug 03 05:48:42.219015 np0000006317 nova-scheduler[93414]: DEBUG nova.filters [None req-f43fe0cd-fa5f-45e6-b6c2-104409255e0a tempest-ServerBootFromVolumeStableRescueTest-1996513100 tempest-ServerBootFromVolumeStableRescueTest-1996513100-project-member] Filter DifferentHostFilter returned 1 host(s) {{(pid=93414) get_filtered_objects /opt/stack/nova/nova/filters.py:102}}
Aug 03 05:48:42.219181 np0000006317 nova-scheduler[93414]: DEBUG nova.scheduler.manager [None req-f43fe0cd-fa5f-45e6-b6c2-104409255e0a tempest-ServerBootFromVolumeStableRescueTest-1996513100 tempest-ServerBootFromVolumeStableRescueTest-1996513100-project-member] Filtered [(np0000006317, np0000006317) ram: 62765MB disk: 74752MB io_ops: 0 instances: 0, allocation_candidates: 1] {{(pid=93414) _get_sorted_hosts /opt/stack/nova/nova/scheduler/manager.py:742}}
Aug 03 05:48:42.219348 np0000006317 nova-scheduler[93414]: DEBUG nova.scheduler.manager [None req-f43fe0cd-fa5f-45e6-b6c2-104409255e0a tempest-ServerBootFromVolumeStableRescueTest-1996513100 tempest-ServerBootFromVolumeStableRescueTest-1996513100-project-member] Weighed [WeighedHost [host: (np0000006317, np0000006317) ram: 62765MB disk: 74752MB io_ops: 0 instances: 0, allocation_candidates: 1, weight: 0.0]] {{(pid=93414) _get_sorted_hosts /opt/stack/nova/nova/scheduler/manager.py:764}}
Aug 03 05:48:42.219587 np0000006317 nova-scheduler[93414]: DEBUG nova.scheduler.utils [None req-f43fe0cd-fa5f-45e6-b6c2-104409255e0a tempest-ServerBootFromVolumeStableRescueTest-1996513100 tempest-ServerBootFromVolumeStableRescueTest-1996513100-project-member] Attempting to claim resources in the placement API for instance 791eb18b-b1c4-4d05-9eec-6ceac2adde36 {{(pid=93414) claim_resources /opt/stack/nova/nova/scheduler/utils.py:1345}}
Aug 03 05:48:42.285799 np0000006317 nova-scheduler[93418]: INFO nova.utils [None req-3652d0a1-0a51-45bc-b1cb-87b8ac0edb80 tempest-ServerActionsTestOtherA-1936385648 tempest-ServerActionsTestOtherA-1936385648-project-member] The cell worker thread pool ForkProcess-2.cell_worker is initialized
