Jul 23 06:06:15.274004 np0000005720 nova-scheduler[96664]: DEBUG cotyledon.oslo_config_glue [-] workarounds.ensure_libvirt_rbd_instance_dir_cleanup = False {{(pid=96664) log_opt_values /opt/stack/data/venv/lib/python3.12/site-packages/oslo_config/cfg.py:3253}}
Jul 23 06:06:15.274313 np0000005720 nova-scheduler[96664]: DEBUG cotyledon.oslo_config_glue [-] workarounds.handle_virt_lifecycle_events = True {{(pid=96664) log_opt_values /opt/stack/data/venv/lib/python3.12/site-packages/oslo_config/cfg.py:3253}}
Jul 23 06:06:15.274313 np0000005720 nova-scheduler[96664]: DEBUG cotyledon.oslo_config_glue [-] workarounds.libvirt_disable_apic = False {{(pid=96664) log_opt_values /opt/stack/data/venv/lib/python3.12/site-packages/oslo_config/cfg.py:3253}}
Jul 23 06:06:15.274313 np0000005720 nova-scheduler[96664]: DEBUG cotyledon.oslo_config_glue [-] workarounds.never_download_image_if_on_rbd = False {{(pid=96664) log_opt_values /opt/stack/data/venv/lib/python3.12/site-packages/oslo_config/cfg.py:3253}}
Jul 23 06:06:15.274313 np0000005720 nova-scheduler[96664]: DEBUG cotyledon.oslo_config_glue [-] workarounds.qemu_monitor_announce_self_count = 3 {{(pid=96664) log_opt_values /opt/stack/data/venv/lib/python3.12/site-packages/oslo_config/cfg.py:3253}}
Jul 23 06:06:15.274313 np0000005720 nova-scheduler[96664]: DEBUG cotyledon.oslo_config_glue [-] workarounds.qemu_monitor_announce_self_interval = 1 {{(pid=96664) log_opt_values /opt/stack/data/venv/lib/python3.12/site-packages/oslo_config/cfg.py:3253}}
Jul 23 06:06:15.274313 np0000005720 nova-scheduler[96664]: DEBUG cotyledon.oslo_config_glue [-] workarounds.reserve_disk_resource_for_image_cache = False {{(pid=96664) log_opt_values /opt/stack/data/venv/lib/python3.12/site-packages/oslo_config/cfg.py:3253}}
Jul 23 06:06:15.274313 np0000005720 nova-scheduler[96664]: DEBUG cotyledon.oslo_config_glue [-] workarounds.skip_cpu_compare_at_startup = False {{(pid=96664) log_opt_values /opt/stack/data/venv/lib/python3.12/site-packages/oslo_config/cfg.py:3253}}
Jul 23 06:06:15.274313 np0000005720 nova-scheduler[96664]: DEBUG cotyledon.oslo_config_glue [-] workarounds.skip_cpu_compare_on_dest = False {{(pid=96664) log_opt_values /opt/stack/data/venv/lib/python3.12/site-packages/oslo_config/cfg.py:3253}}
Jul 23 06:06:15.274313 np0000005720 nova-scheduler[96664]: DEBUG cotyledon.oslo_config_glue [-] workarounds.skip_hypervisor_version_check_on_lm = False {{(pid=96664) log_opt_values /opt/stack/data/venv/lib/python3.12/site-packages/oslo_config/cfg.py:3253}}
Jul 23 06:06:15.274708 np0000005720 nova-scheduler[96664]: DEBUG cotyledon.oslo_config_glue [-] workarounds.skip_reserve_in_use_ironic_nodes = False {{(pid=96664) log_opt_values /opt/stack/data/venv/lib/python3.12/site-packages/oslo_config/cfg.py:3253}}
Jul 23 06:06:15.274708 np0000005720 nova-scheduler[96664]: DEBUG cotyledon.oslo_config_glue [-] workarounds.unified_limits_count_pcpu_as_vcpu = False {{(pid=96664) log_opt_values /opt/stack/data/venv/lib/python3.12/site-packages/oslo_config/cfg.py:3253}}
Jul 23 06:06:15.274708 np0000005720 nova-scheduler[96664]: DEBUG cotyledon.oslo_config_glue [-] workarounds.wait_for_vif_plugged_event_during_hard_reboot = [] {{(pid=96664) log_opt_values /opt/stack/data/venv/lib/python3.12/site-packages/oslo_config/cfg.py:3253}}
Jul 23 06:06:15.274708 np0000005720 nova-scheduler[96664]: DEBUG cotyledon.oslo_config_glue [-] wsgi.api_paste_config = /etc/nova/api-paste.ini {{(pid=96664) log_opt_values /opt/stack/data/venv/lib/python3.12/site-packages/oslo_config/cfg.py:3253}}
Jul 23 06:06:15.274708 np0000005720 nova-scheduler[96664]: DEBUG cotyledon.oslo_config_glue [-] wsgi.secure_proxy_ssl_header = None {{(pid=96664) log_opt_values /opt/stack/data/venv/lib/python3.12/site-packages/oslo_config/cfg.py:3253}}
Jul 23 06:06:15.274708 np0000005720 nova-scheduler[96664]: DEBUG cotyledon.oslo_config_glue [-] zvm.ca_file = None {{(pid=96664) log_opt_values /opt/stack/data/venv/lib/python3.12/site-packages/oslo_config/cfg.py:3253}}
Jul 23 06:06:15.274708 np0000005720 nova-scheduler[96664]: DEBUG cotyledon.oslo_config_glue [-] zvm.cloud_connector_url = None {{(pid=96664) log_opt_values /opt/stack/data/venv/lib/python3.12/site-packages/oslo_config/cfg.py:3253}}
Jul 23 06:06:15.274708 np0000005720 nova-scheduler[96664]: DEBUG cotyledon.oslo_config_glue [-] zvm.image_tmp_path = /opt/stack/data/nova/images {{(pid=96664) log_opt_values /opt/stack/data/venv/lib/python3.12/site-packages/oslo_config/cfg.py:3253}}
Jul 23 06:06:15.274708 np0000005720 nova-scheduler[96664]: DEBUG cotyledon.oslo_config_glue [-] zvm.reachable_timeout = 300 {{(pid=96664) log_opt_values /opt/stack/data/venv/lib/python3.12/site-packages/oslo_config/cfg.py:3253}}
Jul 23 06:06:15.275012 np0000005720 nova-scheduler[96664]: DEBUG cotyledon.oslo_config_glue [-] oslo_versionedobjects.fatal_exception_format_errors = False {{(pid=96664) log_opt_values /opt/stack/data/venv/lib/python3.12/site-packages/oslo_config/cfg.py:3253}}
Jul 23 06:06:15.275012 np0000005720 nova-scheduler[96664]: DEBUG cotyledon.oslo_config_glue [-] oslo_middleware.http_basic_auth_user_file = /etc/htpasswd {{(pid=96664) log_opt_values /opt/stack/data/venv/lib/python3.12/site-packages/oslo_config/cfg.py:3253}}
Jul 23 06:06:15.275012 np0000005720 nova-scheduler[96664]: DEBUG cotyledon.oslo_config_glue [-] oslo_messaging_metrics.metrics_buffer_size = 1000 {{(pid=96664) log_opt_values /opt/stack/data/venv/lib/python3.12/site-packages/oslo_config/cfg.py:3253}}
Jul 23 06:06:15.275012 np0000005720 nova-scheduler[96664]: DEBUG cotyledon.oslo_config_glue [-] oslo_messaging_metrics.metrics_enabled = False {{(pid=96664) log_opt_values /opt/stack/data/venv/lib/python3.12/site-packages/oslo_config/cfg.py:3253}}
Jul 23 06:06:15.275012 np0000005720 nova-scheduler[96664]: DEBUG cotyledon.oslo_config_glue [-] oslo_messaging_metrics.metrics_process_name = {{(pid=96664) log_opt_values /opt/stack/data/venv/lib/python3.12/site-packages/oslo_config/cfg.py:3253}}
Jul 23 06:06:15.275012 np0000005720 nova-scheduler[96664]: DEBUG cotyledon.oslo_config_glue [-] oslo_messaging_metrics.metrics_socket_file = /var/tmp/metrics_collector.sock {{(pid=96664) log_opt_values /opt/stack/data/venv/lib/python3.12/site-packages/oslo_config/cfg.py:3253}}
Jul 23 06:06:15.275012 np0000005720 nova-scheduler[96664]: DEBUG cotyledon.oslo_config_glue [-] oslo_messaging_metrics.metrics_thread_stop_timeout = 10 {{(pid=96664) log_opt_values /opt/stack/data/venv/lib/python3.12/site-packages/oslo_config/cfg.py:3253}}
Jul 23 06:06:15.275012 np0000005720 nova-scheduler[96664]: DEBUG cotyledon.oslo_config_glue [-] profiler.connection_string = messaging:// {{(pid=96664) log_opt_values /opt/stack/data/venv/lib/python3.12/site-packages/oslo_config/cfg.py:3253}}
Jul 23 06:06:15.275319 np0000005720 nova-scheduler[96664]: DEBUG cotyledon.oslo_config_glue [-] profiler.enabled = False {{(pid=96664) log_opt_values /opt/stack/data/venv/lib/python3.12/site-packages/oslo_config/cfg.py:3253}}
Jul 23 06:06:15.275319 np0000005720 nova-scheduler[96664]: DEBUG cotyledon.oslo_config_glue [-] profiler.es_doc_type = notification {{(pid=96664) log_opt_values /opt/stack/data/venv/lib/python3.12/site-packages/oslo_config/cfg.py:3253}}
Jul 23 06:06:15.275319 np0000005720 nova-scheduler[96664]: DEBUG cotyledon.oslo_config_glue [-] profiler.es_scroll_size = 10000 {{(pid=96664) log_opt_values /opt/stack/data/venv/lib/python3.12/site-packages/oslo_config/cfg.py:3253}}
Jul 23 06:06:15.275319 np0000005720 nova-scheduler[96664]: DEBUG cotyledon.oslo_config_glue [-] profiler.es_scroll_time = 2m {{(pid=96664) log_opt_values /opt/stack/data/venv/lib/python3.12/site-packages/oslo_config/cfg.py:3253}}
Jul 23 06:06:15.275319 np0000005720 nova-scheduler[96664]: DEBUG cotyledon.oslo_config_glue [-] profiler.filter_error_trace = False {{(pid=96664) log_opt_values /opt/stack/data/venv/lib/python3.12/site-packages/oslo_config/cfg.py:3253}}
Jul 23 06:06:15.275319 np0000005720 nova-scheduler[96664]: DEBUG cotyledon.oslo_config_glue [-] profiler.hmac_keys = **** {{(pid=96664) log_opt_values /opt/stack/data/venv/lib/python3.12/site-packages/oslo_config/cfg.py:3253}}
Jul 23 06:06:15.275319 np0000005720 nova-scheduler[96664]: DEBUG cotyledon.oslo_config_glue [-] profiler.sentinel_service_name = mymaster {{(pid=96664) log_opt_values /opt/stack/data/venv/lib/python3.12/site-packages/oslo_config/cfg.py:3253}}
Jul 23 06:06:15.275319 np0000005720 nova-scheduler[96664]: DEBUG cotyledon.oslo_config_glue [-] profiler.socket_timeout = 0.1 {{(pid=96664) log_opt_values /opt/stack/data/venv/lib/python3.12/site-packages/oslo_config/cfg.py:3253}}
Jul 23 06:06:15.275319 np0000005720 nova-scheduler[96664]: DEBUG cotyledon.oslo_config_glue [-] profiler.trace_requests = False {{(pid=96664) log_opt_values /opt/stack/data/venv/lib/python3.12/site-packages/oslo_config/cfg.py:3253}}
Jul 23 06:06:15.275632 np0000005720 nova-scheduler[96664]: DEBUG cotyledon.oslo_config_glue [-] profiler.trace_sqlalchemy = False {{(pid=96664) log_opt_values /opt/stack/data/venv/lib/python3.12/site-packages/oslo_config/cfg.py:3253}}
Jul 23 06:06:15.275632 np0000005720 nova-scheduler[96664]: DEBUG cotyledon.oslo_config_glue [-] profiler_jaeger.process_tags = {} {{(pid=96664) log_opt_values /opt/stack/data/venv/lib/python3.12/site-packages/oslo_config/cfg.py:3253}}
Jul 23 06:06:15.275632 np0000005720 nova-scheduler[96664]: DEBUG cotyledon.oslo_config_glue [-] profiler_jaeger.service_name_prefix = None {{(pid=96664) log_opt_values /opt/stack/data/venv/lib/python3.12/site-packages/oslo_config/cfg.py:3253}}
Jul 23 06:06:15.275632 np0000005720 nova-scheduler[96664]: DEBUG cotyledon.oslo_config_glue [-] profiler_otlp.service_name_prefix = None {{(pid=96664) log_opt_values /opt/stack/data/venv/lib/python3.12/site-packages/oslo_config/cfg.py:3253}}
Jul 23 06:06:15.275632 np0000005720 nova-scheduler[96664]: DEBUG cotyledon.oslo_config_glue [-] oslo_messaging_rabbit.amqp_auto_delete = False {{(pid=96664) log_opt_values /opt/stack/data/venv/lib/python3.12/site-packages/oslo_config/cfg.py:3253}}
Jul 23 06:06:15.275632 np0000005720 nova-scheduler[96664]: DEBUG cotyledon.oslo_config_glue [-] oslo_messaging_rabbit.amqp_durable_queues = False {{(pid=96664) log_opt_values /opt/stack/data/venv/lib/python3.12/site-packages/oslo_config/cfg.py:3253}}
Jul 23 06:06:15.275632 np0000005720 nova-scheduler[96664]: DEBUG cotyledon.oslo_config_glue [-] oslo_messaging_rabbit.conn_pool_min_size = 2 {{(pid=96664) log_opt_values /opt/stack/data/venv/lib/python3.12/site-packages/oslo_config/cfg.py:3253}}
Jul 23 06:06:15.275632 np0000005720 nova-scheduler[96664]: DEBUG cotyledon.oslo_config_glue [-] oslo_messaging_rabbit.conn_pool_ttl = 1200 {{(pid=96664) log_opt_values /opt/stack/data/venv/lib/python3.12/site-packages/oslo_config/cfg.py:3253}}
Jul 23 06:06:15.275632 np0000005720 nova-scheduler[96664]: DEBUG cotyledon.oslo_config_glue [-] oslo_messaging_rabbit.direct_mandatory_flag = True {{(pid=96664) log_opt_values /opt/stack/data/venv/lib/python3.12/site-packages/oslo_config/cfg.py:3253}}
Jul 23 06:06:15.275937 np0000005720 nova-scheduler[96664]: DEBUG cotyledon.oslo_config_glue [-] oslo_messaging_rabbit.enable_cancel_on_failover = False {{(pid=96664) log_opt_values /opt/stack/data/venv/lib/python3.12/site-packages/oslo_config/cfg.py:3253}}
Jul 23 06:06:15.275937 np0000005720 nova-scheduler[96664]: DEBUG cotyledon.oslo_config_glue [-] oslo_messaging_rabbit.heartbeat_rate = 3 {{(pid=96664) log_opt_values /opt/stack/data/venv/lib/python3.12/site-packages/oslo_config/cfg.py:3253}}
Jul 23 06:06:15.275937 np0000005720 nova-scheduler[96664]: DEBUG cotyledon.oslo_config_glue [-] oslo_messaging_rabbit.heartbeat_timeout_threshold = 60 {{(pid=96664) log_opt_values /opt/stack/data/venv/lib/python3.12/site-packages/oslo_config/cfg.py:3253}}
Jul 23 06:06:15.275937 np0000005720 nova-scheduler[96664]: DEBUG cotyledon.oslo_config_glue [-] oslo_messaging_rabbit.hostname = np0000005720 {{(pid=96664) log_opt_values /opt/stack/data/venv/lib/python3.12/site-packages/oslo_config/cfg.py:3253}}
Jul 23 06:06:15.275937 np0000005720 nova-scheduler[96664]: DEBUG cotyledon.oslo_config_glue [-] oslo_messaging_rabbit.kombu_compression = None {{(pid=96664) log_opt_values /opt/stack/data/venv/lib/python3.12/site-packages/oslo_config/cfg.py:3253}}
Jul 23 06:06:15.275937 np0000005720 nova-scheduler[96664]: DEBUG cotyledon.oslo_config_glue [-] oslo_messaging_rabbit.kombu_failover_strategy = round-robin {{(pid=96664) log_opt_values /opt/stack/data/venv/lib/python3.12/site-packages/oslo_config/cfg.py:3253}}
Jul 23 06:06:15.275937 np0000005720 nova-scheduler[96664]: DEBUG cotyledon.oslo_config_glue [-] oslo_messaging_rabbit.kombu_missing_consumer_retry_timeout = 60 {{(pid=96664) log_opt_values /opt/stack/data/venv/lib/python3.12/site-packages/oslo_config/cfg.py:3253}}
Jul 23 06:06:15.275937 np0000005720 nova-scheduler[96664]: DEBUG cotyledon.oslo_config_glue [-] oslo_messaging_rabbit.kombu_reconnect_delay = 1.0 {{(pid=96664) log_opt_values /opt/stack/data/venv/lib/python3.12/site-packages/oslo_config/cfg.py:3253}}
Jul 23 06:06:15.275937 np0000005720 nova-scheduler[96664]: DEBUG cotyledon.oslo_config_glue [-] oslo_messaging_rabbit.kombu_reconnect_splay = 0.0 {{(pid=96664) log_opt_values /opt/stack/data/venv/lib/python3.12/site-packages/oslo_config/cfg.py:3253}}
Jul 23 06:06:15.276258 np0000005720 nova-scheduler[96664]: DEBUG cotyledon.oslo_config_glue [-] oslo_messaging_rabbit.processname = nova-scheduler {{(pid=96664) log_opt_values /opt/stack/data/venv/lib/python3.12/site-packages/oslo_config/cfg.py:3253}}
Jul 23 06:06:15.276258 np0000005720 nova-scheduler[96664]: DEBUG cotyledon.oslo_config_glue [-] oslo_messaging_rabbit.rabbit_ha_queues = False {{(pid=96664) log_opt_values /opt/stack/data/venv/lib/python3.12/site-packages/oslo_config/cfg.py:3253}}
Jul 23 06:06:15.276258 np0000005720 nova-scheduler[96664]: DEBUG cotyledon.oslo_config_glue [-] oslo_messaging_rabbit.rabbit_interval_max = 30 {{(pid=96664) log_opt_values /opt/stack/data/venv/lib/python3.12/site-packages/oslo_config/cfg.py:3253}}
Jul 23 06:06:15.276258 np0000005720 nova-scheduler[96664]: DEBUG cotyledon.oslo_config_glue [-] oslo_messaging_rabbit.rabbit_login_method = AMQPLAIN {{(pid=96664) log_opt_values /opt/stack/data/venv/lib/python3.12/site-packages/oslo_config/cfg.py:3253}}
Jul 23 06:06:15.276258 np0000005720 nova-scheduler[96664]: DEBUG cotyledon.oslo_config_glue [-] oslo_messaging_rabbit.rabbit_qos_prefetch_count = 0 {{(pid=96664) log_opt_values /opt/stack/data/venv/lib/python3.12/site-packages/oslo_config/cfg.py:3253}}
Jul 23 06:06:15.276258 np0000005720 nova-scheduler[96664]: DEBUG cotyledon.oslo_config_glue [-] oslo_messaging_rabbit.rabbit_quorum_delivery_limit = 0 {{(pid=96664) log_opt_values /opt/stack/data/venv/lib/python3.12/site-packages/oslo_config/cfg.py:3253}}
Jul 23 06:06:15.276258 np0000005720 nova-scheduler[96664]: DEBUG cotyledon.oslo_config_glue [-] oslo_messaging_rabbit.rabbit_quorum_max_memory_bytes = 0 {{(pid=96664) log_opt_values /opt/stack/data/venv/lib/python3.12/site-packages/oslo_config/cfg.py:3253}}
Jul 23 06:06:15.276258 np0000005720 nova-scheduler[96664]: DEBUG cotyledon.oslo_config_glue [-] oslo_messaging_rabbit.rabbit_quorum_max_memory_length = 0 {{(pid=96664) log_opt_values /opt/stack/data/venv/lib/python3.12/site-packages/oslo_config/cfg.py:3253}}
Jul 23 06:06:15.276258 np0000005720 nova-scheduler[96664]: DEBUG cotyledon.oslo_config_glue [-] oslo_messaging_rabbit.rabbit_quorum_queue = False {{(pid=96664) log_opt_values /opt/stack/data/venv/lib/python3.12/site-packages/oslo_config/cfg.py:3253}}
Jul 23 06:06:15.276553 np0000005720 nova-scheduler[96664]: DEBUG cotyledon.oslo_config_glue [-] oslo_messaging_rabbit.rabbit_retry_backoff = 2 {{(pid=96664) log_opt_values /opt/stack/data/venv/lib/python3.12/site-packages/oslo_config/cfg.py:3253}}
Jul 23 06:06:15.276553 np0000005720 nova-scheduler[96664]: DEBUG cotyledon.oslo_config_glue [-] oslo_messaging_rabbit.rabbit_retry_interval = 1 {{(pid=96664) log_opt_values /opt/stack/data/venv/lib/python3.12/site-packages/oslo_config/cfg.py:3253}}
Jul 23 06:06:15.276553 np0000005720 nova-scheduler[96664]: DEBUG cotyledon.oslo_config_glue [-] oslo_messaging_rabbit.rabbit_stream_fanout = False {{(pid=96664) log_opt_values /opt/stack/data/venv/lib/python3.12/site-packages/oslo_config/cfg.py:3253}}
Jul 23 06:06:15.276553 np0000005720 nova-scheduler[96664]: DEBUG cotyledon.oslo_config_glue [-] oslo_messaging_rabbit.rabbit_transient_queues_ttl = 1800 {{(pid=96664) log_opt_values /opt/stack/data/venv/lib/python3.12/site-packages/oslo_config/cfg.py:3253}}
Jul 23 06:06:15.276553 np0000005720 nova-scheduler[96664]: DEBUG cotyledon.oslo_config_glue [-] oslo_messaging_rabbit.rabbit_transient_quorum_queue = False {{(pid=96664) log_opt_values /opt/stack/data/venv/lib/python3.12/site-packages/oslo_config/cfg.py:3253}}
Jul 23 06:06:15.276553 np0000005720 nova-scheduler[96664]: DEBUG cotyledon.oslo_config_glue [-] oslo_messaging_rabbit.rpc_conn_pool_size = 30 {{(pid=96664) log_opt_values /opt/stack/data/venv/lib/python3.12/site-packages/oslo_config/cfg.py:3253}}
Jul 23 06:06:15.276553 np0000005720 nova-scheduler[96664]: DEBUG cotyledon.oslo_config_glue [-] oslo_messaging_rabbit.ssl = False {{(pid=96664) log_opt_values /opt/stack/data/venv/lib/python3.12/site-packages/oslo_config/cfg.py:3253}}
Jul 23 06:06:15.276553 np0000005720 nova-scheduler[96664]: DEBUG cotyledon.oslo_config_glue [-] oslo_messaging_rabbit.ssl_ca_file = {{(pid=96664) log_opt_values /opt/stack/data/venv/lib/python3.12/site-packages/oslo_config/cfg.py:3253}}
Jul 23 06:06:15.276553 np0000005720 nova-scheduler[96664]: DEBUG cotyledon.oslo_config_glue [-] oslo_messaging_rabbit.ssl_cert_file = {{(pid=96664) log_opt_values /opt/stack/data/venv/lib/python3.12/site-packages/oslo_config/cfg.py:3253}}
Jul 23 06:06:15.276866 np0000005720 nova-scheduler[96664]: DEBUG cotyledon.oslo_config_glue [-] oslo_messaging_rabbit.ssl_enforce_fips_mode = False {{(pid=96664) log_opt_values /opt/stack/data/venv/lib/python3.12/site-packages/oslo_config/cfg.py:3253}}
Jul 23 06:06:15.276866 np0000005720 nova-scheduler[96664]: DEBUG cotyledon.oslo_config_glue [-] oslo_messaging_rabbit.ssl_enforce_hostname_verification = True {{(pid=96664) log_opt_values /opt/stack/data/venv/lib/python3.12/site-packages/oslo_config/cfg.py:3253}}
Jul 23 06:06:15.276866 np0000005720 nova-scheduler[96664]: DEBUG cotyledon.oslo_config_glue [-] oslo_messaging_rabbit.ssl_key_file = {{(pid=96664) log_opt_values /opt/stack/data/venv/lib/python3.12/site-packages/oslo_config/cfg.py:3253}}
Jul 23 06:06:15.276866 np0000005720 nova-scheduler[96664]: DEBUG cotyledon.oslo_config_glue [-] oslo_messaging_rabbit.ssl_version = {{(pid=96664) log_opt_values /opt/stack/data/venv/lib/python3.12/site-packages/oslo_config/cfg.py:3253}}
Jul 23 06:06:15.276866 np0000005720 nova-scheduler[96664]: DEBUG cotyledon.oslo_config_glue [-] oslo_messaging_rabbit.use_queue_manager = False {{(pid=96664) log_opt_values /opt/stack/data/venv/lib/python3.12/site-packages/oslo_config/cfg.py:3253}}
Jul 23 06:06:15.276866 np0000005720 nova-scheduler[96664]: DEBUG cotyledon.oslo_config_glue [-] oslo_messaging_notifications.driver = ['messagingv2'] {{(pid=96664) log_opt_values /opt/stack/data/venv/lib/python3.12/site-packages/oslo_config/cfg.py:3253}}
Jul 23 06:06:15.276866 np0000005720 nova-scheduler[96664]: DEBUG cotyledon.oslo_config_glue [-] oslo_messaging_notifications.retry = -1 {{(pid=96664) log_opt_values /opt/stack/data/venv/lib/python3.12/site-packages/oslo_config/cfg.py:3253}}
Jul 23 06:06:15.276866 np0000005720 nova-scheduler[96664]: DEBUG cotyledon.oslo_config_glue [-] oslo_messaging_notifications.topics = ['notifications'] {{(pid=96664) log_opt_values /opt/stack/data/venv/lib/python3.12/site-packages/oslo_config/cfg.py:3253}}
Jul 23 06:06:15.276866 np0000005720 nova-scheduler[96664]: DEBUG cotyledon.oslo_config_glue [-] oslo_messaging_notifications.transport_url = **** {{(pid=96664) log_opt_values /opt/stack/data/venv/lib/python3.12/site-packages/oslo_config/cfg.py:3253}}
Jul 23 06:06:15.277280 np0000005720 nova-scheduler[96664]: DEBUG cotyledon.oslo_config_glue [-] oslo_limit.auth_section = None {{(pid=96664) log_opt_values /opt/stack/data/venv/lib/python3.12/site-packages/oslo_config/cfg.py:3253}}
Jul 23 06:06:15.277280 np0000005720 nova-scheduler[96664]: DEBUG cotyledon.oslo_config_glue [-] oslo_limit.auth_type = None {{(pid=96664) log_opt_values /opt/stack/data/venv/lib/python3.12/site-packages/oslo_config/cfg.py:3253}}
Jul 23 06:06:15.277280 np0000005720 nova-scheduler[96664]: DEBUG cotyledon.oslo_config_glue [-] oslo_limit.cafile = None {{(pid=96664) log_opt_values /opt/stack/data/venv/lib/python3.12/site-packages/oslo_config/cfg.py:3253}}
Jul 23 06:06:15.277280 np0000005720 nova-scheduler[96664]: DEBUG cotyledon.oslo_config_glue [-] oslo_limit.certfile = None {{(pid=96664) log_opt_values /opt/stack/data/venv/lib/python3.12/site-packages/oslo_config/cfg.py:3253}}
Jul 23 06:06:15.277280 np0000005720 nova-scheduler[96664]: DEBUG cotyledon.oslo_config_glue [-] oslo_limit.collect_timing = False {{(pid=96664) log_opt_values /opt/stack/data/venv/lib/python3.12/site-packages/oslo_config/cfg.py:3253}}
Jul 23 06:06:15.277280 np0000005720 nova-scheduler[96664]: DEBUG cotyledon.oslo_config_glue [-] oslo_limit.connect_retries = None {{(pid=96664) log_opt_values /opt/stack/data/venv/lib/python3.12/site-packages/oslo_config/cfg.py:3253}}
Jul 23 06:06:15.277280 np0000005720 nova-scheduler[96664]: DEBUG cotyledon.oslo_config_glue [-] oslo_limit.connect_retry_delay = None {{(pid=96664) log_opt_values /opt/stack/data/venv/lib/python3.12/site-packages/oslo_config/cfg.py:3253}}
Jul 23 06:06:15.277280 np0000005720 nova-scheduler[96664]: DEBUG cotyledon.oslo_config_glue [-] oslo_limit.endpoint_id = None {{(pid=96664) log_opt_values /opt/stack/data/venv/lib/python3.12/site-packages/oslo_config/cfg.py:3253}}
Jul 23 06:06:15.277280 np0000005720 nova-scheduler[96664]: DEBUG cotyledon.oslo_config_glue [-] oslo_limit.endpoint_interface = public {{(pid=96664) log_opt_values /opt/stack/data/venv/lib/python3.12/site-packages/oslo_config/cfg.py:3253}}
Jul 23 06:06:15.277578 np0000005720 nova-scheduler[96664]: DEBUG cotyledon.oslo_config_glue [-] oslo_limit.endpoint_override = None {{(pid=96664) log_opt_values /opt/stack/data/venv/lib/python3.12/site-packages/oslo_config/cfg.py:3253}}
Jul 23 06:06:15.277578 np0000005720 nova-scheduler[96664]: DEBUG cotyledon.oslo_config_glue [-] oslo_limit.endpoint_region_name = None {{(pid=96664) log_opt_values /opt/stack/data/venv/lib/python3.12/site-packages/oslo_config/cfg.py:3253}}
Jul 23 06:06:15.277578 np0000005720 nova-scheduler[96664]: DEBUG cotyledon.oslo_config_glue [-] oslo_limit.endpoint_service_name = None {{(pid=96664) log_opt_values /opt/stack/data/venv/lib/python3.12/site-packages/oslo_config/cfg.py:3253}}
Jul 23 06:06:15.277578 np0000005720 nova-scheduler[96664]: DEBUG cotyledon.oslo_config_glue [-] oslo_limit.endpoint_service_type = None {{(pid=96664) log_opt_values /opt/stack/data/venv/lib/python3.12/site-packages/oslo_config/cfg.py:3253}}
Jul 23 06:06:15.277578 np0000005720 nova-scheduler[96664]: DEBUG cotyledon.oslo_config_glue [-] oslo_limit.insecure = False {{(pid=96664) log_opt_values /opt/stack/data/venv/lib/python3.12/site-packages/oslo_config/cfg.py:3253}}
Jul 23 06:06:15.277578 np0000005720 nova-scheduler[96664]: DEBUG cotyledon.oslo_config_glue [-] oslo_limit.keyfile = None {{(pid=96664) log_opt_values /opt/stack/data/venv/lib/python3.12/site-packages/oslo_config/cfg.py:3253}}
Jul 23 06:06:15.277578 np0000005720 nova-scheduler[96664]: DEBUG cotyledon.oslo_config_glue [-] oslo_limit.max_version = None {{(pid=96664) log_opt_values /opt/stack/data/venv/lib/python3.12/site-packages/oslo_config/cfg.py:3253}}
Jul 23 06:06:15.277578 np0000005720 nova-scheduler[96664]: DEBUG cotyledon.oslo_config_glue [-] oslo_limit.min_version = None {{(pid=96664) log_opt_values /opt/stack/data/venv/lib/python3.12/site-packages/oslo_config/cfg.py:3253}}
Jul 23 06:06:15.277578 np0000005720 nova-scheduler[96664]: DEBUG cotyledon.oslo_config_glue [-] oslo_limit.region_name = None {{(pid=96664) log_opt_values /opt/stack/data/venv/lib/python3.12/site-packages/oslo_config/cfg.py:3253}}
Jul 23 06:06:15.277864 np0000005720 nova-scheduler[96664]: DEBUG cotyledon.oslo_config_glue [-] oslo_limit.retriable_status_codes = None {{(pid=96664) log_opt_values /opt/stack/data/venv/lib/python3.12/site-packages/oslo_config/cfg.py:3253}}
Jul 23 06:06:15.277864 np0000005720 nova-scheduler[96664]: DEBUG cotyledon.oslo_config_glue [-] oslo_limit.service_name = None {{(pid=96664) log_opt_values /opt/stack/data/venv/lib/python3.12/site-packages/oslo_config/cfg.py:3253}}
Jul 23 06:06:15.277864 np0000005720 nova-scheduler[96664]: DEBUG cotyledon.oslo_config_glue [-] oslo_limit.service_type = None {{(pid=96664) log_opt_values /opt/stack/data/venv/lib/python3.12/site-packages/oslo_config/cfg.py:3253}}
Jul 23 06:06:15.277864 np0000005720 nova-scheduler[96664]: DEBUG cotyledon.oslo_config_glue [-] oslo_limit.split_loggers = False {{(pid=96664) log_opt_values /opt/stack/data/venv/lib/python3.12/site-packages/oslo_config/cfg.py:3253}}
Jul 23 06:06:15.277864 np0000005720 nova-scheduler[96664]: DEBUG cotyledon.oslo_config_glue [-] oslo_limit.status_code_retries = None {{(pid=96664) log_opt_values /opt/stack/data/venv/lib/python3.12/site-packages/oslo_config/cfg.py:3253}}
Jul 23 06:06:15.277864 np0000005720 nova-scheduler[96664]: DEBUG cotyledon.oslo_config_glue [-] oslo_limit.status_code_retry_delay = None {{(pid=96664) log_opt_values /opt/stack/data/venv/lib/python3.12/site-packages/oslo_config/cfg.py:3253}}
Jul 23 06:06:15.277864 np0000005720 nova-scheduler[96664]: DEBUG cotyledon.oslo_config_glue [-] oslo_limit.timeout = None {{(pid=96664) log_opt_values /opt/stack/data/venv/lib/python3.12/site-packages/oslo_config/cfg.py:3253}}
Jul 23 06:06:15.277864 np0000005720 nova-scheduler[96664]: DEBUG cotyledon.oslo_config_glue [-] oslo_limit.valid_interfaces = None {{(pid=96664) log_opt_values /opt/stack/data/venv/lib/python3.12/site-packages/oslo_config/cfg.py:3253}}
Jul 23 06:06:15.277864 np0000005720 nova-scheduler[96664]: DEBUG cotyledon.oslo_config_glue [-] oslo_limit.version = None {{(pid=96664) log_opt_values /opt/stack/data/venv/lib/python3.12/site-packages/oslo_config/cfg.py:3253}}
Jul 23 06:06:15.278168 np0000005720 nova-scheduler[96664]: DEBUG cotyledon.oslo_config_glue [-] oslo_reports.file_event_handler = None {{(pid=96664) log_opt_values /opt/stack/data/venv/lib/python3.12/site-packages/oslo_config/cfg.py:3253}}
Jul 23 06:06:15.278168 np0000005720 nova-scheduler[96664]: DEBUG cotyledon.oslo_config_glue [-] oslo_reports.file_event_handler_interval = 1 {{(pid=96664) log_opt_values /opt/stack/data/venv/lib/python3.12/site-packages/oslo_config/cfg.py:3253}}
Jul 23 06:06:15.278168 np0000005720 nova-scheduler[96664]: DEBUG cotyledon.oslo_config_glue [-] oslo_reports.log_dir = None {{(pid=96664) log_opt_values /opt/stack/data/venv/lib/python3.12/site-packages/oslo_config/cfg.py:3253}}
Jul 23 06:06:15.278168 np0000005720 nova-scheduler[96664]: DEBUG cotyledon.oslo_config_glue [-] ******************************************************************************** {{(pid=96664) log_opt_values /opt/stack/data/venv/lib/python3.12/site-packages/oslo_config/cfg.py:3260}}
Jul 23 06:06:15.278168 np0000005720 nova-scheduler[96664]: DEBUG cotyledon._service_worker [-] Run service ServiceWrapper(3) [96664] {{(pid=96664) wait_forever /opt/stack/data/venv/lib/python3.12/site-packages/cotyledon/_service_worker.py:218}}
Jul 23 06:06:15.278168 np0000005720 nova-scheduler[96664]: INFO nova.service [-] Starting scheduler node (version 33.1.0)
Jul 23 06:06:15.278168 np0000005720 nova-scheduler[96664]: INFO dbcounter [None req-854161b7-302f-4b8a-b7de-a1d28fd865bd None None] Registered counter for database nova_cell0
Jul 23 06:06:15.278438 np0000005720 nova-scheduler[96658]: DEBUG oslo_db.sqlalchemy.engines [None req-eb3942a5-5a5f-41fa-b006-8203a51bcd74 None None] MySQL server mode set to STRICT_TRANS_TABLES,STRICT_ALL_TABLES,NO_ZERO_IN_DATE,NO_ZERO_DATE,ERROR_FOR_DIVISION_BY_ZERO,TRADITIONAL,NO_ENGINE_SUBSTITUTION {{(pid=96658) _check_effective_sql_mode /opt/stack/data/venv/lib/python3.12/site-packages/oslo_db/sqlalchemy/engines.py:325}}
Jul 23 06:06:15.278438 np0000005720 nova-scheduler[96658]: DEBUG dbcounter [-] [96658] Writer thread running {{(pid=96658) stat_writer /opt/stack/data/venv/lib/python3.12/site-packages/dbcounter.py:102}}
Jul 23 06:06:15.278525 np0000005720 nova-scheduler[96662]: DEBUG oslo_db.sqlalchemy.engines [None req-bb325112-59bd-4862-8aab-d9585e0d556a None None] MySQL server mode set to STRICT_TRANS_TABLES,STRICT_ALL_TABLES,NO_ZERO_IN_DATE,NO_ZERO_DATE,ERROR_FOR_DIVISION_BY_ZERO,TRADITIONAL,NO_ENGINE_SUBSTITUTION {{(pid=96662) _check_effective_sql_mode /opt/stack/data/venv/lib/python3.12/site-packages/oslo_db/sqlalchemy/engines.py:325}}
Jul 23 06:06:15.278566 np0000005720 nova-scheduler[96660]: DEBUG oslo_db.sqlalchemy.engines [None req-024eca1c-dd15-4fd2-86cf-959b87c98be4 None None] MySQL server mode set to STRICT_TRANS_TABLES,STRICT_ALL_TABLES,NO_ZERO_IN_DATE,NO_ZERO_DATE,ERROR_FOR_DIVISION_BY_ZERO,TRADITIONAL,NO_ENGINE_SUBSTITUTION {{(pid=96660) _check_effective_sql_mode /opt/stack/data/venv/lib/python3.12/site-packages/oslo_db/sqlalchemy/engines.py:325}}
Jul 23 06:06:15.278609 np0000005720 nova-scheduler[96662]: DEBUG dbcounter [-] [96662] Writer thread running {{(pid=96662) stat_writer /opt/stack/data/venv/lib/python3.12/site-packages/dbcounter.py:102}}
Jul 23 06:06:15.278648 np0000005720 nova-scheduler[96658]: DEBUG nova.service [None req-eb3942a5-5a5f-41fa-b006-8203a51bcd74 None None] Creating RPC server for service: nova-scheduler on topic: scheduler {{(pid=96658) start /opt/stack/nova/nova/service.py:196}}
Jul 23 06:06:15.278693 np0000005720 nova-scheduler[96662]: DEBUG nova.service [None req-bb325112-59bd-4862-8aab-d9585e0d556a None None] Creating RPC server for service: nova-scheduler on topic: scheduler {{(pid=96662) start /opt/stack/nova/nova/service.py:196}}
Jul 23 06:06:15.279320 np0000005720 nova-scheduler[96660]: DEBUG dbcounter [-] [96660] Writer thread running {{(pid=96660) stat_writer /opt/stack/data/venv/lib/python3.12/site-packages/dbcounter.py:102}}
Jul 23 06:06:15.282895 np0000005720 nova-scheduler[96660]: DEBUG nova.service [None req-024eca1c-dd15-4fd2-86cf-959b87c98be4 None None] Creating RPC server for service: nova-scheduler on topic: scheduler {{(pid=96660) start /opt/stack/nova/nova/service.py:196}}
Jul 23 06:06:15.293641 np0000005720 nova-scheduler[96664]: DEBUG oslo_db.sqlalchemy.engines [None req-854161b7-302f-4b8a-b7de-a1d28fd865bd None None] MySQL server mode set to STRICT_TRANS_TABLES,STRICT_ALL_TABLES,NO_ZERO_IN_DATE,NO_ZERO_DATE,ERROR_FOR_DIVISION_BY_ZERO,TRADITIONAL,NO_ENGINE_SUBSTITUTION {{(pid=96664) _check_effective_sql_mode /opt/stack/data/venv/lib/python3.12/site-packages/oslo_db/sqlalchemy/engines.py:325}}
Jul 23 06:06:15.301136 np0000005720 nova-scheduler[96662]: DEBUG nova.service [None req-bb325112-59bd-4862-8aab-d9585e0d556a None None] Join ServiceGroup membership for this service scheduler {{(pid=96662) start /opt/stack/nova/nova/service.py:222}}
Jul 23 06:06:15.301136 np0000005720 nova-scheduler[96662]: DEBUG nova.servicegroup.drivers.db [None req-bb325112-59bd-4862-8aab-d9585e0d556a None None] DB_Driver: join new ServiceGroup member np0000005720 to the scheduler group, service = {{(pid=96662) join /opt/stack/nova/nova/servicegroup/drivers/db.py:44}}
Jul 23 06:06:15.301940 np0000005720 nova-scheduler[96658]: DEBUG nova.service [None req-eb3942a5-5a5f-41fa-b006-8203a51bcd74 None None] Join ServiceGroup membership for this service scheduler {{(pid=96658) start /opt/stack/nova/nova/service.py:222}}
Jul 23 06:06:15.302122 np0000005720 nova-scheduler[96658]: DEBUG nova.servicegroup.drivers.db [None req-eb3942a5-5a5f-41fa-b006-8203a51bcd74 None None] DB_Driver: join new ServiceGroup member np0000005720 to the scheduler group, service = {{(pid=96658) join /opt/stack/nova/nova/servicegroup/drivers/db.py:44}}
Jul 23 06:06:15.306270 np0000005720 nova-scheduler[96664]: DEBUG dbcounter [-] [96664] Writer thread running {{(pid=96664) stat_writer /opt/stack/data/venv/lib/python3.12/site-packages/dbcounter.py:102}}
Jul 23 06:06:15.310203 np0000005720 nova-scheduler[96660]: DEBUG nova.service [None req-024eca1c-dd15-4fd2-86cf-959b87c98be4 None None] Join ServiceGroup membership for this service scheduler {{(pid=96660) start /opt/stack/nova/nova/service.py:222}}
Jul 23 06:06:15.310337 np0000005720 nova-scheduler[96664]: DEBUG nova.service [None req-854161b7-302f-4b8a-b7de-a1d28fd865bd None None] Creating RPC server for service: nova-scheduler on topic: scheduler {{(pid=96664) start /opt/stack/nova/nova/service.py:196}}
Jul 23 06:06:15.310598 np0000005720 nova-scheduler[96660]: DEBUG nova.servicegroup.drivers.db [None req-024eca1c-dd15-4fd2-86cf-959b87c98be4 None None] DB_Driver: join new ServiceGroup member np0000005720 to the scheduler group, service = {{(pid=96660) join /opt/stack/nova/nova/servicegroup/drivers/db.py:44}}
Jul 23 06:06:15.329612 np0000005720 nova-scheduler[96664]: DEBUG nova.service [None req-854161b7-302f-4b8a-b7de-a1d28fd865bd None None] Join ServiceGroup membership for this service scheduler {{(pid=96664) start /opt/stack/nova/nova/service.py:222}}
Jul 23 06:06:15.329916 np0000005720 nova-scheduler[96664]: DEBUG nova.servicegroup.drivers.db [None req-854161b7-302f-4b8a-b7de-a1d28fd865bd None None] DB_Driver: join new ServiceGroup member np0000005720 to the scheduler group, service = {{(pid=96664) join /opt/stack/nova/nova/servicegroup/drivers/db.py:44}}
Jul 23 06:06:20.316734 np0000005720 nova-scheduler[96658]: DEBUG oslo.service.backend._threading.loopingcall [-] Fixed interval looping call 'nova.servicegroup.drivers.db.DbDriver._report_state' sleeping for 119.99 seconds {{(pid=96658) _run_loop /opt/stack/data/venv/lib/python3.12/site-packages/oslo_service/backend/_threading/loopingcall.py:125}}
Jul 23 06:06:20.317337 np0000005720 nova-scheduler[96662]: DEBUG oslo.service.backend._threading.loopingcall [-] Fixed interval looping call 'nova.servicegroup.drivers.db.DbDriver._report_state' sleeping for 119.98 seconds {{(pid=96662) _run_loop /opt/stack/data/venv/lib/python3.12/site-packages/oslo_service/backend/_threading/loopingcall.py:125}}
Jul 23 06:06:20.321131 np0000005720 nova-scheduler[96660]: DEBUG oslo.service.backend._threading.loopingcall [-] Fixed interval looping call 'nova.servicegroup.drivers.db.DbDriver._report_state' sleeping for 119.99 seconds {{(pid=96660) _run_loop /opt/stack/data/venv/lib/python3.12/site-packages/oslo_service/backend/_threading/loopingcall.py:125}}
Jul 23 06:06:20.340966 np0000005720 nova-scheduler[96664]: DEBUG oslo.service.backend._threading.loopingcall [-] Fixed interval looping call 'nova.servicegroup.drivers.db.DbDriver._report_state' sleeping for 119.99 seconds {{(pid=96664) _run_loop /opt/stack/data/venv/lib/python3.12/site-packages/oslo_service/backend/_threading/loopingcall.py:125}}
Jul 23 06:06:23.827687 np0000005720 nova-scheduler[95451]: DEBUG dbcounter [-] [95451] Writing DB stats nova_api:SELECT=3 {{(pid=95451) stat_writer /opt/stack/data/venv/lib/python3.12/site-packages/dbcounter.py:115}}
Jul 23 06:06:23.991174 np0000005720 nova-scheduler[95451]: DEBUG dbcounter [-] [95451] Writing DB stats nova_cell0:SELECT=1 {{(pid=95451) stat_writer /opt/stack/data/venv/lib/python3.12/site-packages/dbcounter.py:115}}
Jul 23 06:06:23.995956 np0000005720 nova-scheduler[95451]: DEBUG dbcounter [-] [95451] Writing DB stats nova_cell1:SELECT=1 {{(pid=95451) stat_writer /opt/stack/data/venv/lib/python3.12/site-packages/dbcounter.py:115}}
Jul 23 06:06:30.311775 np0000005720 nova-scheduler[96658]: DEBUG dbcounter [-] [96658] Writing DB stats nova_cell0:SELECT=4,nova_cell0:INSERT=1,nova_cell0:UPDATE=1 {{(pid=96658) stat_writer /opt/stack/data/venv/lib/python3.12/site-packages/dbcounter.py:115}}
Jul 23 06:06:30.312698 np0000005720 nova-scheduler[96662]: DEBUG dbcounter [-] [96662] Writing DB stats nova_cell0:SELECT=3,nova_cell0:UPDATE=1 {{(pid=96662) stat_writer /opt/stack/data/venv/lib/python3.12/site-packages/dbcounter.py:115}}
Jul 23 06:06:30.324272 np0000005720 nova-scheduler[96660]: DEBUG dbcounter [-] [96660] Writing DB stats nova_cell0:SELECT=3 {{(pid=96660) stat_writer /opt/stack/data/venv/lib/python3.12/site-packages/dbcounter.py:115}}
Jul 23 06:06:30.339550 np0000005720 nova-scheduler[96664]: DEBUG dbcounter [-] [96664] Writing DB stats nova_cell0:SELECT=3 {{(pid=96664) stat_writer /opt/stack/data/venv/lib/python3.12/site-packages/dbcounter.py:115}}
Jul 23 06:06:38.332845 np0000005720 nova-scheduler[96664]: DEBUG oslo.service.backend._threading.loopingcall [None req-c87ed9d9-88bb-4357-9d8c-16b8fd097e5d None None] Dynamic interval looping call 'nova.service.Service.periodic_tasks' sleeping for 60.00 seconds {{(pid=96664) _run_loop /opt/stack/data/venv/lib/python3.12/site-packages/oslo_service/backend/_threading/loopingcall.py:125}}
Jul 23 06:06:51.312929 np0000005720 nova-scheduler[96660]: DEBUG oslo.service.backend._threading.loopingcall [None req-929bdc0d-c468-45df-8393-321383d0287f None None] Dynamic interval looping call 'nova.service.Service.periodic_tasks' sleeping for 60.00 seconds {{(pid=96660) _run_loop /opt/stack/data/venv/lib/python3.12/site-packages/oslo_service/backend/_threading/loopingcall.py:125}}
Jul 23 06:06:56.303329 np0000005720 nova-scheduler[96662]: DEBUG oslo.service.backend._threading.loopingcall [None req-5ba31838-4cd6-4cb7-ae3f-91b608d3861c None None] Dynamic interval looping call 'nova.service.Service.periodic_tasks' sleeping for 60.00 seconds {{(pid=96662) _run_loop /opt/stack/data/venv/lib/python3.12/site-packages/oslo_service/backend/_threading/loopingcall.py:125}}
Jul 23 06:07:13.303743 np0000005720 nova-scheduler[96658]: DEBUG oslo.service.backend._threading.loopingcall [None req-069de163-c825-4e46-9324-687fc6971355 None None] Dynamic interval looping call 'nova.service.Service.periodic_tasks' sleeping for 60.00 seconds {{(pid=96658) _run_loop /opt/stack/data/venv/lib/python3.12/site-packages/oslo_service/backend/_threading/loopingcall.py:125}}
Jul 23 06:07:38.333225 np0000005720 nova-scheduler[96664]: DEBUG oslo.service.backend._threading.loopingcall [None req-c87ed9d9-88bb-4357-9d8c-16b8fd097e5d None None] Dynamic interval looping call 'nova.service.Service.periodic_tasks' sleeping for 60.00 seconds {{(pid=96664) _run_loop /opt/stack/data/venv/lib/python3.12/site-packages/oslo_service/backend/_threading/loopingcall.py:125}}
Jul 23 06:07:51.313387 np0000005720 nova-scheduler[96660]: DEBUG oslo.service.backend._threading.loopingcall [None req-929bdc0d-c468-45df-8393-321383d0287f None None] Dynamic interval looping call 'nova.service.Service.periodic_tasks' sleeping for 60.00 seconds {{(pid=96660) _run_loop /opt/stack/data/venv/lib/python3.12/site-packages/oslo_service/backend/_threading/loopingcall.py:125}}
Jul 23 06:07:56.303821 np0000005720 nova-scheduler[96662]: DEBUG oslo.service.backend._threading.loopingcall [None req-5ba31838-4cd6-4cb7-ae3f-91b608d3861c None None] Dynamic interval looping call 'nova.service.Service.periodic_tasks' sleeping for 60.00 seconds {{(pid=96662) _run_loop /opt/stack/data/venv/lib/python3.12/site-packages/oslo_service/backend/_threading/loopingcall.py:125}}
Jul 23 06:08:13.304286 np0000005720 nova-scheduler[96658]: DEBUG oslo.service.backend._threading.loopingcall [None req-069de163-c825-4e46-9324-687fc6971355 None None] Dynamic interval looping call 'nova.service.Service.periodic_tasks' sleeping for 60.00 seconds {{(pid=96658) _run_loop /opt/stack/data/venv/lib/python3.12/site-packages/oslo_service/backend/_threading/loopingcall.py:125}}
Jul 23 06:08:20.305037 np0000005720 nova-scheduler[96662]: DEBUG oslo.service.backend._threading.loopingcall [-] Fixed interval looping call 'nova.servicegroup.drivers.db.DbDriver._report_state' sleeping for 119.99 seconds {{(pid=96662) _run_loop /opt/stack/data/venv/lib/python3.12/site-packages/oslo_service/backend/_threading/loopingcall.py:125}}
Jul 23 06:08:20.310837 np0000005720 nova-scheduler[96658]: DEBUG oslo.service.backend._threading.loopingcall [-] Fixed interval looping call 'nova.servicegroup.drivers.db.DbDriver._report_state' sleeping for 120.00 seconds {{(pid=96658) _run_loop /opt/stack/data/venv/lib/python3.12/site-packages/oslo_service/backend/_threading/loopingcall.py:125}}
Jul 23 06:08:20.315267 np0000005720 nova-scheduler[96660]: DEBUG oslo.service.backend._threading.loopingcall [-] Fixed interval looping call 'nova.servicegroup.drivers.db.DbDriver._report_state' sleeping for 120.00 seconds {{(pid=96660) _run_loop /opt/stack/data/venv/lib/python3.12/site-packages/oslo_service/backend/_threading/loopingcall.py:125}}
Jul 23 06:08:20.335351 np0000005720 nova-scheduler[96664]: DEBUG oslo.service.backend._threading.loopingcall [-] Fixed interval looping call 'nova.servicegroup.drivers.db.DbDriver._report_state' sleeping for 120.00 seconds {{(pid=96664) _run_loop /opt/stack/data/venv/lib/python3.12/site-packages/oslo_service/backend/_threading/loopingcall.py:125}}
Jul 23 06:08:30.300644 np0000005720 nova-scheduler[96662]: DEBUG dbcounter [-] [96662] Writing DB stats nova_cell0:SELECT=1,nova_cell0:UPDATE=1 {{(pid=96662) stat_writer /opt/stack/data/venv/lib/python3.12/site-packages/dbcounter.py:115}}
Jul 23 06:08:30.308750 np0000005720 nova-scheduler[96658]: DEBUG dbcounter [-] [96658] Writing DB stats nova_cell0:SELECT=1 {{(pid=96658) stat_writer /opt/stack/data/venv/lib/python3.12/site-packages/dbcounter.py:115}}
Jul 23 06:08:30.313127 np0000005720 nova-scheduler[96660]: DEBUG dbcounter [-] [96660] Writing DB stats nova_cell0:SELECT=1 {{(pid=96660) stat_writer /opt/stack/data/venv/lib/python3.12/site-packages/dbcounter.py:115}}
Jul 23 06:08:30.333199 np0000005720 nova-scheduler[96664]: DEBUG dbcounter [-] [96664] Writing DB stats nova_cell0:SELECT=1 {{(pid=96664) stat_writer /opt/stack/data/venv/lib/python3.12/site-packages/dbcounter.py:115}}
Jul 23 06:08:35.002460 np0000005720 nova-scheduler[96662]: DEBUG nova.scheduler.manager [None req-3d03fb25-86b0-4790-b415-11d3472a75a1 tempest-DeleteServersTestJSON-923124421 tempest-DeleteServersTestJSON-923124421-project-member] Starting to schedule for instances: ['91975236-9bbe-4dc9-932d-1f01ae056bf0'] {{(pid=96662) select_destinations /opt/stack/nova/nova/scheduler/manager.py:209}}
Jul 23 06:08:35.003072 np0000005720 nova-scheduler[96662]: DEBUG nova.scheduler.request_filter [None req-3d03fb25-86b0-4790-b415-11d3472a75a1 tempest-DeleteServersTestJSON-923124421 tempest-DeleteServersTestJSON-923124421-project-member] compute_status_filter request filter added forbidden trait COMPUTE_STATUS_DISABLED {{(pid=96662) compute_status_filter /opt/stack/nova/nova/scheduler/request_filter.py:253}}
Jul 23 06:08:35.003228 np0000005720 nova-scheduler[96662]: DEBUG nova.scheduler.request_filter [None req-3d03fb25-86b0-4790-b415-11d3472a75a1 tempest-DeleteServersTestJSON-923124421 tempest-DeleteServersTestJSON-923124421-project-member] Request filter 'compute_status_filter' took 0.0 seconds {{(pid=96662) wrapper /opt/stack/nova/nova/scheduler/request_filter.py:46}}
Jul 23 06:08:35.003540 np0000005720 nova-scheduler[96662]: DEBUG nova.scheduler.request_filter [None req-3d03fb25-86b0-4790-b415-11d3472a75a1 tempest-DeleteServersTestJSON-923124421 tempest-DeleteServersTestJSON-923124421-project-member] Request filter 'accelerators_filter' took 0.0 seconds {{(pid=96662) wrapper /opt/stack/nova/nova/scheduler/request_filter.py:46}}
Jul 23 06:08:35.003971 np0000005720 nova-scheduler[96662]: DEBUG nova.scheduler.request_filter [None req-3d03fb25-86b0-4790-b415-11d3472a75a1 tempest-DeleteServersTestJSON-923124421 tempest-DeleteServersTestJSON-923124421-project-member] Request filter 'packed_virtqueue_filter' took 0.0 seconds {{(pid=96662) wrapper /opt/stack/nova/nova/scheduler/request_filter.py:46}}
Jul 23 06:08:35.004280 np0000005720 nova-scheduler[96662]: DEBUG nova.scheduler.request_filter [None req-3d03fb25-86b0-4790-b415-11d3472a75a1 tempest-DeleteServersTestJSON-923124421 tempest-DeleteServersTestJSON-923124421-project-member] Request filter 'remote_managed_ports_filter' took 0.0 seconds {{(pid=96662) wrapper /opt/stack/nova/nova/scheduler/request_filter.py:46}}
Jul 23 06:08:35.004459 np0000005720 nova-scheduler[96662]: DEBUG nova.scheduler.request_filter [None req-3d03fb25-86b0-4790-b415-11d3472a75a1 tempest-DeleteServersTestJSON-923124421 tempest-DeleteServersTestJSON-923124421-project-member] ephemeral_encryption_filter skipped {{(pid=96662) ephemeral_encryption_filter /opt/stack/nova/nova/scheduler/request_filter.py:426}}
Jul 23 06:08:35.004685 np0000005720 nova-scheduler[96662]: DEBUG nova.scheduler.request_filter [None req-3d03fb25-86b0-4790-b415-11d3472a75a1 tempest-DeleteServersTestJSON-923124421 tempest-DeleteServersTestJSON-923124421-project-member] virtio_sound_filter skipped {{(pid=96662) virtio_sound_filter /opt/stack/nova/nova/scheduler/request_filter.py:460}}
Jul 23 06:08:35.004842 np0000005720 nova-scheduler[96662]: DEBUG nova.scheduler.request_filter [None req-3d03fb25-86b0-4790-b415-11d3472a75a1 tempest-DeleteServersTestJSON-923124421 tempest-DeleteServersTestJSON-923124421-project-member] tpm_secret_security_filter skipped {{(pid=96662) tpm_secret_security_filter /opt/stack/nova/nova/scheduler/request_filter.py:477}}
Jul 23 06:08:35.552816 np0000005720 nova-scheduler[96662]: INFO nova.utils [None req-3d03fb25-86b0-4790-b415-11d3472a75a1 tempest-DeleteServersTestJSON-923124421 tempest-DeleteServersTestJSON-923124421-project-member] The cell worker thread pool ForkProcess-3.cell_worker is initialized
Jul 23 06:08:35.553234 np0000005720 nova-scheduler[96662]: DEBUG oslo_concurrency.lockutils [None req-3d03fb25-86b0-4790-b415-11d3472a75a1 tempest-DeleteServersTestJSON-923124421 tempest-DeleteServersTestJSON-923124421-project-member] Acquiring lock "a3735f7a-1eb5-445d-a79b-ad33fade6c80" by "nova.context.set_target_cell..get_or_set_cached_cell_and_set_connections" {{(pid=96662) inner /opt/stack/data/venv/lib/python3.12/site-packages/oslo_concurrency/lockutils.py:512}}
Jul 23 06:08:35.553470 np0000005720 nova-scheduler[96662]: DEBUG oslo_concurrency.lockutils [None req-3d03fb25-86b0-4790-b415-11d3472a75a1 tempest-DeleteServersTestJSON-923124421 tempest-DeleteServersTestJSON-923124421-project-member] Lock "a3735f7a-1eb5-445d-a79b-ad33fade6c80" acquired by "nova.context.set_target_cell..get_or_set_cached_cell_and_set_connections" :: waited 0.000s {{(pid=96662) inner /opt/stack/data/venv/lib/python3.12/site-packages/oslo_concurrency/lockutils.py:525}}
Jul 23 06:08:35.555112 np0000005720 nova-scheduler[96662]: DEBUG oslo_concurrency.lockutils [None req-3d03fb25-86b0-4790-b415-11d3472a75a1 tempest-DeleteServersTestJSON-923124421 tempest-DeleteServersTestJSON-923124421-project-member] Lock "a3735f7a-1eb5-445d-a79b-ad33fade6c80" "released" by "nova.context.set_target_cell..get_or_set_cached_cell_and_set_connections" :: held 0.002s {{(pid=96662) inner /opt/stack/data/venv/lib/python3.12/site-packages/oslo_concurrency/lockutils.py:544}}
Jul 23 06:08:35.557551 np0000005720 nova-scheduler[96662]: INFO dbcounter [None req-3d03fb25-86b0-4790-b415-11d3472a75a1 tempest-DeleteServersTestJSON-923124421 tempest-DeleteServersTestJSON-923124421-project-member] Registered counter for database nova_cell1
Jul 23 06:08:35.592197 np0000005720 nova-scheduler[96662]: DEBUG oslo_db.sqlalchemy.engines [None req-3d03fb25-86b0-4790-b415-11d3472a75a1 tempest-DeleteServersTestJSON-923124421 tempest-DeleteServersTestJSON-923124421-project-member] MySQL server mode set to STRICT_TRANS_TABLES,STRICT_ALL_TABLES,NO_ZERO_IN_DATE,NO_ZERO_DATE,ERROR_FOR_DIVISION_BY_ZERO,TRADITIONAL,NO_ENGINE_SUBSTITUTION {{(pid=96662) _check_effective_sql_mode /opt/stack/data/venv/lib/python3.12/site-packages/oslo_db/sqlalchemy/engines.py:325}}
Jul 23 06:08:35.602468 np0000005720 nova-scheduler[96662]: DEBUG dbcounter [-] [96662] Writer thread running {{(pid=96662) stat_writer /opt/stack/data/venv/lib/python3.12/site-packages/dbcounter.py:102}}
Jul 23 06:08:35.617999 np0000005720 nova-scheduler[96662]: DEBUG oslo_db.sqlalchemy.engines [None req-3d03fb25-86b0-4790-b415-11d3472a75a1 tempest-DeleteServersTestJSON-923124421 tempest-DeleteServersTestJSON-923124421-project-member] Parent process 95451 forked (96662) with an open database connection, which is being discarded and recreated. {{(pid=96662) checkout /opt/stack/data/venv/lib/python3.12/site-packages/oslo_db/sqlalchemy/engines.py:402}}
Jul 23 06:08:35.658660 np0000005720 nova-scheduler[96662]: DEBUG dbcounter [-] [96662] Writer thread running {{(pid=96662) stat_writer /opt/stack/data/venv/lib/python3.12/site-packages/dbcounter.py:102}}
Jul 23 06:08:35.662427 np0000005720 nova-scheduler[96662]: DEBUG oslo_concurrency.lockutils [None req-3d03fb25-86b0-4790-b415-11d3472a75a1 tempest-DeleteServersTestJSON-923124421 tempest-DeleteServersTestJSON-923124421-project-member] Acquiring lock "a3735f7a-1eb5-445d-a79b-ad33fade6c80" by "nova.context.set_target_cell..get_or_set_cached_cell_and_set_connections" {{(pid=96662) inner /opt/stack/data/venv/lib/python3.12/site-packages/oslo_concurrency/lockutils.py:512}}
Jul 23 06:08:35.662427 np0000005720 nova-scheduler[96662]: DEBUG oslo_concurrency.lockutils [None req-3d03fb25-86b0-4790-b415-11d3472a75a1 tempest-DeleteServersTestJSON-923124421 tempest-DeleteServersTestJSON-923124421-project-member] Lock "a3735f7a-1eb5-445d-a79b-ad33fade6c80" acquired by "nova.context.set_target_cell..get_or_set_cached_cell_and_set_connections" :: waited 0.000s {{(pid=96662) inner /opt/stack/data/venv/lib/python3.12/site-packages/oslo_concurrency/lockutils.py:525}}
