Jul 27 19:33:44.652972 np0000005933 devstack@c-api.service[97036]: DEBUG cinder.api.v3.router [None req-12f9e8b1-fad5-4281-97a7-a07e9aae5537 None None] Extension ExtendedSnapshotAttributes extending resource: snapshots {{(pid=97036) _setup_extensions /opt/stack/cinder/cinder/api/v3/router.py:155}}
Jul 27 19:33:44.653074 np0000005933 devstack@c-api.service[97036]: DEBUG cinder.api.v3.router [None req-12f9e8b1-fad5-4281-97a7-a07e9aae5537 None None] Extension VolumeHostAttribute extending resource: volumes {{(pid=97036) _setup_extensions /opt/stack/cinder/cinder/api/v3/router.py:155}}
Jul 27 19:33:44.653189 np0000005933 devstack@c-api.service[97035]: WARNING stevedore.named [None req-019836aa-97a7-4392-a6b2-da5142ef6ed4 None None] Could not load cinder.keymgr.conf_key_mgr.ConfKeyManager
Jul 27 19:33:44.653249 np0000005933 devstack@c-api.service[97036]: DEBUG cinder.api.v3.router [None req-12f9e8b1-fad5-4281-97a7-a07e9aae5537 None None] Extension VolumeTypeEncryption extending resource: types {{(pid=97036) _setup_extensions /opt/stack/cinder/cinder/api/v3/router.py:155}}
Jul 27 19:33:44.653306 np0000005933 devstack@c-api.service[97035]: WARNING castellan.key_manager [None req-019836aa-97a7-4392-a6b2-da5142ef6ed4 None None] Deprecation Warning : cinder.keymgr.conf_key_mgr.ConfKeyManager is not a stevedore based driver, trying to load it as a class: stevedore.exception.NoMatches: No 'castellan.drivers' driver found, looking for 'cinder.keymgr.conf_key_mgr.ConfKeyManager'
Jul 27 19:33:44.653355 np0000005933 devstack@c-api.service[97036]: DEBUG cinder.api.v3.router [None req-12f9e8b1-fad5-4281-97a7-a07e9aae5537 None None] Extension VolumeUnmanage extending resource: volumes {{(pid=97036) _setup_extensions /opt/stack/cinder/cinder/api/v3/router.py:155}}
Jul 27 19:33:44.653406 np0000005933 devstack@c-api.service[97034]: WARNING stevedore.named [None req-9c675c42-7ef8-40fa-a33f-664eba4ae293 None None] Could not load cinder.keymgr.conf_key_mgr.ConfKeyManager
Jul 27 19:33:44.653452 np0000005933 devstack@c-api.service[97036]: DEBUG cinder.api.v3.router [None req-12f9e8b1-fad5-4281-97a7-a07e9aae5537 None None] Extension UsedLimits extending resource: limits {{(pid=97036) _setup_extensions /opt/stack/cinder/cinder/api/v3/router.py:155}}
Jul 27 19:33:44.653452 np0000005933 devstack@c-api.service[97036]: DEBUG cinder.api.v3.router [None req-12f9e8b1-fad5-4281-97a7-a07e9aae5537 None None] Extension SnapshotActions extending resource: snapshots {{(pid=97036) _setup_extensions /opt/stack/cinder/cinder/api/v3/router.py:155}}
Jul 27 19:33:44.653563 np0000005933 devstack@c-api.service[97034]: WARNING castellan.key_manager [None req-9c675c42-7ef8-40fa-a33f-664eba4ae293 None None] Deprecation Warning : cinder.keymgr.conf_key_mgr.ConfKeyManager is not a stevedore based driver, trying to load it as a class: stevedore.exception.NoMatches: No 'castellan.drivers' driver found, looking for 'cinder.keymgr.conf_key_mgr.ConfKeyManager'
Jul 27 19:33:44.653608 np0000005933 devstack@c-api.service[97036]: DEBUG cinder.api.v3.router [None req-12f9e8b1-fad5-4281-97a7-a07e9aae5537 None None] Extension VolumeMigStatusAttribute extending resource: volumes {{(pid=97036) _setup_extensions /opt/stack/cinder/cinder/api/v3/router.py:155}}
Jul 27 19:33:44.653667 np0000005933 devstack@c-api.service[97036]: DEBUG cinder.api.v3.router [None req-12f9e8b1-fad5-4281-97a7-a07e9aae5537 None None] Extension VolumeTypeAccess extending resource: types {{(pid=97036) _setup_extensions /opt/stack/cinder/cinder/api/v3/router.py:155}}
Jul 27 19:33:44.653808 np0000005933 devstack@c-api.service[97036]: DEBUG cinder.api.v3.router [None req-12f9e8b1-fad5-4281-97a7-a07e9aae5537 None None] Extension AdminActions extending resource: volumes {{(pid=97036) _setup_extensions /opt/stack/cinder/cinder/api/v3/router.py:155}}
Jul 27 19:33:44.653899 np0000005933 devstack@c-api.service[97035]: DEBUG cinder.api.v3.router [None req-019836aa-97a7-4392-a6b2-da5142ef6ed4 None None] Extension VolumeImageMetadata extending resource: volumes {{(pid=97035) _setup_extensions /opt/stack/cinder/cinder/api/v3/router.py:155}}
Jul 27 19:33:44.653991 np0000005933 devstack@c-api.service[97036]: DEBUG cinder.api.v3.router [None req-12f9e8b1-fad5-4281-97a7-a07e9aae5537 None None] Extension AdminActions extending resource: snapshots {{(pid=97036) _setup_extensions /opt/stack/cinder/cinder/api/v3/router.py:155}}
Jul 27 19:33:44.654093 np0000005933 devstack@c-api.service[97035]: DEBUG cinder.api.v3.router [None req-019836aa-97a7-4392-a6b2-da5142ef6ed4 None None] Extension SnapshotUnmanage extending resource: snapshots {{(pid=97035) _setup_extensions /opt/stack/cinder/cinder/api/v3/router.py:155}}
Jul 27 19:33:44.654211 np0000005933 devstack@c-api.service[97036]: DEBUG cinder.api.v3.router [None req-12f9e8b1-fad5-4281-97a7-a07e9aae5537 None None] Extension AdminActions extending resource: backups {{(pid=97036) _setup_extensions /opt/stack/cinder/cinder/api/v3/router.py:155}}
Jul 27 19:33:44.654296 np0000005933 devstack@c-api.service[97035]: DEBUG cinder.api.v3.router [None req-019836aa-97a7-4392-a6b2-da5142ef6ed4 None None] Extension ExtendedSnapshotAttributes extending resource: snapshots {{(pid=97035) _setup_extensions /opt/stack/cinder/cinder/api/v3/router.py:155}}
Jul 27 19:33:44.654491 np0000005933 devstack@c-api.service[97036]: DEBUG cinder.api.v3.router [None req-12f9e8b1-fad5-4281-97a7-a07e9aae5537 None None] Extension VolumeActions extending resource: volumes {{(pid=97036) _setup_extensions /opt/stack/cinder/cinder/api/v3/router.py:155}}
Jul 27 19:33:44.654589 np0000005933 devstack@c-api.service[97035]: DEBUG cinder.api.v3.router [None req-019836aa-97a7-4392-a6b2-da5142ef6ed4 None None] Extension VolumeHostAttribute extending resource: volumes {{(pid=97035) _setup_extensions /opt/stack/cinder/cinder/api/v3/router.py:155}}
Jul 27 19:33:44.654686 np0000005933 devstack@c-api.service[97036]: DEBUG cinder.api.v3.router [None req-12f9e8b1-fad5-4281-97a7-a07e9aae5537 None None] Extension VolumeTenantAttribute extending resource: volumes {{(pid=97036) _setup_extensions /opt/stack/cinder/cinder/api/v3/router.py:155}}
Jul 27 19:33:44.654776 np0000005933 devstack@c-api.service[97035]: DEBUG cinder.api.v3.router [None req-019836aa-97a7-4392-a6b2-da5142ef6ed4 None None] Extension VolumeTypeEncryption extending resource: types {{(pid=97035) _setup_extensions /opt/stack/cinder/cinder/api/v3/router.py:155}}
Jul 27 19:33:44.654859 np0000005933 devstack@c-api.service[97036]: DEBUG cinder.api.v3.router [None req-12f9e8b1-fad5-4281-97a7-a07e9aae5537 None None] Extension TypesManage extending resource: types {{(pid=97036) _setup_extensions /opt/stack/cinder/cinder/api/v3/router.py:155}}
Jul 27 19:33:44.654945 np0000005933 devstack@c-api.service[97035]: DEBUG cinder.api.v3.router [None req-019836aa-97a7-4392-a6b2-da5142ef6ed4 None None] Extension VolumeUnmanage extending resource: volumes {{(pid=97035) _setup_extensions /opt/stack/cinder/cinder/api/v3/router.py:155}}
Jul 27 19:33:44.654945 np0000005933 devstack@c-api.service[97035]: DEBUG cinder.api.v3.router [None req-019836aa-97a7-4392-a6b2-da5142ef6ed4 None None] Extension UsedLimits extending resource: limits {{(pid=97035) _setup_extensions /opt/stack/cinder/cinder/api/v3/router.py:155}}
Jul 27 19:33:44.654945 np0000005933 devstack@c-api.service[97035]: DEBUG cinder.api.v3.router [None req-019836aa-97a7-4392-a6b2-da5142ef6ed4 None None] Extension SnapshotActions extending resource: snapshots {{(pid=97035) _setup_extensions /opt/stack/cinder/cinder/api/v3/router.py:155}}
Jul 27 19:33:44.654945 np0000005933 devstack@c-api.service[97035]: DEBUG cinder.api.v3.router [None req-019836aa-97a7-4392-a6b2-da5142ef6ed4 None None] Extension VolumeMigStatusAttribute extending resource: volumes {{(pid=97035) _setup_extensions /opt/stack/cinder/cinder/api/v3/router.py:155}}
Jul 27 19:33:44.655214 np0000005933 devstack@c-api.service[97034]: WARNING stevedore.named [None req-9c675c42-7ef8-40fa-a33f-664eba4ae293 None None] Could not load cinder.keymgr.conf_key_mgr.ConfKeyManager
Jul 27 19:33:44.655266 np0000005933 devstack@c-api.service[97035]: DEBUG cinder.api.v3.router [None req-019836aa-97a7-4392-a6b2-da5142ef6ed4 None None] Extension VolumeTypeAccess extending resource: types {{(pid=97035) _setup_extensions /opt/stack/cinder/cinder/api/v3/router.py:155}}
Jul 27 19:33:44.655311 np0000005933 devstack@c-api.service[97034]: WARNING castellan.key_manager [None req-9c675c42-7ef8-40fa-a33f-664eba4ae293 None None] Deprecation Warning : cinder.keymgr.conf_key_mgr.ConfKeyManager is not a stevedore based driver, trying to load it as a class: stevedore.exception.NoMatches: No 'castellan.drivers' driver found, looking for 'cinder.keymgr.conf_key_mgr.ConfKeyManager'
Jul 27 19:33:44.655354 np0000005933 devstack@c-api.service[97035]: DEBUG cinder.api.v3.router [None req-019836aa-97a7-4392-a6b2-da5142ef6ed4 None None] Extension AdminActions extending resource: volumes {{(pid=97035) _setup_extensions /opt/stack/cinder/cinder/api/v3/router.py:155}}
Jul 27 19:33:44.655354 np0000005933 devstack@c-api.service[97035]: DEBUG cinder.api.v3.router [None req-019836aa-97a7-4392-a6b2-da5142ef6ed4 None None] Extension AdminActions extending resource: snapshots {{(pid=97035) _setup_extensions /opt/stack/cinder/cinder/api/v3/router.py:155}}
Jul 27 19:33:44.655354 np0000005933 devstack@c-api.service[97035]: DEBUG cinder.api.v3.router [None req-019836aa-97a7-4392-a6b2-da5142ef6ed4 None None] Extension AdminActions extending resource: backups {{(pid=97035) _setup_extensions /opt/stack/cinder/cinder/api/v3/router.py:155}}
Jul 27 19:33:44.655354 np0000005933 devstack@c-api.service[97035]: DEBUG cinder.api.v3.router [None req-019836aa-97a7-4392-a6b2-da5142ef6ed4 None None] Extension VolumeActions extending resource: volumes {{(pid=97035) _setup_extensions /opt/stack/cinder/cinder/api/v3/router.py:155}}
Jul 27 19:33:44.655354 np0000005933 devstack@c-api.service[97035]: DEBUG cinder.api.v3.router [None req-019836aa-97a7-4392-a6b2-da5142ef6ed4 None None] Extension VolumeTenantAttribute extending resource: volumes {{(pid=97035) _setup_extensions /opt/stack/cinder/cinder/api/v3/router.py:155}}
Jul 27 19:33:44.655354 np0000005933 devstack@c-api.service[97035]: DEBUG cinder.api.v3.router [None req-019836aa-97a7-4392-a6b2-da5142ef6ed4 None None] Extension TypesManage extending resource: types {{(pid=97035) _setup_extensions /opt/stack/cinder/cinder/api/v3/router.py:155}}
Jul 27 19:33:44.655597 np0000005933 devstack@c-api.service[97034]: DEBUG cinder.api.v3.router [None req-9c675c42-7ef8-40fa-a33f-664eba4ae293 None None] Extension VolumeImageMetadata extending resource: volumes {{(pid=97034) _setup_extensions /opt/stack/cinder/cinder/api/v3/router.py:155}}
Jul 27 19:33:44.655775 np0000005933 devstack@c-api.service[97034]: DEBUG cinder.api.v3.router [None req-9c675c42-7ef8-40fa-a33f-664eba4ae293 None None] Extension SnapshotUnmanage extending resource: snapshots {{(pid=97034) _setup_extensions /opt/stack/cinder/cinder/api/v3/router.py:155}}
Jul 27 19:33:44.655941 np0000005933 devstack@c-api.service[97034]: DEBUG cinder.api.v3.router [None req-9c675c42-7ef8-40fa-a33f-664eba4ae293 None None] Extension ExtendedSnapshotAttributes extending resource: snapshots {{(pid=97034) _setup_extensions /opt/stack/cinder/cinder/api/v3/router.py:155}}
Jul 27 19:33:44.656117 np0000005933 devstack@c-api.service[97034]: DEBUG cinder.api.v3.router [None req-9c675c42-7ef8-40fa-a33f-664eba4ae293 None None] Extension VolumeHostAttribute extending resource: volumes {{(pid=97034) _setup_extensions /opt/stack/cinder/cinder/api/v3/router.py:155}}
Jul 27 19:33:44.656274 np0000005933 devstack@c-api.service[97034]: DEBUG cinder.api.v3.router [None req-9c675c42-7ef8-40fa-a33f-664eba4ae293 None None] Extension VolumeTypeEncryption extending resource: types {{(pid=97034) _setup_extensions /opt/stack/cinder/cinder/api/v3/router.py:155}}
Jul 27 19:33:44.656433 np0000005933 devstack@c-api.service[97034]: DEBUG cinder.api.v3.router [None req-9c675c42-7ef8-40fa-a33f-664eba4ae293 None None] Extension VolumeUnmanage extending resource: volumes {{(pid=97034) _setup_extensions /opt/stack/cinder/cinder/api/v3/router.py:155}}
Jul 27 19:33:44.656596 np0000005933 devstack@c-api.service[97034]: DEBUG cinder.api.v3.router [None req-9c675c42-7ef8-40fa-a33f-664eba4ae293 None None] Extension UsedLimits extending resource: limits {{(pid=97034) _setup_extensions /opt/stack/cinder/cinder/api/v3/router.py:155}}
Jul 27 19:33:44.656750 np0000005933 devstack@c-api.service[97034]: DEBUG cinder.api.v3.router [None req-9c675c42-7ef8-40fa-a33f-664eba4ae293 None None] Extension SnapshotActions extending resource: snapshots {{(pid=97034) _setup_extensions /opt/stack/cinder/cinder/api/v3/router.py:155}}
Jul 27 19:33:44.656900 np0000005933 devstack@c-api.service[97034]: DEBUG cinder.api.v3.router [None req-9c675c42-7ef8-40fa-a33f-664eba4ae293 None None] Extension VolumeMigStatusAttribute extending resource: volumes {{(pid=97034) _setup_extensions /opt/stack/cinder/cinder/api/v3/router.py:155}}
Jul 27 19:33:44.657052 np0000005933 devstack@c-api.service[97034]: DEBUG cinder.api.v3.router [None req-9c675c42-7ef8-40fa-a33f-664eba4ae293 None None] Extension VolumeTypeAccess extending resource: types {{(pid=97034) _setup_extensions /opt/stack/cinder/cinder/api/v3/router.py:155}}
Jul 27 19:33:44.657258 np0000005933 devstack@c-api.service[97034]: DEBUG cinder.api.v3.router [None req-9c675c42-7ef8-40fa-a33f-664eba4ae293 None None] Extension AdminActions extending resource: volumes {{(pid=97034) _setup_extensions /opt/stack/cinder/cinder/api/v3/router.py:155}}
Jul 27 19:33:44.657428 np0000005933 devstack@c-api.service[97034]: DEBUG cinder.api.v3.router [None req-9c675c42-7ef8-40fa-a33f-664eba4ae293 None None] Extension AdminActions extending resource: snapshots {{(pid=97034) _setup_extensions /opt/stack/cinder/cinder/api/v3/router.py:155}}
Jul 27 19:33:44.657591 np0000005933 devstack@c-api.service[97034]: DEBUG cinder.api.v3.router [None req-9c675c42-7ef8-40fa-a33f-664eba4ae293 None None] Extension AdminActions extending resource: backups {{(pid=97034) _setup_extensions /opt/stack/cinder/cinder/api/v3/router.py:155}}
Jul 27 19:33:44.657742 np0000005933 devstack@c-api.service[97034]: DEBUG cinder.api.v3.router [None req-9c675c42-7ef8-40fa-a33f-664eba4ae293 None None] Extension VolumeActions extending resource: volumes {{(pid=97034) _setup_extensions /opt/stack/cinder/cinder/api/v3/router.py:155}}
Jul 27 19:33:44.657929 np0000005933 devstack@c-api.service[97034]: DEBUG cinder.api.v3.router [None req-9c675c42-7ef8-40fa-a33f-664eba4ae293 None None] Extension VolumeTenantAttribute extending resource: volumes {{(pid=97034) _setup_extensions /opt/stack/cinder/cinder/api/v3/router.py:155}}
Jul 27 19:33:44.658086 np0000005933 devstack@c-api.service[97034]: DEBUG cinder.api.v3.router [None req-9c675c42-7ef8-40fa-a33f-664eba4ae293 None None] Extension TypesManage extending resource: types {{(pid=97034) _setup_extensions /opt/stack/cinder/cinder/api/v3/router.py:155}}
Jul 27 19:33:44.661746 np0000005933 devstack@c-api.service[97036]: WSGI app 0 (mountpoint='') ready in 2 seconds on interpreter 0x794e0b0a4668 pid: 97036 (default app)
Jul 27 19:33:44.663829 np0000005933 devstack@c-api.service[97035]: WSGI app 0 (mountpoint='') ready in 2 seconds on interpreter 0x794e0b0a4668 pid: 97035 (default app)
Jul 27 19:33:44.666180 np0000005933 devstack@c-api.service[97034]: WSGI app 0 (mountpoint='') ready in 2 seconds on interpreter 0x794e0b0a4668 pid: 97034 (default app)
Jul 27 19:33:44.670434 np0000005933 devstack@c-api.service[97036]: DEBUG cinder.api.middleware.request_id [None req-986437bd-995c-4c64-9561-ac54fa40511b None None] RequestId filter calling following filter/app {{(pid=97036) _context_setter /opt/stack/cinder/cinder/api/middleware/request_id.py:62}}
Jul 27 19:33:44.673565 np0000005933 devstack@c-api.service[97036]: [pid: 97036|app: 0|req: 1/1] 10.4.3.184 () {60 vars in 925 bytes} [Mon Jul 27 19:33:44 2026] GET /volume/v3/ => generated 114 bytes in 11 msecs (HTTP/1.1 401) 5 headers in 229 bytes (1 switches on core 0)
Jul 27 19:33:49.370439 np0000005933 devstack@c-api.service[97035]: DEBUG cinder.api.middleware.request_id [None req-fc35e405-5ec5-42bb-a681-6b89097609c6 None None] RequestId filter calling following filter/app {{(pid=97035) _context_setter /opt/stack/cinder/cinder/api/middleware/request_id.py:62}}
Jul 27 19:33:49.946386 np0000005933 devstack@c-api.service[97035]: INFO cinder.api.openstack.wsgi [None req-fc35e405-5ec5-42bb-a681-6b89097609c6 admin admin] POST https://10.4.3.184/volume/v3/types
Jul 27 19:33:49.947019 np0000005933 devstack@c-api.service[97035]: DEBUG cinder.api.openstack.wsgi [None req-fc35e405-5ec5-42bb-a681-6b89097609c6 admin admin] Action: 'create', calling method: _create, body: {"volume_type": {"description": null, "name": "storpool"}} {{(pid=97035) _process_stack /opt/stack/cinder/cinder/api/openstack/wsgi.py:876}}
Jul 27 19:33:49.949070 np0000005933 devstack@c-api.service[97035]: /opt/stack/data/venv/lib/python3.12/site-packages/oslo_context/context.py:102: DeprecationWarning: Policy enforcement is depending on the value of is_admin. This key is deprecated. Please update your policy file to use the standard policy values.
Jul 27 19:33:49.949070 np0000005933 devstack@c-api.service[97035]: warnings.warn(
Jul 27 19:33:49.977266 np0000005933 devstack@c-api.service[97035]: DEBUG oslo_db.sqlalchemy.engines [None req-fc35e405-5ec5-42bb-a681-6b89097609c6 admin admin] MySQL server mode set to STRICT_TRANS_TABLES,STRICT_ALL_TABLES,NO_ZERO_IN_DATE,NO_ZERO_DATE,ERROR_FOR_DIVISION_BY_ZERO,TRADITIONAL,NO_ENGINE_SUBSTITUTION {{(pid=97035) _check_effective_sql_mode /opt/stack/data/venv/lib/python3.12/site-packages/oslo_db/sqlalchemy/engines.py:325}}
Jul 27 19:33:50.005472 np0000005933 devstack@c-api.service[97035]: INFO cinder.api.openstack.wsgi [None req-fc35e405-5ec5-42bb-a681-6b89097609c6 admin admin] https://10.4.3.184/volume/v3/types returned with HTTP 200
Jul 27 19:33:50.005895 np0000005933 devstack@c-api.service[97035]: [pid: 97035|app: 0|req: 1/2] 10.4.3.184 () {68 vars in 1302 bytes} [Mon Jul 27 19:33:49 2026] POST /volume/v3/types => generated 183 bytes in 644 msecs (HTTP/1.1 200) 7 headers in 285 bytes (1 switches on core 0)
Jul 27 19:33:50.022663 np0000005933 devstack@c-api.service[97034]: DEBUG cinder.api.middleware.request_id [None req-4a13e181-6df4-48a9-9c36-714036066558 None None] RequestId filter calling following filter/app {{(pid=97034) _context_setter /opt/stack/cinder/cinder/api/middleware/request_id.py:62}}
Jul 27 19:33:50.302566 np0000005933 devstack@c-api.service[97034]: INFO cinder.api.openstack.wsgi [None req-4a13e181-6df4-48a9-9c36-714036066558 admin admin] POST https://10.4.3.184/volume/v3/types/41f6aa24-5b1c-44e7-9d87-5d1346ee3019/extra_specs
Jul 27 19:33:50.303119 np0000005933 devstack@c-api.service[97034]: DEBUG cinder.api.openstack.wsgi [None req-4a13e181-6df4-48a9-9c36-714036066558 admin admin] Action: 'create', calling method: create, body: {"extra_specs": {"volume_backend_name": "storpool"}} {{(pid=97034) _process_stack /opt/stack/cinder/cinder/api/openstack/wsgi.py:876}}
Jul 27 19:33:50.304758 np0000005933 devstack@c-api.service[97034]: /opt/stack/data/venv/lib/python3.12/site-packages/oslo_context/context.py:102: DeprecationWarning: Policy enforcement is depending on the value of is_admin. This key is deprecated. Please update your policy file to use the standard policy values.
Jul 27 19:33:50.304758 np0000005933 devstack@c-api.service[97034]: warnings.warn(
Jul 27 19:33:50.334847 np0000005933 devstack@c-api.service[97034]: DEBUG oslo_db.sqlalchemy.engines [None req-4a13e181-6df4-48a9-9c36-714036066558 admin admin] MySQL server mode set to STRICT_TRANS_TABLES,STRICT_ALL_TABLES,NO_ZERO_IN_DATE,NO_ZERO_DATE,ERROR_FOR_DIVISION_BY_ZERO,TRADITIONAL,NO_ENGINE_SUBSTITUTION {{(pid=97034) _check_effective_sql_mode /opt/stack/data/venv/lib/python3.12/site-packages/oslo_db/sqlalchemy/engines.py:325}}
Jul 27 19:33:50.391844 np0000005933 devstack@c-api.service[97034]: INFO cinder.api.openstack.wsgi [None req-4a13e181-6df4-48a9-9c36-714036066558 admin admin] https://10.4.3.184/volume/v3/types/41f6aa24-5b1c-44e7-9d87-5d1346ee3019/extra_specs returned with HTTP 200
Jul 27 19:33:50.392288 np0000005933 devstack@c-api.service[97034]: [pid: 97034|app: 0|req: 1/3] 10.4.3.184 () {68 vars in 1449 bytes} [Mon Jul 27 19:33:50 2026] POST /volume/v3/types/41f6aa24-5b1c-44e7-9d87-5d1346ee3019/extra_specs => generated 52 bytes in 378 msecs (HTTP/1.1 200) 7 headers in 284 bytes (1 switches on core 0)
Jul 27 19:33:54.573603 np0000005933 devstack@c-api.service[97036]: DEBUG dbcounter [-] [97036] Writing DB stats cinder:SELECT=6 {{(pid=97036) stat_writer /opt/stack/data/venv/lib/python3.12/site-packages/dbcounter.py:115}}
Jul 27 19:34:00.002922 np0000005933 devstack@c-api.service[97035]: DEBUG dbcounter [-] [97035] Writing DB stats cinder:SELECT=9,cinder:INSERT=1 {{(pid=97035) stat_writer /opt/stack/data/venv/lib/python3.12/site-packages/dbcounter.py:115}}
Jul 27 19:34:00.390718 np0000005933 devstack@c-api.service[97034]: DEBUG dbcounter [-] [97034] Writing DB stats cinder:SELECT=11,cinder:INSERT=1 {{(pid=97034) stat_writer /opt/stack/data/venv/lib/python3.12/site-packages/dbcounter.py:115}}
Jul 27 19:34:16.384616 np0000005933 devstack@c-api.service[97036]: DEBUG cinder.api.middleware.request_id [None req-90bf0298-dd40-4b28-b62d-418af9923b5b None None] RequestId filter calling following filter/app {{(pid=97036) _context_setter /opt/stack/cinder/cinder/api/middleware/request_id.py:62}}
Jul 27 19:34:16.385453 np0000005933 devstack@c-api.service[97036]: INFO cinder.api.openstack.wsgi [None req-90bf0298-dd40-4b28-b62d-418af9923b5b None None] GET https://10.4.3.184/volume//
Jul 27 19:34:16.385689 np0000005933 devstack@c-api.service[97036]: DEBUG cinder.api.openstack.wsgi [None req-90bf0298-dd40-4b28-b62d-418af9923b5b None None] Empty body provided in request {{(pid=97036) get_body /opt/stack/cinder/cinder/api/openstack/wsgi.py:725}}
Jul 27 19:34:16.385982 np0000005933 devstack@c-api.service[97036]: DEBUG cinder.api.openstack.wsgi [None req-90bf0298-dd40-4b28-b62d-418af9923b5b None None] Calling method 'all' {{(pid=97036) _process_stack /opt/stack/cinder/cinder/api/openstack/wsgi.py:878}}
Jul 27 19:34:16.386669 np0000005933 devstack@c-api.service[97036]: INFO cinder.api.openstack.wsgi [None req-90bf0298-dd40-4b28-b62d-418af9923b5b None None] https://10.4.3.184/volume// returned with HTTP 300
Jul 27 19:34:16.387028 np0000005933 devstack@c-api.service[97036]: [pid: 97036|app: 0|req: 2/4] 10.4.3.184 () {66 vars in 1425 bytes} [Mon Jul 27 19:34:16 2026] GET /volume/ => generated 386 bytes in 3 msecs (HTTP/1.1 300) 7 headers in 299 bytes (1 switches on core 0)
Jul 27 19:34:56.311839 np0000005933 devstack@c-api.service[97035]: DEBUG cinder.api.middleware.request_id [None req-2f985214-67e6-4ea7-8f48-50659085277a None None] RequestId filter calling following filter/app {{(pid=97035) _context_setter /opt/stack/cinder/cinder/api/middleware/request_id.py:62}}
Jul 27 19:34:56.477788 np0000005933 devstack@c-api.service[97035]: INFO cinder.api.openstack.wsgi [None req-2f985214-67e6-4ea7-8f48-50659085277a tempest-verify_tempest_config-1567272939 tempest-verify_tempest_config-1567272939-project-member] GET https://10.4.3.184/volume/v3/extensions
Jul 27 19:34:56.478025 np0000005933 devstack@c-api.service[97035]: DEBUG cinder.api.openstack.wsgi [None req-2f985214-67e6-4ea7-8f48-50659085277a tempest-verify_tempest_config-1567272939 tempest-verify_tempest_config-1567272939-project-member] Empty body provided in request {{(pid=97035) get_body /opt/stack/cinder/cinder/api/openstack/wsgi.py:725}}
Jul 27 19:34:56.478271 np0000005933 devstack@c-api.service[97035]: DEBUG cinder.api.openstack.wsgi [None req-2f985214-67e6-4ea7-8f48-50659085277a tempest-verify_tempest_config-1567272939 tempest-verify_tempest_config-1567272939-project-member] Calling method 'index' {{(pid=97035) _process_stack /opt/stack/cinder/cinder/api/openstack/wsgi.py:878}}
Jul 27 19:34:56.478660 np0000005933 devstack@c-api.service[97035]: INFO cinder.api.openstack.wsgi [None req-2f985214-67e6-4ea7-8f48-50659085277a tempest-verify_tempest_config-1567272939 tempest-verify_tempest_config-1567272939-project-member] https://10.4.3.184/volume/v3/extensions returned with HTTP 200
Jul 27 19:34:56.479059 np0000005933 devstack@c-api.service[97035]: [pid: 97035|app: 0|req: 2/5] 10.4.3.184 () {66 vars in 1246 bytes} [Mon Jul 27 19:34:56 2026] GET /volume/v3/extensions => generated 5245 bytes in 168 msecs (HTTP/1.1 200) 7 headers in 286 bytes (1 switches on core 0)
Jul 27 19:35:41.306454 np0000005933 devstack@c-api.service[97034]: DEBUG cinder.api.middleware.request_id [req-de48021e-f4f4-49f5-b3d5-ac944db292f5 req-52bdb4c0-b6bb-4345-8ad4-710a5512f6ef None None] RequestId filter calling following filter/app {{(pid=97034) _context_setter /opt/stack/cinder/cinder/api/middleware/request_id.py:62}}
Jul 27 19:35:41.397172 np0000005933 devstack@c-api.service[97036]: DEBUG cinder.api.middleware.request_id [req-0318f17c-7710-41e2-bc91-2f1a8536cd45 req-01226f3d-ffb0-46cb-833c-0548ed413430 None None] RequestId filter calling following filter/app {{(pid=97036) _context_setter /opt/stack/cinder/cinder/api/middleware/request_id.py:62}}
Jul 27 19:35:41.653706 np0000005933 devstack@c-api.service[97034]: INFO cinder.api.openstack.wsgi [req-de48021e-f4f4-49f5-b3d5-ac944db292f5 req-52bdb4c0-b6bb-4345-8ad4-710a5512f6ef tempest-VolumesSnapshotsTestJSON-954051575 tempest-VolumesSnapshotsTestJSON-954051575-project-member] POST https://10.4.3.184/volume/v3/volumes
Jul 27 19:35:41.653706 np0000005933 devstack@c-api.service[97034]: DEBUG cinder.api.openstack.wsgi [req-de48021e-f4f4-49f5-b3d5-ac944db292f5 req-52bdb4c0-b6bb-4345-8ad4-710a5512f6ef tempest-VolumesSnapshotsTestJSON-954051575 tempest-VolumesSnapshotsTestJSON-954051575-project-member] Action: 'create', calling method: create, body: {"volume": {"size": 1, "consistencygroup_id": null, "snapshot_id": null, "name": "tempest-VolumesSnapshotsTestJSON-volume-2069214402", "description": null, "volume_type": null, "availability_zone": null, "metadata": {}, "imageRef": null, "source_volid": null, "backup_id": null}} {{(pid=97034) _process_stack /opt/stack/cinder/cinder/api/openstack/wsgi.py:876}}
Jul 27 19:35:41.655309 np0000005933 devstack@c-api.service[97034]: DEBUG cinder.api.v3.volumes [req-de48021e-f4f4-49f5-b3d5-ac944db292f5 req-52bdb4c0-b6bb-4345-8ad4-710a5512f6ef tempest-VolumesSnapshotsTestJSON-954051575 tempest-VolumesSnapshotsTestJSON-954051575-project-member] Create volume request body: {'volume': {'size': 1, 'consistencygroup_id': None, 'snapshot_id': None, 'name': 'tempest-VolumesSnapshotsTestJSON-volume-2069214402', 'description': None, 'volume_type': None, 'availability_zone': None, 'metadata': {}, 'imageRef': None, 'source_volid': None, 'backup_id': None}} {{(pid=97034) create /opt/stack/cinder/cinder/api/v3/volumes.py:368}}
Jul 27 19:35:41.656201 np0000005933 devstack@c-api.service[97034]: INFO cinder.api.v3.volumes [req-de48021e-f4f4-49f5-b3d5-ac944db292f5 req-52bdb4c0-b6bb-4345-8ad4-710a5512f6ef tempest-VolumesSnapshotsTestJSON-954051575 tempest-VolumesSnapshotsTestJSON-954051575-project-member] Create volume of 1 GB
Jul 27 19:35:41.672687 np0000005933 devstack@c-api.service[97034]: DEBUG cinder.volume.api [req-de48021e-f4f4-49f5-b3d5-ac944db292f5 req-52bdb4c0-b6bb-4345-8ad4-710a5512f6ef tempest-VolumesSnapshotsTestJSON-954051575 tempest-VolumesSnapshotsTestJSON-954051575-project-member] Availability zone cache updated, next update will occur around 2026-07-27 20:35:41.671906. {{(pid=97034) list_availability_zones /opt/stack/cinder/cinder/volume/api.py:155}}
Jul 27 19:35:41.672804 np0000005933 devstack@c-api.service[97034]: INFO cinder.volume.api [req-de48021e-f4f4-49f5-b3d5-ac944db292f5 req-52bdb4c0-b6bb-4345-8ad4-710a5512f6ef tempest-VolumesSnapshotsTestJSON-954051575 tempest-VolumesSnapshotsTestJSON-954051575-project-member] Availability Zones retrieved successfully.
Jul 27 19:35:41.695025 np0000005933 devstack@c-api.service[97034]: DEBUG cinder.volume.api [req-de48021e-f4f4-49f5-b3d5-ac944db292f5 req-52bdb4c0-b6bb-4345-8ad4-710a5512f6ef tempest-VolumesSnapshotsTestJSON-954051575 tempest-VolumesSnapshotsTestJSON-954051575-project-member] Flow 'volume_create_api' (b41e1d60-08ce-4ac7-a66d-90a8273d16f6) transitioned into state 'RUNNING' from state 'PENDING' {{(pid=97034) _flow_receiver /opt/stack/data/venv/lib/python3.12/site-packages/taskflow/listeners/logging.py:160}}
Jul 27 19:35:41.696000 np0000005933 devstack@c-api.service[97034]: DEBUG cinder.volume.api [req-de48021e-f4f4-49f5-b3d5-ac944db292f5 req-52bdb4c0-b6bb-4345-8ad4-710a5512f6ef tempest-VolumesSnapshotsTestJSON-954051575 tempest-VolumesSnapshotsTestJSON-954051575-project-member] Task 'cinder.volume.flows.api.create_volume.ExtractVolumeRequestTask;volume:create' (10246977-b843-488b-914e-22583edcef4e) transitioned into state 'RUNNING' from state 'PENDING' {{(pid=97034) _task_receiver /opt/stack/data/venv/lib/python3.12/site-packages/taskflow/listeners/logging.py:242}}
Jul 27 19:35:41.696976 np0000005933 devstack@c-api.service[97034]: DEBUG cinder.volume.flows.api.create_volume [req-de48021e-f4f4-49f5-b3d5-ac944db292f5 req-52bdb4c0-b6bb-4345-8ad4-710a5512f6ef tempest-VolumesSnapshotsTestJSON-954051575 tempest-VolumesSnapshotsTestJSON-954051575-project-member] Validating volume size '1' using validate_int {{(pid=97034) _extract_size /opt/stack/cinder/cinder/volume/flows/api/create_volume.py:226}}
Jul 27 19:35:41.744530 np0000005933 devstack@c-api.service[97034]: DEBUG cinder.volume.api [req-de48021e-f4f4-49f5-b3d5-ac944db292f5 req-52bdb4c0-b6bb-4345-8ad4-710a5512f6ef tempest-VolumesSnapshotsTestJSON-954051575 tempest-VolumesSnapshotsTestJSON-954051575-project-member] Task 'cinder.volume.flows.api.create_volume.ExtractVolumeRequestTask;volume:create' (10246977-b843-488b-914e-22583edcef4e) transitioned into state 'SUCCESS' from state 'RUNNING' with result '{'size': 1, 'snapshot_id': None, 'source_volid': None, 'volume_type': VolumeType(created_at=2026-07-27T19:33:50Z,deleted=False,deleted_at=None,description=None,extra_specs={volume_backend_name='storpool'},id=41f6aa24-5b1c-44e7-9d87-5d1346ee3019,is_public=True,name='storpool',projects=[],qos_specs=,qos_specs_id=None,updated_at=None), 'volume_type_id': '41f6aa24-5b1c-44e7-9d87-5d1346ee3019', 'encryption_key_id': None, 'qos_specs': None, 'consistencygroup_id': None, 'cgsnapshot_id': None, 'group_id': None, 'replication_status': 'disabled', 'refresh_az': False, 'backup_id': None, 'multiattach': False, 'availability_zones': ['nova']}' {{(pid=97034) _task_receiver /opt/stack/data/venv/lib/python3.12/site-packages/taskflow/listeners/logging.py:218}}
Jul 27 19:35:41.745570 np0000005933 devstack@c-api.service[97034]: DEBUG cinder.volume.api [req-de48021e-f4f4-49f5-b3d5-ac944db292f5 req-52bdb4c0-b6bb-4345-8ad4-710a5512f6ef tempest-VolumesSnapshotsTestJSON-954051575 tempest-VolumesSnapshotsTestJSON-954051575-project-member] Task 'cinder.volume.flows.api.create_volume.QuotaReserveTask;volume:create' (ac481086-254b-4478-a547-1b81d3b4f360) transitioned into state 'RUNNING' from state 'PENDING' {{(pid=97034) _task_receiver /opt/stack/data/venv/lib/python3.12/site-packages/taskflow/listeners/logging.py:242}}
Jul 27 19:35:41.785711 np0000005933 devstack@c-api.service[97034]: WARNING cinder.quota [req-de48021e-f4f4-49f5-b3d5-ac944db292f5 req-52bdb4c0-b6bb-4345-8ad4-710a5512f6ef tempest-VolumesSnapshotsTestJSON-954051575 tempest-VolumesSnapshotsTestJSON-954051575-project-member] Deprecated: Default quota for resource: volumes_storpool is set by the default quota flag: quota_volumes_storpool, it is now deprecated. Please use the default quota class for default quota.
Jul 27 19:35:41.785711 np0000005933 devstack@c-api.service[97034]: WARNING cinder.quota [req-de48021e-f4f4-49f5-b3d5-ac944db292f5 req-52bdb4c0-b6bb-4345-8ad4-710a5512f6ef tempest-VolumesSnapshotsTestJSON-954051575 tempest-VolumesSnapshotsTestJSON-954051575-project-member] Deprecated: Default quota for resource: gigabytes_storpool is set by the default quota flag: quota_gigabytes_storpool, it is now deprecated. Please use the default quota class for default quota.
Jul 27 19:35:41.840203 np0000005933 devstack@c-api.service[97034]: DEBUG cinder.quota [req-de48021e-f4f4-49f5-b3d5-ac944db292f5 req-52bdb4c0-b6bb-4345-8ad4-710a5512f6ef tempest-VolumesSnapshotsTestJSON-954051575 tempest-VolumesSnapshotsTestJSON-954051575-project-member] Created reservations ['cba23a6e-fac0-4344-a0a1-fc34bf3776dc', '0d2eae2a-003b-4ed3-aff0-da40204bc391', '8487d946-a88c-4c0c-9d02-aa3ace63885b', 'c2fe21fc-a507-4963-8555-67ba271548aa'] {{(pid=97034) reserve /opt/stack/cinder/cinder/quota.py:752}}
Jul 27 19:35:41.841527 np0000005933 devstack@c-api.service[97034]: DEBUG cinder.volume.api [req-de48021e-f4f4-49f5-b3d5-ac944db292f5 req-52bdb4c0-b6bb-4345-8ad4-710a5512f6ef tempest-VolumesSnapshotsTestJSON-954051575 tempest-VolumesSnapshotsTestJSON-954051575-project-member] Task 'cinder.volume.flows.api.create_volume.QuotaReserveTask;volume:create' (ac481086-254b-4478-a547-1b81d3b4f360) transitioned into state 'SUCCESS' from state 'RUNNING' with result '{'reservations': ['cba23a6e-fac0-4344-a0a1-fc34bf3776dc', '0d2eae2a-003b-4ed3-aff0-da40204bc391', '8487d946-a88c-4c0c-9d02-aa3ace63885b', 'c2fe21fc-a507-4963-8555-67ba271548aa']}' {{(pid=97034) _task_receiver /opt/stack/data/venv/lib/python3.12/site-packages/taskflow/listeners/logging.py:218}}
Jul 27 19:35:41.842437 np0000005933 devstack@c-api.service[97034]: DEBUG cinder.volume.api [req-de48021e-f4f4-49f5-b3d5-ac944db292f5 req-52bdb4c0-b6bb-4345-8ad4-710a5512f6ef tempest-VolumesSnapshotsTestJSON-954051575 tempest-VolumesSnapshotsTestJSON-954051575-project-member] Task 'cinder.volume.flows.api.create_volume.EntryCreateTask;volume:create' (7489d470-ff5f-4e65-be70-6041ec2de11a) transitioned into state 'RUNNING' from state 'PENDING' {{(pid=97034) _task_receiver /opt/stack/data/venv/lib/python3.12/site-packages/taskflow/listeners/logging.py:242}}
Jul 27 19:35:41.890171 np0000005933 devstack@c-api.service[97034]: DEBUG cinder.volume.api [req-de48021e-f4f4-49f5-b3d5-ac944db292f5 req-52bdb4c0-b6bb-4345-8ad4-710a5512f6ef tempest-VolumesSnapshotsTestJSON-954051575 tempest-VolumesSnapshotsTestJSON-954051575-project-member] Task 'cinder.volume.flows.api.create_volume.EntryCreateTask;volume:create' (7489d470-ff5f-4e65-be70-6041ec2de11a) transitioned into state 'SUCCESS' from state 'RUNNING' with result '{'volume_id': 'f8a79621-77cf-4d6c-b44b-67bdc6f7d582', 'volume_properties': VolumeProperties(attach_status='detached',availability_zone='nova',cgsnapshot_id=None,consistencygroup_id=None,display_description=None,display_name='tempest-VolumesSnapshotsTestJSON-volume-2069214402',encryption_key_id=None,group_id=None,group_type_id=,metadata={},multiattach=False,project_id='8efaf087e2a94854a1c5ba0ef08e7599',qos_specs=None,replication_status=,reservations=['cba23a6e-fac0-4344-a0a1-fc34bf3776dc','0d2eae2a-003b-4ed3-aff0-da40204bc391','8487d946-a88c-4c0c-9d02-aa3ace63885b','c2fe21fc-a507-4963-8555-67ba271548aa'],size=1,snapshot_id=None,source_replicaid=,source_volid=None,status='creating',user_id='a8964d3e22b0494fb56f0d53facee9ac',volume_type_id=41f6aa24-5b1c-44e7-9d87-5d1346ee3019), 'volume': Volume(_name_id=None,admin_metadata=,attach_status='detached',availability_zone='nova',bootable=False,cluster=,cluster_name=None,consistencygroup=,consistencygroup_id=None,created_at=2026-07-27T19:35:41Z,deleted=False,deleted_at=None,display_description=None,display_name='tempest-VolumesSnapshotsTestJSON-volume-2069214402',ec2_id=None,encryption_key_id=None,glance_metadata=,group=,group_id=None,host=None,id=f8a79621-77cf-4d6c-b44b-67bdc6f7d582,launched_at=None,metadata={},migration_status=None,multiattach=False,previous_status=None,project_id='8efaf087e2a94854a1c5ba0ef08e7599',provider_auth=None,provider_geometry=None,provider_id=None,provider_location=None,replication_driver_data=None,replication_extended_status=None,replication_status=None,scheduled_at=None,service_uuid=None,shared_targets=True,size=1,snapshot_id=None,snapshots=,source_volid=None,status='creating',terminated_at=None,updated_at=None,use_quota=True,user_id='a8964d3e22b0494fb56f0d53facee9ac',volume_attachment=VolumeAttachmentList,volume_type=VolumeType(41f6aa24-5b1c-44e7-9d87-5d1346ee3019),volume_type_id=41f6aa24-5b1c-44e7-9d87-5d1346ee3019)}' {{(pid=97034) _task_receiver /opt/stack/data/venv/lib/python3.12/site-packages/taskflow/listeners/logging.py:218}}
Jul 27 19:35:41.890948 np0000005933 devstack@c-api.service[97034]: DEBUG cinder.volume.api [req-de48021e-f4f4-49f5-b3d5-ac944db292f5 req-52bdb4c0-b6bb-4345-8ad4-710a5512f6ef tempest-VolumesSnapshotsTestJSON-954051575 tempest-VolumesSnapshotsTestJSON-954051575-project-member] Task 'cinder.volume.flows.api.create_volume.QuotaCommitTask;volume:create' (c721526f-4dc9-479c-9175-09385d1dbf7e) transitioned into state 'RUNNING' from state 'PENDING' {{(pid=97034) _task_receiver /opt/stack/data/venv/lib/python3.12/site-packages/taskflow/listeners/logging.py:242}}
Jul 27 19:35:41.916835 np0000005933 devstack@c-api.service[97034]: DEBUG cinder.volume.api [req-de48021e-f4f4-49f5-b3d5-ac944db292f5 req-52bdb4c0-b6bb-4345-8ad4-710a5512f6ef tempest-VolumesSnapshotsTestJSON-954051575 tempest-VolumesSnapshotsTestJSON-954051575-project-member] Task 'cinder.volume.flows.api.create_volume.QuotaCommitTask;volume:create' (c721526f-4dc9-479c-9175-09385d1dbf7e) transitioned into state 'SUCCESS' from state 'RUNNING' with result '{'volume_properties': VolumeProperties(attach_status='detached',availability_zone='nova',cgsnapshot_id=None,consistencygroup_id=None,display_description=None,display_name='tempest-VolumesSnapshotsTestJSON-volume-2069214402',encryption_key_id=None,group_id=None,group_type_id=,metadata={},multiattach=False,project_id='8efaf087e2a94854a1c5ba0ef08e7599',qos_specs=None,replication_status=,reservations=['cba23a6e-fac0-4344-a0a1-fc34bf3776dc','0d2eae2a-003b-4ed3-aff0-da40204bc391','8487d946-a88c-4c0c-9d02-aa3ace63885b','c2fe21fc-a507-4963-8555-67ba271548aa'],size=1,snapshot_id=None,source_replicaid=,source_volid=None,status='creating',user_id='a8964d3e22b0494fb56f0d53facee9ac',volume_type_id=41f6aa24-5b1c-44e7-9d87-5d1346ee3019)}' {{(pid=97034) _task_receiver /opt/stack/data/venv/lib/python3.12/site-packages/taskflow/listeners/logging.py:218}}
Jul 27 19:35:41.917658 np0000005933 devstack@c-api.service[97034]: DEBUG cinder.volume.api [req-de48021e-f4f4-49f5-b3d5-ac944db292f5 req-52bdb4c0-b6bb-4345-8ad4-710a5512f6ef tempest-VolumesSnapshotsTestJSON-954051575 tempest-VolumesSnapshotsTestJSON-954051575-project-member] Task 'cinder.volume.flows.api.create_volume.VolumeCastTask;volume:create' (e2b953ab-9ef1-485e-90a4-4f22e6a6912e) transitioned into state 'RUNNING' from state 'PENDING' {{(pid=97034) _task_receiver /opt/stack/data/venv/lib/python3.12/site-packages/taskflow/listeners/logging.py:242}}
Jul 27 19:35:41.943489 np0000005933 devstack@c-api.service[97034]: DEBUG cinder.volume.api [req-de48021e-f4f4-49f5-b3d5-ac944db292f5 req-52bdb4c0-b6bb-4345-8ad4-710a5512f6ef tempest-VolumesSnapshotsTestJSON-954051575 tempest-VolumesSnapshotsTestJSON-954051575-project-member] Task 'cinder.volume.flows.api.create_volume.VolumeCastTask;volume:create' (e2b953ab-9ef1-485e-90a4-4f22e6a6912e) transitioned into state 'SUCCESS' from state 'RUNNING' with result 'None' {{(pid=97034) _task_receiver /opt/stack/data/venv/lib/python3.12/site-packages/taskflow/listeners/logging.py:218}}
Jul 27 19:35:41.944639 np0000005933 devstack@c-api.service[97034]: DEBUG cinder.volume.api [req-de48021e-f4f4-49f5-b3d5-ac944db292f5 req-52bdb4c0-b6bb-4345-8ad4-710a5512f6ef tempest-VolumesSnapshotsTestJSON-954051575 tempest-VolumesSnapshotsTestJSON-954051575-project-member] Flow 'volume_create_api' (b41e1d60-08ce-4ac7-a66d-90a8273d16f6) transitioned into state 'SUCCESS' from state 'RUNNING' {{(pid=97034) _flow_receiver /opt/stack/data/venv/lib/python3.12/site-packages/taskflow/listeners/logging.py:160}}
Jul 27 19:35:41.945037 np0000005933 devstack@c-api.service[97034]: INFO cinder.volume.api [req-de48021e-f4f4-49f5-b3d5-ac944db292f5 req-52bdb4c0-b6bb-4345-8ad4-710a5512f6ef tempest-VolumesSnapshotsTestJSON-954051575 tempest-VolumesSnapshotsTestJSON-954051575-project-member] Create volume request issued successfully.
Jul 27 19:35:41.946099 np0000005933 devstack@c-api.service[97034]: INFO cinder.api.openstack.wsgi [req-de48021e-f4f4-49f5-b3d5-ac944db292f5 req-52bdb4c0-b6bb-4345-8ad4-710a5512f6ef tempest-VolumesSnapshotsTestJSON-954051575 tempest-VolumesSnapshotsTestJSON-954051575-project-member] https://10.4.3.184/volume/v3/volumes returned with HTTP 202
Jul 27 19:35:41.946697 np0000005933 devstack@c-api.service[97034]: [pid: 97034|app: 0|req: 2/6] 10.4.3.184 () {72 vars in 1541 bytes} [Mon Jul 27 19:35:41 2026] POST /volume/v3/volumes => generated 755 bytes in 641 msecs (HTTP/1.1 202) 7 headers in 291 bytes (1 switches on core 0)
Jul 27 19:35:41.948153 np0000005933 devstack@c-api.service[97036]: INFO cinder.api.openstack.wsgi [req-0318f17c-7710-41e2-bc91-2f1a8536cd45 req-01226f3d-ffb0-46cb-833c-0548ed413430 tempest-VolumesNegativeTest-32166876 tempest-VolumesNegativeTest-32166876-project-member] DELETE https://10.4.3.184/volume/v3/volumes/tempest-invalid-203471336
Jul 27 19:35:41.948484 np0000005933 devstack@c-api.service[97036]: DEBUG cinder.api.openstack.wsgi [req-0318f17c-7710-41e2-bc91-2f1a8536cd45 req-01226f3d-ffb0-46cb-833c-0548ed413430 tempest-VolumesNegativeTest-32166876 tempest-VolumesNegativeTest-32166876-project-member] Empty body provided in request {{(pid=97036) get_body /opt/stack/cinder/cinder/api/openstack/wsgi.py:725}}
Jul 27 19:35:41.948698 np0000005933 devstack@c-api.service[97036]: DEBUG cinder.api.openstack.wsgi [req-0318f17c-7710-41e2-bc91-2f1a8536cd45 req-01226f3d-ffb0-46cb-833c-0548ed413430 tempest-VolumesNegativeTest-32166876 tempest-VolumesNegativeTest-32166876-project-member] Calling method 'delete' {{(pid=97036) _process_stack /opt/stack/cinder/cinder/api/openstack/wsgi.py:878}}
Jul 27 19:35:41.948893 np0000005933 devstack@c-api.service[97036]: INFO cinder.api.v3.volumes [req-0318f17c-7710-41e2-bc91-2f1a8536cd45 req-01226f3d-ffb0-46cb-833c-0548ed413430 tempest-VolumesNegativeTest-32166876 tempest-VolumesNegativeTest-32166876-project-member] Delete volume with id: tempest-invalid-203471336
Jul 27 19:35:41.959416 np0000005933 devstack@c-api.service[97035]: DEBUG cinder.api.middleware.request_id [req-de48021e-f4f4-49f5-b3d5-ac944db292f5 req-ed8dfd72-a4a4-4f42-8a70-1febe2d447af None None] RequestId filter calling following filter/app {{(pid=97035) _context_setter /opt/stack/cinder/cinder/api/middleware/request_id.py:62}}
Jul 27 19:35:41.963040 np0000005933 devstack@c-api.service[97035]: INFO cinder.api.openstack.wsgi [req-de48021e-f4f4-49f5-b3d5-ac944db292f5 req-ed8dfd72-a4a4-4f42-8a70-1febe2d447af tempest-VolumesSnapshotsTestJSON-954051575 tempest-VolumesSnapshotsTestJSON-954051575-project-member] GET https://10.4.3.184/volume/v3/volumes/f8a79621-77cf-4d6c-b44b-67bdc6f7d582
Jul 27 19:35:41.963298 np0000005933 devstack@c-api.service[97035]: DEBUG cinder.api.openstack.wsgi [req-de48021e-f4f4-49f5-b3d5-ac944db292f5 req-ed8dfd72-a4a4-4f42-8a70-1febe2d447af tempest-VolumesSnapshotsTestJSON-954051575 tempest-VolumesSnapshotsTestJSON-954051575-project-member] Empty body provided in request {{(pid=97035) get_body /opt/stack/cinder/cinder/api/openstack/wsgi.py:725}}
Jul 27 19:35:41.963524 np0000005933 devstack@c-api.service[97035]: DEBUG cinder.api.openstack.wsgi [req-de48021e-f4f4-49f5-b3d5-ac944db292f5 req-ed8dfd72-a4a4-4f42-8a70-1febe2d447af tempest-VolumesSnapshotsTestJSON-954051575 tempest-VolumesSnapshotsTestJSON-954051575-project-member] Calling method 'show' {{(pid=97035) _process_stack /opt/stack/cinder/cinder/api/openstack/wsgi.py:878}}
Jul 27 19:35:41.976478 np0000005933 devstack@c-api.service[97036]: DEBUG oslo_db.sqlalchemy.engines [req-0318f17c-7710-41e2-bc91-2f1a8536cd45 req-01226f3d-ffb0-46cb-833c-0548ed413430 tempest-VolumesNegativeTest-32166876 tempest-VolumesNegativeTest-32166876-project-member] MySQL server mode set to STRICT_TRANS_TABLES,STRICT_ALL_TABLES,NO_ZERO_IN_DATE,NO_ZERO_DATE,ERROR_FOR_DIVISION_BY_ZERO,TRADITIONAL,NO_ENGINE_SUBSTITUTION {{(pid=97036) _check_effective_sql_mode /opt/stack/data/venv/lib/python3.12/site-packages/oslo_db/sqlalchemy/engines.py:325}}
Jul 27 19:35:42.006326 np0000005933 devstack@c-api.service[97036]: INFO cinder.api.openstack.wsgi [req-0318f17c-7710-41e2-bc91-2f1a8536cd45 req-01226f3d-ffb0-46cb-833c-0548ed413430 tempest-VolumesNegativeTest-32166876 tempest-VolumesNegativeTest-32166876-project-member] https://10.4.3.184/volume/v3/volumes/tempest-invalid-203471336 returned with HTTP 404
Jul 27 19:35:42.006823 np0000005933 devstack@c-api.service[97036]: [pid: 97036|app: 0|req: 3/7] 10.4.3.184 () {70 vars in 1587 bytes} [Mon Jul 27 19:35:41 2026] DELETE /volume/v3/volumes/tempest-invalid-203471336 => generated 98 bytes in 610 msecs (HTTP/1.1 404) 7 headers in 291 bytes (1 switches on core 0)
Jul 27 19:35:42.018503 np0000005933 devstack@c-api.service[97035]: /opt/stack/data/venv/lib/python3.12/site-packages/oslo_context/context.py:102: DeprecationWarning: Policy enforcement is depending on the value of is_admin. This key is deprecated. Please update your policy file to use the standard policy values.
Jul 27 19:35:42.018503 np0000005933 devstack@c-api.service[97035]: warnings.warn(
Jul 27 19:35:42.028311 np0000005933 devstack@c-api.service[97035]: INFO cinder.volume.api [req-de48021e-f4f4-49f5-b3d5-ac944db292f5 req-ed8dfd72-a4a4-4f42-8a70-1febe2d447af tempest-VolumesSnapshotsTestJSON-954051575 tempest-VolumesSnapshotsTestJSON-954051575-project-member] Volume info retrieved successfully.
Jul 27 19:35:42.035260 np0000005933 devstack@c-api.service[97035]: INFO cinder.api.openstack.wsgi [req-de48021e-f4f4-49f5-b3d5-ac944db292f5 req-ed8dfd72-a4a4-4f42-8a70-1febe2d447af tempest-VolumesSnapshotsTestJSON-954051575 tempest-VolumesSnapshotsTestJSON-954051575-project-member] https://10.4.3.184/volume/v3/volumes/f8a79621-77cf-4d6c-b44b-67bdc6f7d582 returned with HTTP 200
Jul 27 19:35:42.035651 np0000005933 devstack@c-api.service[97035]: [pid: 97035|app: 0|req: 3/8] 10.4.3.184 () {68 vars in 1598 bytes} [Mon Jul 27 19:35:41 2026] GET /volume/v3/volumes/f8a79621-77cf-4d6c-b44b-67bdc6f7d582 => generated 823 bytes in 77 msecs (HTTP/1.1 200) 7 headers in 285 bytes (1 switches on core 0)
Jul 27 19:35:42.241053 np0000005933 devstack@c-api.service[97034]: DEBUG cinder.api.middleware.request_id [req-1262cee3-6394-41f5-8912-7324c065ffd5 req-f796cfe0-cf1e-437f-beb7-b92b6e00ea0a None None] RequestId filter calling following filter/app {{(pid=97034) _context_setter /opt/stack/cinder/cinder/api/middleware/request_id.py:62}}
Jul 27 19:35:42.269204 np0000005933 devstack@c-api.service[97036]: DEBUG cinder.api.middleware.request_id [req-f2b27637-9c0c-44ee-9e8e-ce72b15dc91b req-783c41c7-fc85-4241-bfb6-f2275db90e3b None None] RequestId filter calling following filter/app {{(pid=97036) _context_setter /opt/stack/cinder/cinder/api/middleware/request_id.py:62}}
Jul 27 19:35:42.271460 np0000005933 devstack@c-api.service[97036]: INFO cinder.api.openstack.wsgi [req-f2b27637-9c0c-44ee-9e8e-ce72b15dc91b req-783c41c7-fc85-4241-bfb6-f2275db90e3b tempest-VolumesNegativeTest-32166876 tempest-VolumesNegativeTest-32166876-project-member] DELETE https://10.4.3.184/volume/v3/volumes/b51ff660-c163-4a52-956c-5fb09cb8974e
Jul 27 19:35:42.271718 np0000005933 devstack@c-api.service[97036]: DEBUG cinder.api.openstack.wsgi [req-f2b27637-9c0c-44ee-9e8e-ce72b15dc91b req-783c41c7-fc85-4241-bfb6-f2275db90e3b tempest-VolumesNegativeTest-32166876 tempest-VolumesNegativeTest-32166876-project-member] Empty body provided in request {{(pid=97036) get_body /opt/stack/cinder/cinder/api/openstack/wsgi.py:725}}
Jul 27 19:35:42.271931 np0000005933 devstack@c-api.service[97036]: DEBUG cinder.api.openstack.wsgi [req-f2b27637-9c0c-44ee-9e8e-ce72b15dc91b req-783c41c7-fc85-4241-bfb6-f2275db90e3b tempest-VolumesNegativeTest-32166876 tempest-VolumesNegativeTest-32166876-project-member] Calling method 'delete' {{(pid=97036) _process_stack /opt/stack/cinder/cinder/api/openstack/wsgi.py:878}}
Jul 27 19:35:42.272127 np0000005933 devstack@c-api.service[97036]: INFO cinder.api.v3.volumes [req-f2b27637-9c0c-44ee-9e8e-ce72b15dc91b req-783c41c7-fc85-4241-bfb6-f2275db90e3b tempest-VolumesNegativeTest-32166876 tempest-VolumesNegativeTest-32166876-project-member] Delete volume with id: b51ff660-c163-4a52-956c-5fb09cb8974e
Jul 27 19:35:42.280287 np0000005933 devstack@c-api.service[97036]: INFO cinder.api.openstack.wsgi [req-f2b27637-9c0c-44ee-9e8e-ce72b15dc91b req-783c41c7-fc85-4241-bfb6-f2275db90e3b tempest-VolumesNegativeTest-32166876 tempest-VolumesNegativeTest-32166876-project-member] https://10.4.3.184/volume/v3/volumes/b51ff660-c163-4a52-956c-5fb09cb8974e returned with HTTP 404
Jul 27 19:35:42.280787 np0000005933 devstack@c-api.service[97036]: [pid: 97036|app: 0|req: 4/9] 10.4.3.184 () {70 vars in 1620 bytes} [Mon Jul 27 19:35:42 2026] DELETE /volume/v3/volumes/b51ff660-c163-4a52-956c-5fb09cb8974e => generated 109 bytes in 12 msecs (HTTP/1.1 404) 7 headers in 292 bytes (1 switches on core 0)
Jul 27 19:35:42.304621 np0000005933 devstack@c-api.service[97035]: DEBUG cinder.api.middleware.request_id [req-a4920169-a57f-4fdd-b71d-cbf7421affc3 req-1fd88333-9a35-4170-99e5-44dc3cc1fb75 None None] RequestId filter calling following filter/app {{(pid=97035) _context_setter /opt/stack/cinder/cinder/api/middleware/request_id.py:62}}
