Jul 27 19:37:52.721341 np0000005933 devstack@g-api.service[99745]: DEBUG glance.api.middleware.version_negotiation [None req-d367ec7b-40d6-4ad0-90c0-5d816ff22cc8 tempest-AttachVolumeNegativeTest-153762711 tempest-AttachVolumeNegativeTest-153762711-project-member] Using url versioning {{(pid=99745) process_request /opt/stack/glance/glance/api/middleware/version_negotiation.py:57}}
Jul 27 19:37:52.721341 np0000005933 devstack@g-api.service[99745]: DEBUG glance.api.middleware.version_negotiation [None req-d367ec7b-40d6-4ad0-90c0-5d816ff22cc8 tempest-AttachVolumeNegativeTest-153762711 tempest-AttachVolumeNegativeTest-153762711-project-member] Matched version: v2 {{(pid=99745) process_request /opt/stack/glance/glance/api/middleware/version_negotiation.py:69}}
Jul 27 19:37:52.721341 np0000005933 devstack@g-api.service[99745]: DEBUG glance.api.middleware.version_negotiation [None req-d367ec7b-40d6-4ad0-90c0-5d816ff22cc8 tempest-AttachVolumeNegativeTest-153762711 tempest-AttachVolumeNegativeTest-153762711-project-member] new path /v2/images {{(pid=99745) process_request /opt/stack/glance/glance/api/middleware/version_negotiation.py:70}}
Jul 27 19:37:53.639258 np0000005933 devstack@g-api.service[99745]: [pid: 99745|app: 0|req: 31/109] 127.0.0.1 () {46 vars in 1055 bytes} [Mon Jul 27 19:37:52 2026] POST /v2/images => generated 650 bytes in 919 msecs (HTTP/1.1 201) 6 headers in 315 bytes (1 switches on core 0)
Jul 27 19:37:53.651805 np0000005933 devstack@g-api.service[99744]: DEBUG glance.api.middleware.version_negotiation [None req-d367ec7b-40d6-4ad0-90c0-5d816ff22cc8 tempest-AttachVolumeNegativeTest-153762711 tempest-AttachVolumeNegativeTest-153762711-project-member] Determining version of request: GET /v2/schemas/image Accept: */* {{(pid=99744) process_request /opt/stack/glance/glance/api/middleware/version_negotiation.py:44}}
Jul 27 19:37:53.652166 np0000005933 devstack@g-api.service[99744]: DEBUG glance.api.middleware.version_negotiation [None req-d367ec7b-40d6-4ad0-90c0-5d816ff22cc8 tempest-AttachVolumeNegativeTest-153762711 tempest-AttachVolumeNegativeTest-153762711-project-member] Using url versioning {{(pid=99744) process_request /opt/stack/glance/glance/api/middleware/version_negotiation.py:57}}
Jul 27 19:37:53.652268 np0000005933 devstack@g-api.service[99744]: DEBUG glance.api.middleware.version_negotiation [None req-d367ec7b-40d6-4ad0-90c0-5d816ff22cc8 tempest-AttachVolumeNegativeTest-153762711 tempest-AttachVolumeNegativeTest-153762711-project-member] Matched version: v2 {{(pid=99744) process_request /opt/stack/glance/glance/api/middleware/version_negotiation.py:69}}
Jul 27 19:37:53.652417 np0000005933 devstack@g-api.service[99744]: DEBUG glance.api.middleware.version_negotiation [None req-d367ec7b-40d6-4ad0-90c0-5d816ff22cc8 tempest-AttachVolumeNegativeTest-153762711 tempest-AttachVolumeNegativeTest-153762711-project-member] new path /v2/schemas/image {{(pid=99744) process_request /opt/stack/glance/glance/api/middleware/version_negotiation.py:70}}
Jul 27 19:37:53.655904 np0000005933 devstack@g-api.service[99744]: [pid: 99744|app: 0|req: 40/110] 127.0.0.1 () {44 vars in 1055 bytes} [Mon Jul 27 19:37:53 2026] GET /v2/schemas/image => generated 6083 bytes in 4 msecs (HTTP/1.1 200) 4 headers in 158 bytes (1 switches on core 0)
Jul 27 19:37:53.669892 np0000005933 devstack@g-api.service[99746]: DEBUG glance.api.middleware.version_negotiation [None req-57627172-a9a1-4cdb-88b0-dfc022e7e37b tempest-VolumesActionsTest-746566758 tempest-VolumesActionsTest-746566758-project-member] Determining version of request: GET /v2/images/6da69d6d-0b44-4f0d-86c9-e8810ba2820b Accept: application/json {{(pid=99746) process_request /opt/stack/glance/glance/api/middleware/version_negotiation.py:44}}
Jul 27 19:37:53.670047 np0000005933 devstack@g-api.service[99746]: DEBUG glance.api.middleware.version_negotiation [None req-57627172-a9a1-4cdb-88b0-dfc022e7e37b tempest-VolumesActionsTest-746566758 tempest-VolumesActionsTest-746566758-project-member] Using url versioning {{(pid=99746) process_request /opt/stack/glance/glance/api/middleware/version_negotiation.py:57}}
Jul 27 19:37:53.670902 np0000005933 devstack@g-api.service[99746]: DEBUG glance.api.middleware.version_negotiation [None req-57627172-a9a1-4cdb-88b0-dfc022e7e37b tempest-VolumesActionsTest-746566758 tempest-VolumesActionsTest-746566758-project-member] Matched version: v2 {{(pid=99746) process_request /opt/stack/glance/glance/api/middleware/version_negotiation.py:69}}
Jul 27 19:37:53.670902 np0000005933 devstack@g-api.service[99746]: DEBUG glance.api.middleware.version_negotiation [None req-57627172-a9a1-4cdb-88b0-dfc022e7e37b tempest-VolumesActionsTest-746566758 tempest-VolumesActionsTest-746566758-project-member] new path /v2/images/6da69d6d-0b44-4f0d-86c9-e8810ba2820b {{(pid=99746) process_request /opt/stack/glance/glance/api/middleware/version_negotiation.py:70}}
Jul 27 19:37:53.692672 np0000005933 devstack@g-api.service[99746]: [pid: 99746|app: 0|req: 40/111] 127.0.0.1 () {40 vars in 838 bytes} [Mon Jul 27 19:37:53 2026] GET /v2/images/6da69d6d-0b44-4f0d-86c9-e8810ba2820b => generated 650 bytes in 23 msecs (HTTP/1.1 200) 4 headers in 157 bytes (1 switches on core 0)
Jul 27 19:37:55.010280 np0000005933 devstack@g-api.service[99745]: DEBUG glance.api.middleware.version_negotiation [None req-57627172-a9a1-4cdb-88b0-dfc022e7e37b tempest-VolumesActionsTest-746566758 tempest-VolumesActionsTest-746566758-project-member] Determining version of request: PUT /v2/images/6da69d6d-0b44-4f0d-86c9-e8810ba2820b/file Accept: */* {{(pid=99745) process_request /opt/stack/glance/glance/api/middleware/version_negotiation.py:44}}
Jul 27 19:37:55.010280 np0000005933 devstack@g-api.service[99745]: DEBUG glance.api.middleware.version_negotiation [None req-57627172-a9a1-4cdb-88b0-dfc022e7e37b tempest-VolumesActionsTest-746566758 tempest-VolumesActionsTest-746566758-project-member] Using url versioning {{(pid=99745) process_request /opt/stack/glance/glance/api/middleware/version_negotiation.py:57}}
Jul 27 19:37:55.010280 np0000005933 devstack@g-api.service[99745]: DEBUG glance.api.middleware.version_negotiation [None req-57627172-a9a1-4cdb-88b0-dfc022e7e37b tempest-VolumesActionsTest-746566758 tempest-VolumesActionsTest-746566758-project-member] Matched version: v2 {{(pid=99745) process_request /opt/stack/glance/glance/api/middleware/version_negotiation.py:69}}
Jul 27 19:37:55.010280 np0000005933 devstack@g-api.service[99745]: DEBUG glance.api.middleware.version_negotiation [None req-57627172-a9a1-4cdb-88b0-dfc022e7e37b tempest-VolumesActionsTest-746566758 tempest-VolumesActionsTest-746566758-project-member] new path /v2/images/6da69d6d-0b44-4f0d-86c9-e8810ba2820b/file {{(pid=99745) process_request /opt/stack/glance/glance/api/middleware/version_negotiation.py:70}}
Jul 27 19:37:55.015483 np0000005933 devstack@g-api.service[99744]: DEBUG glance.api.middleware.version_negotiation [None req-57627172-a9a1-4cdb-88b0-dfc022e7e37b tempest-VolumesActionsTest-746566758 tempest-VolumesActionsTest-746566758-project-member] Determining version of request: GET /v2/images/6da69d6d-0b44-4f0d-86c9-e8810ba2820b Accept: application/json {{(pid=99744) process_request /opt/stack/glance/glance/api/middleware/version_negotiation.py:44}}
Jul 27 19:37:55.015483 np0000005933 devstack@g-api.service[99744]: DEBUG glance.api.middleware.version_negotiation [None req-57627172-a9a1-4cdb-88b0-dfc022e7e37b tempest-VolumesActionsTest-746566758 tempest-VolumesActionsTest-746566758-project-member] Using url versioning {{(pid=99744) process_request /opt/stack/glance/glance/api/middleware/version_negotiation.py:57}}
Jul 27 19:37:55.015483 np0000005933 devstack@g-api.service[99744]: DEBUG glance.api.middleware.version_negotiation [None req-57627172-a9a1-4cdb-88b0-dfc022e7e37b tempest-VolumesActionsTest-746566758 tempest-VolumesActionsTest-746566758-project-member] Matched version: v2 {{(pid=99744) process_request /opt/stack/glance/glance/api/middleware/version_negotiation.py:69}}
Jul 27 19:37:55.015483 np0000005933 devstack@g-api.service[99744]: DEBUG glance.api.middleware.version_negotiation [None req-57627172-a9a1-4cdb-88b0-dfc022e7e37b tempest-VolumesActionsTest-746566758 tempest-VolumesActionsTest-746566758-project-member] new path /v2/images/6da69d6d-0b44-4f0d-86c9-e8810ba2820b {{(pid=99744) process_request /opt/stack/glance/glance/api/middleware/version_negotiation.py:70}}
Jul 27 19:37:55.015483 np0000005933 devstack@g-api.service[99744]: [pid: 99744|app: 0|req: 41/112] 127.0.0.1 () {40 vars in 838 bytes} [Mon Jul 27 19:37:54 2026] GET /v2/images/6da69d6d-0b44-4f0d-86c9-e8810ba2820b => generated 650 bytes in 19 msecs (HTTP/1.1 200) 4 headers in 157 bytes (1 switches on core 0)
Jul 27 19:37:55.041002 np0000005933 devstack@g-api.service[99745]: INFO glance.api.v2.image_data [None req-57627172-a9a1-4cdb-88b0-dfc022e7e37b tempest-VolumesActionsTest-746566758 tempest-VolumesActionsTest-746566758-project-member] Unable to create trust: no such option collect_timing in group [keystone_authtoken] Use the existing user token.
Jul 27 19:37:55.735619 np0000005933 devstack@g-api.service[99746]: DEBUG glance.api.middleware.version_negotiation [None req-01fb1175-865f-4ee0-b1e1-c725a6feb039 tempest-VolumesActionsTest-746566758 tempest-VolumesActionsTest-746566758-project-member] Determining version of request: GET /v2/images/6da69d6d-0b44-4f0d-86c9-e8810ba2820b Accept: application/json {{(pid=99746) process_request /opt/stack/glance/glance/api/middleware/version_negotiation.py:44}}
Jul 27 19:37:55.736251 np0000005933 devstack@g-api.service[99746]: DEBUG glance.api.middleware.version_negotiation [None req-01fb1175-865f-4ee0-b1e1-c725a6feb039 tempest-VolumesActionsTest-746566758 tempest-VolumesActionsTest-746566758-project-member] Using url versioning {{(pid=99746) process_request /opt/stack/glance/glance/api/middleware/version_negotiation.py:57}}
Jul 27 19:37:55.736251 np0000005933 devstack@g-api.service[99746]: DEBUG glance.api.middleware.version_negotiation [None req-01fb1175-865f-4ee0-b1e1-c725a6feb039 tempest-VolumesActionsTest-746566758 tempest-VolumesActionsTest-746566758-project-member] Matched version: v2 {{(pid=99746) process_request /opt/stack/glance/glance/api/middleware/version_negotiation.py:69}}
Jul 27 19:37:55.736251 np0000005933 devstack@g-api.service[99746]: DEBUG glance.api.middleware.version_negotiation [None req-01fb1175-865f-4ee0-b1e1-c725a6feb039 tempest-VolumesActionsTest-746566758 tempest-VolumesActionsTest-746566758-project-member] new path /v2/images/6da69d6d-0b44-4f0d-86c9-e8810ba2820b {{(pid=99746) process_request /opt/stack/glance/glance/api/middleware/version_negotiation.py:70}}
Jul 27 19:37:55.747719 np0000005933 devstack@g-api.service[99746]: [pid: 99746|app: 0|req: 41/113] 127.0.0.1 () {40 vars in 838 bytes} [Mon Jul 27 19:37:55 2026] GET /v2/images/6da69d6d-0b44-4f0d-86c9-e8810ba2820b => generated 650 bytes in 12 msecs (HTTP/1.1 200) 4 headers in 157 bytes (1 switches on core 0)
Jul 27 19:37:56.246477 np0000005933 devstack@g-api.service[99745]: DEBUG glance.location [None req-57627172-a9a1-4cdb-88b0-dfc022e7e37b tempest-VolumesActionsTest-746566758 tempest-VolumesActionsTest-746566758-project-member] Enabling in-flight format inspection for raw {{(pid=99745) set_data /opt/stack/glance/glance/location.py:596}}
Jul 27 19:37:56.247095 np0000005933 devstack@g-api.service[99745]: DEBUG glance_store.backend [None req-57627172-a9a1-4cdb-88b0-dfc022e7e37b tempest-VolumesActionsTest-746566758 tempest-VolumesActionsTest-746566758-project-member] Attempting to import store swift {{(pid=99745) _load_store /opt/stack/data/venv/lib/python3.12/site-packages/glance_store/backend.py:215}}
Jul 27 19:37:56.250340 np0000005933 devstack@g-api.service[99745]: DEBUG glance_store.capabilities [None req-57627172-a9a1-4cdb-88b0-dfc022e7e37b tempest-VolumesActionsTest-746566758 tempest-VolumesActionsTest-746566758-project-member] Store glance_store._drivers.swift.store.SingleTenantStore doesn't support updating dynamic storage capabilities. Please overwrite 'update_capabilities' method of the store to implement updating logics if needed. {{(pid=99745) update_capabilities /opt/stack/data/venv/lib/python3.12/site-packages/glance_store/capabilities.py:91}}
Jul 27 19:37:56.250508 np0000005933 devstack@g-api.service[99745]: DEBUG glance_store.driver [None req-57627172-a9a1-4cdb-88b0-dfc022e7e37b tempest-VolumesActionsTest-746566758 tempest-VolumesActionsTest-746566758-project-member] Late loading location class glance_store._drivers.swift.store.StoreLocation {{(pid=99745) get_store_location_class /opt/stack/data/venv/lib/python3.12/site-packages/glance_store/driver.py:134}}
Jul 27 19:37:56.250650 np0000005933 devstack@g-api.service[99745]: DEBUG glance_store.location [None req-57627172-a9a1-4cdb-88b0-dfc022e7e37b tempest-VolumesActionsTest-746566758 tempest-VolumesActionsTest-746566758-project-member] Registering scheme swift+https with {'store': , 'location_class': , 'store_entry': 'swift'} {{(pid=99745) register_scheme_map /opt/stack/data/venv/lib/python3.12/site-packages/glance_store/location.py:146}}
Jul 27 19:37:56.250836 np0000005933 devstack@g-api.service[99745]: DEBUG glance_store.location [None req-57627172-a9a1-4cdb-88b0-dfc022e7e37b tempest-VolumesActionsTest-746566758 tempest-VolumesActionsTest-746566758-project-member] Registering scheme swift+https with {'store': , 'location_class': , 'store_entry': 'swift'} {{(pid=99745) register_scheme_map /opt/stack/data/venv/lib/python3.12/site-packages/glance_store/location.py:146}}
Jul 27 19:37:56.250993 np0000005933 devstack@g-api.service[99745]: DEBUG glance_store.location [None req-57627172-a9a1-4cdb-88b0-dfc022e7e37b tempest-VolumesActionsTest-746566758 tempest-VolumesActionsTest-746566758-project-member] Registering scheme swift with {'store': , 'location_class': , 'store_entry': 'swift'} {{(pid=99745) register_scheme_map /opt/stack/data/venv/lib/python3.12/site-packages/glance_store/location.py:146}}
Jul 27 19:37:56.251095 np0000005933 devstack@g-api.service[99745]: DEBUG glance_store.location [None req-57627172-a9a1-4cdb-88b0-dfc022e7e37b tempest-VolumesActionsTest-746566758 tempest-VolumesActionsTest-746566758-project-member] Registering scheme swift+https with {'store': , 'location_class': , 'store_entry': 'swift'} {{(pid=99745) register_scheme_map /opt/stack/data/venv/lib/python3.12/site-packages/glance_store/location.py:146}}
Jul 27 19:37:56.251179 np0000005933 devstack@g-api.service[99745]: DEBUG glance_store.location [None req-57627172-a9a1-4cdb-88b0-dfc022e7e37b tempest-VolumesActionsTest-746566758 tempest-VolumesActionsTest-746566758-project-member] Registering scheme swift with {'store': , 'location_class': , 'store_entry': 'swift'} {{(pid=99745) register_scheme_map /opt/stack/data/venv/lib/python3.12/site-packages/glance_store/location.py:146}}
Jul 27 19:37:56.252428 np0000005933 devstack@g-api.service[99745]: DEBUG glance_store.location [None req-57627172-a9a1-4cdb-88b0-dfc022e7e37b tempest-VolumesActionsTest-746566758 tempest-VolumesActionsTest-746566758-project-member] Registering scheme swift+http with {'store': , 'location_class': , 'store_entry': 'swift'} {{(pid=99745) register_scheme_map /opt/stack/data/venv/lib/python3.12/site-packages/glance_store/location.py:146}}
Jul 27 19:37:56.252428 np0000005933 devstack@g-api.service[99745]: DEBUG glance_store.location [None req-57627172-a9a1-4cdb-88b0-dfc022e7e37b tempest-VolumesActionsTest-746566758 tempest-VolumesActionsTest-746566758-project-member] Registering scheme swift+https with {'store': , 'location_class': , 'store_entry': 'swift'} {{(pid=99745) register_scheme_map /opt/stack/data/venv/lib/python3.12/site-packages/glance_store/location.py:146}}
Jul 27 19:37:56.252428 np0000005933 devstack@g-api.service[99745]: DEBUG glance_store.location [None req-57627172-a9a1-4cdb-88b0-dfc022e7e37b tempest-VolumesActionsTest-746566758 tempest-VolumesActionsTest-746566758-project-member] Registering scheme swift with {'store': , 'location_class': , 'store_entry': 'swift'} {{(pid=99745) register_scheme_map /opt/stack/data/venv/lib/python3.12/site-packages/glance_store/location.py:146}}
Jul 27 19:37:56.252428 np0000005933 devstack@g-api.service[99745]: DEBUG glance_store.location [None req-57627172-a9a1-4cdb-88b0-dfc022e7e37b tempest-VolumesActionsTest-746566758 tempest-VolumesActionsTest-746566758-project-member] Registering scheme swift+http with {'store': , 'location_class': , 'store_entry': 'swift'} {{(pid=99745) register_scheme_map /opt/stack/data/venv/lib/python3.12/site-packages/glance_store/location.py:146}}
Jul 27 19:37:56.252428 np0000005933 devstack@g-api.service[99745]: DEBUG glance_store.location [None req-57627172-a9a1-4cdb-88b0-dfc022e7e37b tempest-VolumesActionsTest-746566758 tempest-VolumesActionsTest-746566758-project-member] Registering scheme swift+config with {'store': , 'location_class': , 'store_entry': 'swift'} {{(pid=99745) register_scheme_map /opt/stack/data/venv/lib/python3.12/site-packages/glance_store/location.py:146}}
Jul 27 19:37:56.765568 np0000005933 devstack@g-api.service[99744]: DEBUG glance.api.middleware.version_negotiation [None req-8294aa52-ba68-47dc-ab2d-94e4804e5030 tempest-VolumesActionsTest-746566758 tempest-VolumesActionsTest-746566758-project-member] Determining version of request: GET /v2/images/6da69d6d-0b44-4f0d-86c9-e8810ba2820b Accept: application/json {{(pid=99744) process_request /opt/stack/glance/glance/api/middleware/version_negotiation.py:44}}
Jul 27 19:37:56.765996 np0000005933 devstack@g-api.service[99744]: DEBUG glance.api.middleware.version_negotiation [None req-8294aa52-ba68-47dc-ab2d-94e4804e5030 tempest-VolumesActionsTest-746566758 tempest-VolumesActionsTest-746566758-project-member] Using url versioning {{(pid=99744) process_request /opt/stack/glance/glance/api/middleware/version_negotiation.py:57}}
Jul 27 19:37:56.766081 np0000005933 devstack@g-api.service[99744]: DEBUG glance.api.middleware.version_negotiation [None req-8294aa52-ba68-47dc-ab2d-94e4804e5030 tempest-VolumesActionsTest-746566758 tempest-VolumesActionsTest-746566758-project-member] Matched version: v2 {{(pid=99744) process_request /opt/stack/glance/glance/api/middleware/version_negotiation.py:69}}
Jul 27 19:37:56.766273 np0000005933 devstack@g-api.service[99744]: DEBUG glance.api.middleware.version_negotiation [None req-8294aa52-ba68-47dc-ab2d-94e4804e5030 tempest-VolumesActionsTest-746566758 tempest-VolumesActionsTest-746566758-project-member] new path /v2/images/6da69d6d-0b44-4f0d-86c9-e8810ba2820b {{(pid=99744) process_request /opt/stack/glance/glance/api/middleware/version_negotiation.py:70}}
Jul 27 19:37:56.789300 np0000005933 devstack@g-api.service[99744]: [pid: 99744|app: 0|req: 42/114] 127.0.0.1 () {40 vars in 838 bytes} [Mon Jul 27 19:37:56 2026] GET /v2/images/6da69d6d-0b44-4f0d-86c9-e8810ba2820b => generated 650 bytes in 24 msecs (HTTP/1.1 200) 4 headers in 157 bytes (1 switches on core 0)
Jul 27 19:37:56.952015 np0000005933 devstack@g-api.service[99745]: DEBUG swiftclient [None req-57627172-a9a1-4cdb-88b0-dfc022e7e37b tempest-VolumesActionsTest-746566758 tempest-VolumesActionsTest-746566758-project-member] REQ: curl -i https://10.4.3.184:8080/v1/AUTH_ba858a90d8004201a54b9cc802d4c0b6/glance -I -H "X-Auth-Token: gAAAAABqZ7OU9r-Y..." {{(pid=99745) http_log /opt/stack/data/venv/lib/python3.12/site-packages/swiftclient/client.py:160}}
Jul 27 19:37:56.952015 np0000005933 devstack@g-api.service[99745]: DEBUG swiftclient [None req-57627172-a9a1-4cdb-88b0-dfc022e7e37b tempest-VolumesActionsTest-746566758 tempest-VolumesActionsTest-746566758-project-member] RESP STATUS: 204 No Content {{(pid=99745) http_log /opt/stack/data/venv/lib/python3.12/site-packages/swiftclient/client.py:161}}
Jul 27 19:37:56.952015 np0000005933 devstack@g-api.service[99745]: DEBUG swiftclient [None req-57627172-a9a1-4cdb-88b0-dfc022e7e37b tempest-VolumesActionsTest-746566758 tempest-VolumesActionsTest-746566758-project-member] RESP HEADERS: {'Date': 'Mon, 27 Jul 2026 19:37:56 GMT', 'Server': 'Apache/2.4.58 (Ubuntu)', 'Content-Type': 'text/plain; charset=utf-8', 'X-Container-Object-Count': '3', 'X-Container-Bytes-Used': '64356352', 'X-Timestamp': '1785180840.75726', 'Last-Modified': 'Mon, 27 Jul 2026 19:34:01 GMT', 'Accept-Ranges': 'bytes', 'X-Storage-Policy': 'Policy-0', 'X-Container-Sharding': 'False', 'Vary': 'Accept', 'X-Trans-Id': 'tx6e089983953c470aa7dda-006a67b394', 'X-Openstack-Request-Id': 'tx6e089983953c470aa7dda-006a67b394', 'Connection': 'close'} {{(pid=99745) http_log /opt/stack/data/venv/lib/python3.12/site-packages/swiftclient/client.py:162}}
Jul 27 19:37:56.952015 np0000005933 devstack@g-api.service[99745]: DEBUG glance_store._drivers.swift.store [None req-57627172-a9a1-4cdb-88b0-dfc022e7e37b tempest-VolumesActionsTest-746566758 tempest-VolumesActionsTest-746566758-project-member] Adding image object '6da69d6d-0b44-4f0d-86c9-e8810ba2820b' to Swift {{(pid=99745) add /opt/stack/data/venv/lib/python3.12/site-packages/glance_store/_drivers/swift/store.py:970}}
Jul 27 19:37:56.952015 np0000005933 devstack@g-api.service[99745]: DEBUG glance_store._drivers.swift.store [None req-57627172-a9a1-4cdb-88b0-dfc022e7e37b tempest-VolumesActionsTest-746566758 tempest-VolumesActionsTest-746566758-project-member] Cannot determine image size because it is either not provided in the request or chunked-transfer encoding is used. Adding image as a segmented object to Swift. {{(pid=99745) add /opt/stack/data/venv/lib/python3.12/site-packages/glance_store/_drivers/swift/store.py:994}}
Jul 27 19:37:56.960088 np0000005933 devstack@g-api.service[99745]: DEBUG oslo_utils.imageutils.format_inspector [None req-57627172-a9a1-4cdb-88b0-dfc022e7e37b tempest-VolumesActionsTest-746566758 tempest-VolumesActionsTest-746566758-project-member] Format inspector for vmdk does not match, excluding from consideration (Signature KDMV not found: b'\x00\x00\x00\x00') {{(pid=99745) _process_chunk /opt/stack/data/venv/lib/python3.12/site-packages/oslo_utils/imageutils/format_inspector.py:1758}}
Jul 27 19:37:56.962520 np0000005933 devstack@g-api.service[99745]: DEBUG oslo_utils.imageutils.format_inspector [None req-57627172-a9a1-4cdb-88b0-dfc022e7e37b tempest-VolumesActionsTest-746566758 tempest-VolumesActionsTest-746566758-project-member] Format inspector for vhdx does not match, excluding from consideration (Region signature not found at 30000) {{(pid=99745) _process_chunk /opt/stack/data/venv/lib/python3.12/site-packages/oslo_utils/imageutils/format_inspector.py:1758}}
Jul 27 19:37:57.800857 np0000005933 devstack@g-api.service[99746]: DEBUG glance.api.middleware.version_negotiation [None req-6de2b41d-4086-45a7-88f7-d36f3c685b0a tempest-VolumesActionsTest-746566758 tempest-VolumesActionsTest-746566758-project-member] Determining version of request: GET /v2/images/6da69d6d-0b44-4f0d-86c9-e8810ba2820b Accept: application/json {{(pid=99746) process_request /opt/stack/glance/glance/api/middleware/version_negotiation.py:44}}
Jul 27 19:37:57.801472 np0000005933 devstack@g-api.service[99746]: DEBUG glance.api.middleware.version_negotiation [None req-6de2b41d-4086-45a7-88f7-d36f3c685b0a tempest-VolumesActionsTest-746566758 tempest-VolumesActionsTest-746566758-project-member] Using url versioning {{(pid=99746) process_request /opt/stack/glance/glance/api/middleware/version_negotiation.py:57}}
Jul 27 19:37:57.801688 np0000005933 devstack@g-api.service[99746]: DEBUG glance.api.middleware.version_negotiation [None req-6de2b41d-4086-45a7-88f7-d36f3c685b0a tempest-VolumesActionsTest-746566758 tempest-VolumesActionsTest-746566758-project-member] Matched version: v2 {{(pid=99746) process_request /opt/stack/glance/glance/api/middleware/version_negotiation.py:69}}
Jul 27 19:37:57.801851 np0000005933 devstack@g-api.service[99746]: DEBUG glance.api.middleware.version_negotiation [None req-6de2b41d-4086-45a7-88f7-d36f3c685b0a tempest-VolumesActionsTest-746566758 tempest-VolumesActionsTest-746566758-project-member] new path /v2/images/6da69d6d-0b44-4f0d-86c9-e8810ba2820b {{(pid=99746) process_request /opt/stack/glance/glance/api/middleware/version_negotiation.py:70}}
Jul 27 19:37:57.820357 np0000005933 devstack@g-api.service[99746]: [pid: 99746|app: 0|req: 42/115] 127.0.0.1 () {40 vars in 838 bytes} [Mon Jul 27 19:37:57 2026] GET /v2/images/6da69d6d-0b44-4f0d-86c9-e8810ba2820b => generated 650 bytes in 20 msecs (HTTP/1.1 200) 4 headers in 157 bytes (1 switches on core 0)
Jul 27 19:37:58.831345 np0000005933 devstack@g-api.service[99744]: DEBUG glance.api.middleware.version_negotiation [None req-a6725d4c-b749-42f7-9c0d-60c245d2801b tempest-VolumesActionsTest-746566758 tempest-VolumesActionsTest-746566758-project-member] Determining version of request: GET /v2/images/6da69d6d-0b44-4f0d-86c9-e8810ba2820b Accept: application/json {{(pid=99744) process_request /opt/stack/glance/glance/api/middleware/version_negotiation.py:44}}
Jul 27 19:37:58.831694 np0000005933 devstack@g-api.service[99744]: DEBUG glance.api.middleware.version_negotiation [None req-a6725d4c-b749-42f7-9c0d-60c245d2801b tempest-VolumesActionsTest-746566758 tempest-VolumesActionsTest-746566758-project-member] Using url versioning {{(pid=99744) process_request /opt/stack/glance/glance/api/middleware/version_negotiation.py:57}}
Jul 27 19:37:58.831738 np0000005933 devstack@g-api.service[99744]: DEBUG glance.api.middleware.version_negotiation [None req-a6725d4c-b749-42f7-9c0d-60c245d2801b tempest-VolumesActionsTest-746566758 tempest-VolumesActionsTest-746566758-project-member] Matched version: v2 {{(pid=99744) process_request /opt/stack/glance/glance/api/middleware/version_negotiation.py:69}}
Jul 27 19:37:58.831887 np0000005933 devstack@g-api.service[99744]: DEBUG glance.api.middleware.version_negotiation [None req-a6725d4c-b749-42f7-9c0d-60c245d2801b tempest-VolumesActionsTest-746566758 tempest-VolumesActionsTest-746566758-project-member] new path /v2/images/6da69d6d-0b44-4f0d-86c9-e8810ba2820b {{(pid=99744) process_request /opt/stack/glance/glance/api/middleware/version_negotiation.py:70}}
Jul 27 19:37:58.849512 np0000005933 devstack@g-api.service[99744]: [pid: 99744|app: 0|req: 43/116] 127.0.0.1 () {40 vars in 838 bytes} [Mon Jul 27 19:37:58 2026] GET /v2/images/6da69d6d-0b44-4f0d-86c9-e8810ba2820b => generated 650 bytes in 19 msecs (HTTP/1.1 200) 4 headers in 157 bytes (1 switches on core 0)
Jul 27 19:37:59.679891 np0000005933 devstack@g-api.service[99745]: DEBUG swiftclient [None req-57627172-a9a1-4cdb-88b0-dfc022e7e37b tempest-VolumesActionsTest-746566758 tempest-VolumesActionsTest-746566758-project-member] REQ: curl -i https://10.4.3.184:8080/v1/AUTH_ba858a90d8004201a54b9cc802d4c0b6/glance/6da69d6d-0b44-4f0d-86c9-e8810ba2820b-00001 -X PUT -H "X-Auth-Token: gAAAAABqZ7OU9r-Y..." {{(pid=99745) http_log /opt/stack/data/venv/lib/python3.12/site-packages/swiftclient/client.py:160}}
Jul 27 19:37:59.680296 np0000005933 devstack@g-api.service[99745]: DEBUG swiftclient [None req-57627172-a9a1-4cdb-88b0-dfc022e7e37b tempest-VolumesActionsTest-746566758 tempest-VolumesActionsTest-746566758-project-member] RESP STATUS: 201 Created {{(pid=99745) http_log /opt/stack/data/venv/lib/python3.12/site-packages/swiftclient/client.py:161}}
Jul 27 19:37:59.680296 np0000005933 devstack@g-api.service[99745]: DEBUG swiftclient [None req-57627172-a9a1-4cdb-88b0-dfc022e7e37b tempest-VolumesActionsTest-746566758 tempest-VolumesActionsTest-746566758-project-member] RESP HEADERS: {'Date': 'Mon, 27 Jul 2026 19:37:59 GMT', 'Server': 'Apache/2.4.58 (Ubuntu)', 'Content-Type': 'text/html; charset=UTF-8', 'Content-Length': '0', 'Etag': 'eda9a9889837ac4bc81d6387d92c1bec', 'Last-Modified': 'Mon, 27 Jul 2026 19:37:57 GMT', 'X-Trans-Id': 'txe58592290f6d426982a9e-006a67b394', 'X-Openstack-Request-Id': 'txe58592290f6d426982a9e-006a67b394', 'Connection': 'close'} {{(pid=99745) http_log /opt/stack/data/venv/lib/python3.12/site-packages/swiftclient/client.py:162}}
Jul 27 19:37:59.680520 np0000005933 devstack@g-api.service[99745]: DEBUG glance_store._drivers.swift.store [None req-57627172-a9a1-4cdb-88b0-dfc022e7e37b tempest-VolumesActionsTest-746566758 tempest-VolumesActionsTest-746566758-project-member] Wrote chunk 6da69d6d-0b44-4f0d-86c9-e8810ba2820b-00001 (1/?) of length 204800000 to Swift returning MD5 of content: eda9a9889837ac4bc81d6387d92c1bec {{(pid=99745) add /opt/stack/data/venv/lib/python3.12/site-packages/glance_store/_drivers/swift/store.py:1059}}
Jul 27 19:37:59.862599 np0000005933 devstack@g-api.service[99746]: DEBUG glance.api.middleware.version_negotiation [None req-03a4f25f-68f8-4b57-b562-abd9f063c8e4 tempest-VolumesActionsTest-746566758 tempest-VolumesActionsTest-746566758-project-member] Determining version of request: GET /v2/images/6da69d6d-0b44-4f0d-86c9-e8810ba2820b Accept: application/json {{(pid=99746) process_request /opt/stack/glance/glance/api/middleware/version_negotiation.py:44}}
Jul 27 19:37:59.864336 np0000005933 devstack@g-api.service[99746]: DEBUG glance.api.middleware.version_negotiation [None req-03a4f25f-68f8-4b57-b562-abd9f063c8e4 tempest-VolumesActionsTest-746566758 tempest-VolumesActionsTest-746566758-project-member] Using url versioning {{(pid=99746) process_request /opt/stack/glance/glance/api/middleware/version_negotiation.py:57}}
Jul 27 19:37:59.864336 np0000005933 devstack@g-api.service[99746]: DEBUG glance.api.middleware.version_negotiation [None req-03a4f25f-68f8-4b57-b562-abd9f063c8e4 tempest-VolumesActionsTest-746566758 tempest-VolumesActionsTest-746566758-project-member] Matched version: v2 {{(pid=99746) process_request /opt/stack/glance/glance/api/middleware/version_negotiation.py:69}}
Jul 27 19:37:59.864336 np0000005933 devstack@g-api.service[99746]: DEBUG glance.api.middleware.version_negotiation [None req-03a4f25f-68f8-4b57-b562-abd9f063c8e4 tempest-VolumesActionsTest-746566758 tempest-VolumesActionsTest-746566758-project-member] new path /v2/images/6da69d6d-0b44-4f0d-86c9-e8810ba2820b {{(pid=99746) process_request /opt/stack/glance/glance/api/middleware/version_negotiation.py:70}}
Jul 27 19:37:59.879843 np0000005933 devstack@g-api.service[99746]: [pid: 99746|app: 0|req: 43/117] 127.0.0.1 () {40 vars in 838 bytes} [Mon Jul 27 19:37:59 2026] GET /v2/images/6da69d6d-0b44-4f0d-86c9-e8810ba2820b => generated 650 bytes in 17 msecs (HTTP/1.1 200) 4 headers in 157 bytes (1 switches on core 0)
Jul 27 19:38:00.893083 np0000005933 devstack@g-api.service[99744]: DEBUG glance.api.middleware.version_negotiation [None req-3c1dedba-8136-499e-9621-73f7e975c7c0 tempest-VolumesActionsTest-746566758 tempest-VolumesActionsTest-746566758-project-member] Determining version of request: GET /v2/images/6da69d6d-0b44-4f0d-86c9-e8810ba2820b Accept: application/json {{(pid=99744) process_request /opt/stack/glance/glance/api/middleware/version_negotiation.py:44}}
Jul 27 19:38:00.893515 np0000005933 devstack@g-api.service[99744]: DEBUG glance.api.middleware.version_negotiation [None req-3c1dedba-8136-499e-9621-73f7e975c7c0 tempest-VolumesActionsTest-746566758 tempest-VolumesActionsTest-746566758-project-member] Using url versioning {{(pid=99744) process_request /opt/stack/glance/glance/api/middleware/version_negotiation.py:57}}
Jul 27 19:38:00.895356 np0000005933 devstack@g-api.service[99744]: DEBUG glance.api.middleware.version_negotiation [None req-3c1dedba-8136-499e-9621-73f7e975c7c0 tempest-VolumesActionsTest-746566758 tempest-VolumesActionsTest-746566758-project-member] Matched version: v2 {{(pid=99744) process_request /opt/stack/glance/glance/api/middleware/version_negotiation.py:69}}
Jul 27 19:38:00.895551 np0000005933 devstack@g-api.service[99744]: DEBUG glance.api.middleware.version_negotiation [None req-3c1dedba-8136-499e-9621-73f7e975c7c0 tempest-VolumesActionsTest-746566758 tempest-VolumesActionsTest-746566758-project-member] new path /v2/images/6da69d6d-0b44-4f0d-86c9-e8810ba2820b {{(pid=99744) process_request /opt/stack/glance/glance/api/middleware/version_negotiation.py:70}}
Jul 27 19:38:00.917026 np0000005933 devstack@g-api.service[99744]: [pid: 99744|app: 0|req: 44/118] 127.0.0.1 () {40 vars in 838 bytes} [Mon Jul 27 19:38:00 2026] GET /v2/images/6da69d6d-0b44-4f0d-86c9-e8810ba2820b => generated 650 bytes in 24 msecs (HTTP/1.1 200) 4 headers in 157 bytes (1 switches on core 0)
Jul 27 19:38:01.931511 np0000005933 devstack@g-api.service[99746]: DEBUG glance.api.middleware.version_negotiation [None req-b62e9176-f30c-4a96-af96-5e0ce9774a7e tempest-VolumesActionsTest-746566758 tempest-VolumesActionsTest-746566758-project-member] Determining version of request: GET /v2/images/6da69d6d-0b44-4f0d-86c9-e8810ba2820b Accept: application/json {{(pid=99746) process_request /opt/stack/glance/glance/api/middleware/version_negotiation.py:44}}
Jul 27 19:38:01.931977 np0000005933 devstack@g-api.service[99746]: DEBUG glance.api.middleware.version_negotiation [None req-b62e9176-f30c-4a96-af96-5e0ce9774a7e tempest-VolumesActionsTest-746566758 tempest-VolumesActionsTest-746566758-project-member] Using url versioning {{(pid=99746) process_request /opt/stack/glance/glance/api/middleware/version_negotiation.py:57}}
Jul 27 19:38:01.932576 np0000005933 devstack@g-api.service[99746]: DEBUG glance.api.middleware.version_negotiation [None req-b62e9176-f30c-4a96-af96-5e0ce9774a7e tempest-VolumesActionsTest-746566758 tempest-VolumesActionsTest-746566758-project-member] Matched version: v2 {{(pid=99746) process_request /opt/stack/glance/glance/api/middleware/version_negotiation.py:69}}
Jul 27 19:38:01.932576 np0000005933 devstack@g-api.service[99746]: DEBUG glance.api.middleware.version_negotiation [None req-b62e9176-f30c-4a96-af96-5e0ce9774a7e tempest-VolumesActionsTest-746566758 tempest-VolumesActionsTest-746566758-project-member] new path /v2/images/6da69d6d-0b44-4f0d-86c9-e8810ba2820b {{(pid=99746) process_request /opt/stack/glance/glance/api/middleware/version_negotiation.py:70}}
Jul 27 19:38:01.953670 np0000005933 devstack@g-api.service[99746]: [pid: 99746|app: 0|req: 44/119] 127.0.0.1 () {40 vars in 838 bytes} [Mon Jul 27 19:38:01 2026] GET /v2/images/6da69d6d-0b44-4f0d-86c9-e8810ba2820b => generated 650 bytes in 25 msecs (HTTP/1.1 200) 4 headers in 157 bytes (1 switches on core 0)
Jul 27 19:38:02.667558 np0000005933 devstack@g-api.service[99745]: DEBUG swiftclient [None req-57627172-a9a1-4cdb-88b0-dfc022e7e37b tempest-VolumesActionsTest-746566758 tempest-VolumesActionsTest-746566758-project-member] REQ: curl -i https://10.4.3.184:8080/v1/AUTH_ba858a90d8004201a54b9cc802d4c0b6/glance/6da69d6d-0b44-4f0d-86c9-e8810ba2820b-00002 -X PUT -H "X-Auth-Token: gAAAAABqZ7OU9r-Y..." {{(pid=99745) http_log /opt/stack/data/venv/lib/python3.12/site-packages/swiftclient/client.py:160}}
Jul 27 19:38:02.667976 np0000005933 devstack@g-api.service[99745]: DEBUG swiftclient [None req-57627172-a9a1-4cdb-88b0-dfc022e7e37b tempest-VolumesActionsTest-746566758 tempest-VolumesActionsTest-746566758-project-member] RESP STATUS: 201 Created {{(pid=99745) http_log /opt/stack/data/venv/lib/python3.12/site-packages/swiftclient/client.py:161}}
Jul 27 19:38:02.667976 np0000005933 devstack@g-api.service[99745]: DEBUG swiftclient [None req-57627172-a9a1-4cdb-88b0-dfc022e7e37b tempest-VolumesActionsTest-746566758 tempest-VolumesActionsTest-746566758-project-member] RESP HEADERS: {'Date': 'Mon, 27 Jul 2026 19:38:02 GMT', 'Server': 'Apache/2.4.58 (Ubuntu)', 'Content-Type': 'text/html; charset=UTF-8', 'Content-Length': '0', 'Etag': 'eda9a9889837ac4bc81d6387d92c1bec', 'Last-Modified': 'Mon, 27 Jul 2026 19:38:00 GMT', 'X-Trans-Id': 'tx7b0fe48cc18d444e881c7-006a67b397', 'X-Openstack-Request-Id': 'tx7b0fe48cc18d444e881c7-006a67b397', 'Connection': 'close'} {{(pid=99745) http_log /opt/stack/data/venv/lib/python3.12/site-packages/swiftclient/client.py:162}}
Jul 27 19:38:02.668381 np0000005933 devstack@g-api.service[99745]: DEBUG glance_store._drivers.swift.store [None req-57627172-a9a1-4cdb-88b0-dfc022e7e37b tempest-VolumesActionsTest-746566758 tempest-VolumesActionsTest-746566758-project-member] Wrote chunk 6da69d6d-0b44-4f0d-86c9-e8810ba2820b-00002 (2/?) of length 204800000 to Swift returning MD5 of content: eda9a9889837ac4bc81d6387d92c1bec {{(pid=99745) add /opt/stack/data/venv/lib/python3.12/site-packages/glance_store/_drivers/swift/store.py:1059}}
Jul 27 19:38:02.967871 np0000005933 devstack@g-api.service[99744]: DEBUG glance.api.middleware.version_negotiation [None req-514d7d15-603d-4441-92b9-69bacb281b9f tempest-VolumesActionsTest-746566758 tempest-VolumesActionsTest-746566758-project-member] Determining version of request: GET /v2/images/6da69d6d-0b44-4f0d-86c9-e8810ba2820b Accept: application/json {{(pid=99744) process_request /opt/stack/glance/glance/api/middleware/version_negotiation.py:44}}
Jul 27 19:38:02.969194 np0000005933 devstack@g-api.service[99744]: DEBUG glance.api.middleware.version_negotiation [None req-514d7d15-603d-4441-92b9-69bacb281b9f tempest-VolumesActionsTest-746566758 tempest-VolumesActionsTest-746566758-project-member] Using url versioning {{(pid=99744) process_request /opt/stack/glance/glance/api/middleware/version_negotiation.py:57}}
Jul 27 19:38:02.969820 np0000005933 devstack@g-api.service[99744]: DEBUG glance.api.middleware.version_negotiation [None req-514d7d15-603d-4441-92b9-69bacb281b9f tempest-VolumesActionsTest-746566758 tempest-VolumesActionsTest-746566758-project-member] Matched version: v2 {{(pid=99744) process_request /opt/stack/glance/glance/api/middleware/version_negotiation.py:69}}
Jul 27 19:38:02.970066 np0000005933 devstack@g-api.service[99744]: DEBUG glance.api.middleware.version_negotiation [None req-514d7d15-603d-4441-92b9-69bacb281b9f tempest-VolumesActionsTest-746566758 tempest-VolumesActionsTest-746566758-project-member] new path /v2/images/6da69d6d-0b44-4f0d-86c9-e8810ba2820b {{(pid=99744) process_request /opt/stack/glance/glance/api/middleware/version_negotiation.py:70}}
Jul 27 19:38:02.994366 np0000005933 devstack@g-api.service[99744]: [pid: 99744|app: 0|req: 45/120] 127.0.0.1 () {40 vars in 838 bytes} [Mon Jul 27 19:38:02 2026] GET /v2/images/6da69d6d-0b44-4f0d-86c9-e8810ba2820b => generated 650 bytes in 27 msecs (HTTP/1.1 200) 4 headers in 157 bytes (1 switches on core 0)
Jul 27 19:38:04.009902 np0000005933 devstack@g-api.service[99746]: DEBUG glance.api.middleware.version_negotiation [None req-73446f0a-713f-4cf3-957b-6d2860cbf4e7 tempest-VolumesActionsTest-746566758 tempest-VolumesActionsTest-746566758-project-member] Determining version of request: GET /v2/images/6da69d6d-0b44-4f0d-86c9-e8810ba2820b Accept: application/json {{(pid=99746) process_request /opt/stack/glance/glance/api/middleware/version_negotiation.py:44}}
Jul 27 19:38:04.010385 np0000005933 devstack@g-api.service[99746]: DEBUG glance.api.middleware.version_negotiation [None req-73446f0a-713f-4cf3-957b-6d2860cbf4e7 tempest-VolumesActionsTest-746566758 tempest-VolumesActionsTest-746566758-project-member] Using url versioning {{(pid=99746) process_request /opt/stack/glance/glance/api/middleware/version_negotiation.py:57}}
Jul 27 19:38:04.010971 np0000005933 devstack@g-api.service[99746]: DEBUG glance.api.middleware.version_negotiation [None req-73446f0a-713f-4cf3-957b-6d2860cbf4e7 tempest-VolumesActionsTest-746566758 tempest-VolumesActionsTest-746566758-project-member] Matched version: v2 {{(pid=99746) process_request /opt/stack/glance/glance/api/middleware/version_negotiation.py:69}}
Jul 27 19:38:04.010971 np0000005933 devstack@g-api.service[99746]: DEBUG glance.api.middleware.version_negotiation [None req-73446f0a-713f-4cf3-957b-6d2860cbf4e7 tempest-VolumesActionsTest-746566758 tempest-VolumesActionsTest-746566758-project-member] new path /v2/images/6da69d6d-0b44-4f0d-86c9-e8810ba2820b {{(pid=99746) process_request /opt/stack/glance/glance/api/middleware/version_negotiation.py:70}}
Jul 27 19:38:04.023150 np0000005933 devstack@g-api.service[99746]: [pid: 99746|app: 0|req: 45/121] 127.0.0.1 () {40 vars in 838 bytes} [Mon Jul 27 19:38:04 2026] GET /v2/images/6da69d6d-0b44-4f0d-86c9-e8810ba2820b => generated 650 bytes in 14 msecs (HTTP/1.1 200) 4 headers in 157 bytes (1 switches on core 0)
Jul 27 19:38:05.034864 np0000005933 devstack@g-api.service[99744]: DEBUG glance.api.middleware.version_negotiation [None req-8a735f46-923a-4c63-81a5-e2ad281fab13 tempest-VolumesActionsTest-746566758 tempest-VolumesActionsTest-746566758-project-member] Determining version of request: GET /v2/images/6da69d6d-0b44-4f0d-86c9-e8810ba2820b Accept: application/json {{(pid=99744) process_request /opt/stack/glance/glance/api/middleware/version_negotiation.py:44}}
Jul 27 19:38:05.034864 np0000005933 devstack@g-api.service[99744]: DEBUG glance.api.middleware.version_negotiation [None req-8a735f46-923a-4c63-81a5-e2ad281fab13 tempest-VolumesActionsTest-746566758 tempest-VolumesActionsTest-746566758-project-member] Using url versioning {{(pid=99744) process_request /opt/stack/glance/glance/api/middleware/version_negotiation.py:57}}
Jul 27 19:38:05.034864 np0000005933 devstack@g-api.service[99744]: DEBUG glance.api.middleware.version_negotiation [None req-8a735f46-923a-4c63-81a5-e2ad281fab13 tempest-VolumesActionsTest-746566758 tempest-VolumesActionsTest-746566758-project-member] Matched version: v2 {{(pid=99744) process_request /opt/stack/glance/glance/api/middleware/version_negotiation.py:69}}
Jul 27 19:38:05.034864 np0000005933 devstack@g-api.service[99744]: DEBUG glance.api.middleware.version_negotiation [None req-8a735f46-923a-4c63-81a5-e2ad281fab13 tempest-VolumesActionsTest-746566758 tempest-VolumesActionsTest-746566758-project-member] new path /v2/images/6da69d6d-0b44-4f0d-86c9-e8810ba2820b {{(pid=99744) process_request /opt/stack/glance/glance/api/middleware/version_negotiation.py:70}}
Jul 27 19:38:05.064510 np0000005933 devstack@g-api.service[99744]: [pid: 99744|app: 0|req: 46/122] 127.0.0.1 () {40 vars in 838 bytes} [Mon Jul 27 19:38:05 2026] GET /v2/images/6da69d6d-0b44-4f0d-86c9-e8810ba2820b => generated 650 bytes in 31 msecs (HTTP/1.1 200) 4 headers in 157 bytes (1 switches on core 0)
Jul 27 19:38:06.073993 np0000005933 devstack@g-api.service[99746]: DEBUG glance.api.middleware.version_negotiation [None req-76012bd1-7ee1-4c26-9e08-3a288122467f tempest-VolumesActionsTest-746566758 tempest-VolumesActionsTest-746566758-project-member] Determining version of request: GET /v2/images/6da69d6d-0b44-4f0d-86c9-e8810ba2820b Accept: application/json {{(pid=99746) process_request /opt/stack/glance/glance/api/middleware/version_negotiation.py:44}}
Jul 27 19:38:06.074496 np0000005933 devstack@g-api.service[99746]: DEBUG glance.api.middleware.version_negotiation [None req-76012bd1-7ee1-4c26-9e08-3a288122467f tempest-VolumesActionsTest-746566758 tempest-VolumesActionsTest-746566758-project-member] Using url versioning {{(pid=99746) process_request /opt/stack/glance/glance/api/middleware/version_negotiation.py:57}}
Jul 27 19:38:06.074496 np0000005933 devstack@g-api.service[99746]: DEBUG glance.api.middleware.version_negotiation [None req-76012bd1-7ee1-4c26-9e08-3a288122467f tempest-VolumesActionsTest-746566758 tempest-VolumesActionsTest-746566758-project-member] Matched version: v2 {{(pid=99746) process_request /opt/stack/glance/glance/api/middleware/version_negotiation.py:69}}
Jul 27 19:38:06.074715 np0000005933 devstack@g-api.service[99746]: DEBUG glance.api.middleware.version_negotiation [None req-76012bd1-7ee1-4c26-9e08-3a288122467f tempest-VolumesActionsTest-746566758 tempest-VolumesActionsTest-746566758-project-member] new path /v2/images/6da69d6d-0b44-4f0d-86c9-e8810ba2820b {{(pid=99746) process_request /opt/stack/glance/glance/api/middleware/version_negotiation.py:70}}
Jul 27 19:38:06.085394 np0000005933 devstack@g-api.service[99746]: [pid: 99746|app: 0|req: 46/123] 127.0.0.1 () {40 vars in 838 bytes} [Mon Jul 27 19:38:06 2026] GET /v2/images/6da69d6d-0b44-4f0d-86c9-e8810ba2820b => generated 650 bytes in 11 msecs (HTTP/1.1 200) 4 headers in 157 bytes (1 switches on core 0)
Jul 27 19:38:06.234449 np0000005933 devstack@g-api.service[99745]: DEBUG dbcounter [-] [99745] Writing DB stats glance:SELECT=16,glance:INSERT=1,glance:UPDATE=1 {{(pid=99745) stat_writer /opt/stack/data/venv/lib/python3.12/site-packages/dbcounter.py:115}}
Jul 27 19:38:06.605526 np0000005933 devstack@g-api.service[99745]: DEBUG swiftclient [None req-57627172-a9a1-4cdb-88b0-dfc022e7e37b tempest-VolumesActionsTest-746566758 tempest-VolumesActionsTest-746566758-project-member] REQ: curl -i https://10.4.3.184:8080/v1/AUTH_ba858a90d8004201a54b9cc802d4c0b6/glance/6da69d6d-0b44-4f0d-86c9-e8810ba2820b-00003 -X PUT -H "X-Auth-Token: gAAAAABqZ7OU9r-Y..." {{(pid=99745) http_log /opt/stack/data/venv/lib/python3.12/site-packages/swiftclient/client.py:160}}
Jul 27 19:38:06.605526 np0000005933 devstack@g-api.service[99745]: DEBUG swiftclient [None req-57627172-a9a1-4cdb-88b0-dfc022e7e37b tempest-VolumesActionsTest-746566758 tempest-VolumesActionsTest-746566758-project-member] RESP STATUS: 201 Created {{(pid=99745) http_log /opt/stack/data/venv/lib/python3.12/site-packages/swiftclient/client.py:161}}
Jul 27 19:38:06.605526 np0000005933 devstack@g-api.service[99745]: DEBUG swiftclient [None req-57627172-a9a1-4cdb-88b0-dfc022e7e37b tempest-VolumesActionsTest-746566758 tempest-VolumesActionsTest-746566758-project-member] RESP HEADERS: {'Date': 'Mon, 27 Jul 2026 19:38:06 GMT', 'Server': 'Apache/2.4.58 (Ubuntu)', 'Content-Type': 'text/html; charset=UTF-8', 'Content-Length': '0', 'Etag': 'eda9a9889837ac4bc81d6387d92c1bec', 'Last-Modified': 'Mon, 27 Jul 2026 19:38:03 GMT', 'X-Trans-Id': 'tx75479eafab6149bd919e8-006a67b39a', 'X-Openstack-Request-Id': 'tx75479eafab6149bd919e8-006a67b39a', 'Connection': 'close'} {{(pid=99745) http_log /opt/stack/data/venv/lib/python3.12/site-packages/swiftclient/client.py:162}}
Jul 27 19:38:06.605526 np0000005933 devstack@g-api.service[99745]: DEBUG glance_store._drivers.swift.store [None req-57627172-a9a1-4cdb-88b0-dfc022e7e37b tempest-VolumesActionsTest-746566758 tempest-VolumesActionsTest-746566758-project-member] Wrote chunk 6da69d6d-0b44-4f0d-86c9-e8810ba2820b-00003 (3/?) of length 204800000 to Swift returning MD5 of content: eda9a9889837ac4bc81d6387d92c1bec {{(pid=99745) add /opt/stack/data/venv/lib/python3.12/site-packages/glance_store/_drivers/swift/store.py:1059}}
Jul 27 19:38:07.109141 np0000005933 devstack@g-api.service[99744]: DEBUG glance.api.middleware.version_negotiation [None req-af12db08-615d-4a23-99d4-85378c66a517 tempest-VolumesActionsTest-746566758 tempest-VolumesActionsTest-746566758-project-member] Determining version of request: GET /v2/images/6da69d6d-0b44-4f0d-86c9-e8810ba2820b Accept: application/json {{(pid=99744) process_request /opt/stack/glance/glance/api/middleware/version_negotiation.py:44}}
Jul 27 19:38:07.110505 np0000005933 devstack@g-api.service[99744]: DEBUG glance.api.middleware.version_negotiation [None req-af12db08-615d-4a23-99d4-85378c66a517 tempest-VolumesActionsTest-746566758 tempest-VolumesActionsTest-746566758-project-member] Using url versioning {{(pid=99744) process_request /opt/stack/glance/glance/api/middleware/version_negotiation.py:57}}
Jul 27 19:38:07.110505 np0000005933 devstack@g-api.service[99744]: DEBUG glance.api.middleware.version_negotiation [None req-af12db08-615d-4a23-99d4-85378c66a517 tempest-VolumesActionsTest-746566758 tempest-VolumesActionsTest-746566758-project-member] Matched version: v2 {{(pid=99744) process_request /opt/stack/glance/glance/api/middleware/version_negotiation.py:69}}
Jul 27 19:38:07.110588 np0000005933 devstack@g-api.service[99744]: DEBUG glance.api.middleware.version_negotiation [None req-af12db08-615d-4a23-99d4-85378c66a517 tempest-VolumesActionsTest-746566758 tempest-VolumesActionsTest-746566758-project-member] new path /v2/images/6da69d6d-0b44-4f0d-86c9-e8810ba2820b {{(pid=99744) process_request /opt/stack/glance/glance/api/middleware/version_negotiation.py:70}}
Jul 27 19:38:07.127792 np0000005933 devstack@g-api.service[99744]: [pid: 99744|app: 0|req: 47/124] 127.0.0.1 () {40 vars in 838 bytes} [Mon Jul 27 19:38:07 2026] GET /v2/images/6da69d6d-0b44-4f0d-86c9-e8810ba2820b => generated 650 bytes in 19 msecs (HTTP/1.1 200) 4 headers in 157 bytes (1 switches on core 0)
Jul 27 19:38:08.140620 np0000005933 devstack@g-api.service[99746]: DEBUG glance.api.middleware.version_negotiation [None req-168bfe74-0cd7-4c2e-9c7c-6a09e8a5a012 tempest-VolumesActionsTest-746566758 tempest-VolumesActionsTest-746566758-project-member] Determining version of request: GET /v2/images/6da69d6d-0b44-4f0d-86c9-e8810ba2820b Accept: application/json {{(pid=99746) process_request /opt/stack/glance/glance/api/middleware/version_negotiation.py:44}}
Jul 27 19:38:08.141163 np0000005933 devstack@g-api.service[99746]: DEBUG glance.api.middleware.version_negotiation [None req-168bfe74-0cd7-4c2e-9c7c-6a09e8a5a012 tempest-VolumesActionsTest-746566758 tempest-VolumesActionsTest-746566758-project-member] Using url versioning {{(pid=99746) process_request /opt/stack/glance/glance/api/middleware/version_negotiation.py:57}}
Jul 27 19:38:08.141163 np0000005933 devstack@g-api.service[99746]: DEBUG glance.api.middleware.version_negotiation [None req-168bfe74-0cd7-4c2e-9c7c-6a09e8a5a012 tempest-VolumesActionsTest-746566758 tempest-VolumesActionsTest-746566758-project-member] Matched version: v2 {{(pid=99746) process_request /opt/stack/glance/glance/api/middleware/version_negotiation.py:69}}
Jul 27 19:38:08.141163 np0000005933 devstack@g-api.service[99746]: DEBUG glance.api.middleware.version_negotiation [None req-168bfe74-0cd7-4c2e-9c7c-6a09e8a5a012 tempest-VolumesActionsTest-746566758 tempest-VolumesActionsTest-746566758-project-member] new path /v2/images/6da69d6d-0b44-4f0d-86c9-e8810ba2820b {{(pid=99746) process_request /opt/stack/glance/glance/api/middleware/version_negotiation.py:70}}
