Jul 27 19:33:32.234456 np0000005933 nova-scheduler[93540]: DEBUG cotyledon.oslo_config_glue [-] oslo_messaging_rabbit.rabbit_qos_prefetch_count = 0 {{(pid=93540) log_opt_values /opt/stack/data/venv/lib/python3.12/site-packages/oslo_config/cfg.py:3253}}
Jul 27 19:33:32.234456 np0000005933 nova-scheduler[93540]: DEBUG cotyledon.oslo_config_glue [-] oslo_messaging_rabbit.rabbit_quorum_delivery_limit = 0 {{(pid=93540) log_opt_values /opt/stack/data/venv/lib/python3.12/site-packages/oslo_config/cfg.py:3253}}
Jul 27 19:33:32.234725 np0000005933 nova-scheduler[93540]: DEBUG cotyledon.oslo_config_glue [-] oslo_messaging_rabbit.rabbit_quorum_max_memory_bytes = 0 {{(pid=93540) log_opt_values /opt/stack/data/venv/lib/python3.12/site-packages/oslo_config/cfg.py:3253}}
Jul 27 19:33:32.234725 np0000005933 nova-scheduler[93540]: DEBUG cotyledon.oslo_config_glue [-] oslo_messaging_rabbit.rabbit_quorum_max_memory_length = 0 {{(pid=93540) log_opt_values /opt/stack/data/venv/lib/python3.12/site-packages/oslo_config/cfg.py:3253}}
Jul 27 19:33:32.234725 np0000005933 nova-scheduler[93540]: DEBUG cotyledon.oslo_config_glue [-] oslo_messaging_rabbit.rabbit_quorum_queue = False {{(pid=93540) log_opt_values /opt/stack/data/venv/lib/python3.12/site-packages/oslo_config/cfg.py:3253}}
Jul 27 19:33:32.234725 np0000005933 nova-scheduler[93540]: DEBUG cotyledon.oslo_config_glue [-] oslo_messaging_rabbit.rabbit_retry_backoff = 2 {{(pid=93540) log_opt_values /opt/stack/data/venv/lib/python3.12/site-packages/oslo_config/cfg.py:3253}}
Jul 27 19:33:32.234725 np0000005933 nova-scheduler[93540]: DEBUG cotyledon.oslo_config_glue [-] oslo_messaging_rabbit.rabbit_retry_interval = 1 {{(pid=93540) log_opt_values /opt/stack/data/venv/lib/python3.12/site-packages/oslo_config/cfg.py:3253}}
Jul 27 19:33:32.234725 np0000005933 nova-scheduler[93540]: DEBUG cotyledon.oslo_config_glue [-] oslo_messaging_rabbit.rabbit_stream_fanout = False {{(pid=93540) log_opt_values /opt/stack/data/venv/lib/python3.12/site-packages/oslo_config/cfg.py:3253}}
Jul 27 19:33:32.234725 np0000005933 nova-scheduler[93540]: DEBUG cotyledon.oslo_config_glue [-] oslo_messaging_rabbit.rabbit_transient_queues_ttl = 1800 {{(pid=93540) log_opt_values /opt/stack/data/venv/lib/python3.12/site-packages/oslo_config/cfg.py:3253}}
Jul 27 19:33:32.234725 np0000005933 nova-scheduler[93540]: DEBUG cotyledon.oslo_config_glue [-] oslo_messaging_rabbit.rabbit_transient_quorum_queue = False {{(pid=93540) log_opt_values /opt/stack/data/venv/lib/python3.12/site-packages/oslo_config/cfg.py:3253}}
Jul 27 19:33:32.234977 np0000005933 nova-scheduler[93540]: DEBUG cotyledon.oslo_config_glue [-] oslo_messaging_rabbit.rpc_conn_pool_size = 30 {{(pid=93540) log_opt_values /opt/stack/data/venv/lib/python3.12/site-packages/oslo_config/cfg.py:3253}}
Jul 27 19:33:32.234977 np0000005933 nova-scheduler[93540]: DEBUG cotyledon.oslo_config_glue [-] oslo_messaging_rabbit.ssl = False {{(pid=93540) log_opt_values /opt/stack/data/venv/lib/python3.12/site-packages/oslo_config/cfg.py:3253}}
Jul 27 19:33:32.234977 np0000005933 nova-scheduler[93540]: DEBUG cotyledon.oslo_config_glue [-] oslo_messaging_rabbit.ssl_ca_file = {{(pid=93540) log_opt_values /opt/stack/data/venv/lib/python3.12/site-packages/oslo_config/cfg.py:3253}}
Jul 27 19:33:32.234977 np0000005933 nova-scheduler[93540]: DEBUG cotyledon.oslo_config_glue [-] oslo_messaging_rabbit.ssl_cert_file = {{(pid=93540) log_opt_values /opt/stack/data/venv/lib/python3.12/site-packages/oslo_config/cfg.py:3253}}
Jul 27 19:33:32.234977 np0000005933 nova-scheduler[93540]: DEBUG cotyledon.oslo_config_glue [-] oslo_messaging_rabbit.ssl_enforce_fips_mode = False {{(pid=93540) log_opt_values /opt/stack/data/venv/lib/python3.12/site-packages/oslo_config/cfg.py:3253}}
Jul 27 19:33:32.234977 np0000005933 nova-scheduler[93540]: DEBUG cotyledon.oslo_config_glue [-] oslo_messaging_rabbit.ssl_enforce_hostname_verification = True {{(pid=93540) log_opt_values /opt/stack/data/venv/lib/python3.12/site-packages/oslo_config/cfg.py:3253}}
Jul 27 19:33:32.234977 np0000005933 nova-scheduler[93540]: DEBUG cotyledon.oslo_config_glue [-] oslo_messaging_rabbit.ssl_key_file = {{(pid=93540) log_opt_values /opt/stack/data/venv/lib/python3.12/site-packages/oslo_config/cfg.py:3253}}
Jul 27 19:33:32.234977 np0000005933 nova-scheduler[93540]: DEBUG cotyledon.oslo_config_glue [-] oslo_messaging_rabbit.ssl_version = {{(pid=93540) log_opt_values /opt/stack/data/venv/lib/python3.12/site-packages/oslo_config/cfg.py:3253}}
Jul 27 19:33:32.234977 np0000005933 nova-scheduler[93540]: DEBUG cotyledon.oslo_config_glue [-] oslo_messaging_rabbit.use_queue_manager = False {{(pid=93540) log_opt_values /opt/stack/data/venv/lib/python3.12/site-packages/oslo_config/cfg.py:3253}}
Jul 27 19:33:32.235289 np0000005933 nova-scheduler[93540]: DEBUG cotyledon.oslo_config_glue [-] oslo_messaging_notifications.driver = ['messagingv2'] {{(pid=93540) log_opt_values /opt/stack/data/venv/lib/python3.12/site-packages/oslo_config/cfg.py:3253}}
Jul 27 19:33:32.235289 np0000005933 nova-scheduler[93540]: DEBUG cotyledon.oslo_config_glue [-] oslo_messaging_notifications.retry = -1 {{(pid=93540) log_opt_values /opt/stack/data/venv/lib/python3.12/site-packages/oslo_config/cfg.py:3253}}
Jul 27 19:33:32.235289 np0000005933 nova-scheduler[93540]: DEBUG cotyledon.oslo_config_glue [-] oslo_messaging_notifications.topics = ['notifications'] {{(pid=93540) log_opt_values /opt/stack/data/venv/lib/python3.12/site-packages/oslo_config/cfg.py:3253}}
Jul 27 19:33:32.235289 np0000005933 nova-scheduler[93540]: DEBUG cotyledon.oslo_config_glue [-] oslo_messaging_notifications.transport_url = **** {{(pid=93540) log_opt_values /opt/stack/data/venv/lib/python3.12/site-packages/oslo_config/cfg.py:3253}}
Jul 27 19:33:32.235289 np0000005933 nova-scheduler[93540]: DEBUG cotyledon.oslo_config_glue [-] oslo_limit.auth_section = None {{(pid=93540) log_opt_values /opt/stack/data/venv/lib/python3.12/site-packages/oslo_config/cfg.py:3253}}
Jul 27 19:33:32.235289 np0000005933 nova-scheduler[93540]: DEBUG cotyledon.oslo_config_glue [-] oslo_limit.auth_type = None {{(pid=93540) log_opt_values /opt/stack/data/venv/lib/python3.12/site-packages/oslo_config/cfg.py:3253}}
Jul 27 19:33:32.235289 np0000005933 nova-scheduler[93540]: DEBUG cotyledon.oslo_config_glue [-] oslo_limit.cafile = None {{(pid=93540) log_opt_values /opt/stack/data/venv/lib/python3.12/site-packages/oslo_config/cfg.py:3253}}
Jul 27 19:33:32.235289 np0000005933 nova-scheduler[93540]: DEBUG cotyledon.oslo_config_glue [-] oslo_limit.certfile = None {{(pid=93540) log_opt_values /opt/stack/data/venv/lib/python3.12/site-packages/oslo_config/cfg.py:3253}}
Jul 27 19:33:32.235289 np0000005933 nova-scheduler[93540]: DEBUG cotyledon.oslo_config_glue [-] oslo_limit.collect_timing = False {{(pid=93540) log_opt_values /opt/stack/data/venv/lib/python3.12/site-packages/oslo_config/cfg.py:3253}}
Jul 27 19:33:32.235557 np0000005933 nova-scheduler[93540]: DEBUG cotyledon.oslo_config_glue [-] oslo_limit.connect_retries = None {{(pid=93540) log_opt_values /opt/stack/data/venv/lib/python3.12/site-packages/oslo_config/cfg.py:3253}}
Jul 27 19:33:32.235557 np0000005933 nova-scheduler[93540]: DEBUG cotyledon.oslo_config_glue [-] oslo_limit.connect_retry_delay = None {{(pid=93540) log_opt_values /opt/stack/data/venv/lib/python3.12/site-packages/oslo_config/cfg.py:3253}}
Jul 27 19:33:32.235557 np0000005933 nova-scheduler[93540]: DEBUG cotyledon.oslo_config_glue [-] oslo_limit.endpoint_id = None {{(pid=93540) log_opt_values /opt/stack/data/venv/lib/python3.12/site-packages/oslo_config/cfg.py:3253}}
Jul 27 19:33:32.235557 np0000005933 nova-scheduler[93540]: DEBUG cotyledon.oslo_config_glue [-] oslo_limit.endpoint_interface = public {{(pid=93540) log_opt_values /opt/stack/data/venv/lib/python3.12/site-packages/oslo_config/cfg.py:3253}}
Jul 27 19:33:32.235557 np0000005933 nova-scheduler[93540]: DEBUG cotyledon.oslo_config_glue [-] oslo_limit.endpoint_override = None {{(pid=93540) log_opt_values /opt/stack/data/venv/lib/python3.12/site-packages/oslo_config/cfg.py:3253}}
Jul 27 19:33:32.235557 np0000005933 nova-scheduler[93540]: DEBUG cotyledon.oslo_config_glue [-] oslo_limit.endpoint_region_name = None {{(pid=93540) log_opt_values /opt/stack/data/venv/lib/python3.12/site-packages/oslo_config/cfg.py:3253}}
Jul 27 19:33:32.235557 np0000005933 nova-scheduler[93540]: DEBUG cotyledon.oslo_config_glue [-] oslo_limit.endpoint_service_name = None {{(pid=93540) log_opt_values /opt/stack/data/venv/lib/python3.12/site-packages/oslo_config/cfg.py:3253}}
Jul 27 19:33:32.235557 np0000005933 nova-scheduler[93540]: DEBUG cotyledon.oslo_config_glue [-] oslo_limit.endpoint_service_type = None {{(pid=93540) log_opt_values /opt/stack/data/venv/lib/python3.12/site-packages/oslo_config/cfg.py:3253}}
Jul 27 19:33:32.235557 np0000005933 nova-scheduler[93540]: DEBUG cotyledon.oslo_config_glue [-] oslo_limit.insecure = False {{(pid=93540) log_opt_values /opt/stack/data/venv/lib/python3.12/site-packages/oslo_config/cfg.py:3253}}
Jul 27 19:33:32.235731 np0000005933 nova-scheduler[93540]: DEBUG cotyledon.oslo_config_glue [-] oslo_limit.keyfile = None {{(pid=93540) log_opt_values /opt/stack/data/venv/lib/python3.12/site-packages/oslo_config/cfg.py:3253}}
Jul 27 19:33:32.235731 np0000005933 nova-scheduler[93540]: DEBUG cotyledon.oslo_config_glue [-] oslo_limit.max_version = None {{(pid=93540) log_opt_values /opt/stack/data/venv/lib/python3.12/site-packages/oslo_config/cfg.py:3253}}
Jul 27 19:33:32.235731 np0000005933 nova-scheduler[93540]: DEBUG cotyledon.oslo_config_glue [-] oslo_limit.min_version = None {{(pid=93540) log_opt_values /opt/stack/data/venv/lib/python3.12/site-packages/oslo_config/cfg.py:3253}}
Jul 27 19:33:32.235731 np0000005933 nova-scheduler[93540]: DEBUG cotyledon.oslo_config_glue [-] oslo_limit.region_name = None {{(pid=93540) log_opt_values /opt/stack/data/venv/lib/python3.12/site-packages/oslo_config/cfg.py:3253}}
Jul 27 19:33:32.235731 np0000005933 nova-scheduler[93540]: DEBUG cotyledon.oslo_config_glue [-] oslo_limit.retriable_status_codes = None {{(pid=93540) log_opt_values /opt/stack/data/venv/lib/python3.12/site-packages/oslo_config/cfg.py:3253}}
Jul 27 19:33:32.235731 np0000005933 nova-scheduler[93540]: DEBUG cotyledon.oslo_config_glue [-] oslo_limit.service_name = None {{(pid=93540) log_opt_values /opt/stack/data/venv/lib/python3.12/site-packages/oslo_config/cfg.py:3253}}
Jul 27 19:33:32.235731 np0000005933 nova-scheduler[93540]: DEBUG cotyledon.oslo_config_glue [-] oslo_limit.service_type = None {{(pid=93540) log_opt_values /opt/stack/data/venv/lib/python3.12/site-packages/oslo_config/cfg.py:3253}}
Jul 27 19:33:32.235731 np0000005933 nova-scheduler[93540]: DEBUG cotyledon.oslo_config_glue [-] oslo_limit.split_loggers = False {{(pid=93540) log_opt_values /opt/stack/data/venv/lib/python3.12/site-packages/oslo_config/cfg.py:3253}}
Jul 27 19:33:32.235731 np0000005933 nova-scheduler[93540]: DEBUG cotyledon.oslo_config_glue [-] oslo_limit.status_code_retries = None {{(pid=93540) log_opt_values /opt/stack/data/venv/lib/python3.12/site-packages/oslo_config/cfg.py:3253}}
Jul 27 19:33:32.235974 np0000005933 nova-scheduler[93540]: DEBUG cotyledon.oslo_config_glue [-] oslo_limit.status_code_retry_delay = None {{(pid=93540) log_opt_values /opt/stack/data/venv/lib/python3.12/site-packages/oslo_config/cfg.py:3253}}
Jul 27 19:33:32.235974 np0000005933 nova-scheduler[93540]: DEBUG cotyledon.oslo_config_glue [-] oslo_limit.timeout = None {{(pid=93540) log_opt_values /opt/stack/data/venv/lib/python3.12/site-packages/oslo_config/cfg.py:3253}}
Jul 27 19:33:32.235974 np0000005933 nova-scheduler[93540]: DEBUG cotyledon.oslo_config_glue [-] oslo_limit.valid_interfaces = None {{(pid=93540) log_opt_values /opt/stack/data/venv/lib/python3.12/site-packages/oslo_config/cfg.py:3253}}
Jul 27 19:33:32.235974 np0000005933 nova-scheduler[93540]: DEBUG cotyledon.oslo_config_glue [-] oslo_limit.version = None {{(pid=93540) log_opt_values /opt/stack/data/venv/lib/python3.12/site-packages/oslo_config/cfg.py:3253}}
Jul 27 19:33:32.235974 np0000005933 nova-scheduler[93540]: DEBUG cotyledon.oslo_config_glue [-] oslo_reports.file_event_handler = None {{(pid=93540) log_opt_values /opt/stack/data/venv/lib/python3.12/site-packages/oslo_config/cfg.py:3253}}
Jul 27 19:33:32.235974 np0000005933 nova-scheduler[93540]: DEBUG cotyledon.oslo_config_glue [-] oslo_reports.file_event_handler_interval = 1 {{(pid=93540) log_opt_values /opt/stack/data/venv/lib/python3.12/site-packages/oslo_config/cfg.py:3253}}
Jul 27 19:33:32.235974 np0000005933 nova-scheduler[93540]: DEBUG cotyledon.oslo_config_glue [-] oslo_reports.log_dir = None {{(pid=93540) log_opt_values /opt/stack/data/venv/lib/python3.12/site-packages/oslo_config/cfg.py:3253}}
Jul 27 19:33:32.235974 np0000005933 nova-scheduler[93540]: DEBUG cotyledon.oslo_config_glue [-] ******************************************************************************** {{(pid=93540) log_opt_values /opt/stack/data/venv/lib/python3.12/site-packages/oslo_config/cfg.py:3260}}
Jul 27 19:33:32.235974 np0000005933 nova-scheduler[93540]: DEBUG cotyledon._service_worker [-] Run service ServiceWrapper(2) [93540] {{(pid=93540) wait_forever /opt/stack/data/venv/lib/python3.12/site-packages/cotyledon/_service_worker.py:218}}
Jul 27 19:33:32.236302 np0000005933 nova-scheduler[93540]: INFO nova.service [-] Starting scheduler node (version 33.1.0)
Jul 27 19:33:32.236302 np0000005933 nova-scheduler[93540]: INFO dbcounter [None req-4821ad92-540f-42d4-8086-1d872c3aeafc None None] Registered counter for database nova_cell0
Jul 27 19:33:32.236375 np0000005933 nova-scheduler[93536]: DEBUG oslo_db.sqlalchemy.engines [None req-f0bd8a5c-0e46-4498-9013-b7364e4c66ba None None] MySQL server mode set to STRICT_TRANS_TABLES,STRICT_ALL_TABLES,NO_ZERO_IN_DATE,NO_ZERO_DATE,ERROR_FOR_DIVISION_BY_ZERO,TRADITIONAL,NO_ENGINE_SUBSTITUTION {{(pid=93536) _check_effective_sql_mode /opt/stack/data/venv/lib/python3.12/site-packages/oslo_db/sqlalchemy/engines.py:325}}
Jul 27 19:33:32.243521 np0000005933 nova-scheduler[93536]: DEBUG dbcounter [-] [93536] Writer thread running {{(pid=93536) stat_writer /opt/stack/data/venv/lib/python3.12/site-packages/dbcounter.py:102}}
Jul 27 19:33:32.245079 np0000005933 nova-scheduler[93538]: DEBUG oslo_db.sqlalchemy.engines [None req-f99606c5-e321-4896-962e-855c01c63766 None None] MySQL server mode set to STRICT_TRANS_TABLES,STRICT_ALL_TABLES,NO_ZERO_IN_DATE,NO_ZERO_DATE,ERROR_FOR_DIVISION_BY_ZERO,TRADITIONAL,NO_ENGINE_SUBSTITUTION {{(pid=93538) _check_effective_sql_mode /opt/stack/data/venv/lib/python3.12/site-packages/oslo_db/sqlalchemy/engines.py:325}}
Jul 27 19:33:32.254855 np0000005933 nova-scheduler[93538]: DEBUG dbcounter [-] [93538] Writer thread running {{(pid=93538) stat_writer /opt/stack/data/venv/lib/python3.12/site-packages/dbcounter.py:102}}
Jul 27 19:33:32.260242 np0000005933 nova-scheduler[93536]: DEBUG nova.service [None req-f0bd8a5c-0e46-4498-9013-b7364e4c66ba None None] Creating RPC server for service: nova-scheduler on topic: scheduler {{(pid=93536) start /opt/stack/nova/nova/service.py:196}}
Jul 27 19:33:32.260595 np0000005933 nova-scheduler[93540]: DEBUG oslo_db.sqlalchemy.engines [None req-4821ad92-540f-42d4-8086-1d872c3aeafc None None] MySQL server mode set to STRICT_TRANS_TABLES,STRICT_ALL_TABLES,NO_ZERO_IN_DATE,NO_ZERO_DATE,ERROR_FOR_DIVISION_BY_ZERO,TRADITIONAL,NO_ENGINE_SUBSTITUTION {{(pid=93540) _check_effective_sql_mode /opt/stack/data/venv/lib/python3.12/site-packages/oslo_db/sqlalchemy/engines.py:325}}
Jul 27 19:33:32.269837 np0000005933 nova-scheduler[93540]: DEBUG dbcounter [-] [93540] Writer thread running {{(pid=93540) stat_writer /opt/stack/data/venv/lib/python3.12/site-packages/dbcounter.py:102}}
Jul 27 19:33:32.270247 np0000005933 nova-scheduler[93538]: DEBUG nova.service [None req-f99606c5-e321-4896-962e-855c01c63766 None None] Creating RPC server for service: nova-scheduler on topic: scheduler {{(pid=93538) start /opt/stack/nova/nova/service.py:196}}
Jul 27 19:33:32.272871 np0000005933 nova-scheduler[93540]: DEBUG nova.service [None req-4821ad92-540f-42d4-8086-1d872c3aeafc None None] Creating RPC server for service: nova-scheduler on topic: scheduler {{(pid=93540) start /opt/stack/nova/nova/service.py:196}}
Jul 27 19:33:32.284381 np0000005933 nova-scheduler[93536]: DEBUG nova.service [None req-f0bd8a5c-0e46-4498-9013-b7364e4c66ba None None] Join ServiceGroup membership for this service scheduler {{(pid=93536) start /opt/stack/nova/nova/service.py:222}}
Jul 27 19:33:32.284573 np0000005933 nova-scheduler[93536]: DEBUG nova.servicegroup.drivers.db [None req-f0bd8a5c-0e46-4498-9013-b7364e4c66ba None None] DB_Driver: join new ServiceGroup member np0000005933 to the scheduler group, service = {{(pid=93536) join /opt/stack/nova/nova/servicegroup/drivers/db.py:44}}
Jul 27 19:33:32.286061 np0000005933 nova-scheduler[93538]: DEBUG nova.service [None req-f99606c5-e321-4896-962e-855c01c63766 None None] Join ServiceGroup membership for this service scheduler {{(pid=93538) start /opt/stack/nova/nova/service.py:222}}
Jul 27 19:33:32.286380 np0000005933 nova-scheduler[93538]: DEBUG nova.servicegroup.drivers.db [None req-f99606c5-e321-4896-962e-855c01c63766 None None] DB_Driver: join new ServiceGroup member np0000005933 to the scheduler group, service = {{(pid=93538) join /opt/stack/nova/nova/servicegroup/drivers/db.py:44}}
Jul 27 19:33:32.289467 np0000005933 nova-scheduler[93540]: DEBUG nova.service [None req-4821ad92-540f-42d4-8086-1d872c3aeafc None None] Join ServiceGroup membership for this service scheduler {{(pid=93540) start /opt/stack/nova/nova/service.py:222}}
Jul 27 19:33:32.289650 np0000005933 nova-scheduler[93540]: DEBUG nova.servicegroup.drivers.db [None req-4821ad92-540f-42d4-8086-1d872c3aeafc None None] DB_Driver: join new ServiceGroup member np0000005933 to the scheduler group, service = {{(pid=93540) join /opt/stack/nova/nova/servicegroup/drivers/db.py:44}}
Jul 27 19:33:33.291842 np0000005933 nova-scheduler[93538]: DEBUG oslo.service.backend._threading.loopingcall [None req-17be0c8a-9157-47e4-8a20-f5065e5d7f93 None None] Dynamic interval looping call 'nova.service.Service.periodic_tasks' sleeping for 60.00 seconds {{(pid=93538) _run_loop /opt/stack/data/venv/lib/python3.12/site-packages/oslo_service/backend/_threading/loopingcall.py:125}}
Jul 27 19:33:35.291199 np0000005933 nova-scheduler[93540]: DEBUG oslo.service.backend._threading.loopingcall [None req-457ee3c6-320a-477b-a5fb-4cf240fef719 None None] Dynamic interval looping call 'nova.service.Service.periodic_tasks' sleeping for 60.00 seconds {{(pid=93540) _run_loop /opt/stack/data/venv/lib/python3.12/site-packages/oslo_service/backend/_threading/loopingcall.py:125}}
Jul 27 19:33:37.298281 np0000005933 nova-scheduler[93538]: DEBUG oslo.service.backend._threading.loopingcall [-] Fixed interval looping call 'nova.servicegroup.drivers.db.DbDriver._report_state' sleeping for 119.99 seconds {{(pid=93538) _run_loop /opt/stack/data/venv/lib/python3.12/site-packages/oslo_service/backend/_threading/loopingcall.py:125}}
Jul 27 19:33:37.298751 np0000005933 nova-scheduler[93536]: DEBUG oslo.service.backend._threading.loopingcall [-] Fixed interval looping call 'nova.servicegroup.drivers.db.DbDriver._report_state' sleeping for 119.99 seconds {{(pid=93536) _run_loop /opt/stack/data/venv/lib/python3.12/site-packages/oslo_service/backend/_threading/loopingcall.py:125}}
Jul 27 19:33:37.301239 np0000005933 nova-scheduler[93540]: DEBUG oslo.service.backend._threading.loopingcall [-] Fixed interval looping call 'nova.servicegroup.drivers.db.DbDriver._report_state' sleeping for 119.99 seconds {{(pid=93540) _run_loop /opt/stack/data/venv/lib/python3.12/site-packages/oslo_service/backend/_threading/loopingcall.py:125}}
Jul 27 19:33:40.873823 np0000005933 nova-scheduler[92256]: DEBUG dbcounter [-] [92256] Writing DB stats nova_api:SELECT=3 {{(pid=92256) stat_writer /opt/stack/data/venv/lib/python3.12/site-packages/dbcounter.py:115}}
Jul 27 19:33:40.996194 np0000005933 nova-scheduler[92256]: DEBUG dbcounter [-] [92256] Writing DB stats nova_cell0:SELECT=1 {{(pid=92256) stat_writer /opt/stack/data/venv/lib/python3.12/site-packages/dbcounter.py:115}}
Jul 27 19:33:41.000767 np0000005933 nova-scheduler[92256]: DEBUG dbcounter [-] [92256] Writing DB stats nova_cell1:SELECT=1 {{(pid=92256) stat_writer /opt/stack/data/venv/lib/python3.12/site-packages/dbcounter.py:115}}
Jul 27 19:33:47.294134 np0000005933 nova-scheduler[93538]: DEBUG dbcounter [-] [93538] Writing DB stats nova_cell0:SELECT=4,nova_cell0:INSERT=1,nova_cell0:UPDATE=1 {{(pid=93538) stat_writer /opt/stack/data/venv/lib/python3.12/site-packages/dbcounter.py:115}}
Jul 27 19:33:47.297358 np0000005933 nova-scheduler[93536]: DEBUG dbcounter [-] [93536] Writing DB stats nova_cell0:SELECT=4,nova_cell0:INSERT=1,nova_cell0:UPDATE=1 {{(pid=93536) stat_writer /opt/stack/data/venv/lib/python3.12/site-packages/dbcounter.py:115}}
Jul 27 19:33:47.301127 np0000005933 nova-scheduler[93540]: DEBUG dbcounter [-] [93540] Writing DB stats nova_cell0:SELECT=3 {{(pid=93540) stat_writer /opt/stack/data/venv/lib/python3.12/site-packages/dbcounter.py:115}}
Jul 27 19:34:11.286572 np0000005933 nova-scheduler[93536]: DEBUG oslo.service.backend._threading.loopingcall [None req-fbcd43a7-84fa-4d32-9b14-09301c86146d None None] Dynamic interval looping call 'nova.service.Service.periodic_tasks' sleeping for 60.00 seconds {{(pid=93536) _run_loop /opt/stack/data/venv/lib/python3.12/site-packages/oslo_service/backend/_threading/loopingcall.py:125}}
Jul 27 19:34:33.288826 np0000005933 nova-scheduler[93538]: DEBUG oslo.service.backend._threading.loopingcall [None req-17be0c8a-9157-47e4-8a20-f5065e5d7f93 None None] Dynamic interval looping call 'nova.service.Service.periodic_tasks' sleeping for 60.00 seconds {{(pid=93538) _run_loop /opt/stack/data/venv/lib/python3.12/site-packages/oslo_service/backend/_threading/loopingcall.py:125}}
Jul 27 19:34:35.291698 np0000005933 nova-scheduler[93540]: DEBUG oslo.service.backend._threading.loopingcall [None req-457ee3c6-320a-477b-a5fb-4cf240fef719 None None] Dynamic interval looping call 'nova.service.Service.periodic_tasks' sleeping for 60.00 seconds {{(pid=93540) _run_loop /opt/stack/data/venv/lib/python3.12/site-packages/oslo_service/backend/_threading/loopingcall.py:125}}
Jul 27 19:35:11.287227 np0000005933 nova-scheduler[93536]: DEBUG oslo.service.backend._threading.loopingcall [None req-fbcd43a7-84fa-4d32-9b14-09301c86146d None None] Dynamic interval looping call 'nova.service.Service.periodic_tasks' sleeping for 60.00 seconds {{(pid=93536) _run_loop /opt/stack/data/venv/lib/python3.12/site-packages/oslo_service/backend/_threading/loopingcall.py:125}}
Jul 27 19:35:33.289321 np0000005933 nova-scheduler[93538]: DEBUG oslo.service.backend._threading.loopingcall [None req-17be0c8a-9157-47e4-8a20-f5065e5d7f93 None None] Dynamic interval looping call 'nova.service.Service.periodic_tasks' sleeping for 60.00 seconds {{(pid=93538) _run_loop /opt/stack/data/venv/lib/python3.12/site-packages/oslo_service/backend/_threading/loopingcall.py:125}}
Jul 27 19:35:35.292314 np0000005933 nova-scheduler[93540]: DEBUG oslo.service.backend._threading.loopingcall [None req-457ee3c6-320a-477b-a5fb-4cf240fef719 None None] Dynamic interval looping call 'nova.service.Service.periodic_tasks' sleeping for 60.00 seconds {{(pid=93540) _run_loop /opt/stack/data/venv/lib/python3.12/site-packages/oslo_service/backend/_threading/loopingcall.py:125}}
Jul 27 19:35:37.299861 np0000005933 nova-scheduler[93536]: DEBUG oslo.service.backend._threading.loopingcall [-] Fixed interval looping call 'nova.servicegroup.drivers.db.DbDriver._report_state' sleeping for 119.99 seconds {{(pid=93536) _run_loop /opt/stack/data/venv/lib/python3.12/site-packages/oslo_service/backend/_threading/loopingcall.py:125}}
Jul 27 19:35:37.300776 np0000005933 nova-scheduler[93538]: DEBUG oslo.service.backend._threading.loopingcall [-] Fixed interval looping call 'nova.servicegroup.drivers.db.DbDriver._report_state' sleeping for 119.99 seconds {{(pid=93538) _run_loop /opt/stack/data/venv/lib/python3.12/site-packages/oslo_service/backend/_threading/loopingcall.py:125}}
Jul 27 19:35:37.301520 np0000005933 nova-scheduler[93540]: DEBUG oslo.service.backend._threading.loopingcall [-] Fixed interval looping call 'nova.servicegroup.drivers.db.DbDriver._report_state' sleeping for 119.99 seconds {{(pid=93540) _run_loop /opt/stack/data/venv/lib/python3.12/site-packages/oslo_service/backend/_threading/loopingcall.py:125}}
Jul 27 19:35:47.294277 np0000005933 nova-scheduler[93536]: DEBUG dbcounter [-] [93536] Writing DB stats nova_cell0:SELECT=1,nova_cell0:UPDATE=1 {{(pid=93536) stat_writer /opt/stack/data/venv/lib/python3.12/site-packages/dbcounter.py:115}}
Jul 27 19:35:47.296671 np0000005933 nova-scheduler[93538]: DEBUG dbcounter [-] [93538] Writing DB stats nova_cell0:SELECT=1,nova_cell0:UPDATE=1 {{(pid=93538) stat_writer /opt/stack/data/venv/lib/python3.12/site-packages/dbcounter.py:115}}
Jul 27 19:35:47.297097 np0000005933 nova-scheduler[93540]: DEBUG dbcounter [-] [93540] Writing DB stats nova_cell0:SELECT=1,nova_cell0:UPDATE=1 {{(pid=93540) stat_writer /opt/stack/data/venv/lib/python3.12/site-packages/dbcounter.py:115}}
Jul 27 19:36:03.896591 np0000005933 nova-scheduler[93536]: DEBUG nova.scheduler.manager [None req-c1bed3d3-829c-415f-afbe-da237c6d08d3 tempest-AttachVolumeNegativeTest-153762711 tempest-AttachVolumeNegativeTest-153762711-project-member] Starting to schedule for instances: ['861501ba-479e-4664-9eb8-9b0a9c405b60'] {{(pid=93536) select_destinations /opt/stack/nova/nova/scheduler/manager.py:209}}
Jul 27 19:36:03.897304 np0000005933 nova-scheduler[93536]: DEBUG nova.scheduler.request_filter [None req-c1bed3d3-829c-415f-afbe-da237c6d08d3 tempest-AttachVolumeNegativeTest-153762711 tempest-AttachVolumeNegativeTest-153762711-project-member] compute_status_filter request filter added forbidden trait COMPUTE_STATUS_DISABLED {{(pid=93536) compute_status_filter /opt/stack/nova/nova/scheduler/request_filter.py:253}}
Jul 27 19:36:03.897488 np0000005933 nova-scheduler[93536]: DEBUG nova.scheduler.request_filter [None req-c1bed3d3-829c-415f-afbe-da237c6d08d3 tempest-AttachVolumeNegativeTest-153762711 tempest-AttachVolumeNegativeTest-153762711-project-member] Request filter 'compute_status_filter' took 0.0 seconds {{(pid=93536) wrapper /opt/stack/nova/nova/scheduler/request_filter.py:46}}
Jul 27 19:36:03.897822 np0000005933 nova-scheduler[93536]: DEBUG nova.scheduler.request_filter [None req-c1bed3d3-829c-415f-afbe-da237c6d08d3 tempest-AttachVolumeNegativeTest-153762711 tempest-AttachVolumeNegativeTest-153762711-project-member] Request filter 'accelerators_filter' took 0.0 seconds {{(pid=93536) wrapper /opt/stack/nova/nova/scheduler/request_filter.py:46}}
Jul 27 19:36:03.898072 np0000005933 nova-scheduler[93536]: DEBUG nova.scheduler.request_filter [None req-c1bed3d3-829c-415f-afbe-da237c6d08d3 tempest-AttachVolumeNegativeTest-153762711 tempest-AttachVolumeNegativeTest-153762711-project-member] Request filter 'packed_virtqueue_filter' took 0.0 seconds {{(pid=93536) wrapper /opt/stack/nova/nova/scheduler/request_filter.py:46}}
Jul 27 19:36:03.898441 np0000005933 nova-scheduler[93536]: DEBUG nova.scheduler.request_filter [None req-c1bed3d3-829c-415f-afbe-da237c6d08d3 tempest-AttachVolumeNegativeTest-153762711 tempest-AttachVolumeNegativeTest-153762711-project-member] Request filter 'remote_managed_ports_filter' took 0.0 seconds {{(pid=93536) wrapper /opt/stack/nova/nova/scheduler/request_filter.py:46}}
Jul 27 19:36:03.898643 np0000005933 nova-scheduler[93536]: DEBUG nova.scheduler.request_filter [None req-c1bed3d3-829c-415f-afbe-da237c6d08d3 tempest-AttachVolumeNegativeTest-153762711 tempest-AttachVolumeNegativeTest-153762711-project-member] ephemeral_encryption_filter skipped {{(pid=93536) ephemeral_encryption_filter /opt/stack/nova/nova/scheduler/request_filter.py:426}}
Jul 27 19:36:03.898866 np0000005933 nova-scheduler[93536]: DEBUG nova.scheduler.request_filter [None req-c1bed3d3-829c-415f-afbe-da237c6d08d3 tempest-AttachVolumeNegativeTest-153762711 tempest-AttachVolumeNegativeTest-153762711-project-member] virtio_sound_filter skipped {{(pid=93536) virtio_sound_filter /opt/stack/nova/nova/scheduler/request_filter.py:460}}
Jul 27 19:36:03.899027 np0000005933 nova-scheduler[93536]: DEBUG nova.scheduler.request_filter [None req-c1bed3d3-829c-415f-afbe-da237c6d08d3 tempest-AttachVolumeNegativeTest-153762711 tempest-AttachVolumeNegativeTest-153762711-project-member] tpm_secret_security_filter skipped {{(pid=93536) tpm_secret_security_filter /opt/stack/nova/nova/scheduler/request_filter.py:477}}
Jul 27 19:36:04.393023 np0000005933 nova-scheduler[93536]: INFO nova.utils [None req-c1bed3d3-829c-415f-afbe-da237c6d08d3 tempest-AttachVolumeNegativeTest-153762711 tempest-AttachVolumeNegativeTest-153762711-project-member] The cell worker thread pool ForkProcess-1.cell_worker is initialized
Jul 27 19:36:04.393693 np0000005933 nova-scheduler[93536]: DEBUG oslo_concurrency.lockutils [None req-c1bed3d3-829c-415f-afbe-da237c6d08d3 tempest-AttachVolumeNegativeTest-153762711 tempest-AttachVolumeNegativeTest-153762711-project-member] Acquiring lock "134c6612-d575-4078-a3a5-ea0ddc155589" by "nova.context.set_target_cell..get_or_set_cached_cell_and_set_connections" {{(pid=93536) inner /opt/stack/data/venv/lib/python3.12/site-packages/oslo_concurrency/lockutils.py:512}}
Jul 27 19:36:04.393693 np0000005933 nova-scheduler[93536]: DEBUG oslo_concurrency.lockutils [None req-c1bed3d3-829c-415f-afbe-da237c6d08d3 tempest-AttachVolumeNegativeTest-153762711 tempest-AttachVolumeNegativeTest-153762711-project-member] Lock "134c6612-d575-4078-a3a5-ea0ddc155589" acquired by "nova.context.set_target_cell..get_or_set_cached_cell_and_set_connections" :: waited 0.000s {{(pid=93536) inner /opt/stack/data/venv/lib/python3.12/site-packages/oslo_concurrency/lockutils.py:525}}
Jul 27 19:36:04.395643 np0000005933 nova-scheduler[93536]: DEBUG oslo_concurrency.lockutils [None req-c1bed3d3-829c-415f-afbe-da237c6d08d3 tempest-AttachVolumeNegativeTest-153762711 tempest-AttachVolumeNegativeTest-153762711-project-member] Lock "134c6612-d575-4078-a3a5-ea0ddc155589" "released" by "nova.context.set_target_cell..get_or_set_cached_cell_and_set_connections" :: held 0.002s {{(pid=93536) inner /opt/stack/data/venv/lib/python3.12/site-packages/oslo_concurrency/lockutils.py:544}}
Jul 27 19:36:04.398381 np0000005933 nova-scheduler[93536]: INFO dbcounter [None req-c1bed3d3-829c-415f-afbe-da237c6d08d3 tempest-AttachVolumeNegativeTest-153762711 tempest-AttachVolumeNegativeTest-153762711-project-member] Registered counter for database nova_cell1
Jul 27 19:36:04.446671 np0000005933 nova-scheduler[93536]: DEBUG oslo_db.sqlalchemy.engines [None req-c1bed3d3-829c-415f-afbe-da237c6d08d3 tempest-AttachVolumeNegativeTest-153762711 tempest-AttachVolumeNegativeTest-153762711-project-member] MySQL server mode set to STRICT_TRANS_TABLES,STRICT_ALL_TABLES,NO_ZERO_IN_DATE,NO_ZERO_DATE,ERROR_FOR_DIVISION_BY_ZERO,TRADITIONAL,NO_ENGINE_SUBSTITUTION {{(pid=93536) _check_effective_sql_mode /opt/stack/data/venv/lib/python3.12/site-packages/oslo_db/sqlalchemy/engines.py:325}}
Jul 27 19:36:04.452132 np0000005933 nova-scheduler[93536]: DEBUG dbcounter [-] [93536] Writer thread running {{(pid=93536) stat_writer /opt/stack/data/venv/lib/python3.12/site-packages/dbcounter.py:102}}
Jul 27 19:36:04.464977 np0000005933 nova-scheduler[93536]: DEBUG oslo_db.sqlalchemy.engines [None req-c1bed3d3-829c-415f-afbe-da237c6d08d3 tempest-AttachVolumeNegativeTest-153762711 tempest-AttachVolumeNegativeTest-153762711-project-member] Parent process 92256 forked (93536) with an open database connection, which is being discarded and recreated. {{(pid=93536) checkout /opt/stack/data/venv/lib/python3.12/site-packages/oslo_db/sqlalchemy/engines.py:402}}
Jul 27 19:36:04.518834 np0000005933 nova-scheduler[93536]: DEBUG dbcounter [-] [93536] Writer thread running {{(pid=93536) stat_writer /opt/stack/data/venv/lib/python3.12/site-packages/dbcounter.py:102}}
Jul 27 19:36:04.521186 np0000005933 nova-scheduler[93536]: DEBUG oslo_concurrency.lockutils [None req-c1bed3d3-829c-415f-afbe-da237c6d08d3 tempest-AttachVolumeNegativeTest-153762711 tempest-AttachVolumeNegativeTest-153762711-project-member] Acquiring lock "134c6612-d575-4078-a3a5-ea0ddc155589" by "nova.context.set_target_cell..get_or_set_cached_cell_and_set_connections" {{(pid=93536) inner /opt/stack/data/venv/lib/python3.12/site-packages/oslo_concurrency/lockutils.py:512}}
Jul 27 19:36:04.521558 np0000005933 nova-scheduler[93536]: DEBUG oslo_concurrency.lockutils [None req-c1bed3d3-829c-415f-afbe-da237c6d08d3 tempest-AttachVolumeNegativeTest-153762711 tempest-AttachVolumeNegativeTest-153762711-project-member] Lock "134c6612-d575-4078-a3a5-ea0ddc155589" acquired by "nova.context.set_target_cell..get_or_set_cached_cell_and_set_connections" :: waited 0.000s {{(pid=93536) inner /opt/stack/data/venv/lib/python3.12/site-packages/oslo_concurrency/lockutils.py:525}}
Jul 27 19:36:04.521558 np0000005933 nova-scheduler[93536]: DEBUG oslo_concurrency.lockutils [None req-c1bed3d3-829c-415f-afbe-da237c6d08d3 tempest-AttachVolumeNegativeTest-153762711 tempest-AttachVolumeNegativeTest-153762711-project-member] Lock "134c6612-d575-4078-a3a5-ea0ddc155589" "released" by "nova.context.set_target_cell..get_or_set_cached_cell_and_set_connections" :: held 0.000s {{(pid=93536) inner /opt/stack/data/venv/lib/python3.12/site-packages/oslo_concurrency/lockutils.py:544}}
Jul 27 19:36:04.525138 np0000005933 nova-scheduler[93536]: DEBUG oslo_concurrency.lockutils [None req-c1bed3d3-829c-415f-afbe-da237c6d08d3 tempest-AttachVolumeNegativeTest-153762711 tempest-AttachVolumeNegativeTest-153762711-project-member] Acquiring lock "np0000005933-np0000005933" by "nova.scheduler.host_manager.HostState.update.._locked_update" {{(pid=93536) inner /opt/stack/data/venv/lib/python3.12/site-packages/oslo_concurrency/lockutils.py:512}}
Jul 27 19:36:04.525453 np0000005933 nova-scheduler[93536]: DEBUG oslo_concurrency.lockutils [None req-c1bed3d3-829c-415f-afbe-da237c6d08d3 tempest-AttachVolumeNegativeTest-153762711 tempest-AttachVolumeNegativeTest-153762711-project-member] Lock "np0000005933-np0000005933" acquired by "nova.scheduler.host_manager.HostState.update.._locked_update" :: waited 0.000s {{(pid=93536) inner /opt/stack/data/venv/lib/python3.12/site-packages/oslo_concurrency/lockutils.py:525}}
Jul 27 19:36:04.526419 np0000005933 nova-scheduler[93536]: DEBUG nova.scheduler.host_manager [None req-c1bed3d3-829c-415f-afbe-da237c6d08d3 tempest-AttachVolumeNegativeTest-153762711 tempest-AttachVolumeNegativeTest-153762711-project-member] Update host state from compute node: ComputeNode(cpu_allocation_ratio=4.0,cpu_info='{"arch": "x86_64", "model": "EPYC-Milan", "vendor": "AMD", "topology": {"cells": 1, "sockets": 16, "cores": 1, "threads": 1}, "maxphysaddr": {"mode": "emulate", "bits": 40}, "features": ["rdctl-no", "ssse3", "tsc-scale", "cr8legacy", "umip", "pae", "xsave", "hypervisor", "mds-no", "pclmuldq", "smap", "lbrv", "syscall", "erms", "svme-addr-chk", "vaes", "aes", "vpclmulqdq", "xsaves", "popcnt", "pse", "npt", "sse2", "xsaveerptr", "apic", "mca", "topoext", "clflush", "tsc-deadline", "fxsr", "no-nested-data-bp", "spec-ctrl", "gds-no", "flushbyasid", "xsaveopt", "cmov", "xsavec", "fxsr_opt", "ibrs", "nrip-save", "pause-filter", "mmxext", "fma", "invpcid", "movbe", "cmp_legacy", "nx", "bmi2", "pfthreshold", "avx2", "sse4.1", "f16c", "clzero", "arat", "pat", "pschange-mc-no", "msr", "clflushopt", "pse36", "pge", "avx", "ibpb", "wbnoinvd", "sep", "virt-ssbd", "skip-l1dfl-vmentry", "abm", "mce", "sha-ni", "rdtscp", "bmi1", "cx16", "ssbd", "svm", "vme", "lfence-always-serializing", "pku", "clwb", "xgetbv1", "pni", "sse4.2", "arch-capabilities", "perfctr_core", "v-vmsave-vmload", "cx8", "vgif", "stibp", "misalignsse", "fsgsbase", "rdpid", "osvw", "amd-stibp", "stibp-always-on", "tsc", "lm", "rdseed", "sse", "mtrr", "rdrand", "adx", "fpu", "amd-psfd", "pdpe1gb", "smep", "sse4a", "x2apic", "tsc_adjust", "3dnowprefetch", "pcid", "amd-ssbd", "lahf_lm", "vmcb-clean", "de", "mmx", "null-sel-clr-base", "fsrm"]}',created_at=2026-07-27T19:33:53Z,current_workload=0,deleted=False,deleted_at=None,disk_allocation_ratio=1.0,disk_available_least=73,free_disk_gb=95,free_ram_mb=62765,host='np0000005933',host_ip=10.4.3.184,hypervisor_hostname='np0000005933',hypervisor_type='QEMU',hypervisor_version=8002002,id=1,local_gb=95,local_gb_used=0,mapped=1,memory_mb=63277,memory_mb_used=512,metrics='[]',numa_topology='{"nova_object.name": "NUMATopology", "nova_object.namespace": "nova", "nova_object.version": "1.2", "nova_object.data": {"cells": [{"nova_object.name": "NUMACell", "nova_object.namespace": "nova", "nova_object.version": "1.5", "nova_object.data": {"id": 0, "cpuset": [0, 1, 2, 3, 4, 5, 6, 7, 8, 9, 10, 11, 12, 13, 14, 15], "pcpuset": [0, 1, 2, 3, 4, 5, 6, 7, 8, 9, 10, 11, 12, 13, 14, 15], "memory": 63277, "cpu_usage": 0, "memory_usage": 0, "pinned_cpus": [], "siblings": [[6], [12], [2], [15], [5], [11], [8], [14], [4], [1], [7], [10], [0], [13], [3], [9]], "mempages": [{"nova_object.name": "NUMAPagesTopology", "nova_object.namespace": "nova", "nova_object.version": "1.1", "nova_object.data": {"size_kb": 4, "total": 16177928, "used": 0, "reserved": 0}, "nova_object.changes": ["size_kb", "reserved", "total", "used"]}, {"nova_object.name": "NUMAPagesTopology", "nova_object.namespace": "nova", "nova_object.version": "1.1", "nova_object.data": {"size_kb": 2048, "total": 41, "used": 0, "reserved": 0}, "nova_object.changes": ["size_kb", "reserved", "total", "used"]}, {"nova_object.name": "NUMAPagesTopology", "nova_object.namespace": "nova", "nova_object.version": "1.1", "nova_object.data": {"size_kb": 1048576, "total": 0, "used": 0, "reserved": 0}, "nova_object.changes": ["size_kb", "reserved", "total", "used"]}], "network_metadata": {"nova_object.name": "NetworkMetadata", "nova_object.namespace": "nova", "nova_object.version": "1.0", "nova_object.data": {"physnets": [], "tunneled": false}, "nova_object.changes": ["tunneled", "physnets"]}, "socket": null}, "nova_object.changes": ["socket", "memory_usage", "siblings", "cpuset", "network_metadata", "mempages", "cpu_usage", "pcpuset", "id", "memory", "pinned_cpus"]}]}, "nova_object.changes": ["cells"]}',pci_device_pools=PciDevicePoolList,ram_allocation_ratio=1.0,running_vms=0,service_id=4,stats={failed_builds='0',uptime=' 19:35:40 up 13 min, 2 users, load average: 1.40, 1.45, 0.83
Jul 27 19:36:04.526419 np0000005933 nova-scheduler[93536]: '},supported_hv_specs=[HVSpec,HVSpec,HVSpec,HVSpec,HVSpec,HVSpec,HVSpec,HVSpec,HVSpec,HVSpec,HVSpec,HVSpec,HVSpec,HVSpec,HVSpec,HVSpec,HVSpec,HVSpec,HVSpec,HVSpec,HVSpec,HVSpec,HVSpec,HVSpec,HVSpec],updated_at=2026-07-27T19:35:40Z,uuid=b05553d4-6f85-49c8-956e-53f12f8ee528,vcpus=16,vcpus_used=0) {{(pid=93536) _locked_update /opt/stack/nova/nova/scheduler/host_manager.py:168}}
Jul 27 19:36:04.527879 np0000005933 nova-scheduler[93536]: DEBUG nova.scheduler.host_manager [None req-c1bed3d3-829c-415f-afbe-da237c6d08d3 tempest-AttachVolumeNegativeTest-153762711 tempest-AttachVolumeNegativeTest-153762711-project-member] Update host state with aggregates: [] {{(pid=93536) _locked_update /opt/stack/nova/nova/scheduler/host_manager.py:171}}
Jul 27 19:36:04.527879 np0000005933 nova-scheduler[93536]: DEBUG nova.scheduler.host_manager [None req-c1bed3d3-829c-415f-afbe-da237c6d08d3 tempest-AttachVolumeNegativeTest-153762711 tempest-AttachVolumeNegativeTest-153762711-project-member] Update host state with service dict: {'id': 4, 'uuid': '3c9d5460-eb86-426f-a7de-33580acda02c', 'host': 'np0000005933', 'binary': 'nova-compute', 'topic': 'compute', 'report_count': 2, 'disabled': False, 'disabled_reason': None, 'last_seen_up': datetime.datetime(2026, 7, 27, 19, 36, tzinfo=datetime.timezone.utc), 'forced_down': False, 'version': 72, 'created_at': datetime.datetime(2026, 7, 27, 19, 33, 53, tzinfo=datetime.timezone.utc), 'updated_at': datetime.datetime(2026, 7, 27, 19, 36, tzinfo=datetime.timezone.utc), 'deleted_at': None, 'deleted': False} {{(pid=93536) _locked_update /opt/stack/nova/nova/scheduler/host_manager.py:174}}
Jul 27 19:36:04.527879 np0000005933 nova-scheduler[93536]: DEBUG nova.scheduler.host_manager [None req-c1bed3d3-829c-415f-afbe-da237c6d08d3 tempest-AttachVolumeNegativeTest-153762711 tempest-AttachVolumeNegativeTest-153762711-project-member] Update host state with instances: [] {{(pid=93536) _locked_update /opt/stack/nova/nova/scheduler/host_manager.py:177}}
Jul 27 19:36:04.528022 np0000005933 nova-scheduler[93536]: DEBUG oslo_concurrency.lockutils [None req-c1bed3d3-829c-415f-afbe-da237c6d08d3 tempest-AttachVolumeNegativeTest-153762711 tempest-AttachVolumeNegativeTest-153762711-project-member] Lock "np0000005933-np0000005933" "released" by "nova.scheduler.host_manager.HostState.update.._locked_update" :: held 0.003s {{(pid=93536) inner /opt/stack/data/venv/lib/python3.12/site-packages/oslo_concurrency/lockutils.py:544}}
Jul 27 19:36:04.528492 np0000005933 nova-scheduler[93536]: DEBUG nova.filters [None req-c1bed3d3-829c-415f-afbe-da237c6d08d3 tempest-AttachVolumeNegativeTest-153762711 tempest-AttachVolumeNegativeTest-153762711-project-member] Starting with 1 host(s) {{(pid=93536) get_filtered_objects /opt/stack/nova/nova/filters.py:70}}
Jul 27 19:36:04.529538 np0000005933 nova-scheduler[93536]: DEBUG nova.filters [None req-c1bed3d3-829c-415f-afbe-da237c6d08d3 tempest-AttachVolumeNegativeTest-153762711 tempest-AttachVolumeNegativeTest-153762711-project-member] Filter ComputeFilter returned 1 host(s) {{(pid=93536) get_filtered_objects /opt/stack/nova/nova/filters.py:102}}
Jul 27 19:36:04.529538 np0000005933 nova-scheduler[93536]: DEBUG nova.filters [None req-c1bed3d3-829c-415f-afbe-da237c6d08d3 tempest-AttachVolumeNegativeTest-153762711 tempest-AttachVolumeNegativeTest-153762711-project-member] Filter ComputeCapabilitiesFilter returned 1 host(s) {{(pid=93536) get_filtered_objects /opt/stack/nova/nova/filters.py:102}}
Jul 27 19:36:04.529538 np0000005933 nova-scheduler[93536]: DEBUG nova.filters [None req-c1bed3d3-829c-415f-afbe-da237c6d08d3 tempest-AttachVolumeNegativeTest-153762711 tempest-AttachVolumeNegativeTest-153762711-project-member] Filter ImagePropertiesFilter returned 1 host(s) {{(pid=93536) get_filtered_objects /opt/stack/nova/nova/filters.py:102}}
Jul 27 19:36:04.529538 np0000005933 nova-scheduler[93536]: DEBUG nova.filters [None req-c1bed3d3-829c-415f-afbe-da237c6d08d3 tempest-AttachVolumeNegativeTest-153762711 tempest-AttachVolumeNegativeTest-153762711-project-member] Filter ServerGroupAntiAffinityFilter returned 1 host(s) {{(pid=93536) get_filtered_objects /opt/stack/nova/nova/filters.py:102}}
Jul 27 19:36:04.529709 np0000005933 nova-scheduler[93536]: DEBUG nova.filters [None req-c1bed3d3-829c-415f-afbe-da237c6d08d3 tempest-AttachVolumeNegativeTest-153762711 tempest-AttachVolumeNegativeTest-153762711-project-member] Filter ServerGroupAffinityFilter returned 1 host(s) {{(pid=93536) get_filtered_objects /opt/stack/nova/nova/filters.py:102}}
Jul 27 19:36:04.529776 np0000005933 nova-scheduler[93536]: DEBUG nova.filters [None req-c1bed3d3-829c-415f-afbe-da237c6d08d3 tempest-AttachVolumeNegativeTest-153762711 tempest-AttachVolumeNegativeTest-153762711-project-member] Filter SameHostFilter returned 1 host(s) {{(pid=93536) get_filtered_objects /opt/stack/nova/nova/filters.py:102}}
Jul 27 19:36:04.529877 np0000005933 nova-scheduler[93536]: DEBUG nova.filters [None req-c1bed3d3-829c-415f-afbe-da237c6d08d3 tempest-AttachVolumeNegativeTest-153762711 tempest-AttachVolumeNegativeTest-153762711-project-member] Filter DifferentHostFilter returned 1 host(s) {{(pid=93536) get_filtered_objects /opt/stack/nova/nova/filters.py:102}}
Jul 27 19:36:04.530052 np0000005933 nova-scheduler[93536]: DEBUG nova.scheduler.manager [None req-c1bed3d3-829c-415f-afbe-da237c6d08d3 tempest-AttachVolumeNegativeTest-153762711 tempest-AttachVolumeNegativeTest-153762711-project-member] Filtered [(np0000005933, np0000005933) ram: 62765MB disk: 74752MB io_ops: 0 instances: 0, allocation_candidates: 1] {{(pid=93536) _get_sorted_hosts /opt/stack/nova/nova/scheduler/manager.py:742}}
Jul 27 19:36:04.530255 np0000005933 nova-scheduler[93536]: DEBUG nova.scheduler.manager [None req-c1bed3d3-829c-415f-afbe-da237c6d08d3 tempest-AttachVolumeNegativeTest-153762711 tempest-AttachVolumeNegativeTest-153762711-project-member] Weighed [WeighedHost [host: (np0000005933, np0000005933) ram: 62765MB disk: 74752MB io_ops: 0 instances: 0, allocation_candidates: 1, weight: 0.0]] {{(pid=93536) _get_sorted_hosts /opt/stack/nova/nova/scheduler/manager.py:764}}
Jul 27 19:36:04.530495 np0000005933 nova-scheduler[93536]: DEBUG nova.scheduler.utils [None req-c1bed3d3-829c-415f-afbe-da237c6d08d3 tempest-AttachVolumeNegativeTest-153762711 tempest-AttachVolumeNegativeTest-153762711-project-member] Attempting to claim resources in the placement API for instance 861501ba-479e-4664-9eb8-9b0a9c405b60 {{(pid=93536) claim_resources /opt/stack/nova/nova/scheduler/utils.py:1345}}
Jul 27 19:36:04.736559 np0000005933 nova-scheduler[93536]: DEBUG nova.scheduler.manager [None req-c1bed3d3-829c-415f-afbe-da237c6d08d3 tempest-AttachVolumeNegativeTest-153762711 tempest-AttachVolumeNegativeTest-153762711-project-member] [instance: 861501ba-479e-4664-9eb8-9b0a9c405b60] Selected host: (np0000005933, np0000005933) ram: 62765MB disk: 74752MB io_ops: 0 instances: 0, allocation_candidates: 1 {{(pid=93536) _consume_selected_host /opt/stack/nova/nova/scheduler/manager.py:624}}
Jul 27 19:36:04.736795 np0000005933 nova-scheduler[93536]: DEBUG oslo_concurrency.lockutils [None req-c1bed3d3-829c-415f-afbe-da237c6d08d3 tempest-AttachVolumeNegativeTest-153762711 tempest-AttachVolumeNegativeTest-153762711-project-member] Acquiring lock "np0000005933-np0000005933" by "nova.scheduler.host_manager.HostState.consume_from_request.._locked" {{(pid=93536) inner /opt/stack/data/venv/lib/python3.12/site-packages/oslo_concurrency/lockutils.py:512}}
Jul 27 19:36:04.736929 np0000005933 nova-scheduler[93536]: DEBUG oslo_concurrency.lockutils [None req-c1bed3d3-829c-415f-afbe-da237c6d08d3 tempest-AttachVolumeNegativeTest-153762711 tempest-AttachVolumeNegativeTest-153762711-project-member] Lock "np0000005933-np0000005933" acquired by "nova.scheduler.host_manager.HostState.consume_from_request.._locked" :: waited 0.000s {{(pid=93536) inner /opt/stack/data/venv/lib/python3.12/site-packages/oslo_concurrency/lockutils.py:525}}
Jul 27 19:36:04.737075 np0000005933 nova-scheduler[93536]: DEBUG oslo_concurrency.lockutils [None req-c1bed3d3-829c-415f-afbe-da237c6d08d3 tempest-AttachVolumeNegativeTest-153762711 tempest-AttachVolumeNegativeTest-153762711-project-member] Lock "np0000005933-np0000005933" "released" by "nova.scheduler.host_manager.HostState.consume_from_request.._locked" :: held 0.000s {{(pid=93536) inner /opt/stack/data/venv/lib/python3.12/site-packages/oslo_concurrency/lockutils.py:544}}
Jul 27 19:36:10.605127 np0000005933 nova-scheduler[93538]: DEBUG nova.scheduler.manager [None req-e4bfc95f-5499-4113-9d46-cd8527a9cef7 tempest-AttachSCSIVolumeTestJSON-707470649 tempest-AttachSCSIVolumeTestJSON-707470649-project-member] Starting to schedule for instances: ['68c3de2c-2637-4623-9c53-8cc98d5e68d5'] {{(pid=93538) select_destinations /opt/stack/nova/nova/scheduler/manager.py:209}}
Jul 27 19:36:10.605127 np0000005933 nova-scheduler[93538]: DEBUG nova.scheduler.request_filter [None req-e4bfc95f-5499-4113-9d46-cd8527a9cef7 tempest-AttachSCSIVolumeTestJSON-707470649 tempest-AttachSCSIVolumeTestJSON-707470649-project-member] compute_status_filter request filter added forbidden trait COMPUTE_STATUS_DISABLED {{(pid=93538) compute_status_filter /opt/stack/nova/nova/scheduler/request_filter.py:253}}
Jul 27 19:36:10.605127 np0000005933 nova-scheduler[93538]: DEBUG nova.scheduler.request_filter [None req-e4bfc95f-5499-4113-9d46-cd8527a9cef7 tempest-AttachSCSIVolumeTestJSON-707470649 tempest-AttachSCSIVolumeTestJSON-707470649-project-member] Request filter 'compute_status_filter' took 0.0 seconds {{(pid=93538) wrapper /opt/stack/nova/nova/scheduler/request_filter.py:46}}
Jul 27 19:36:10.605127 np0000005933 nova-scheduler[93538]: DEBUG nova.scheduler.request_filter [None req-e4bfc95f-5499-4113-9d46-cd8527a9cef7 tempest-AttachSCSIVolumeTestJSON-707470649 tempest-AttachSCSIVolumeTestJSON-707470649-project-member] Request filter 'accelerators_filter' took 0.0 seconds {{(pid=93538) wrapper /opt/stack/nova/nova/scheduler/request_filter.py:46}}
Jul 27 19:36:10.605127 np0000005933 nova-scheduler[93538]: DEBUG nova.scheduler.request_filter [None req-e4bfc95f-5499-4113-9d46-cd8527a9cef7 tempest-AttachSCSIVolumeTestJSON-707470649 tempest-AttachSCSIVolumeTestJSON-707470649-project-member] Request filter 'packed_virtqueue_filter' took 0.0 seconds {{(pid=93538) wrapper /opt/stack/nova/nova/scheduler/request_filter.py:46}}
Jul 27 19:36:10.605127 np0000005933 nova-scheduler[93538]: DEBUG nova.scheduler.request_filter [None req-e4bfc95f-5499-4113-9d46-cd8527a9cef7 tempest-AttachSCSIVolumeTestJSON-707470649 tempest-AttachSCSIVolumeTestJSON-707470649-project-member] Request filter 'remote_managed_ports_filter' took 0.0 seconds {{(pid=93538) wrapper /opt/stack/nova/nova/scheduler/request_filter.py:46}}
Jul 27 19:36:10.605127 np0000005933 nova-scheduler[93538]: DEBUG nova.scheduler.request_filter [None req-e4bfc95f-5499-4113-9d46-cd8527a9cef7 tempest-AttachSCSIVolumeTestJSON-707470649 tempest-AttachSCSIVolumeTestJSON-707470649-project-member] ephemeral_encryption_filter skipped {{(pid=93538) ephemeral_encryption_filter /opt/stack/nova/nova/scheduler/request_filter.py:426}}
