Jul 27 19:33:37.285617 np0000005933 nova-conductor[95917]: DEBUG cotyledon.oslo_config_glue [-] oslo_messaging_rabbit.rabbit_quorum_delivery_limit = 0 {{(pid=95917) log_opt_values /opt/stack/data/venv/lib/python3.12/site-packages/oslo_config/cfg.py:3253}}
Jul 27 19:33:37.285617 np0000005933 nova-conductor[95917]: DEBUG cotyledon.oslo_config_glue [-] oslo_messaging_rabbit.rabbit_quorum_max_memory_bytes = 0 {{(pid=95917) log_opt_values /opt/stack/data/venv/lib/python3.12/site-packages/oslo_config/cfg.py:3253}}
Jul 27 19:33:37.285617 np0000005933 nova-conductor[95917]: DEBUG cotyledon.oslo_config_glue [-] oslo_messaging_rabbit.rabbit_quorum_max_memory_length = 0 {{(pid=95917) log_opt_values /opt/stack/data/venv/lib/python3.12/site-packages/oslo_config/cfg.py:3253}}
Jul 27 19:33:37.285897 np0000005933 nova-conductor[95917]: DEBUG cotyledon.oslo_config_glue [-] oslo_messaging_rabbit.rabbit_quorum_queue = False {{(pid=95917) log_opt_values /opt/stack/data/venv/lib/python3.12/site-packages/oslo_config/cfg.py:3253}}
Jul 27 19:33:37.285897 np0000005933 nova-conductor[95917]: DEBUG cotyledon.oslo_config_glue [-] oslo_messaging_rabbit.rabbit_retry_backoff = 2 {{(pid=95917) log_opt_values /opt/stack/data/venv/lib/python3.12/site-packages/oslo_config/cfg.py:3253}}
Jul 27 19:33:37.285897 np0000005933 nova-conductor[95917]: DEBUG cotyledon.oslo_config_glue [-] oslo_messaging_rabbit.rabbit_retry_interval = 1 {{(pid=95917) log_opt_values /opt/stack/data/venv/lib/python3.12/site-packages/oslo_config/cfg.py:3253}}
Jul 27 19:33:37.285897 np0000005933 nova-conductor[95917]: DEBUG cotyledon.oslo_config_glue [-] oslo_messaging_rabbit.rabbit_stream_fanout = False {{(pid=95917) log_opt_values /opt/stack/data/venv/lib/python3.12/site-packages/oslo_config/cfg.py:3253}}
Jul 27 19:33:37.285897 np0000005933 nova-conductor[95917]: DEBUG cotyledon.oslo_config_glue [-] oslo_messaging_rabbit.rabbit_transient_queues_ttl = 1800 {{(pid=95917) log_opt_values /opt/stack/data/venv/lib/python3.12/site-packages/oslo_config/cfg.py:3253}}
Jul 27 19:33:37.285897 np0000005933 nova-conductor[95917]: DEBUG cotyledon.oslo_config_glue [-] oslo_messaging_rabbit.rabbit_transient_quorum_queue = False {{(pid=95917) log_opt_values /opt/stack/data/venv/lib/python3.12/site-packages/oslo_config/cfg.py:3253}}
Jul 27 19:33:37.285897 np0000005933 nova-conductor[95917]: DEBUG cotyledon.oslo_config_glue [-] oslo_messaging_rabbit.rpc_conn_pool_size = 30 {{(pid=95917) log_opt_values /opt/stack/data/venv/lib/python3.12/site-packages/oslo_config/cfg.py:3253}}
Jul 27 19:33:37.285897 np0000005933 nova-conductor[95917]: DEBUG cotyledon.oslo_config_glue [-] oslo_messaging_rabbit.ssl = False {{(pid=95917) log_opt_values /opt/stack/data/venv/lib/python3.12/site-packages/oslo_config/cfg.py:3253}}
Jul 27 19:33:37.285897 np0000005933 nova-conductor[95917]: DEBUG cotyledon.oslo_config_glue [-] oslo_messaging_rabbit.ssl_ca_file = {{(pid=95917) log_opt_values /opt/stack/data/venv/lib/python3.12/site-packages/oslo_config/cfg.py:3253}}
Jul 27 19:33:37.286200 np0000005933 nova-conductor[95917]: DEBUG cotyledon.oslo_config_glue [-] oslo_messaging_rabbit.ssl_cert_file = {{(pid=95917) log_opt_values /opt/stack/data/venv/lib/python3.12/site-packages/oslo_config/cfg.py:3253}}
Jul 27 19:33:37.286200 np0000005933 nova-conductor[95917]: DEBUG cotyledon.oslo_config_glue [-] oslo_messaging_rabbit.ssl_enforce_fips_mode = False {{(pid=95917) log_opt_values /opt/stack/data/venv/lib/python3.12/site-packages/oslo_config/cfg.py:3253}}
Jul 27 19:33:37.286200 np0000005933 nova-conductor[95917]: DEBUG cotyledon.oslo_config_glue [-] oslo_messaging_rabbit.ssl_enforce_hostname_verification = True {{(pid=95917) log_opt_values /opt/stack/data/venv/lib/python3.12/site-packages/oslo_config/cfg.py:3253}}
Jul 27 19:33:37.286200 np0000005933 nova-conductor[95917]: DEBUG cotyledon.oslo_config_glue [-] oslo_messaging_rabbit.ssl_key_file = {{(pid=95917) log_opt_values /opt/stack/data/venv/lib/python3.12/site-packages/oslo_config/cfg.py:3253}}
Jul 27 19:33:37.286200 np0000005933 nova-conductor[95917]: DEBUG cotyledon.oslo_config_glue [-] oslo_messaging_rabbit.ssl_version = {{(pid=95917) log_opt_values /opt/stack/data/venv/lib/python3.12/site-packages/oslo_config/cfg.py:3253}}
Jul 27 19:33:37.286200 np0000005933 nova-conductor[95917]: DEBUG cotyledon.oslo_config_glue [-] oslo_messaging_rabbit.use_queue_manager = False {{(pid=95917) log_opt_values /opt/stack/data/venv/lib/python3.12/site-packages/oslo_config/cfg.py:3253}}
Jul 27 19:33:37.286200 np0000005933 nova-conductor[95917]: DEBUG cotyledon.oslo_config_glue [-] oslo_messaging_notifications.driver = ['messagingv2'] {{(pid=95917) log_opt_values /opt/stack/data/venv/lib/python3.12/site-packages/oslo_config/cfg.py:3253}}
Jul 27 19:33:37.286200 np0000005933 nova-conductor[95917]: DEBUG cotyledon.oslo_config_glue [-] oslo_messaging_notifications.retry = -1 {{(pid=95917) log_opt_values /opt/stack/data/venv/lib/python3.12/site-packages/oslo_config/cfg.py:3253}}
Jul 27 19:33:37.286200 np0000005933 nova-conductor[95917]: DEBUG cotyledon.oslo_config_glue [-] oslo_messaging_notifications.topics = ['notifications'] {{(pid=95917) log_opt_values /opt/stack/data/venv/lib/python3.12/site-packages/oslo_config/cfg.py:3253}}
Jul 27 19:33:37.286455 np0000005933 nova-conductor[95917]: DEBUG cotyledon.oslo_config_glue [-] oslo_messaging_notifications.transport_url = **** {{(pid=95917) log_opt_values /opt/stack/data/venv/lib/python3.12/site-packages/oslo_config/cfg.py:3253}}
Jul 27 19:33:37.286455 np0000005933 nova-conductor[95917]: DEBUG cotyledon.oslo_config_glue [-] oslo_limit.auth_section = None {{(pid=95917) log_opt_values /opt/stack/data/venv/lib/python3.12/site-packages/oslo_config/cfg.py:3253}}
Jul 27 19:33:37.286455 np0000005933 nova-conductor[95917]: DEBUG cotyledon.oslo_config_glue [-] oslo_limit.auth_type = None {{(pid=95917) log_opt_values /opt/stack/data/venv/lib/python3.12/site-packages/oslo_config/cfg.py:3253}}
Jul 27 19:33:37.286455 np0000005933 nova-conductor[95917]: DEBUG cotyledon.oslo_config_glue [-] oslo_limit.cafile = None {{(pid=95917) log_opt_values /opt/stack/data/venv/lib/python3.12/site-packages/oslo_config/cfg.py:3253}}
Jul 27 19:33:37.286455 np0000005933 nova-conductor[95917]: DEBUG cotyledon.oslo_config_glue [-] oslo_limit.certfile = None {{(pid=95917) log_opt_values /opt/stack/data/venv/lib/python3.12/site-packages/oslo_config/cfg.py:3253}}
Jul 27 19:33:37.286455 np0000005933 nova-conductor[95917]: DEBUG cotyledon.oslo_config_glue [-] oslo_limit.collect_timing = False {{(pid=95917) log_opt_values /opt/stack/data/venv/lib/python3.12/site-packages/oslo_config/cfg.py:3253}}
Jul 27 19:33:37.286455 np0000005933 nova-conductor[95917]: DEBUG cotyledon.oslo_config_glue [-] oslo_limit.connect_retries = None {{(pid=95917) log_opt_values /opt/stack/data/venv/lib/python3.12/site-packages/oslo_config/cfg.py:3253}}
Jul 27 19:33:37.286455 np0000005933 nova-conductor[95917]: DEBUG cotyledon.oslo_config_glue [-] oslo_limit.connect_retry_delay = None {{(pid=95917) log_opt_values /opt/stack/data/venv/lib/python3.12/site-packages/oslo_config/cfg.py:3253}}
Jul 27 19:33:37.286455 np0000005933 nova-conductor[95917]: DEBUG cotyledon.oslo_config_glue [-] oslo_limit.endpoint_id = None {{(pid=95917) log_opt_values /opt/stack/data/venv/lib/python3.12/site-packages/oslo_config/cfg.py:3253}}
Jul 27 19:33:37.286713 np0000005933 nova-conductor[95917]: DEBUG cotyledon.oslo_config_glue [-] oslo_limit.endpoint_interface = public {{(pid=95917) log_opt_values /opt/stack/data/venv/lib/python3.12/site-packages/oslo_config/cfg.py:3253}}
Jul 27 19:33:37.286713 np0000005933 nova-conductor[95917]: DEBUG cotyledon.oslo_config_glue [-] oslo_limit.endpoint_override = None {{(pid=95917) log_opt_values /opt/stack/data/venv/lib/python3.12/site-packages/oslo_config/cfg.py:3253}}
Jul 27 19:33:37.286713 np0000005933 nova-conductor[95917]: DEBUG cotyledon.oslo_config_glue [-] oslo_limit.endpoint_region_name = None {{(pid=95917) log_opt_values /opt/stack/data/venv/lib/python3.12/site-packages/oslo_config/cfg.py:3253}}
Jul 27 19:33:37.286713 np0000005933 nova-conductor[95917]: DEBUG cotyledon.oslo_config_glue [-] oslo_limit.endpoint_service_name = None {{(pid=95917) log_opt_values /opt/stack/data/venv/lib/python3.12/site-packages/oslo_config/cfg.py:3253}}
Jul 27 19:33:37.286713 np0000005933 nova-conductor[95917]: DEBUG cotyledon.oslo_config_glue [-] oslo_limit.endpoint_service_type = None {{(pid=95917) log_opt_values /opt/stack/data/venv/lib/python3.12/site-packages/oslo_config/cfg.py:3253}}
Jul 27 19:33:37.286713 np0000005933 nova-conductor[95917]: DEBUG cotyledon.oslo_config_glue [-] oslo_limit.insecure = False {{(pid=95917) log_opt_values /opt/stack/data/venv/lib/python3.12/site-packages/oslo_config/cfg.py:3253}}
Jul 27 19:33:37.286713 np0000005933 nova-conductor[95917]: DEBUG cotyledon.oslo_config_glue [-] oslo_limit.keyfile = None {{(pid=95917) log_opt_values /opt/stack/data/venv/lib/python3.12/site-packages/oslo_config/cfg.py:3253}}
Jul 27 19:33:37.286713 np0000005933 nova-conductor[95917]: DEBUG cotyledon.oslo_config_glue [-] oslo_limit.max_version = None {{(pid=95917) log_opt_values /opt/stack/data/venv/lib/python3.12/site-packages/oslo_config/cfg.py:3253}}
Jul 27 19:33:37.286713 np0000005933 nova-conductor[95917]: DEBUG cotyledon.oslo_config_glue [-] oslo_limit.min_version = None {{(pid=95917) log_opt_values /opt/stack/data/venv/lib/python3.12/site-packages/oslo_config/cfg.py:3253}}
Jul 27 19:33:37.286944 np0000005933 nova-conductor[95917]: DEBUG cotyledon.oslo_config_glue [-] oslo_limit.region_name = None {{(pid=95917) log_opt_values /opt/stack/data/venv/lib/python3.12/site-packages/oslo_config/cfg.py:3253}}
Jul 27 19:33:37.286944 np0000005933 nova-conductor[95917]: DEBUG cotyledon.oslo_config_glue [-] oslo_limit.retriable_status_codes = None {{(pid=95917) log_opt_values /opt/stack/data/venv/lib/python3.12/site-packages/oslo_config/cfg.py:3253}}
Jul 27 19:33:37.286944 np0000005933 nova-conductor[95917]: DEBUG cotyledon.oslo_config_glue [-] oslo_limit.service_name = None {{(pid=95917) log_opt_values /opt/stack/data/venv/lib/python3.12/site-packages/oslo_config/cfg.py:3253}}
Jul 27 19:33:37.286944 np0000005933 nova-conductor[95917]: DEBUG cotyledon.oslo_config_glue [-] oslo_limit.service_type = None {{(pid=95917) log_opt_values /opt/stack/data/venv/lib/python3.12/site-packages/oslo_config/cfg.py:3253}}
Jul 27 19:33:37.286944 np0000005933 nova-conductor[95917]: DEBUG cotyledon.oslo_config_glue [-] oslo_limit.split_loggers = False {{(pid=95917) log_opt_values /opt/stack/data/venv/lib/python3.12/site-packages/oslo_config/cfg.py:3253}}
Jul 27 19:33:37.286944 np0000005933 nova-conductor[95917]: DEBUG cotyledon.oslo_config_glue [-] oslo_limit.status_code_retries = None {{(pid=95917) log_opt_values /opt/stack/data/venv/lib/python3.12/site-packages/oslo_config/cfg.py:3253}}
Jul 27 19:33:37.286944 np0000005933 nova-conductor[95917]: DEBUG cotyledon.oslo_config_glue [-] oslo_limit.status_code_retry_delay = None {{(pid=95917) log_opt_values /opt/stack/data/venv/lib/python3.12/site-packages/oslo_config/cfg.py:3253}}
Jul 27 19:33:37.286944 np0000005933 nova-conductor[95917]: DEBUG cotyledon.oslo_config_glue [-] oslo_limit.timeout = None {{(pid=95917) log_opt_values /opt/stack/data/venv/lib/python3.12/site-packages/oslo_config/cfg.py:3253}}
Jul 27 19:33:37.286944 np0000005933 nova-conductor[95917]: DEBUG cotyledon.oslo_config_glue [-] oslo_limit.valid_interfaces = None {{(pid=95917) log_opt_values /opt/stack/data/venv/lib/python3.12/site-packages/oslo_config/cfg.py:3253}}
Jul 27 19:33:37.287135 np0000005933 nova-conductor[95917]: DEBUG cotyledon.oslo_config_glue [-] oslo_limit.version = None {{(pid=95917) log_opt_values /opt/stack/data/venv/lib/python3.12/site-packages/oslo_config/cfg.py:3253}}
Jul 27 19:33:37.287135 np0000005933 nova-conductor[95917]: DEBUG cotyledon.oslo_config_glue [-] oslo_reports.file_event_handler = None {{(pid=95917) log_opt_values /opt/stack/data/venv/lib/python3.12/site-packages/oslo_config/cfg.py:3253}}
Jul 27 19:33:37.287135 np0000005933 nova-conductor[95917]: DEBUG cotyledon.oslo_config_glue [-] oslo_reports.file_event_handler_interval = 1 {{(pid=95917) log_opt_values /opt/stack/data/venv/lib/python3.12/site-packages/oslo_config/cfg.py:3253}}
Jul 27 19:33:37.287135 np0000005933 nova-conductor[95917]: DEBUG cotyledon.oslo_config_glue [-] oslo_reports.log_dir = None {{(pid=95917) log_opt_values /opt/stack/data/venv/lib/python3.12/site-packages/oslo_config/cfg.py:3253}}
Jul 27 19:33:37.287135 np0000005933 nova-conductor[95917]: DEBUG cotyledon.oslo_config_glue [-] ******************************************************************************** {{(pid=95917) log_opt_values /opt/stack/data/venv/lib/python3.12/site-packages/oslo_config/cfg.py:3260}}
Jul 27 19:33:37.287135 np0000005933 nova-conductor[95917]: DEBUG cotyledon._service_worker [-] Run service ServiceWrapper(2) [95917] {{(pid=95917) wait_forever /opt/stack/data/venv/lib/python3.12/site-packages/cotyledon/_service_worker.py:218}}
Jul 27 19:33:37.287135 np0000005933 nova-conductor[95917]: INFO nova.service [-] Starting conductor node (version 33.1.0)
Jul 27 19:33:37.288918 np0000005933 nova-conductor[95917]: INFO dbcounter [None req-42d9c772-0047-433e-ac38-92808caea884 None None] Registered counter for database nova_cell0
Jul 27 19:33:37.294913 np0000005933 nova-conductor[95912]: DEBUG oslo_db.sqlalchemy.engines [None req-6436d3e8-b796-415d-bc2b-f878902309a0 None None] MySQL server mode set to STRICT_TRANS_TABLES,STRICT_ALL_TABLES,NO_ZERO_IN_DATE,NO_ZERO_DATE,ERROR_FOR_DIVISION_BY_ZERO,TRADITIONAL,NO_ENGINE_SUBSTITUTION {{(pid=95912) _check_effective_sql_mode /opt/stack/data/venv/lib/python3.12/site-packages/oslo_db/sqlalchemy/engines.py:325}}
Jul 27 19:33:37.305732 np0000005933 nova-conductor[95912]: DEBUG dbcounter [-] [95912] Writer thread running {{(pid=95912) stat_writer /opt/stack/data/venv/lib/python3.12/site-packages/dbcounter.py:102}}
Jul 27 19:33:37.314905 np0000005933 nova-conductor[95915]: DEBUG oslo_db.sqlalchemy.engines [None req-49957e0c-0bf6-4ca0-9eb8-6130d7d5dfdf None None] MySQL server mode set to STRICT_TRANS_TABLES,STRICT_ALL_TABLES,NO_ZERO_IN_DATE,NO_ZERO_DATE,ERROR_FOR_DIVISION_BY_ZERO,TRADITIONAL,NO_ENGINE_SUBSTITUTION {{(pid=95915) _check_effective_sql_mode /opt/stack/data/venv/lib/python3.12/site-packages/oslo_db/sqlalchemy/engines.py:325}}
Jul 27 19:33:37.322066 np0000005933 nova-conductor[95912]: DEBUG nova.service [None req-6436d3e8-b796-415d-bc2b-f878902309a0 None None] Creating RPC server for service: nova-conductor on topic: conductor {{(pid=95912) start /opt/stack/nova/nova/service.py:196}}
Jul 27 19:33:37.324744 np0000005933 nova-conductor[95917]: DEBUG oslo_db.sqlalchemy.engines [None req-42d9c772-0047-433e-ac38-92808caea884 None None] MySQL server mode set to STRICT_TRANS_TABLES,STRICT_ALL_TABLES,NO_ZERO_IN_DATE,NO_ZERO_DATE,ERROR_FOR_DIVISION_BY_ZERO,TRADITIONAL,NO_ENGINE_SUBSTITUTION {{(pid=95917) _check_effective_sql_mode /opt/stack/data/venv/lib/python3.12/site-packages/oslo_db/sqlalchemy/engines.py:325}}
Jul 27 19:33:37.325994 np0000005933 nova-conductor[95915]: DEBUG dbcounter [-] [95915] Writer thread running {{(pid=95915) stat_writer /opt/stack/data/venv/lib/python3.12/site-packages/dbcounter.py:102}}
Jul 27 19:33:37.328713 np0000005933 nova-conductor[95915]: DEBUG nova.service [None req-49957e0c-0bf6-4ca0-9eb8-6130d7d5dfdf None None] Creating RPC server for service: nova-conductor on topic: conductor {{(pid=95915) start /opt/stack/nova/nova/service.py:196}}
Jul 27 19:33:37.333767 np0000005933 nova-conductor[95917]: DEBUG dbcounter [-] [95917] Writer thread running {{(pid=95917) stat_writer /opt/stack/data/venv/lib/python3.12/site-packages/dbcounter.py:102}}
Jul 27 19:33:37.336590 np0000005933 nova-conductor[95917]: DEBUG nova.service [None req-42d9c772-0047-433e-ac38-92808caea884 None None] Creating RPC server for service: nova-conductor on topic: conductor {{(pid=95917) start /opt/stack/nova/nova/service.py:196}}
Jul 27 19:33:37.345134 np0000005933 nova-conductor[95912]: DEBUG nova.service [None req-6436d3e8-b796-415d-bc2b-f878902309a0 None None] Join ServiceGroup membership for this service conductor {{(pid=95912) start /opt/stack/nova/nova/service.py:222}}
Jul 27 19:33:37.345333 np0000005933 nova-conductor[95912]: DEBUG nova.servicegroup.drivers.db [None req-6436d3e8-b796-415d-bc2b-f878902309a0 None None] DB_Driver: join new ServiceGroup member np0000005933 to the conductor group, service = {{(pid=95912) join /opt/stack/nova/nova/servicegroup/drivers/db.py:44}}
Jul 27 19:33:37.345746 np0000005933 nova-conductor[95915]: DEBUG nova.service [None req-49957e0c-0bf6-4ca0-9eb8-6130d7d5dfdf None None] Join ServiceGroup membership for this service conductor {{(pid=95915) start /opt/stack/nova/nova/service.py:222}}
Jul 27 19:33:37.345939 np0000005933 nova-conductor[95915]: DEBUG nova.servicegroup.drivers.db [None req-49957e0c-0bf6-4ca0-9eb8-6130d7d5dfdf None None] DB_Driver: join new ServiceGroup member np0000005933 to the conductor group, service = {{(pid=95915) join /opt/stack/nova/nova/servicegroup/drivers/db.py:44}}
Jul 27 19:33:37.351575 np0000005933 nova-conductor[95917]: DEBUG nova.service [None req-42d9c772-0047-433e-ac38-92808caea884 None None] Join ServiceGroup membership for this service conductor {{(pid=95917) start /opt/stack/nova/nova/service.py:222}}
Jul 27 19:33:37.351775 np0000005933 nova-conductor[95917]: DEBUG nova.servicegroup.drivers.db [None req-42d9c772-0047-433e-ac38-92808caea884 None None] DB_Driver: join new ServiceGroup member np0000005933 to the conductor group, service = {{(pid=95917) join /opt/stack/nova/nova/servicegroup/drivers/db.py:44}}
Jul 27 19:33:42.366308 np0000005933 nova-conductor[95915]: DEBUG oslo.service.backend._threading.loopingcall [-] Fixed interval looping call 'nova.servicegroup.drivers.db.DbDriver._report_state' sleeping for 119.98 seconds {{(pid=95915) _run_loop /opt/stack/data/venv/lib/python3.12/site-packages/oslo_service/backend/_threading/loopingcall.py:125}}
Jul 27 19:33:42.367138 np0000005933 nova-conductor[95912]: DEBUG oslo.service.backend._threading.loopingcall [-] Fixed interval looping call 'nova.servicegroup.drivers.db.DbDriver._report_state' sleeping for 119.98 seconds {{(pid=95912) _run_loop /opt/stack/data/venv/lib/python3.12/site-packages/oslo_service/backend/_threading/loopingcall.py:125}}
Jul 27 19:33:42.370074 np0000005933 nova-conductor[95917]: DEBUG oslo.service.backend._threading.loopingcall [-] Fixed interval looping call 'nova.servicegroup.drivers.db.DbDriver._report_state' sleeping for 119.98 seconds {{(pid=95917) _run_loop /opt/stack/data/venv/lib/python3.12/site-packages/oslo_service/backend/_threading/loopingcall.py:125}}
Jul 27 19:33:45.912137 np0000005933 nova-conductor[94402]: DEBUG dbcounter [-] [94402] Writing DB stats nova_api:SELECT=1 {{(pid=94402) stat_writer /opt/stack/data/venv/lib/python3.12/site-packages/dbcounter.py:115}}
Jul 27 19:33:46.052457 np0000005933 nova-conductor[94402]: DEBUG dbcounter [-] [94402] Writing DB stats nova_cell0:SELECT=1 {{(pid=94402) stat_writer /opt/stack/data/venv/lib/python3.12/site-packages/dbcounter.py:115}}
Jul 27 19:33:46.056620 np0000005933 nova-conductor[94402]: DEBUG dbcounter [-] [94402] Writing DB stats nova_cell1:SELECT=1 {{(pid=94402) stat_writer /opt/stack/data/venv/lib/python3.12/site-packages/dbcounter.py:115}}
Jul 27 19:33:47.347372 np0000005933 nova-conductor[95912]: DEBUG oslo.service.backend._threading.loopingcall [None req-2d6331bd-2182-437a-af50-ef72c9c04f37 None None] Dynamic interval looping call 'nova.service.Service.periodic_tasks' sleeping for 60.00 seconds {{(pid=95912) _run_loop /opt/stack/data/venv/lib/python3.12/site-packages/oslo_service/backend/_threading/loopingcall.py:125}}
Jul 27 19:33:52.358476 np0000005933 nova-conductor[95912]: DEBUG dbcounter [-] [95912] Writing DB stats nova_cell0:SELECT=4,nova_cell0:INSERT=1,nova_cell0:UPDATE=1 {{(pid=95912) stat_writer /opt/stack/data/venv/lib/python3.12/site-packages/dbcounter.py:115}}
Jul 27 19:33:52.362673 np0000005933 nova-conductor[95915]: DEBUG dbcounter [-] [95915] Writing DB stats nova_cell0:SELECT=3,nova_cell0:UPDATE=1 {{(pid=95915) stat_writer /opt/stack/data/venv/lib/python3.12/site-packages/dbcounter.py:115}}
Jul 27 19:33:52.363370 np0000005933 nova-conductor[95917]: DEBUG dbcounter [-] [95917] Writing DB stats nova_cell0:SELECT=3,nova_cell0:UPDATE=1 {{(pid=95917) stat_writer /opt/stack/data/venv/lib/python3.12/site-packages/dbcounter.py:115}}
Jul 27 19:34:26.347855 np0000005933 nova-conductor[95915]: DEBUG oslo.service.backend._threading.loopingcall [None req-eff6d24f-8dd4-48d3-b8f1-f6323274f1ef None None] Dynamic interval looping call 'nova.service.Service.periodic_tasks' sleeping for 60.00 seconds {{(pid=95915) _run_loop /opt/stack/data/venv/lib/python3.12/site-packages/oslo_service/backend/_threading/loopingcall.py:125}}
Jul 27 19:34:26.353648 np0000005933 nova-conductor[95917]: DEBUG oslo.service.backend._threading.loopingcall [None req-619433de-f2b4-49ef-ab50-bf8fe3cd5344 None None] Dynamic interval looping call 'nova.service.Service.periodic_tasks' sleeping for 60.00 seconds {{(pid=95917) _run_loop /opt/stack/data/venv/lib/python3.12/site-packages/oslo_service/backend/_threading/loopingcall.py:125}}
Jul 27 19:34:47.347860 np0000005933 nova-conductor[95912]: DEBUG oslo.service.backend._threading.loopingcall [None req-2d6331bd-2182-437a-af50-ef72c9c04f37 None None] Dynamic interval looping call 'nova.service.Service.periodic_tasks' sleeping for 60.00 seconds {{(pid=95912) _run_loop /opt/stack/data/venv/lib/python3.12/site-packages/oslo_service/backend/_threading/loopingcall.py:125}}
Jul 27 19:35:26.348430 np0000005933 nova-conductor[95915]: DEBUG oslo.service.backend._threading.loopingcall [None req-eff6d24f-8dd4-48d3-b8f1-f6323274f1ef None None] Dynamic interval looping call 'nova.service.Service.periodic_tasks' sleeping for 60.00 seconds {{(pid=95915) _run_loop /opt/stack/data/venv/lib/python3.12/site-packages/oslo_service/backend/_threading/loopingcall.py:125}}
Jul 27 19:35:26.354075 np0000005933 nova-conductor[95917]: DEBUG oslo.service.backend._threading.loopingcall [None req-619433de-f2b4-49ef-ab50-bf8fe3cd5344 None None] Dynamic interval looping call 'nova.service.Service.periodic_tasks' sleeping for 60.00 seconds {{(pid=95917) _run_loop /opt/stack/data/venv/lib/python3.12/site-packages/oslo_service/backend/_threading/loopingcall.py:125}}
Jul 27 19:35:42.354075 np0000005933 nova-conductor[95915]: DEBUG oslo.service.backend._threading.loopingcall [-] Fixed interval looping call 'nova.servicegroup.drivers.db.DbDriver._report_state' sleeping for 119.99 seconds {{(pid=95915) _run_loop /opt/stack/data/venv/lib/python3.12/site-packages/oslo_service/backend/_threading/loopingcall.py:125}}
Jul 27 19:35:42.355433 np0000005933 nova-conductor[95912]: DEBUG oslo.service.backend._threading.loopingcall [-] Fixed interval looping call 'nova.servicegroup.drivers.db.DbDriver._report_state' sleeping for 119.99 seconds {{(pid=95912) _run_loop /opt/stack/data/venv/lib/python3.12/site-packages/oslo_service/backend/_threading/loopingcall.py:125}}
Jul 27 19:35:42.357146 np0000005933 nova-conductor[95917]: DEBUG oslo.service.backend._threading.loopingcall [-] Fixed interval looping call 'nova.servicegroup.drivers.db.DbDriver._report_state' sleeping for 119.99 seconds {{(pid=95917) _run_loop /opt/stack/data/venv/lib/python3.12/site-packages/oslo_service/backend/_threading/loopingcall.py:125}}
Jul 27 19:35:47.348531 np0000005933 nova-conductor[95912]: DEBUG oslo.service.backend._threading.loopingcall [None req-2d6331bd-2182-437a-af50-ef72c9c04f37 None None] Dynamic interval looping call 'nova.service.Service.periodic_tasks' sleeping for 60.00 seconds {{(pid=95912) _run_loop /opt/stack/data/venv/lib/python3.12/site-packages/oslo_service/backend/_threading/loopingcall.py:125}}
Jul 27 19:35:52.350460 np0000005933 nova-conductor[95915]: DEBUG dbcounter [-] [95915] Writing DB stats nova_cell0:SELECT=1,nova_cell0:UPDATE=1 {{(pid=95915) stat_writer /opt/stack/data/venv/lib/python3.12/site-packages/dbcounter.py:115}}
Jul 27 19:35:52.352889 np0000005933 nova-conductor[95912]: DEBUG dbcounter [-] [95912] Writing DB stats nova_cell0:SELECT=1,nova_cell0:UPDATE=1 {{(pid=95912) stat_writer /opt/stack/data/venv/lib/python3.12/site-packages/dbcounter.py:115}}
Jul 27 19:35:52.354388 np0000005933 nova-conductor[95917]: DEBUG dbcounter [-] [95917] Writing DB stats nova_cell0:SELECT=1,nova_cell0:UPDATE=1 {{(pid=95917) stat_writer /opt/stack/data/venv/lib/python3.12/site-packages/dbcounter.py:115}}
Jul 27 19:36:03.818144 np0000005933 nova-conductor[95912]: DEBUG oslo_db.sqlalchemy.engines [None req-c1bed3d3-829c-415f-afbe-da237c6d08d3 tempest-AttachVolumeNegativeTest-153762711 tempest-AttachVolumeNegativeTest-153762711-project-member] Parent process 94402 forked (95912) with an open database connection, which is being discarded and recreated. {{(pid=95912) checkout /opt/stack/data/venv/lib/python3.12/site-packages/oslo_db/sqlalchemy/engines.py:402}}
Jul 27 19:36:03.864549 np0000005933 nova-conductor[95912]: DEBUG dbcounter [-] [95912] Writer thread running {{(pid=95912) stat_writer /opt/stack/data/venv/lib/python3.12/site-packages/dbcounter.py:102}}
Jul 27 19:36:04.756011 np0000005933 nova-conductor[95912]: DEBUG nova.conductor.manager [None req-c1bed3d3-829c-415f-afbe-da237c6d08d3 tempest-AttachVolumeNegativeTest-153762711 tempest-AttachVolumeNegativeTest-153762711-project-member] Took 0.89 seconds to select destinations for 1 instance(s). {{(pid=95912) _schedule_instances /opt/stack/nova/nova/conductor/manager.py:968}}
Jul 27 19:36:04.785944 np0000005933 nova-conductor[95912]: DEBUG oslo_concurrency.lockutils [None req-c1bed3d3-829c-415f-afbe-da237c6d08d3 tempest-AttachVolumeNegativeTest-153762711 tempest-AttachVolumeNegativeTest-153762711-project-member] Acquiring lock "134c6612-d575-4078-a3a5-ea0ddc155589" by "nova.context.set_target_cell..get_or_set_cached_cell_and_set_connections" {{(pid=95912) inner /opt/stack/data/venv/lib/python3.12/site-packages/oslo_concurrency/lockutils.py:512}}
Jul 27 19:36:04.786204 np0000005933 nova-conductor[95912]: DEBUG oslo_concurrency.lockutils [None req-c1bed3d3-829c-415f-afbe-da237c6d08d3 tempest-AttachVolumeNegativeTest-153762711 tempest-AttachVolumeNegativeTest-153762711-project-member] Lock "134c6612-d575-4078-a3a5-ea0ddc155589" acquired by "nova.context.set_target_cell..get_or_set_cached_cell_and_set_connections" :: waited 0.000s {{(pid=95912) inner /opt/stack/data/venv/lib/python3.12/site-packages/oslo_concurrency/lockutils.py:525}}
Jul 27 19:36:04.787761 np0000005933 nova-conductor[95912]: DEBUG oslo_concurrency.lockutils [None req-c1bed3d3-829c-415f-afbe-da237c6d08d3 tempest-AttachVolumeNegativeTest-153762711 tempest-AttachVolumeNegativeTest-153762711-project-member] Lock "134c6612-d575-4078-a3a5-ea0ddc155589" "released" by "nova.context.set_target_cell..get_or_set_cached_cell_and_set_connections" :: held 0.001s {{(pid=95912) inner /opt/stack/data/venv/lib/python3.12/site-packages/oslo_concurrency/lockutils.py:544}}
Jul 27 19:36:04.789971 np0000005933 nova-conductor[95912]: INFO dbcounter [None req-c1bed3d3-829c-415f-afbe-da237c6d08d3 tempest-AttachVolumeNegativeTest-153762711 tempest-AttachVolumeNegativeTest-153762711-project-member] Registered counter for database nova_cell1
Jul 27 19:36:04.830658 np0000005933 nova-conductor[95912]: DEBUG oslo_db.sqlalchemy.engines [None req-c1bed3d3-829c-415f-afbe-da237c6d08d3 tempest-AttachVolumeNegativeTest-153762711 tempest-AttachVolumeNegativeTest-153762711-project-member] MySQL server mode set to STRICT_TRANS_TABLES,STRICT_ALL_TABLES,NO_ZERO_IN_DATE,NO_ZERO_DATE,ERROR_FOR_DIVISION_BY_ZERO,TRADITIONAL,NO_ENGINE_SUBSTITUTION {{(pid=95912) _check_effective_sql_mode /opt/stack/data/venv/lib/python3.12/site-packages/oslo_db/sqlalchemy/engines.py:325}}
Jul 27 19:36:04.836523 np0000005933 nova-conductor[95912]: DEBUG dbcounter [-] [95912] Writer thread running {{(pid=95912) stat_writer /opt/stack/data/venv/lib/python3.12/site-packages/dbcounter.py:102}}
Jul 27 19:36:04.926899 np0000005933 nova-conductor[95912]: INFO nova.utils [None req-c1bed3d3-829c-415f-afbe-da237c6d08d3 tempest-AttachVolumeNegativeTest-153762711 tempest-AttachVolumeNegativeTest-153762711-project-member] The cell worker thread pool ForkProcess-1.cell_worker is initialized
Jul 27 19:36:04.927198 np0000005933 nova-conductor[95912]: DEBUG oslo_concurrency.lockutils [None req-c1bed3d3-829c-415f-afbe-da237c6d08d3 tempest-AttachVolumeNegativeTest-153762711 tempest-AttachVolumeNegativeTest-153762711-project-member] Acquiring lock "00000000-0000-0000-0000-000000000000" by "nova.context.set_target_cell..get_or_set_cached_cell_and_set_connections" {{(pid=95912) inner /opt/stack/data/venv/lib/python3.12/site-packages/oslo_concurrency/lockutils.py:512}}
Jul 27 19:36:04.927357 np0000005933 nova-conductor[95912]: DEBUG oslo_concurrency.lockutils [None req-c1bed3d3-829c-415f-afbe-da237c6d08d3 tempest-AttachVolumeNegativeTest-153762711 tempest-AttachVolumeNegativeTest-153762711-project-member] Lock "00000000-0000-0000-0000-000000000000" acquired by "nova.context.set_target_cell..get_or_set_cached_cell_and_set_connections" :: waited 0.000s {{(pid=95912) inner /opt/stack/data/venv/lib/python3.12/site-packages/oslo_concurrency/lockutils.py:525}}
Jul 27 19:36:04.927824 np0000005933 nova-conductor[95912]: DEBUG oslo_concurrency.lockutils [None req-c1bed3d3-829c-415f-afbe-da237c6d08d3 tempest-AttachVolumeNegativeTest-153762711 tempest-AttachVolumeNegativeTest-153762711-project-member] Lock "00000000-0000-0000-0000-000000000000" "released" by "nova.context.set_target_cell..get_or_set_cached_cell_and_set_connections" :: held 0.000s {{(pid=95912) inner /opt/stack/data/venv/lib/python3.12/site-packages/oslo_concurrency/lockutils.py:544}}
Jul 27 19:36:04.928389 np0000005933 nova-conductor[95912]: DEBUG oslo_concurrency.lockutils [None req-c1bed3d3-829c-415f-afbe-da237c6d08d3 tempest-AttachVolumeNegativeTest-153762711 tempest-AttachVolumeNegativeTest-153762711-project-member] Acquiring lock "134c6612-d575-4078-a3a5-ea0ddc155589" by "nova.context.set_target_cell..get_or_set_cached_cell_and_set_connections" {{(pid=95912) inner /opt/stack/data/venv/lib/python3.12/site-packages/oslo_concurrency/lockutils.py:512}}
Jul 27 19:36:04.928524 np0000005933 nova-conductor[95912]: DEBUG oslo_concurrency.lockutils [None req-c1bed3d3-829c-415f-afbe-da237c6d08d3 tempest-AttachVolumeNegativeTest-153762711 tempest-AttachVolumeNegativeTest-153762711-project-member] Lock "134c6612-d575-4078-a3a5-ea0ddc155589" acquired by "nova.context.set_target_cell..get_or_set_cached_cell_and_set_connections" :: waited 0.000s {{(pid=95912) inner /opt/stack/data/venv/lib/python3.12/site-packages/oslo_concurrency/lockutils.py:525}}
Jul 27 19:36:04.928667 np0000005933 nova-conductor[95912]: DEBUG oslo_concurrency.lockutils [None req-c1bed3d3-829c-415f-afbe-da237c6d08d3 tempest-AttachVolumeNegativeTest-153762711 tempest-AttachVolumeNegativeTest-153762711-project-member] Lock "134c6612-d575-4078-a3a5-ea0ddc155589" "released" by "nova.context.set_target_cell..get_or_set_cached_cell_and_set_connections" :: held 0.000s {{(pid=95912) inner /opt/stack/data/venv/lib/python3.12/site-packages/oslo_concurrency/lockutils.py:544}}
Jul 27 19:36:04.930379 np0000005933 nova-conductor[95912]: INFO dbcounter [None req-c1bed3d3-829c-415f-afbe-da237c6d08d3 tempest-AttachVolumeNegativeTest-153762711 tempest-AttachVolumeNegativeTest-153762711-project-member] Registered counter for database nova_cell0
Jul 27 19:36:04.963186 np0000005933 nova-conductor[95912]: DEBUG oslo_db.sqlalchemy.engines [None req-c1bed3d3-829c-415f-afbe-da237c6d08d3 tempest-AttachVolumeNegativeTest-153762711 tempest-AttachVolumeNegativeTest-153762711-project-member] MySQL server mode set to STRICT_TRANS_TABLES,STRICT_ALL_TABLES,NO_ZERO_IN_DATE,NO_ZERO_DATE,ERROR_FOR_DIVISION_BY_ZERO,TRADITIONAL,NO_ENGINE_SUBSTITUTION {{(pid=95912) _check_effective_sql_mode /opt/stack/data/venv/lib/python3.12/site-packages/oslo_db/sqlalchemy/engines.py:325}}
Jul 27 19:36:04.969223 np0000005933 nova-conductor[95912]: DEBUG dbcounter [-] [95912] Writer thread running {{(pid=95912) stat_writer /opt/stack/data/venv/lib/python3.12/site-packages/dbcounter.py:102}}
Jul 27 19:36:04.978892 np0000005933 nova-conductor[95912]: DEBUG nova.quota [None req-c1bed3d3-829c-415f-afbe-da237c6d08d3 tempest-AttachVolumeNegativeTest-153762711 tempest-AttachVolumeNegativeTest-153762711-project-member] Getting quotas for project c08f566dd693453b9964fdd30a2a1b21. Resources: {'ram', 'cores', 'instances'} {{(pid=95912) _get_quotas /opt/stack/nova/nova/quota.py:389}}
Jul 27 19:36:04.981342 np0000005933 nova-conductor[95912]: DEBUG nova.quota [None req-c1bed3d3-829c-415f-afbe-da237c6d08d3 tempest-AttachVolumeNegativeTest-153762711 tempest-AttachVolumeNegativeTest-153762711-project-member] Getting quotas for user f3fcf16782c6453f98f4ff6d8097b637 and project c08f566dd693453b9964fdd30a2a1b21. Resources: {'ram', 'cores', 'instances'} {{(pid=95912) _get_quotas /opt/stack/nova/nova/quota.py:379}}
Jul 27 19:36:04.985989 np0000005933 nova-conductor[95912]: DEBUG nova.conductor.manager [None req-c1bed3d3-829c-415f-afbe-da237c6d08d3 tempest-AttachVolumeNegativeTest-153762711 tempest-AttachVolumeNegativeTest-153762711-project-member] [instance: 861501ba-479e-4664-9eb8-9b0a9c405b60] Selected host: np0000005933; Selected node: np0000005933; Alternates: [] {{(pid=95912) schedule_and_build_instances /opt/stack/nova/nova/conductor/manager.py:1784}}
Jul 27 19:36:04.986471 np0000005933 nova-conductor[95912]: DEBUG oslo_concurrency.lockutils [None req-c1bed3d3-829c-415f-afbe-da237c6d08d3 tempest-AttachVolumeNegativeTest-153762711 tempest-AttachVolumeNegativeTest-153762711-project-member] Acquiring lock "134c6612-d575-4078-a3a5-ea0ddc155589" by "nova.context.set_target_cell..get_or_set_cached_cell_and_set_connections" {{(pid=95912) inner /opt/stack/data/venv/lib/python3.12/site-packages/oslo_concurrency/lockutils.py:512}}
Jul 27 19:36:04.986552 np0000005933 nova-conductor[95912]: DEBUG oslo_concurrency.lockutils [None req-c1bed3d3-829c-415f-afbe-da237c6d08d3 tempest-AttachVolumeNegativeTest-153762711 tempest-AttachVolumeNegativeTest-153762711-project-member] Lock "134c6612-d575-4078-a3a5-ea0ddc155589" acquired by "nova.context.set_target_cell..get_or_set_cached_cell_and_set_connections" :: waited 0.000s {{(pid=95912) inner /opt/stack/data/venv/lib/python3.12/site-packages/oslo_concurrency/lockutils.py:525}}
Jul 27 19:36:04.986687 np0000005933 nova-conductor[95912]: DEBUG oslo_concurrency.lockutils [None req-c1bed3d3-829c-415f-afbe-da237c6d08d3 tempest-AttachVolumeNegativeTest-153762711 tempest-AttachVolumeNegativeTest-153762711-project-member] Lock "134c6612-d575-4078-a3a5-ea0ddc155589" "released" by "nova.context.set_target_cell..get_or_set_cached_cell_and_set_connections" :: held 0.000s {{(pid=95912) inner /opt/stack/data/venv/lib/python3.12/site-packages/oslo_concurrency/lockutils.py:544}}
Jul 27 19:36:04.997728 np0000005933 nova-conductor[95912]: DEBUG nova.conductor.manager [None req-c1bed3d3-829c-415f-afbe-da237c6d08d3 tempest-AttachVolumeNegativeTest-153762711 tempest-AttachVolumeNegativeTest-153762711-project-member] [instance: 861501ba-479e-4664-9eb8-9b0a9c405b60] block_device_mapping [BlockDeviceMapping(attachment_id=,boot_index=0,connection_info=None,created_at=,delete_on_termination=True,deleted=,deleted_at=,destination_type='local',device_name=None,device_type='disk',disk_bus=None,encrypted=False,encryption_format=None,encryption_options=None,encryption_secret_uuid=None,guest_format=None,id=,image_id='349b09fa-bf2f-454e-81b2-262dcaa83bce',instance=,instance_uuid=,no_device=False,snapshot_id=None,source_type='image',tag=None,updated_at=,uuid=,volume_id=None,volume_size=None,volume_type=None)] {{(pid=95912) _create_block_device_mapping /opt/stack/nova/nova/conductor/manager.py:1529}}
Jul 27 19:36:04.998900 np0000005933 nova-conductor[95912]: DEBUG oslo_concurrency.lockutils [None req-c1bed3d3-829c-415f-afbe-da237c6d08d3 tempest-AttachVolumeNegativeTest-153762711 tempest-AttachVolumeNegativeTest-153762711-project-member] Acquiring lock "134c6612-d575-4078-a3a5-ea0ddc155589" by "nova.context.set_target_cell..get_or_set_cached_cell_and_set_connections" {{(pid=95912) inner /opt/stack/data/venv/lib/python3.12/site-packages/oslo_concurrency/lockutils.py:512}}
Jul 27 19:36:04.999039 np0000005933 nova-conductor[95912]: DEBUG oslo_concurrency.lockutils [None req-c1bed3d3-829c-415f-afbe-da237c6d08d3 tempest-AttachVolumeNegativeTest-153762711 tempest-AttachVolumeNegativeTest-153762711-project-member] Lock "134c6612-d575-4078-a3a5-ea0ddc155589" acquired by "nova.context.set_target_cell..get_or_set_cached_cell_and_set_connections" :: waited 0.000s {{(pid=95912) inner /opt/stack/data/venv/lib/python3.12/site-packages/oslo_concurrency/lockutils.py:525}}
Jul 27 19:36:04.999232 np0000005933 nova-conductor[95912]: DEBUG oslo_concurrency.lockutils [None req-c1bed3d3-829c-415f-afbe-da237c6d08d3 tempest-AttachVolumeNegativeTest-153762711 tempest-AttachVolumeNegativeTest-153762711-project-member] Lock "134c6612-d575-4078-a3a5-ea0ddc155589" "released" by "nova.context.set_target_cell..get_or_set_cached_cell_and_set_connections" :: held 0.000s {{(pid=95912) inner /opt/stack/data/venv/lib/python3.12/site-packages/oslo_concurrency/lockutils.py:544}}
Jul 27 19:36:05.048906 np0000005933 nova-conductor[95912]: DEBUG oslo_concurrency.lockutils [None req-c1bed3d3-829c-415f-afbe-da237c6d08d3 tempest-AttachVolumeNegativeTest-153762711 tempest-AttachVolumeNegativeTest-153762711-project-member] Acquiring lock "134c6612-d575-4078-a3a5-ea0ddc155589" by "nova.context.set_target_cell..get_or_set_cached_cell_and_set_connections" {{(pid=95912) inner /opt/stack/data/venv/lib/python3.12/site-packages/oslo_concurrency/lockutils.py:512}}
Jul 27 19:36:05.049082 np0000005933 nova-conductor[95912]: DEBUG oslo_concurrency.lockutils [None req-c1bed3d3-829c-415f-afbe-da237c6d08d3 tempest-AttachVolumeNegativeTest-153762711 tempest-AttachVolumeNegativeTest-153762711-project-member] Lock "134c6612-d575-4078-a3a5-ea0ddc155589" acquired by "nova.context.set_target_cell..get_or_set_cached_cell_and_set_connections" :: waited 0.000s {{(pid=95912) inner /opt/stack/data/venv/lib/python3.12/site-packages/oslo_concurrency/lockutils.py:525}}
Jul 27 19:36:05.049227 np0000005933 nova-conductor[95912]: DEBUG oslo_concurrency.lockutils [None req-c1bed3d3-829c-415f-afbe-da237c6d08d3 tempest-AttachVolumeNegativeTest-153762711 tempest-AttachVolumeNegativeTest-153762711-project-member] Lock "134c6612-d575-4078-a3a5-ea0ddc155589" "released" by "nova.context.set_target_cell..get_or_set_cached_cell_and_set_connections" :: held 0.000s {{(pid=95912) inner /opt/stack/data/venv/lib/python3.12/site-packages/oslo_concurrency/lockutils.py:544}}
Jul 27 19:36:05.049505 np0000005933 nova-conductor[95912]: DEBUG oslo_concurrency.lockutils [None req-c1bed3d3-829c-415f-afbe-da237c6d08d3 tempest-AttachVolumeNegativeTest-153762711 tempest-AttachVolumeNegativeTest-153762711-project-member] Acquiring lock "compute-rpcapi-router" {{(pid=95912) lock /opt/stack/data/venv/lib/python3.12/site-packages/oslo_concurrency/lockutils.py:396}}
Jul 27 19:36:05.049599 np0000005933 nova-conductor[95912]: DEBUG oslo_concurrency.lockutils [None req-c1bed3d3-829c-415f-afbe-da237c6d08d3 tempest-AttachVolumeNegativeTest-153762711 tempest-AttachVolumeNegativeTest-153762711-project-member] Acquired lock "compute-rpcapi-router" {{(pid=95912) lock /opt/stack/data/venv/lib/python3.12/site-packages/oslo_concurrency/lockutils.py:399}}
Jul 27 19:36:05.050081 np0000005933 nova-conductor[95912]: DEBUG oslo_concurrency.lockutils [None req-26e7710b-2c91-4d4d-ad34-b6564c416e30 None None] Acquiring lock "00000000-0000-0000-0000-000000000000" by "nova.context.set_target_cell..get_or_set_cached_cell_and_set_connections" {{(pid=95912) inner /opt/stack/data/venv/lib/python3.12/site-packages/oslo_concurrency/lockutils.py:512}}
Jul 27 19:36:05.050262 np0000005933 nova-conductor[95912]: DEBUG oslo_concurrency.lockutils [None req-26e7710b-2c91-4d4d-ad34-b6564c416e30 None None] Lock "00000000-0000-0000-0000-000000000000" acquired by "nova.context.set_target_cell..get_or_set_cached_cell_and_set_connections" :: waited 0.000s {{(pid=95912) inner /opt/stack/data/venv/lib/python3.12/site-packages/oslo_concurrency/lockutils.py:525}}
Jul 27 19:36:05.050401 np0000005933 nova-conductor[95912]: DEBUG oslo_concurrency.lockutils [None req-26e7710b-2c91-4d4d-ad34-b6564c416e30 None None] Lock "00000000-0000-0000-0000-000000000000" "released" by "nova.context.set_target_cell..get_or_set_cached_cell_and_set_connections" :: held 0.000s {{(pid=95912) inner /opt/stack/data/venv/lib/python3.12/site-packages/oslo_concurrency/lockutils.py:544}}
Jul 27 19:36:05.051082 np0000005933 nova-conductor[95912]: DEBUG oslo_concurrency.lockutils [None req-26e7710b-2c91-4d4d-ad34-b6564c416e30 None None] Acquiring lock "134c6612-d575-4078-a3a5-ea0ddc155589" by "nova.context.set_target_cell..get_or_set_cached_cell_and_set_connections" {{(pid=95912) inner /opt/stack/data/venv/lib/python3.12/site-packages/oslo_concurrency/lockutils.py:512}}
Jul 27 19:36:05.051221 np0000005933 nova-conductor[95912]: DEBUG oslo_concurrency.lockutils [None req-26e7710b-2c91-4d4d-ad34-b6564c416e30 None None] Lock "134c6612-d575-4078-a3a5-ea0ddc155589" acquired by "nova.context.set_target_cell..get_or_set_cached_cell_and_set_connections" :: waited 0.000s {{(pid=95912) inner /opt/stack/data/venv/lib/python3.12/site-packages/oslo_concurrency/lockutils.py:525}}
Jul 27 19:36:05.051313 np0000005933 nova-conductor[95912]: DEBUG oslo_concurrency.lockutils [None req-26e7710b-2c91-4d4d-ad34-b6564c416e30 None None] Lock "134c6612-d575-4078-a3a5-ea0ddc155589" "released" by "nova.context.set_target_cell..get_or_set_cached_cell_and_set_connections" :: held 0.000s {{(pid=95912) inner /opt/stack/data/venv/lib/python3.12/site-packages/oslo_concurrency/lockutils.py:544}}
Jul 27 19:36:05.057382 np0000005933 nova-conductor[95912]: INFO nova.compute.rpcapi [None req-26e7710b-2c91-4d4d-ad34-b6564c416e30 None None] Automatically selected compute RPC version 6.5 from minimum service version 72
Jul 27 19:36:05.058775 np0000005933 nova-conductor[95912]: DEBUG oslo_concurrency.lockutils [None req-26e7710b-2c91-4d4d-ad34-b6564c416e30 None None] Releasing lock "compute-rpcapi-router" {{(pid=95912) lock /opt/stack/data/venv/lib/python3.12/site-packages/oslo_concurrency/lockutils.py:419}}
Jul 27 19:36:10.567600 np0000005933 nova-conductor[95915]: DEBUG dbcounter [-] [95915] Writer thread running {{(pid=95915) stat_writer /opt/stack/data/venv/lib/python3.12/site-packages/dbcounter.py:102}}
Jul 27 19:36:11.036130 np0000005933 nova-conductor[95915]: DEBUG nova.conductor.manager [None req-e4bfc95f-5499-4113-9d46-cd8527a9cef7 tempest-AttachSCSIVolumeTestJSON-707470649 tempest-AttachSCSIVolumeTestJSON-707470649-project-member] Took 0.47 seconds to select destinations for 1 instance(s). {{(pid=95915) _schedule_instances /opt/stack/nova/nova/conductor/manager.py:968}}
Jul 27 19:36:11.078864 np0000005933 nova-conductor[95915]: DEBUG oslo_concurrency.lockutils [None req-e4bfc95f-5499-4113-9d46-cd8527a9cef7 tempest-AttachSCSIVolumeTestJSON-707470649 tempest-AttachSCSIVolumeTestJSON-707470649-project-member] Acquiring lock "134c6612-d575-4078-a3a5-ea0ddc155589" by "nova.context.set_target_cell..get_or_set_cached_cell_and_set_connections" {{(pid=95915) inner /opt/stack/data/venv/lib/python3.12/site-packages/oslo_concurrency/lockutils.py:512}}
Jul 27 19:36:11.079421 np0000005933 nova-conductor[95915]: DEBUG oslo_concurrency.lockutils [None req-e4bfc95f-5499-4113-9d46-cd8527a9cef7 tempest-AttachSCSIVolumeTestJSON-707470649 tempest-AttachSCSIVolumeTestJSON-707470649-project-member] Lock "134c6612-d575-4078-a3a5-ea0ddc155589" acquired by "nova.context.set_target_cell..get_or_set_cached_cell_and_set_connections" :: waited 0.000s {{(pid=95915) inner /opt/stack/data/venv/lib/python3.12/site-packages/oslo_concurrency/lockutils.py:525}}
Jul 27 19:36:11.081477 np0000005933 nova-conductor[95915]: DEBUG oslo_concurrency.lockutils [None req-e4bfc95f-5499-4113-9d46-cd8527a9cef7 tempest-AttachSCSIVolumeTestJSON-707470649 tempest-AttachSCSIVolumeTestJSON-707470649-project-member] Lock "134c6612-d575-4078-a3a5-ea0ddc155589" "released" by "nova.context.set_target_cell..get_or_set_cached_cell_and_set_connections" :: held 0.002s {{(pid=95915) inner /opt/stack/data/venv/lib/python3.12/site-packages/oslo_concurrency/lockutils.py:544}}
Jul 27 19:36:11.084567 np0000005933 nova-conductor[95915]: INFO dbcounter [None req-e4bfc95f-5499-4113-9d46-cd8527a9cef7 tempest-AttachSCSIVolumeTestJSON-707470649 tempest-AttachSCSIVolumeTestJSON-707470649-project-member] Registered counter for database nova_cell1
Jul 27 19:36:11.129439 np0000005933 nova-conductor[95915]: DEBUG oslo_db.sqlalchemy.engines [None req-e4bfc95f-5499-4113-9d46-cd8527a9cef7 tempest-AttachSCSIVolumeTestJSON-707470649 tempest-AttachSCSIVolumeTestJSON-707470649-project-member] MySQL server mode set to STRICT_TRANS_TABLES,STRICT_ALL_TABLES,NO_ZERO_IN_DATE,NO_ZERO_DATE,ERROR_FOR_DIVISION_BY_ZERO,TRADITIONAL,NO_ENGINE_SUBSTITUTION {{(pid=95915) _check_effective_sql_mode /opt/stack/data/venv/lib/python3.12/site-packages/oslo_db/sqlalchemy/engines.py:325}}
Jul 27 19:36:11.134687 np0000005933 nova-conductor[95915]: DEBUG dbcounter [-] [95915] Writer thread running {{(pid=95915) stat_writer /opt/stack/data/venv/lib/python3.12/site-packages/dbcounter.py:102}}
Jul 27 19:36:11.217216 np0000005933 nova-conductor[95915]: INFO nova.utils [None req-e4bfc95f-5499-4113-9d46-cd8527a9cef7 tempest-AttachSCSIVolumeTestJSON-707470649 tempest-AttachSCSIVolumeTestJSON-707470649-project-member] The cell worker thread pool ForkProcess-2.cell_worker is initialized
Jul 27 19:36:11.217506 np0000005933 nova-conductor[95915]: DEBUG oslo_concurrency.lockutils [None req-e4bfc95f-5499-4113-9d46-cd8527a9cef7 tempest-AttachSCSIVolumeTestJSON-707470649 tempest-AttachSCSIVolumeTestJSON-707470649-project-member] Acquiring lock "00000000-0000-0000-0000-000000000000" by "nova.context.set_target_cell..get_or_set_cached_cell_and_set_connections" {{(pid=95915) inner /opt/stack/data/venv/lib/python3.12/site-packages/oslo_concurrency/lockutils.py:512}}
Jul 27 19:36:11.217691 np0000005933 nova-conductor[95915]: DEBUG oslo_concurrency.lockutils [None req-e4bfc95f-5499-4113-9d46-cd8527a9cef7 tempest-AttachSCSIVolumeTestJSON-707470649 tempest-AttachSCSIVolumeTestJSON-707470649-project-member] Lock "00000000-0000-0000-0000-000000000000" acquired by "nova.context.set_target_cell..get_or_set_cached_cell_and_set_connections" :: waited 0.000s {{(pid=95915) inner /opt/stack/data/venv/lib/python3.12/site-packages/oslo_concurrency/lockutils.py:525}}
Jul 27 19:36:11.218061 np0000005933 nova-conductor[95915]: DEBUG oslo_concurrency.lockutils [None req-e4bfc95f-5499-4113-9d46-cd8527a9cef7 tempest-AttachSCSIVolumeTestJSON-707470649 tempest-AttachSCSIVolumeTestJSON-707470649-project-member] Lock "00000000-0000-0000-0000-000000000000" "released" by "nova.context.set_target_cell..get_or_set_cached_cell_and_set_connections" :: held 0.000s {{(pid=95915) inner /opt/stack/data/venv/lib/python3.12/site-packages/oslo_concurrency/lockutils.py:544}}
Jul 27 19:36:11.218704 np0000005933 nova-conductor[95915]: DEBUG oslo_concurrency.lockutils [None req-e4bfc95f-5499-4113-9d46-cd8527a9cef7 tempest-AttachSCSIVolumeTestJSON-707470649 tempest-AttachSCSIVolumeTestJSON-707470649-project-member] Acquiring lock "134c6612-d575-4078-a3a5-ea0ddc155589" by "nova.context.set_target_cell..get_or_set_cached_cell_and_set_connections" {{(pid=95915) inner /opt/stack/data/venv/lib/python3.12/site-packages/oslo_concurrency/lockutils.py:512}}
Jul 27 19:36:11.218861 np0000005933 nova-conductor[95915]: DEBUG oslo_concurrency.lockutils [None req-e4bfc95f-5499-4113-9d46-cd8527a9cef7 tempest-AttachSCSIVolumeTestJSON-707470649 tempest-AttachSCSIVolumeTestJSON-707470649-project-member] Lock "134c6612-d575-4078-a3a5-ea0ddc155589" acquired by "nova.context.set_target_cell..get_or_set_cached_cell_and_set_connections" :: waited 0.000s {{(pid=95915) inner /opt/stack/data/venv/lib/python3.12/site-packages/oslo_concurrency/lockutils.py:525}}
Jul 27 19:36:11.219001 np0000005933 nova-conductor[95915]: DEBUG oslo_concurrency.lockutils [None req-e4bfc95f-5499-4113-9d46-cd8527a9cef7 tempest-AttachSCSIVolumeTestJSON-707470649 tempest-AttachSCSIVolumeTestJSON-707470649-project-member] Lock "134c6612-d575-4078-a3a5-ea0ddc155589" "released" by "nova.context.set_target_cell..get_or_set_cached_cell_and_set_connections" :: held 0.000s {{(pid=95915) inner /opt/stack/data/venv/lib/python3.12/site-packages/oslo_concurrency/lockutils.py:544}}
Jul 27 19:36:11.220568 np0000005933 nova-conductor[95915]: INFO dbcounter [None req-e4bfc95f-5499-4113-9d46-cd8527a9cef7 tempest-AttachSCSIVolumeTestJSON-707470649 tempest-AttachSCSIVolumeTestJSON-707470649-project-member] Registered counter for database nova_cell0
Jul 27 19:36:11.254580 np0000005933 nova-conductor[95915]: DEBUG oslo_db.sqlalchemy.engines [None req-e4bfc95f-5499-4113-9d46-cd8527a9cef7 tempest-AttachSCSIVolumeTestJSON-707470649 tempest-AttachSCSIVolumeTestJSON-707470649-project-member] MySQL server mode set to STRICT_TRANS_TABLES,STRICT_ALL_TABLES,NO_ZERO_IN_DATE,NO_ZERO_DATE,ERROR_FOR_DIVISION_BY_ZERO,TRADITIONAL,NO_ENGINE_SUBSTITUTION {{(pid=95915) _check_effective_sql_mode /opt/stack/data/venv/lib/python3.12/site-packages/oslo_db/sqlalchemy/engines.py:325}}
Jul 27 19:36:11.260129 np0000005933 nova-conductor[95915]: DEBUG dbcounter [-] [95915] Writer thread running {{(pid=95915) stat_writer /opt/stack/data/venv/lib/python3.12/site-packages/dbcounter.py:102}}
