Aug 18 21:01:54.475460 np0000007703 nova-conductor[99093]: DEBUG cotyledon.oslo_config_glue [-] workarounds.disable_compute_service_check_for_ffu = False {{(pid=99093) log_opt_values /opt/stack/data/venv/lib/python3.12/site-packages/oslo_config/cfg.py:3560}}
Aug 18 21:01:54.475460 np0000007703 nova-conductor[99093]: DEBUG cotyledon.oslo_config_glue [-] workarounds.disable_deep_image_inspection = False {{(pid=99093) log_opt_values /opt/stack/data/venv/lib/python3.12/site-packages/oslo_config/cfg.py:3560}}
Aug 18 21:01:54.475460 np0000007703 nova-conductor[99093]: DEBUG cotyledon.oslo_config_glue [-] workarounds.disable_fallback_pcpu_query = False {{(pid=99093) log_opt_values /opt/stack/data/venv/lib/python3.12/site-packages/oslo_config/cfg.py:3560}}
Aug 18 21:01:54.475460 np0000007703 nova-conductor[99093]: DEBUG cotyledon.oslo_config_glue [-] workarounds.disable_group_policy_check_upcall = False {{(pid=99093) log_opt_values /opt/stack/data/venv/lib/python3.12/site-packages/oslo_config/cfg.py:3560}}
Aug 18 21:01:54.475460 np0000007703 nova-conductor[99093]: DEBUG cotyledon.oslo_config_glue [-] workarounds.disable_libvirt_livesnapshot = False {{(pid=99093) log_opt_values /opt/stack/data/venv/lib/python3.12/site-packages/oslo_config/cfg.py:3560}}
Aug 18 21:01:54.475460 np0000007703 nova-conductor[99093]: DEBUG cotyledon.oslo_config_glue [-] workarounds.disable_rootwrap = False {{(pid=99093) log_opt_values /opt/stack/data/venv/lib/python3.12/site-packages/oslo_config/cfg.py:3560}}
Aug 18 21:01:54.475460 np0000007703 nova-conductor[99093]: DEBUG cotyledon.oslo_config_glue [-] workarounds.enable_numa_live_migration = False {{(pid=99093) log_opt_values /opt/stack/data/venv/lib/python3.12/site-packages/oslo_config/cfg.py:3560}}
Aug 18 21:01:54.475460 np0000007703 nova-conductor[99093]: DEBUG cotyledon.oslo_config_glue [-] workarounds.enable_qemu_monitor_announce_self = False {{(pid=99093) log_opt_values /opt/stack/data/venv/lib/python3.12/site-packages/oslo_config/cfg.py:3560}}
Aug 18 21:01:54.475736 np0000007703 nova-conductor[99093]: DEBUG cotyledon.oslo_config_glue [-] workarounds.ensure_libvirt_rbd_instance_dir_cleanup = False {{(pid=99093) log_opt_values /opt/stack/data/venv/lib/python3.12/site-packages/oslo_config/cfg.py:3560}}
Aug 18 21:01:54.475736 np0000007703 nova-conductor[99093]: DEBUG cotyledon.oslo_config_glue [-] workarounds.handle_virt_lifecycle_events = True {{(pid=99093) log_opt_values /opt/stack/data/venv/lib/python3.12/site-packages/oslo_config/cfg.py:3560}}
Aug 18 21:01:54.475736 np0000007703 nova-conductor[99093]: DEBUG cotyledon.oslo_config_glue [-] workarounds.libvirt_disable_apic = False {{(pid=99093) log_opt_values /opt/stack/data/venv/lib/python3.12/site-packages/oslo_config/cfg.py:3560}}
Aug 18 21:01:54.475736 np0000007703 nova-conductor[99093]: DEBUG cotyledon.oslo_config_glue [-] workarounds.never_download_image_if_on_rbd = False {{(pid=99093) log_opt_values /opt/stack/data/venv/lib/python3.12/site-packages/oslo_config/cfg.py:3560}}
Aug 18 21:01:54.475736 np0000007703 nova-conductor[99093]: DEBUG cotyledon.oslo_config_glue [-] workarounds.qemu_monitor_announce_self_count = 3 {{(pid=99093) log_opt_values /opt/stack/data/venv/lib/python3.12/site-packages/oslo_config/cfg.py:3560}}
Aug 18 21:01:54.475736 np0000007703 nova-conductor[99093]: DEBUG cotyledon.oslo_config_glue [-] workarounds.qemu_monitor_announce_self_interval = 1 {{(pid=99093) log_opt_values /opt/stack/data/venv/lib/python3.12/site-packages/oslo_config/cfg.py:3560}}
Aug 18 21:01:54.475736 np0000007703 nova-conductor[99093]: DEBUG cotyledon.oslo_config_glue [-] workarounds.reserve_disk_resource_for_image_cache = False {{(pid=99093) log_opt_values /opt/stack/data/venv/lib/python3.12/site-packages/oslo_config/cfg.py:3560}}
Aug 18 21:01:54.475736 np0000007703 nova-conductor[99093]: DEBUG cotyledon.oslo_config_glue [-] workarounds.skip_cpu_compare_at_startup = False {{(pid=99093) log_opt_values /opt/stack/data/venv/lib/python3.12/site-packages/oslo_config/cfg.py:3560}}
Aug 18 21:01:54.475736 np0000007703 nova-conductor[99093]: DEBUG cotyledon.oslo_config_glue [-] workarounds.skip_cpu_compare_on_dest = False {{(pid=99093) log_opt_values /opt/stack/data/venv/lib/python3.12/site-packages/oslo_config/cfg.py:3560}}
Aug 18 21:01:54.476059 np0000007703 nova-conductor[99093]: DEBUG cotyledon.oslo_config_glue [-] workarounds.skip_hypervisor_version_check_on_lm = False {{(pid=99093) log_opt_values /opt/stack/data/venv/lib/python3.12/site-packages/oslo_config/cfg.py:3560}}
Aug 18 21:01:54.476059 np0000007703 nova-conductor[99093]: DEBUG cotyledon.oslo_config_glue [-] workarounds.skip_reserve_in_use_ironic_nodes = False {{(pid=99093) log_opt_values /opt/stack/data/venv/lib/python3.12/site-packages/oslo_config/cfg.py:3560}}
Aug 18 21:01:54.476059 np0000007703 nova-conductor[99093]: DEBUG cotyledon.oslo_config_glue [-] workarounds.unified_limits_count_pcpu_as_vcpu = False {{(pid=99093) log_opt_values /opt/stack/data/venv/lib/python3.12/site-packages/oslo_config/cfg.py:3560}}
Aug 18 21:01:54.476059 np0000007703 nova-conductor[99093]: DEBUG cotyledon.oslo_config_glue [-] workarounds.wait_for_vif_plugged_event_during_hard_reboot = [] {{(pid=99093) log_opt_values /opt/stack/data/venv/lib/python3.12/site-packages/oslo_config/cfg.py:3560}}
Aug 18 21:01:54.476201 np0000007703 nova-conductor[99063]: DEBUG dbcounter [-] [99063] Writer thread running {{(pid=99063) stat_writer /opt/stack/data/venv/lib/python3.12/site-packages/dbcounter.py:102}}
Aug 18 21:01:54.476256 np0000007703 nova-conductor[99093]: DEBUG cotyledon.oslo_config_glue [-] wsgi.api_paste_config = /etc/nova/api-paste.ini {{(pid=99093) log_opt_values /opt/stack/data/venv/lib/python3.12/site-packages/oslo_config/cfg.py:3560}}
Aug 18 21:01:54.476256 np0000007703 nova-conductor[99093]: DEBUG cotyledon.oslo_config_glue [-] wsgi.secure_proxy_ssl_header = None {{(pid=99093) log_opt_values /opt/stack/data/venv/lib/python3.12/site-packages/oslo_config/cfg.py:3560}}
Aug 18 21:01:54.476256 np0000007703 nova-conductor[99093]: DEBUG cotyledon.oslo_config_glue [-] zvm.ca_file = None {{(pid=99093) log_opt_values /opt/stack/data/venv/lib/python3.12/site-packages/oslo_config/cfg.py:3560}}
Aug 18 21:01:54.476256 np0000007703 nova-conductor[99093]: DEBUG cotyledon.oslo_config_glue [-] zvm.cloud_connector_url = None {{(pid=99093) log_opt_values /opt/stack/data/venv/lib/python3.12/site-packages/oslo_config/cfg.py:3560}}
Aug 18 21:01:54.476256 np0000007703 nova-conductor[99093]: DEBUG cotyledon.oslo_config_glue [-] zvm.image_tmp_path = /opt/stack/data/nova/images {{(pid=99093) log_opt_values /opt/stack/data/venv/lib/python3.12/site-packages/oslo_config/cfg.py:3560}}
Aug 18 21:01:54.476256 np0000007703 nova-conductor[99093]: DEBUG cotyledon.oslo_config_glue [-] zvm.reachable_timeout = 300 {{(pid=99093) log_opt_values /opt/stack/data/venv/lib/python3.12/site-packages/oslo_config/cfg.py:3560}}
Aug 18 21:01:54.476256 np0000007703 nova-conductor[99093]: DEBUG cotyledon.oslo_config_glue [-] oslo_versionedobjects.fatal_exception_format_errors = False {{(pid=99093) log_opt_values /opt/stack/data/venv/lib/python3.12/site-packages/oslo_config/cfg.py:3560}}
Aug 18 21:01:54.476256 np0000007703 nova-conductor[99093]: DEBUG cotyledon.oslo_config_glue [-] oslo_middleware.http_basic_auth_user_file = /etc/htpasswd {{(pid=99093) log_opt_values /opt/stack/data/venv/lib/python3.12/site-packages/oslo_config/cfg.py:3560}}
Aug 18 21:01:54.476256 np0000007703 nova-conductor[99093]: DEBUG cotyledon.oslo_config_glue [-] profiler.connection_string = messaging:// {{(pid=99093) log_opt_values /opt/stack/data/venv/lib/python3.12/site-packages/oslo_config/cfg.py:3560}}
Aug 18 21:01:54.476550 np0000007703 nova-conductor[99093]: DEBUG cotyledon.oslo_config_glue [-] profiler.enabled = False {{(pid=99093) log_opt_values /opt/stack/data/venv/lib/python3.12/site-packages/oslo_config/cfg.py:3560}}
Aug 18 21:01:54.476550 np0000007703 nova-conductor[99093]: DEBUG cotyledon.oslo_config_glue [-] profiler.es_doc_type = notification {{(pid=99093) log_opt_values /opt/stack/data/venv/lib/python3.12/site-packages/oslo_config/cfg.py:3560}}
Aug 18 21:01:54.476550 np0000007703 nova-conductor[99093]: DEBUG cotyledon.oslo_config_glue [-] profiler.es_scroll_size = 10000 {{(pid=99093) log_opt_values /opt/stack/data/venv/lib/python3.12/site-packages/oslo_config/cfg.py:3560}}
Aug 18 21:01:54.476550 np0000007703 nova-conductor[99093]: DEBUG cotyledon.oslo_config_glue [-] profiler.es_scroll_time = 2m {{(pid=99093) log_opt_values /opt/stack/data/venv/lib/python3.12/site-packages/oslo_config/cfg.py:3560}}
Aug 18 21:01:54.476550 np0000007703 nova-conductor[99093]: DEBUG cotyledon.oslo_config_glue [-] profiler.filter_error_trace = False {{(pid=99093) log_opt_values /opt/stack/data/venv/lib/python3.12/site-packages/oslo_config/cfg.py:3560}}
Aug 18 21:01:54.476550 np0000007703 nova-conductor[99093]: DEBUG cotyledon.oslo_config_glue [-] profiler.hmac_keys = **** {{(pid=99093) log_opt_values /opt/stack/data/venv/lib/python3.12/site-packages/oslo_config/cfg.py:3560}}
Aug 18 21:01:54.476550 np0000007703 nova-conductor[99093]: DEBUG cotyledon.oslo_config_glue [-] profiler.sentinel_service_name = mymaster {{(pid=99093) log_opt_values /opt/stack/data/venv/lib/python3.12/site-packages/oslo_config/cfg.py:3560}}
Aug 18 21:01:54.476550 np0000007703 nova-conductor[99093]: DEBUG cotyledon.oslo_config_glue [-] profiler.socket_timeout = 0.1 {{(pid=99093) log_opt_values /opt/stack/data/venv/lib/python3.12/site-packages/oslo_config/cfg.py:3560}}
Aug 18 21:01:54.476550 np0000007703 nova-conductor[99093]: DEBUG cotyledon.oslo_config_glue [-] profiler.trace_requests = False {{(pid=99093) log_opt_values /opt/stack/data/venv/lib/python3.12/site-packages/oslo_config/cfg.py:3560}}
Aug 18 21:01:54.476833 np0000007703 nova-conductor[99093]: DEBUG cotyledon.oslo_config_glue [-] profiler.trace_sqlalchemy = False {{(pid=99093) log_opt_values /opt/stack/data/venv/lib/python3.12/site-packages/oslo_config/cfg.py:3560}}
Aug 18 21:01:54.476833 np0000007703 nova-conductor[99093]: DEBUG cotyledon.oslo_config_glue [-] profiler_jaeger.process_tags = {} {{(pid=99093) log_opt_values /opt/stack/data/venv/lib/python3.12/site-packages/oslo_config/cfg.py:3560}}
Aug 18 21:01:54.476833 np0000007703 nova-conductor[99093]: DEBUG cotyledon.oslo_config_glue [-] profiler_jaeger.service_name_prefix = None {{(pid=99093) log_opt_values /opt/stack/data/venv/lib/python3.12/site-packages/oslo_config/cfg.py:3560}}
Aug 18 21:01:54.476833 np0000007703 nova-conductor[99093]: DEBUG cotyledon.oslo_config_glue [-] profiler_otlp.service_name_prefix = None {{(pid=99093) log_opt_values /opt/stack/data/venv/lib/python3.12/site-packages/oslo_config/cfg.py:3560}}
Aug 18 21:01:54.476833 np0000007703 nova-conductor[99093]: DEBUG cotyledon.oslo_config_glue [-] oslo_messaging_rabbit.amqp_auto_delete = False {{(pid=99093) log_opt_values /opt/stack/data/venv/lib/python3.12/site-packages/oslo_config/cfg.py:3560}}
Aug 18 21:01:54.476833 np0000007703 nova-conductor[99093]: DEBUG cotyledon.oslo_config_glue [-] oslo_messaging_rabbit.amqp_durable_queues = False {{(pid=99093) log_opt_values /opt/stack/data/venv/lib/python3.12/site-packages/oslo_config/cfg.py:3560}}
Aug 18 21:01:54.476833 np0000007703 nova-conductor[99093]: DEBUG cotyledon.oslo_config_glue [-] oslo_messaging_rabbit.conn_pool_min_size = 2 {{(pid=99093) log_opt_values /opt/stack/data/venv/lib/python3.12/site-packages/oslo_config/cfg.py:3560}}
Aug 18 21:01:54.476833 np0000007703 nova-conductor[99093]: DEBUG cotyledon.oslo_config_glue [-] oslo_messaging_rabbit.conn_pool_ttl = 1200 {{(pid=99093) log_opt_values /opt/stack/data/venv/lib/python3.12/site-packages/oslo_config/cfg.py:3560}}
Aug 18 21:01:54.476833 np0000007703 nova-conductor[99093]: DEBUG cotyledon.oslo_config_glue [-] oslo_messaging_rabbit.direct_mandatory_flag = True {{(pid=99093) log_opt_values /opt/stack/data/venv/lib/python3.12/site-packages/oslo_config/cfg.py:3560}}
Aug 18 21:01:54.477162 np0000007703 nova-conductor[99093]: DEBUG cotyledon.oslo_config_glue [-] oslo_messaging_rabbit.enable_cancel_on_failover = False {{(pid=99093) log_opt_values /opt/stack/data/venv/lib/python3.12/site-packages/oslo_config/cfg.py:3560}}
Aug 18 21:01:54.477162 np0000007703 nova-conductor[99093]: DEBUG cotyledon.oslo_config_glue [-] oslo_messaging_rabbit.heartbeat_rate = 3 {{(pid=99093) log_opt_values /opt/stack/data/venv/lib/python3.12/site-packages/oslo_config/cfg.py:3560}}
Aug 18 21:01:54.477162 np0000007703 nova-conductor[99093]: DEBUG cotyledon.oslo_config_glue [-] oslo_messaging_rabbit.heartbeat_timeout_threshold = 60 {{(pid=99093) log_opt_values /opt/stack/data/venv/lib/python3.12/site-packages/oslo_config/cfg.py:3560}}
Aug 18 21:01:54.477162 np0000007703 nova-conductor[99093]: DEBUG cotyledon.oslo_config_glue [-] oslo_messaging_rabbit.hostname = np0000007703 {{(pid=99093) log_opt_values /opt/stack/data/venv/lib/python3.12/site-packages/oslo_config/cfg.py:3560}}
Aug 18 21:01:54.477162 np0000007703 nova-conductor[99093]: DEBUG cotyledon.oslo_config_glue [-] oslo_messaging_rabbit.kombu_compression = None {{(pid=99093) log_opt_values /opt/stack/data/venv/lib/python3.12/site-packages/oslo_config/cfg.py:3560}}
Aug 18 21:01:54.477162 np0000007703 nova-conductor[99093]: DEBUG cotyledon.oslo_config_glue [-] oslo_messaging_rabbit.kombu_failover_strategy = round-robin {{(pid=99093) log_opt_values /opt/stack/data/venv/lib/python3.12/site-packages/oslo_config/cfg.py:3560}}
Aug 18 21:01:54.477162 np0000007703 nova-conductor[99093]: DEBUG cotyledon.oslo_config_glue [-] oslo_messaging_rabbit.kombu_missing_consumer_retry_timeout = 60 {{(pid=99093) log_opt_values /opt/stack/data/venv/lib/python3.12/site-packages/oslo_config/cfg.py:3560}}
Aug 18 21:01:54.477162 np0000007703 nova-conductor[99093]: DEBUG cotyledon.oslo_config_glue [-] oslo_messaging_rabbit.kombu_reconnect_delay = 1.0 {{(pid=99093) log_opt_values /opt/stack/data/venv/lib/python3.12/site-packages/oslo_config/cfg.py:3560}}
Aug 18 21:01:54.477162 np0000007703 nova-conductor[99093]: DEBUG cotyledon.oslo_config_glue [-] oslo_messaging_rabbit.kombu_reconnect_splay = 0.0 {{(pid=99093) log_opt_values /opt/stack/data/venv/lib/python3.12/site-packages/oslo_config/cfg.py:3560}}
Aug 18 21:01:54.477403 np0000007703 nova-conductor[99093]: DEBUG cotyledon.oslo_config_glue [-] oslo_messaging_rabbit.processname = nova-conductor {{(pid=99093) log_opt_values /opt/stack/data/venv/lib/python3.12/site-packages/oslo_config/cfg.py:3560}}
Aug 18 21:01:54.477403 np0000007703 nova-conductor[99093]: DEBUG cotyledon.oslo_config_glue [-] oslo_messaging_rabbit.rabbit_ha_queues = False {{(pid=99093) log_opt_values /opt/stack/data/venv/lib/python3.12/site-packages/oslo_config/cfg.py:3560}}
Aug 18 21:01:54.477403 np0000007703 nova-conductor[99093]: DEBUG cotyledon.oslo_config_glue [-] oslo_messaging_rabbit.rabbit_interval_max = 30 {{(pid=99093) log_opt_values /opt/stack/data/venv/lib/python3.12/site-packages/oslo_config/cfg.py:3560}}
Aug 18 21:01:54.477403 np0000007703 nova-conductor[99093]: DEBUG cotyledon.oslo_config_glue [-] oslo_messaging_rabbit.rabbit_login_method = AMQPLAIN {{(pid=99093) log_opt_values /opt/stack/data/venv/lib/python3.12/site-packages/oslo_config/cfg.py:3560}}
Aug 18 21:01:54.477403 np0000007703 nova-conductor[99093]: DEBUG cotyledon.oslo_config_glue [-] oslo_messaging_rabbit.rabbit_qos_prefetch_count = 0 {{(pid=99093) log_opt_values /opt/stack/data/venv/lib/python3.12/site-packages/oslo_config/cfg.py:3560}}
Aug 18 21:01:54.477403 np0000007703 nova-conductor[99093]: DEBUG cotyledon.oslo_config_glue [-] oslo_messaging_rabbit.rabbit_quorum_delivery_limit = 0 {{(pid=99093) log_opt_values /opt/stack/data/venv/lib/python3.12/site-packages/oslo_config/cfg.py:3560}}
Aug 18 21:01:54.477403 np0000007703 nova-conductor[99093]: DEBUG cotyledon.oslo_config_glue [-] oslo_messaging_rabbit.rabbit_quorum_max_memory_bytes = 0 {{(pid=99093) log_opt_values /opt/stack/data/venv/lib/python3.12/site-packages/oslo_config/cfg.py:3560}}
Aug 18 21:01:54.477403 np0000007703 nova-conductor[99093]: DEBUG cotyledon.oslo_config_glue [-] oslo_messaging_rabbit.rabbit_quorum_max_memory_length = 0 {{(pid=99093) log_opt_values /opt/stack/data/venv/lib/python3.12/site-packages/oslo_config/cfg.py:3560}}
Aug 18 21:01:54.477403 np0000007703 nova-conductor[99093]: DEBUG cotyledon.oslo_config_glue [-] oslo_messaging_rabbit.rabbit_quorum_queue = False {{(pid=99093) log_opt_values /opt/stack/data/venv/lib/python3.12/site-packages/oslo_config/cfg.py:3560}}
Aug 18 21:01:54.477699 np0000007703 nova-conductor[99093]: DEBUG cotyledon.oslo_config_glue [-] oslo_messaging_rabbit.rabbit_retry_backoff = 2 {{(pid=99093) log_opt_values /opt/stack/data/venv/lib/python3.12/site-packages/oslo_config/cfg.py:3560}}
Aug 18 21:01:54.477699 np0000007703 nova-conductor[99093]: DEBUG cotyledon.oslo_config_glue [-] oslo_messaging_rabbit.rabbit_retry_interval = 1 {{(pid=99093) log_opt_values /opt/stack/data/venv/lib/python3.12/site-packages/oslo_config/cfg.py:3560}}
Aug 18 21:01:54.477699 np0000007703 nova-conductor[99093]: DEBUG cotyledon.oslo_config_glue [-] oslo_messaging_rabbit.rabbit_stream_fanout = False {{(pid=99093) log_opt_values /opt/stack/data/venv/lib/python3.12/site-packages/oslo_config/cfg.py:3560}}
Aug 18 21:01:54.477699 np0000007703 nova-conductor[99093]: DEBUG cotyledon.oslo_config_glue [-] oslo_messaging_rabbit.rabbit_transient_queues_ttl = 1800 {{(pid=99093) log_opt_values /opt/stack/data/venv/lib/python3.12/site-packages/oslo_config/cfg.py:3560}}
Aug 18 21:01:54.477699 np0000007703 nova-conductor[99093]: DEBUG cotyledon.oslo_config_glue [-] oslo_messaging_rabbit.rabbit_transient_quorum_queue = False {{(pid=99093) log_opt_values /opt/stack/data/venv/lib/python3.12/site-packages/oslo_config/cfg.py:3560}}
Aug 18 21:01:54.477699 np0000007703 nova-conductor[99093]: DEBUG cotyledon.oslo_config_glue [-] oslo_messaging_rabbit.rpc_conn_pool_size = 30 {{(pid=99093) log_opt_values /opt/stack/data/venv/lib/python3.12/site-packages/oslo_config/cfg.py:3560}}
Aug 18 21:01:54.477699 np0000007703 nova-conductor[99093]: DEBUG cotyledon.oslo_config_glue [-] oslo_messaging_rabbit.ssl = False {{(pid=99093) log_opt_values /opt/stack/data/venv/lib/python3.12/site-packages/oslo_config/cfg.py:3560}}
Aug 18 21:01:54.477699 np0000007703 nova-conductor[99093]: DEBUG cotyledon.oslo_config_glue [-] oslo_messaging_rabbit.ssl_ca_file = {{(pid=99093) log_opt_values /opt/stack/data/venv/lib/python3.12/site-packages/oslo_config/cfg.py:3560}}
Aug 18 21:01:54.477699 np0000007703 nova-conductor[99093]: DEBUG cotyledon.oslo_config_glue [-] oslo_messaging_rabbit.ssl_cert_file = {{(pid=99093) log_opt_values /opt/stack/data/venv/lib/python3.12/site-packages/oslo_config/cfg.py:3560}}
Aug 18 21:01:54.478003 np0000007703 nova-conductor[99093]: DEBUG cotyledon.oslo_config_glue [-] oslo_messaging_rabbit.ssl_enforce_fips_mode = False {{(pid=99093) log_opt_values /opt/stack/data/venv/lib/python3.12/site-packages/oslo_config/cfg.py:3560}}
Aug 18 21:01:54.478003 np0000007703 nova-conductor[99093]: DEBUG cotyledon.oslo_config_glue [-] oslo_messaging_rabbit.ssl_enforce_hostname_verification = True {{(pid=99093) log_opt_values /opt/stack/data/venv/lib/python3.12/site-packages/oslo_config/cfg.py:3560}}
Aug 18 21:01:54.478003 np0000007703 nova-conductor[99093]: DEBUG cotyledon.oslo_config_glue [-] oslo_messaging_rabbit.ssl_key_file = {{(pid=99093) log_opt_values /opt/stack/data/venv/lib/python3.12/site-packages/oslo_config/cfg.py:3560}}
Aug 18 21:01:54.478003 np0000007703 nova-conductor[99093]: DEBUG cotyledon.oslo_config_glue [-] oslo_messaging_rabbit.ssl_version = {{(pid=99093) log_opt_values /opt/stack/data/venv/lib/python3.12/site-packages/oslo_config/cfg.py:3560}}
Aug 18 21:01:54.478003 np0000007703 nova-conductor[99093]: DEBUG cotyledon.oslo_config_glue [-] oslo_messaging_rabbit.use_queue_manager = False {{(pid=99093) log_opt_values /opt/stack/data/venv/lib/python3.12/site-packages/oslo_config/cfg.py:3560}}
Aug 18 21:01:54.478003 np0000007703 nova-conductor[99093]: DEBUG cotyledon.oslo_config_glue [-] oslo_messaging_notifications.driver = ['messagingv2'] {{(pid=99093) log_opt_values /opt/stack/data/venv/lib/python3.12/site-packages/oslo_config/cfg.py:3560}}
Aug 18 21:01:54.478003 np0000007703 nova-conductor[99093]: DEBUG cotyledon.oslo_config_glue [-] oslo_messaging_notifications.retry = -1 {{(pid=99093) log_opt_values /opt/stack/data/venv/lib/python3.12/site-packages/oslo_config/cfg.py:3560}}
Aug 18 21:01:54.478003 np0000007703 nova-conductor[99093]: DEBUG cotyledon.oslo_config_glue [-] oslo_messaging_notifications.topics = ['notifications'] {{(pid=99093) log_opt_values /opt/stack/data/venv/lib/python3.12/site-packages/oslo_config/cfg.py:3560}}
Aug 18 21:01:54.478003 np0000007703 nova-conductor[99093]: DEBUG cotyledon.oslo_config_glue [-] oslo_messaging_notifications.transport_url = **** {{(pid=99093) log_opt_values /opt/stack/data/venv/lib/python3.12/site-packages/oslo_config/cfg.py:3560}}
Aug 18 21:01:54.478315 np0000007703 nova-conductor[99093]: DEBUG cotyledon.oslo_config_glue [-] oslo_limit.auth_section = None {{(pid=99093) log_opt_values /opt/stack/data/venv/lib/python3.12/site-packages/oslo_config/cfg.py:3560}}
Aug 18 21:01:54.478315 np0000007703 nova-conductor[99093]: DEBUG cotyledon.oslo_config_glue [-] oslo_limit.auth_type = None {{(pid=99093) log_opt_values /opt/stack/data/venv/lib/python3.12/site-packages/oslo_config/cfg.py:3560}}
Aug 18 21:01:54.478315 np0000007703 nova-conductor[99093]: DEBUG cotyledon.oslo_config_glue [-] oslo_limit.cafile = None {{(pid=99093) log_opt_values /opt/stack/data/venv/lib/python3.12/site-packages/oslo_config/cfg.py:3560}}
Aug 18 21:01:54.478315 np0000007703 nova-conductor[99093]: DEBUG cotyledon.oslo_config_glue [-] oslo_limit.certfile = None {{(pid=99093) log_opt_values /opt/stack/data/venv/lib/python3.12/site-packages/oslo_config/cfg.py:3560}}
Aug 18 21:01:54.478315 np0000007703 nova-conductor[99093]: DEBUG cotyledon.oslo_config_glue [-] oslo_limit.collect_timing = False {{(pid=99093) log_opt_values /opt/stack/data/venv/lib/python3.12/site-packages/oslo_config/cfg.py:3560}}
Aug 18 21:01:54.478315 np0000007703 nova-conductor[99093]: DEBUG cotyledon.oslo_config_glue [-] oslo_limit.connect_retries = None {{(pid=99093) log_opt_values /opt/stack/data/venv/lib/python3.12/site-packages/oslo_config/cfg.py:3560}}
Aug 18 21:01:54.478315 np0000007703 nova-conductor[99093]: DEBUG cotyledon.oslo_config_glue [-] oslo_limit.connect_retry_delay = None {{(pid=99093) log_opt_values /opt/stack/data/venv/lib/python3.12/site-packages/oslo_config/cfg.py:3560}}
Aug 18 21:01:54.478315 np0000007703 nova-conductor[99093]: DEBUG cotyledon.oslo_config_glue [-] oslo_limit.endpoint_id = None {{(pid=99093) log_opt_values /opt/stack/data/venv/lib/python3.12/site-packages/oslo_config/cfg.py:3560}}
Aug 18 21:01:54.478315 np0000007703 nova-conductor[99093]: DEBUG cotyledon.oslo_config_glue [-] oslo_limit.endpoint_interface = public {{(pid=99093) log_opt_values /opt/stack/data/venv/lib/python3.12/site-packages/oslo_config/cfg.py:3560}}
Aug 18 21:01:54.478612 np0000007703 nova-conductor[99093]: DEBUG cotyledon.oslo_config_glue [-] oslo_limit.endpoint_override = None {{(pid=99093) log_opt_values /opt/stack/data/venv/lib/python3.12/site-packages/oslo_config/cfg.py:3560}}
Aug 18 21:01:54.478612 np0000007703 nova-conductor[99093]: DEBUG cotyledon.oslo_config_glue [-] oslo_limit.endpoint_region_name = None {{(pid=99093) log_opt_values /opt/stack/data/venv/lib/python3.12/site-packages/oslo_config/cfg.py:3560}}
Aug 18 21:01:54.478612 np0000007703 nova-conductor[99093]: DEBUG cotyledon.oslo_config_glue [-] oslo_limit.endpoint_service_name = None {{(pid=99093) log_opt_values /opt/stack/data/venv/lib/python3.12/site-packages/oslo_config/cfg.py:3560}}
Aug 18 21:01:54.478612 np0000007703 nova-conductor[99093]: DEBUG cotyledon.oslo_config_glue [-] oslo_limit.endpoint_service_type = None {{(pid=99093) log_opt_values /opt/stack/data/venv/lib/python3.12/site-packages/oslo_config/cfg.py:3560}}
Aug 18 21:01:54.478612 np0000007703 nova-conductor[99093]: DEBUG cotyledon.oslo_config_glue [-] oslo_limit.insecure = False {{(pid=99093) log_opt_values /opt/stack/data/venv/lib/python3.12/site-packages/oslo_config/cfg.py:3560}}
Aug 18 21:01:54.478612 np0000007703 nova-conductor[99093]: DEBUG cotyledon.oslo_config_glue [-] oslo_limit.keyfile = None {{(pid=99093) log_opt_values /opt/stack/data/venv/lib/python3.12/site-packages/oslo_config/cfg.py:3560}}
Aug 18 21:01:54.478612 np0000007703 nova-conductor[99093]: DEBUG cotyledon.oslo_config_glue [-] oslo_limit.max_version = None {{(pid=99093) log_opt_values /opt/stack/data/venv/lib/python3.12/site-packages/oslo_config/cfg.py:3560}}
Aug 18 21:01:54.478612 np0000007703 nova-conductor[99093]: DEBUG cotyledon.oslo_config_glue [-] oslo_limit.min_version = None {{(pid=99093) log_opt_values /opt/stack/data/venv/lib/python3.12/site-packages/oslo_config/cfg.py:3560}}
Aug 18 21:01:54.478612 np0000007703 nova-conductor[99093]: DEBUG cotyledon.oslo_config_glue [-] oslo_limit.region_name = None {{(pid=99093) log_opt_values /opt/stack/data/venv/lib/python3.12/site-packages/oslo_config/cfg.py:3560}}
Aug 18 21:01:54.478944 np0000007703 nova-conductor[99093]: DEBUG cotyledon.oslo_config_glue [-] oslo_limit.retriable_status_codes = None {{(pid=99093) log_opt_values /opt/stack/data/venv/lib/python3.12/site-packages/oslo_config/cfg.py:3560}}
Aug 18 21:01:54.478944 np0000007703 nova-conductor[99093]: DEBUG cotyledon.oslo_config_glue [-] oslo_limit.service_name = None {{(pid=99093) log_opt_values /opt/stack/data/venv/lib/python3.12/site-packages/oslo_config/cfg.py:3560}}
Aug 18 21:01:54.478944 np0000007703 nova-conductor[99093]: DEBUG cotyledon.oslo_config_glue [-] oslo_limit.service_type = None {{(pid=99093) log_opt_values /opt/stack/data/venv/lib/python3.12/site-packages/oslo_config/cfg.py:3560}}
Aug 18 21:01:54.478944 np0000007703 nova-conductor[99093]: DEBUG cotyledon.oslo_config_glue [-] oslo_limit.split_loggers = False {{(pid=99093) log_opt_values /opt/stack/data/venv/lib/python3.12/site-packages/oslo_config/cfg.py:3560}}
Aug 18 21:01:54.478944 np0000007703 nova-conductor[99093]: DEBUG cotyledon.oslo_config_glue [-] oslo_limit.status_code_retries = None {{(pid=99093) log_opt_values /opt/stack/data/venv/lib/python3.12/site-packages/oslo_config/cfg.py:3560}}
Aug 18 21:01:54.478944 np0000007703 nova-conductor[99093]: DEBUG cotyledon.oslo_config_glue [-] oslo_limit.status_code_retry_delay = None {{(pid=99093) log_opt_values /opt/stack/data/venv/lib/python3.12/site-packages/oslo_config/cfg.py:3560}}
Aug 18 21:01:54.478944 np0000007703 nova-conductor[99093]: DEBUG cotyledon.oslo_config_glue [-] oslo_limit.timeout = None {{(pid=99093) log_opt_values /opt/stack/data/venv/lib/python3.12/site-packages/oslo_config/cfg.py:3560}}
Aug 18 21:01:54.478944 np0000007703 nova-conductor[99093]: DEBUG cotyledon.oslo_config_glue [-] oslo_limit.valid_interfaces = None {{(pid=99093) log_opt_values /opt/stack/data/venv/lib/python3.12/site-packages/oslo_config/cfg.py:3560}}
Aug 18 21:01:54.478944 np0000007703 nova-conductor[99093]: DEBUG cotyledon.oslo_config_glue [-] oslo_limit.version = None {{(pid=99093) log_opt_values /opt/stack/data/venv/lib/python3.12/site-packages/oslo_config/cfg.py:3560}}
Aug 18 21:01:54.479262 np0000007703 nova-conductor[99093]: DEBUG cotyledon.oslo_config_glue [-] oslo_reports.file_event_handler = None {{(pid=99093) log_opt_values /opt/stack/data/venv/lib/python3.12/site-packages/oslo_config/cfg.py:3560}}
Aug 18 21:01:54.479262 np0000007703 nova-conductor[99093]: DEBUG cotyledon.oslo_config_glue [-] oslo_reports.file_event_handler_interval = 1 {{(pid=99093) log_opt_values /opt/stack/data/venv/lib/python3.12/site-packages/oslo_config/cfg.py:3560}}
Aug 18 21:01:54.479262 np0000007703 nova-conductor[99093]: DEBUG cotyledon.oslo_config_glue [-] oslo_reports.log_dir = None {{(pid=99093) log_opt_values /opt/stack/data/venv/lib/python3.12/site-packages/oslo_config/cfg.py:3560}}
Aug 18 21:01:54.479262 np0000007703 nova-conductor[99093]: DEBUG cotyledon.oslo_config_glue [-] ******************************************************************************** {{(pid=99093) log_opt_values /opt/stack/data/venv/lib/python3.12/site-packages/oslo_config/cfg.py:3567}}
Aug 18 21:01:54.479262 np0000007703 nova-conductor[99093]: DEBUG cotyledon._service_worker [-] Run service ServiceWrapper(3) [99093] {{(pid=99093) wait_forever /opt/stack/data/venv/lib/python3.12/site-packages/cotyledon/_service_worker.py:218}}
Aug 18 21:01:54.479262 np0000007703 nova-conductor[99093]: INFO nova.service [-] Starting conductor node (version 33.1.0)
Aug 18 21:01:54.479262 np0000007703 nova-conductor[99093]: INFO dbcounter [None req-074a6de1-b09a-460f-9dbe-0414ee53895d None None] Registered counter for database nova_cell0
Aug 18 21:01:54.479504 np0000007703 nova-conductor[99073]: DEBUG oslo_db.sqlalchemy.engines [None req-341f3cb9-b939-44f7-aaee-f694286aa9e1 None None] MySQL server mode set to STRICT_TRANS_TABLES,STRICT_ALL_TABLES,NO_ZERO_IN_DATE,NO_ZERO_DATE,ERROR_FOR_DIVISION_BY_ZERO,TRADITIONAL,NO_ENGINE_SUBSTITUTION {{(pid=99073) _check_effective_sql_mode /opt/stack/data/venv/lib/python3.12/site-packages/oslo_db/sqlalchemy/engines.py:325}}
Aug 18 21:01:54.479555 np0000007703 nova-conductor[99063]: DEBUG nova.service [None req-86442c93-3d55-4270-b6e2-a539523dbf82 None None] Creating RPC server for service: nova-conductor on topic: conductor {{(pid=99063) start /opt/stack/nova/nova/service.py:262}}
Aug 18 21:01:54.479601 np0000007703 nova-conductor[99088]: DEBUG oslo_db.sqlalchemy.engines [None req-c4b35a2e-46f3-496b-8789-6e1f08eb3ddb None None] MySQL server mode set to STRICT_TRANS_TABLES,STRICT_ALL_TABLES,NO_ZERO_IN_DATE,NO_ZERO_DATE,ERROR_FOR_DIVISION_BY_ZERO,TRADITIONAL,NO_ENGINE_SUBSTITUTION {{(pid=99088) _check_effective_sql_mode /opt/stack/data/venv/lib/python3.12/site-packages/oslo_db/sqlalchemy/engines.py:325}}
Aug 18 21:01:54.479654 np0000007703 nova-conductor[99073]: DEBUG dbcounter [-] [99073] Writer thread running {{(pid=99073) stat_writer /opt/stack/data/venv/lib/python3.12/site-packages/dbcounter.py:102}}
Aug 18 21:01:54.482218 np0000007703 nova-conductor[99073]: DEBUG nova.service [None req-341f3cb9-b939-44f7-aaee-f694286aa9e1 None None] Creating RPC server for service: nova-conductor on topic: conductor {{(pid=99073) start /opt/stack/nova/nova/service.py:262}}
Aug 18 21:01:54.487562 np0000007703 nova-conductor[99088]: DEBUG dbcounter [-] [99088] Writer thread running {{(pid=99088) stat_writer /opt/stack/data/venv/lib/python3.12/site-packages/dbcounter.py:102}}
Aug 18 21:01:54.491636 np0000007703 nova-conductor[99088]: DEBUG nova.service [None req-c4b35a2e-46f3-496b-8789-6e1f08eb3ddb None None] Creating RPC server for service: nova-conductor on topic: conductor {{(pid=99088) start /opt/stack/nova/nova/service.py:262}}
Aug 18 21:01:54.495297 np0000007703 nova-conductor[99063]: DEBUG nova.service [None req-86442c93-3d55-4270-b6e2-a539523dbf82 None None] Join ServiceGroup membership for this service conductor {{(pid=99063) start /opt/stack/nova/nova/service.py:288}}
Aug 18 21:01:54.495518 np0000007703 nova-conductor[99063]: DEBUG nova.servicegroup.drivers.db [None req-86442c93-3d55-4270-b6e2-a539523dbf82 None None] DB_Driver: join new ServiceGroup member np0000007703 to the conductor group, service = {{(pid=99063) join /opt/stack/nova/nova/servicegroup/drivers/db.py:44}}
Aug 18 21:01:54.505349 np0000007703 nova-conductor[99073]: DEBUG nova.service [None req-341f3cb9-b939-44f7-aaee-f694286aa9e1 None None] Join ServiceGroup membership for this service conductor {{(pid=99073) start /opt/stack/nova/nova/service.py:288}}
Aug 18 21:01:54.505519 np0000007703 nova-conductor[99073]: DEBUG nova.servicegroup.drivers.db [None req-341f3cb9-b939-44f7-aaee-f694286aa9e1 None None] DB_Driver: join new ServiceGroup member np0000007703 to the conductor group, service = {{(pid=99073) join /opt/stack/nova/nova/servicegroup/drivers/db.py:44}}
Aug 18 21:01:54.506325 np0000007703 nova-conductor[99093]: DEBUG oslo_db.sqlalchemy.engines [None req-074a6de1-b09a-460f-9dbe-0414ee53895d None None] MySQL server mode set to STRICT_TRANS_TABLES,STRICT_ALL_TABLES,NO_ZERO_IN_DATE,NO_ZERO_DATE,ERROR_FOR_DIVISION_BY_ZERO,TRADITIONAL,NO_ENGINE_SUBSTITUTION {{(pid=99093) _check_effective_sql_mode /opt/stack/data/venv/lib/python3.12/site-packages/oslo_db/sqlalchemy/engines.py:325}}
Aug 18 21:01:54.513280 np0000007703 nova-conductor[99088]: DEBUG nova.service [None req-c4b35a2e-46f3-496b-8789-6e1f08eb3ddb None None] Join ServiceGroup membership for this service conductor {{(pid=99088) start /opt/stack/nova/nova/service.py:288}}
Aug 18 21:01:54.513466 np0000007703 nova-conductor[99088]: DEBUG nova.servicegroup.drivers.db [None req-c4b35a2e-46f3-496b-8789-6e1f08eb3ddb None None] DB_Driver: join new ServiceGroup member np0000007703 to the conductor group, service = {{(pid=99088) join /opt/stack/nova/nova/servicegroup/drivers/db.py:44}}
Aug 18 21:01:54.515380 np0000007703 nova-conductor[99093]: DEBUG dbcounter [-] [99093] Writer thread running {{(pid=99093) stat_writer /opt/stack/data/venv/lib/python3.12/site-packages/dbcounter.py:102}}
Aug 18 21:01:54.518065 np0000007703 nova-conductor[99093]: DEBUG nova.service [None req-074a6de1-b09a-460f-9dbe-0414ee53895d None None] Creating RPC server for service: nova-conductor on topic: conductor {{(pid=99093) start /opt/stack/nova/nova/service.py:262}}
Aug 18 21:01:54.536768 np0000007703 nova-conductor[99093]: DEBUG nova.service [None req-074a6de1-b09a-460f-9dbe-0414ee53895d None None] Join ServiceGroup membership for this service conductor {{(pid=99093) start /opt/stack/nova/nova/service.py:288}}
Aug 18 21:01:54.536967 np0000007703 nova-conductor[99093]: DEBUG nova.servicegroup.drivers.db [None req-074a6de1-b09a-460f-9dbe-0414ee53895d None None] DB_Driver: join new ServiceGroup member np0000007703 to the conductor group, service = {{(pid=99093) join /opt/stack/nova/nova/servicegroup/drivers/db.py:44}}
Aug 18 21:01:59.515182 np0000007703 nova-conductor[99063]: DEBUG oslo.service.backend._threading.loopingcall [-] Fixed interval looping call 'nova.servicegroup.drivers.db.DbDriver._report_state' sleeping for 119.98 seconds {{(pid=99063) _run_loop /opt/stack/data/venv/lib/python3.12/site-packages/oslo_service/backend/_threading/loopingcall.py:125}}
Aug 18 21:01:59.516740 np0000007703 nova-conductor[99088]: DEBUG oslo.service.backend._threading.loopingcall [None req-cc05c393-54fb-4947-bfca-35784fb1b776 None None] Dynamic interval looping call 'nova.service.Service.periodic_tasks' sleeping for 60.00 seconds {{(pid=99088) _run_loop /opt/stack/data/venv/lib/python3.12/site-packages/oslo_service/backend/_threading/loopingcall.py:125}}
Aug 18 21:01:59.517258 np0000007703 nova-conductor[99073]: DEBUG oslo.service.backend._threading.loopingcall [-] Fixed interval looping call 'nova.servicegroup.drivers.db.DbDriver._report_state' sleeping for 119.99 seconds {{(pid=99073) _run_loop /opt/stack/data/venv/lib/python3.12/site-packages/oslo_service/backend/_threading/loopingcall.py:125}}
Aug 18 21:01:59.524234 np0000007703 nova-conductor[99088]: DEBUG oslo.service.backend._threading.loopingcall [-] Fixed interval looping call 'nova.servicegroup.drivers.db.DbDriver._report_state' sleeping for 119.99 seconds {{(pid=99088) _run_loop /opt/stack/data/venv/lib/python3.12/site-packages/oslo_service/backend/_threading/loopingcall.py:125}}
Aug 18 21:01:59.548794 np0000007703 nova-conductor[99093]: DEBUG oslo.service.backend._threading.loopingcall [-] Fixed interval looping call 'nova.servicegroup.drivers.db.DbDriver._report_state' sleeping for 119.99 seconds {{(pid=99093) _run_loop /opt/stack/data/venv/lib/python3.12/site-packages/oslo_service/backend/_threading/loopingcall.py:125}}
Aug 18 21:02:03.046694 np0000007703 nova-conductor[97611]: DEBUG dbcounter [-] [97611] Writing DB stats nova_api:SELECT=1 {{(pid=97611) stat_writer /opt/stack/data/venv/lib/python3.12/site-packages/dbcounter.py:115}}
Aug 18 21:02:03.205973 np0000007703 nova-conductor[97611]: DEBUG dbcounter [-] [97611] Writing DB stats nova_cell1:SELECT=1 {{(pid=97611) stat_writer /opt/stack/data/venv/lib/python3.12/site-packages/dbcounter.py:115}}
Aug 18 21:02:03.210026 np0000007703 nova-conductor[97611]: DEBUG dbcounter [-] [97611] Writing DB stats nova_cell0:SELECT=1 {{(pid=97611) stat_writer /opt/stack/data/venv/lib/python3.12/site-packages/dbcounter.py:115}}
Aug 18 21:02:08.498104 np0000007703 nova-conductor[99063]: DEBUG oslo.service.backend._threading.loopingcall [None req-c512ec8f-bb31-4dc1-8c5c-288d1568ac39 None None] Dynamic interval looping call 'nova.service.Service.periodic_tasks' sleeping for 60.00 seconds {{(pid=99063) _run_loop /opt/stack/data/venv/lib/python3.12/site-packages/oslo_service/backend/_threading/loopingcall.py:125}}
Aug 18 21:02:09.507237 np0000007703 nova-conductor[99063]: DEBUG dbcounter [-] [99063] Writing DB stats nova_cell0:SELECT=4,nova_cell0:INSERT=1,nova_cell0:UPDATE=1 {{(pid=99063) stat_writer /opt/stack/data/venv/lib/python3.12/site-packages/dbcounter.py:115}}
Aug 18 21:02:09.518858 np0000007703 nova-conductor[99073]: DEBUG dbcounter [-] [99073] Writing DB stats nova_cell0:SELECT=3,nova_cell0:UPDATE=1 {{(pid=99073) stat_writer /opt/stack/data/venv/lib/python3.12/site-packages/dbcounter.py:115}}
Aug 18 21:02:09.524911 np0000007703 nova-conductor[99088]: DEBUG dbcounter [-] [99088] Writing DB stats nova_cell0:SELECT=3 {{(pid=99088) stat_writer /opt/stack/data/venv/lib/python3.12/site-packages/dbcounter.py:115}}
Aug 18 21:02:09.549569 np0000007703 nova-conductor[99093]: DEBUG dbcounter [-] [99093] Writing DB stats nova_cell0:SELECT=3 {{(pid=99093) stat_writer /opt/stack/data/venv/lib/python3.12/site-packages/dbcounter.py:115}}
Aug 18 21:02:23.539313 np0000007703 nova-conductor[99093]: DEBUG oslo.service.backend._threading.loopingcall [None req-e3c058c9-a2df-4d7d-8131-faf3396d105c None None] Dynamic interval looping call 'nova.service.Service.periodic_tasks' sleeping for 60.00 seconds {{(pid=99093) _run_loop /opt/stack/data/venv/lib/python3.12/site-packages/oslo_service/backend/_threading/loopingcall.py:125}}
Aug 18 21:02:54.508617 np0000007703 nova-conductor[99073]: DEBUG oslo.service.backend._threading.loopingcall [None req-192107e6-4fac-477c-9aca-0f8ab7c61d78 None None] Dynamic interval looping call 'nova.service.Service.periodic_tasks' sleeping for 60.00 seconds {{(pid=99073) _run_loop /opt/stack/data/venv/lib/python3.12/site-packages/oslo_service/backend/_threading/loopingcall.py:125}}
Aug 18 21:02:59.518704 np0000007703 nova-conductor[99088]: DEBUG oslo.service.backend._threading.loopingcall [None req-cc05c393-54fb-4947-bfca-35784fb1b776 None None] Dynamic interval looping call 'nova.service.Service.periodic_tasks' sleeping for 60.00 seconds {{(pid=99088) _run_loop /opt/stack/data/venv/lib/python3.12/site-packages/oslo_service/backend/_threading/loopingcall.py:125}}
Aug 18 21:03:08.498617 np0000007703 nova-conductor[99063]: DEBUG oslo.service.backend._threading.loopingcall [None req-c512ec8f-bb31-4dc1-8c5c-288d1568ac39 None None] Dynamic interval looping call 'nova.service.Service.periodic_tasks' sleeping for 60.00 seconds {{(pid=99063) _run_loop /opt/stack/data/venv/lib/python3.12/site-packages/oslo_service/backend/_threading/loopingcall.py:125}}
Aug 18 21:03:23.539853 np0000007703 nova-conductor[99093]: DEBUG oslo.service.backend._threading.loopingcall [None req-e3c058c9-a2df-4d7d-8131-faf3396d105c None None] Dynamic interval looping call 'nova.service.Service.periodic_tasks' sleeping for 60.00 seconds {{(pid=99093) _run_loop /opt/stack/data/venv/lib/python3.12/site-packages/oslo_service/backend/_threading/loopingcall.py:125}}
Aug 18 21:03:54.508085 np0000007703 nova-conductor[99073]: DEBUG oslo.service.backend._threading.loopingcall [None req-192107e6-4fac-477c-9aca-0f8ab7c61d78 None None] Dynamic interval looping call 'nova.service.Service.periodic_tasks' sleeping for 60.00 seconds {{(pid=99073) _run_loop /opt/stack/data/venv/lib/python3.12/site-packages/oslo_service/backend/_threading/loopingcall.py:125}}
Aug 18 21:03:59.502835 np0000007703 nova-conductor[99063]: DEBUG oslo.service.backend._threading.loopingcall [-] Fixed interval looping call 'nova.servicegroup.drivers.db.DbDriver._report_state' sleeping for 119.99 seconds {{(pid=99063) _run_loop /opt/stack/data/venv/lib/python3.12/site-packages/oslo_service/backend/_threading/loopingcall.py:125}}
Aug 18 21:03:59.511359 np0000007703 nova-conductor[99073]: DEBUG oslo.service.backend._threading.loopingcall [-] Fixed interval looping call 'nova.servicegroup.drivers.db.DbDriver._report_state' sleeping for 120.00 seconds {{(pid=99073) _run_loop /opt/stack/data/venv/lib/python3.12/site-packages/oslo_service/backend/_threading/loopingcall.py:125}}
Aug 18 21:03:59.517854 np0000007703 nova-conductor[99088]: DEBUG oslo.service.backend._threading.loopingcall [-] Fixed interval looping call 'nova.servicegroup.drivers.db.DbDriver._report_state' sleeping for 120.00 seconds {{(pid=99088) _run_loop /opt/stack/data/venv/lib/python3.12/site-packages/oslo_service/backend/_threading/loopingcall.py:125}}
Aug 18 21:03:59.519285 np0000007703 nova-conductor[99088]: DEBUG oslo.service.backend._threading.loopingcall [None req-cc05c393-54fb-4947-bfca-35784fb1b776 None None] Dynamic interval looping call 'nova.service.Service.periodic_tasks' sleeping for 60.00 seconds {{(pid=99088) _run_loop /opt/stack/data/venv/lib/python3.12/site-packages/oslo_service/backend/_threading/loopingcall.py:125}}
Aug 18 21:03:59.542988 np0000007703 nova-conductor[99093]: DEBUG oslo.service.backend._threading.loopingcall [-] Fixed interval looping call 'nova.servicegroup.drivers.db.DbDriver._report_state' sleeping for 120.00 seconds {{(pid=99093) _run_loop /opt/stack/data/venv/lib/python3.12/site-packages/oslo_service/backend/_threading/loopingcall.py:125}}
Aug 18 21:04:08.499408 np0000007703 nova-conductor[99063]: DEBUG oslo.service.backend._threading.loopingcall [None req-c512ec8f-bb31-4dc1-8c5c-288d1568ac39 None None] Dynamic interval looping call 'nova.service.Service.periodic_tasks' sleeping for 60.00 seconds {{(pid=99063) _run_loop /opt/stack/data/venv/lib/python3.12/site-packages/oslo_service/backend/_threading/loopingcall.py:125}}
Aug 18 21:04:09.499355 np0000007703 nova-conductor[99063]: DEBUG dbcounter [-] [99063] Writing DB stats nova_cell0:SELECT=1,nova_cell0:UPDATE=1 {{(pid=99063) stat_writer /opt/stack/data/venv/lib/python3.12/site-packages/dbcounter.py:115}}
Aug 18 21:04:09.510091 np0000007703 nova-conductor[99073]: DEBUG dbcounter [-] [99073] Writing DB stats nova_cell0:SELECT=1 {{(pid=99073) stat_writer /opt/stack/data/venv/lib/python3.12/site-packages/dbcounter.py:115}}
Aug 18 21:04:09.516106 np0000007703 nova-conductor[99088]: DEBUG dbcounter [-] [99088] Writing DB stats nova_cell0:SELECT=1 {{(pid=99088) stat_writer /opt/stack/data/venv/lib/python3.12/site-packages/dbcounter.py:115}}
Aug 18 21:04:09.540951 np0000007703 nova-conductor[99093]: DEBUG dbcounter [-] [99093] Writing DB stats nova_cell0:SELECT=1 {{(pid=99093) stat_writer /opt/stack/data/venv/lib/python3.12/site-packages/dbcounter.py:115}}
Aug 18 21:04:22.110133 np0000007703 nova-conductor[99063]: DEBUG oslo_db.sqlalchemy.engines [None req-053f986d-eaae-4102-b2b1-6cafe4737ac9 tempest-ServerActionsTestOtherB-733183082 tempest-ServerActionsTestOtherB-733183082-project-member] Parent process 97611 forked (99063) with an open database connection, which is being discarded and recreated. {{(pid=99063) checkout /opt/stack/data/venv/lib/python3.12/site-packages/oslo_db/sqlalchemy/engines.py:402}}
Aug 18 21:04:22.155450 np0000007703 nova-conductor[99063]: DEBUG dbcounter [-] [99063] Writer thread running {{(pid=99063) stat_writer /opt/stack/data/venv/lib/python3.12/site-packages/dbcounter.py:102}}
Aug 18 21:04:23.264049 np0000007703 nova-conductor[99063]: DEBUG nova.conductor.manager [None req-053f986d-eaae-4102-b2b1-6cafe4737ac9 tempest-ServerActionsTestOtherB-733183082 tempest-ServerActionsTestOtherB-733183082-project-member] Took 1.10 seconds to select destinations for 1 instance(s). {{(pid=99063) _schedule_instances /opt/stack/nova/nova/conductor/manager.py:956}}
Aug 18 21:04:23.295652 np0000007703 nova-conductor[99063]: DEBUG oslo_concurrency.lockutils [None req-053f986d-eaae-4102-b2b1-6cafe4737ac9 tempest-ServerActionsTestOtherB-733183082 tempest-ServerActionsTestOtherB-733183082-project-member] Acquiring lock "21057e45-1257-46f8-add9-2c11a413a9c8" by "nova.context.set_target_cell..get_or_set_cached_cell_and_set_connections" {{(pid=99063) inner /opt/stack/data/venv/lib/python3.12/site-packages/oslo_concurrency/lockutils.py:512}}
Aug 18 21:04:23.295909 np0000007703 nova-conductor[99063]: DEBUG oslo_concurrency.lockutils [None req-053f986d-eaae-4102-b2b1-6cafe4737ac9 tempest-ServerActionsTestOtherB-733183082 tempest-ServerActionsTestOtherB-733183082-project-member] Lock "21057e45-1257-46f8-add9-2c11a413a9c8" acquired by "nova.context.set_target_cell..get_or_set_cached_cell_and_set_connections" :: waited 0.000s {{(pid=99063) inner /opt/stack/data/venv/lib/python3.12/site-packages/oslo_concurrency/lockutils.py:525}}
Aug 18 21:04:23.297621 np0000007703 nova-conductor[99063]: DEBUG oslo_concurrency.lockutils [None req-053f986d-eaae-4102-b2b1-6cafe4737ac9 tempest-ServerActionsTestOtherB-733183082 tempest-ServerActionsTestOtherB-733183082-project-member] Lock "21057e45-1257-46f8-add9-2c11a413a9c8" "released" by "nova.context.set_target_cell..get_or_set_cached_cell_and_set_connections" :: held 0.002s {{(pid=99063) inner /opt/stack/data/venv/lib/python3.12/site-packages/oslo_concurrency/lockutils.py:544}}
Aug 18 21:04:23.299890 np0000007703 nova-conductor[99063]: INFO dbcounter [None req-053f986d-eaae-4102-b2b1-6cafe4737ac9 tempest-ServerActionsTestOtherB-733183082 tempest-ServerActionsTestOtherB-733183082-project-member] Registered counter for database nova_cell1
Aug 18 21:04:23.337382 np0000007703 nova-conductor[99063]: DEBUG oslo_db.sqlalchemy.engines [None req-053f986d-eaae-4102-b2b1-6cafe4737ac9 tempest-ServerActionsTestOtherB-733183082 tempest-ServerActionsTestOtherB-733183082-project-member] MySQL server mode set to STRICT_TRANS_TABLES,STRICT_ALL_TABLES,NO_ZERO_IN_DATE,NO_ZERO_DATE,ERROR_FOR_DIVISION_BY_ZERO,TRADITIONAL,NO_ENGINE_SUBSTITUTION {{(pid=99063) _check_effective_sql_mode /opt/stack/data/venv/lib/python3.12/site-packages/oslo_db/sqlalchemy/engines.py:325}}
Aug 18 21:04:23.343068 np0000007703 nova-conductor[99063]: DEBUG dbcounter [-] [99063] Writer thread running {{(pid=99063) stat_writer /opt/stack/data/venv/lib/python3.12/site-packages/dbcounter.py:102}}
Aug 18 21:04:23.408193 np0000007703 nova-conductor[99063]: INFO nova.utils [None req-053f986d-eaae-4102-b2b1-6cafe4737ac9 tempest-ServerActionsTestOtherB-733183082 tempest-ServerActionsTestOtherB-733183082-project-member] The cell worker thread pool ForkProcess-1.cell_worker is initialized
Aug 18 21:04:23.408193 np0000007703 nova-conductor[99063]: DEBUG oslo_concurrency.lockutils [None req-053f986d-eaae-4102-b2b1-6cafe4737ac9 tempest-ServerActionsTestOtherB-733183082 tempest-ServerActionsTestOtherB-733183082-project-member] Acquiring lock "00000000-0000-0000-0000-000000000000" by "nova.context.set_target_cell..get_or_set_cached_cell_and_set_connections" {{(pid=99063) inner /opt/stack/data/venv/lib/python3.12/site-packages/oslo_concurrency/lockutils.py:512}}
Aug 18 21:04:23.408193 np0000007703 nova-conductor[99063]: DEBUG oslo_concurrency.lockutils [None req-053f986d-eaae-4102-b2b1-6cafe4737ac9 tempest-ServerActionsTestOtherB-733183082 tempest-ServerActionsTestOtherB-733183082-project-member] Lock "00000000-0000-0000-0000-000000000000" acquired by "nova.context.set_target_cell..get_or_set_cached_cell_and_set_connections" :: waited 0.000s {{(pid=99063) inner /opt/stack/data/venv/lib/python3.12/site-packages/oslo_concurrency/lockutils.py:525}}
Aug 18 21:04:23.408193 np0000007703 nova-conductor[99063]: DEBUG oslo_concurrency.lockutils [None req-053f986d-eaae-4102-b2b1-6cafe4737ac9 tempest-ServerActionsTestOtherB-733183082 tempest-ServerActionsTestOtherB-733183082-project-member] Lock "00000000-0000-0000-0000-000000000000" "released" by "nova.context.set_target_cell..get_or_set_cached_cell_and_set_connections" :: held 0.000s {{(pid=99063) inner /opt/stack/data/venv/lib/python3.12/site-packages/oslo_concurrency/lockutils.py:544}}
Aug 18 21:04:23.408489 np0000007703 nova-conductor[99063]: DEBUG oslo_concurrency.lockutils [None req-053f986d-eaae-4102-b2b1-6cafe4737ac9 tempest-ServerActionsTestOtherB-733183082 tempest-ServerActionsTestOtherB-733183082-project-member] Acquiring lock "21057e45-1257-46f8-add9-2c11a413a9c8" by "nova.context.set_target_cell..get_or_set_cached_cell_and_set_connections" {{(pid=99063) inner /opt/stack/data/venv/lib/python3.12/site-packages/oslo_concurrency/lockutils.py:512}}
Aug 18 21:04:23.409878 np0000007703 nova-conductor[99063]: INFO dbcounter [None req-053f986d-eaae-4102-b2b1-6cafe4737ac9 tempest-ServerActionsTestOtherB-733183082 tempest-ServerActionsTestOtherB-733183082-project-member] Registered counter for database nova_cell0
Aug 18 21:04:23.411262 np0000007703 nova-conductor[99063]: DEBUG oslo_concurrency.lockutils [None req-053f986d-eaae-4102-b2b1-6cafe4737ac9 tempest-ServerActionsTestOtherB-733183082 tempest-ServerActionsTestOtherB-733183082-project-member] Lock "21057e45-1257-46f8-add9-2c11a413a9c8" acquired by "nova.context.set_target_cell..get_or_set_cached_cell_and_set_connections" :: waited 0.001s {{(pid=99063) inner /opt/stack/data/venv/lib/python3.12/site-packages/oslo_concurrency/lockutils.py:525}}
