Jul 24 05:05:21.956347 np0000005801 devstack@g-api.service[99727]: DEBUG glance.api.middleware.version_negotiation [None req-576ad6d4-4e92-49c6-a8d7-0a797c682b2b tempest-TestStampPattern-499747527 tempest-TestStampPattern-499747527-project-member] new path /v2/schemas/image {{(pid=99727) process_request /opt/stack/glance/glance/api/middleware/version_negotiation.py:70}}
Jul 24 05:05:21.962653 np0000005801 devstack@g-api.service[99727]: [pid: 99727|app: 0|req: 126/409] 127.0.0.1 () {44 vars in 1055 bytes} [Fri Jul 24 05:05:21 2026] GET /v2/schemas/image => generated 6083 bytes in 7 msecs (HTTP/1.1 200) 4 headers in 158 bytes (1 switches on core 0)
Jul 24 05:05:22.733780 np0000005801 devstack@g-api.service[99729]: DEBUG glance.api.middleware.version_negotiation [None req-c796d947-de02-45df-9398-d4a58c307153 tempest-TestStampPattern-499747527 tempest-TestStampPattern-499747527-project-member] Determining version of request: GET /v2/images/488c10ac-7acb-488b-9087-97d5db36c005 Accept: application/json {{(pid=99729) process_request /opt/stack/glance/glance/api/middleware/version_negotiation.py:44}}
Jul 24 05:05:22.733780 np0000005801 devstack@g-api.service[99729]: DEBUG glance.api.middleware.version_negotiation [None req-c796d947-de02-45df-9398-d4a58c307153 tempest-TestStampPattern-499747527 tempest-TestStampPattern-499747527-project-member] Using url versioning {{(pid=99729) process_request /opt/stack/glance/glance/api/middleware/version_negotiation.py:57}}
Jul 24 05:05:22.733780 np0000005801 devstack@g-api.service[99729]: DEBUG glance.api.middleware.version_negotiation [None req-c796d947-de02-45df-9398-d4a58c307153 tempest-TestStampPattern-499747527 tempest-TestStampPattern-499747527-project-member] Matched version: v2 {{(pid=99729) process_request /opt/stack/glance/glance/api/middleware/version_negotiation.py:69}}
Jul 24 05:05:22.733780 np0000005801 devstack@g-api.service[99729]: DEBUG glance.api.middleware.version_negotiation [None req-c796d947-de02-45df-9398-d4a58c307153 tempest-TestStampPattern-499747527 tempest-TestStampPattern-499747527-project-member] new path /v2/images/488c10ac-7acb-488b-9087-97d5db36c005 {{(pid=99729) process_request /opt/stack/glance/glance/api/middleware/version_negotiation.py:70}}
Jul 24 05:05:22.743706 np0000005801 devstack@g-api.service[99729]: [pid: 99729|app: 0|req: 148/410] 127.0.0.1 () {40 vars in 838 bytes} [Fri Jul 24 05:05:22 2026] GET /v2/images/488c10ac-7acb-488b-9087-97d5db36c005 => generated 1299 bytes in 11 msecs (HTTP/1.1 200) 4 headers in 158 bytes (1 switches on core 0)
Jul 24 05:05:23.754396 np0000005801 devstack@g-api.service[99728]: DEBUG glance.api.middleware.version_negotiation [None req-576ad6d4-4e92-49c6-a8d7-0a797c682b2b tempest-TestStampPattern-499747527 tempest-TestStampPattern-499747527-project-member] Determining version of request: GET /v2/images/488c10ac-7acb-488b-9087-97d5db36c005 Accept: application/json {{(pid=99728) process_request /opt/stack/glance/glance/api/middleware/version_negotiation.py:44}}
Jul 24 05:05:23.754872 np0000005801 devstack@g-api.service[99728]: DEBUG glance.api.middleware.version_negotiation [None req-576ad6d4-4e92-49c6-a8d7-0a797c682b2b tempest-TestStampPattern-499747527 tempest-TestStampPattern-499747527-project-member] Using url versioning {{(pid=99728) process_request /opt/stack/glance/glance/api/middleware/version_negotiation.py:57}}
Jul 24 05:05:23.754872 np0000005801 devstack@g-api.service[99728]: DEBUG glance.api.middleware.version_negotiation [None req-576ad6d4-4e92-49c6-a8d7-0a797c682b2b tempest-TestStampPattern-499747527 tempest-TestStampPattern-499747527-project-member] Matched version: v2 {{(pid=99728) process_request /opt/stack/glance/glance/api/middleware/version_negotiation.py:69}}
Jul 24 05:05:23.754872 np0000005801 devstack@g-api.service[99728]: DEBUG glance.api.middleware.version_negotiation [None req-576ad6d4-4e92-49c6-a8d7-0a797c682b2b tempest-TestStampPattern-499747527 tempest-TestStampPattern-499747527-project-member] new path /v2/images/488c10ac-7acb-488b-9087-97d5db36c005 {{(pid=99728) process_request /opt/stack/glance/glance/api/middleware/version_negotiation.py:70}}
Jul 24 05:05:23.775299 np0000005801 devstack@g-api.service[99728]: [pid: 99728|app: 0|req: 137/411] 127.0.0.1 () {40 vars in 838 bytes} [Fri Jul 24 05:05:23 2026] GET /v2/images/488c10ac-7acb-488b-9087-97d5db36c005 => generated 1299 bytes in 20 msecs (HTTP/1.1 200) 4 headers in 158 bytes (1 switches on core 0)
Jul 24 05:05:24.119015 np0000005801 devstack@g-api.service[99727]: DEBUG glance.api.middleware.version_negotiation [None req-576ad6d4-4e92-49c6-a8d7-0a797c682b2b tempest-TestStampPattern-499747527 tempest-TestStampPattern-499747527-project-member] Determining version of request: GET /v2/images/488c10ac-7acb-488b-9087-97d5db36c005 Accept: */* {{(pid=99727) process_request /opt/stack/glance/glance/api/middleware/version_negotiation.py:44}}
Jul 24 05:05:24.119015 np0000005801 devstack@g-api.service[99727]: DEBUG glance.api.middleware.version_negotiation [None req-576ad6d4-4e92-49c6-a8d7-0a797c682b2b tempest-TestStampPattern-499747527 tempest-TestStampPattern-499747527-project-member] Using url versioning {{(pid=99727) process_request /opt/stack/glance/glance/api/middleware/version_negotiation.py:57}}
Jul 24 05:05:24.119015 np0000005801 devstack@g-api.service[99727]: DEBUG glance.api.middleware.version_negotiation [None req-576ad6d4-4e92-49c6-a8d7-0a797c682b2b tempest-TestStampPattern-499747527 tempest-TestStampPattern-499747527-project-member] Matched version: v2 {{(pid=99727) process_request /opt/stack/glance/glance/api/middleware/version_negotiation.py:69}}
Jul 24 05:05:24.120691 np0000005801 devstack@g-api.service[99727]: DEBUG glance.api.middleware.version_negotiation [None req-576ad6d4-4e92-49c6-a8d7-0a797c682b2b tempest-TestStampPattern-499747527 tempest-TestStampPattern-499747527-project-member] new path /v2/images/488c10ac-7acb-488b-9087-97d5db36c005 {{(pid=99727) process_request /opt/stack/glance/glance/api/middleware/version_negotiation.py:70}}
Jul 24 05:05:24.142630 np0000005801 devstack@g-api.service[99727]: [pid: 99727|app: 0|req: 127/412] 127.0.0.1 () {44 vars in 1115 bytes} [Fri Jul 24 05:05:24 2026] GET /v2/images/488c10ac-7acb-488b-9087-97d5db36c005 => generated 1299 bytes in 23 msecs (HTTP/1.1 200) 4 headers in 158 bytes (1 switches on core 0)
Jul 24 05:05:24.186758 np0000005801 devstack@g-api.service[99729]: DEBUG glance.api.middleware.version_negotiation [None req-1065f44e-8427-46cf-8314-a1ea595d7b3b tempest-TestStampPattern-499747527 tempest-TestStampPattern-499747527-project-member] Determining version of request: GET /v2/schemas/image Accept: */* {{(pid=99729) process_request /opt/stack/glance/glance/api/middleware/version_negotiation.py:44}}
Jul 24 05:05:24.187282 np0000005801 devstack@g-api.service[99729]: DEBUG glance.api.middleware.version_negotiation [None req-1065f44e-8427-46cf-8314-a1ea595d7b3b tempest-TestStampPattern-499747527 tempest-TestStampPattern-499747527-project-member] Using url versioning {{(pid=99729) process_request /opt/stack/glance/glance/api/middleware/version_negotiation.py:57}}
Jul 24 05:05:24.187282 np0000005801 devstack@g-api.service[99729]: DEBUG glance.api.middleware.version_negotiation [None req-1065f44e-8427-46cf-8314-a1ea595d7b3b tempest-TestStampPattern-499747527 tempest-TestStampPattern-499747527-project-member] Matched version: v2 {{(pid=99729) process_request /opt/stack/glance/glance/api/middleware/version_negotiation.py:69}}
Jul 24 05:05:24.187282 np0000005801 devstack@g-api.service[99729]: DEBUG glance.api.middleware.version_negotiation [None req-1065f44e-8427-46cf-8314-a1ea595d7b3b tempest-TestStampPattern-499747527 tempest-TestStampPattern-499747527-project-member] new path /v2/schemas/image {{(pid=99729) process_request /opt/stack/glance/glance/api/middleware/version_negotiation.py:70}}
Jul 24 05:05:24.190136 np0000005801 devstack@g-api.service[99729]: [pid: 99729|app: 0|req: 149/413] 127.0.0.1 () {44 vars in 1055 bytes} [Fri Jul 24 05:05:24 2026] GET /v2/schemas/image => generated 6083 bytes in 3 msecs (HTTP/1.1 200) 4 headers in 158 bytes (1 switches on core 0)
Jul 24 05:05:24.243581 np0000005801 devstack@g-api.service[99728]: DEBUG glance.api.middleware.version_negotiation [None req-3ab0e8f5-70d4-476d-8dd3-fdf714594bf4 tempest-TestStampPattern-499747527 tempest-TestStampPattern-499747527-project-member] Determining version of request: GET /v2/schemas/image Accept: */* {{(pid=99728) process_request /opt/stack/glance/glance/api/middleware/version_negotiation.py:44}}
Jul 24 05:05:24.243581 np0000005801 devstack@g-api.service[99728]: DEBUG glance.api.middleware.version_negotiation [None req-3ab0e8f5-70d4-476d-8dd3-fdf714594bf4 tempest-TestStampPattern-499747527 tempest-TestStampPattern-499747527-project-member] Using url versioning {{(pid=99728) process_request /opt/stack/glance/glance/api/middleware/version_negotiation.py:57}}
Jul 24 05:05:24.243581 np0000005801 devstack@g-api.service[99728]: DEBUG glance.api.middleware.version_negotiation [None req-3ab0e8f5-70d4-476d-8dd3-fdf714594bf4 tempest-TestStampPattern-499747527 tempest-TestStampPattern-499747527-project-member] Matched version: v2 {{(pid=99728) process_request /opt/stack/glance/glance/api/middleware/version_negotiation.py:69}}
Jul 24 05:05:24.243581 np0000005801 devstack@g-api.service[99728]: DEBUG glance.api.middleware.version_negotiation [None req-3ab0e8f5-70d4-476d-8dd3-fdf714594bf4 tempest-TestStampPattern-499747527 tempest-TestStampPattern-499747527-project-member] new path /v2/schemas/image {{(pid=99728) process_request /opt/stack/glance/glance/api/middleware/version_negotiation.py:70}}
Jul 24 05:05:24.250362 np0000005801 devstack@g-api.service[99728]: [pid: 99728|app: 0|req: 138/414] 127.0.0.1 () {44 vars in 1055 bytes} [Fri Jul 24 05:05:24 2026] GET /v2/schemas/image => generated 6083 bytes in 8 msecs (HTTP/1.1 200) 4 headers in 158 bytes (1 switches on core 0)
Jul 24 05:05:24.302579 np0000005801 devstack@g-api.service[99727]: DEBUG glance.api.middleware.version_negotiation [None req-576ad6d4-4e92-49c6-a8d7-0a797c682b2b tempest-TestStampPattern-499747527 tempest-TestStampPattern-499747527-project-member] Determining version of request: PATCH /v2/images/488c10ac-7acb-488b-9087-97d5db36c005 Accept: */* {{(pid=99727) process_request /opt/stack/glance/glance/api/middleware/version_negotiation.py:44}}
Jul 24 05:05:24.302579 np0000005801 devstack@g-api.service[99727]: DEBUG glance.api.middleware.version_negotiation [None req-576ad6d4-4e92-49c6-a8d7-0a797c682b2b tempest-TestStampPattern-499747527 tempest-TestStampPattern-499747527-project-member] Using url versioning {{(pid=99727) process_request /opt/stack/glance/glance/api/middleware/version_negotiation.py:57}}
Jul 24 05:05:24.302579 np0000005801 devstack@g-api.service[99727]: DEBUG glance.api.middleware.version_negotiation [None req-576ad6d4-4e92-49c6-a8d7-0a797c682b2b tempest-TestStampPattern-499747527 tempest-TestStampPattern-499747527-project-member] Matched version: v2 {{(pid=99727) process_request /opt/stack/glance/glance/api/middleware/version_negotiation.py:69}}
Jul 24 05:05:24.302579 np0000005801 devstack@g-api.service[99727]: DEBUG glance.api.middleware.version_negotiation [None req-576ad6d4-4e92-49c6-a8d7-0a797c682b2b tempest-TestStampPattern-499747527 tempest-TestStampPattern-499747527-project-member] new path /v2/images/488c10ac-7acb-488b-9087-97d5db36c005 {{(pid=99727) process_request /opt/stack/glance/glance/api/middleware/version_negotiation.py:70}}
Jul 24 05:05:24.531055 np0000005801 devstack@g-api.service[99727]: [pid: 99727|app: 0|req: 128/415] 127.0.0.1 () {46 vars in 1158 bytes} [Fri Jul 24 05:05:24 2026] PATCH /v2/images/488c10ac-7acb-488b-9087-97d5db36c005 => generated 1410 bytes in 232 msecs (HTTP/1.1 200) 4 headers in 158 bytes (1 switches on core 0)
Jul 24 05:05:24.569487 np0000005801 devstack@g-api.service[99729]: DEBUG glance.api.middleware.version_negotiation [None req-576ad6d4-4e92-49c6-a8d7-0a797c682b2b tempest-TestStampPattern-499747527 tempest-TestStampPattern-499747527-project-member] Determining version of request: GET /v2/images/488c10ac-7acb-488b-9087-97d5db36c005 Accept: */* {{(pid=99729) process_request /opt/stack/glance/glance/api/middleware/version_negotiation.py:44}}
Jul 24 05:05:24.569676 np0000005801 devstack@g-api.service[99729]: DEBUG glance.api.middleware.version_negotiation [None req-576ad6d4-4e92-49c6-a8d7-0a797c682b2b tempest-TestStampPattern-499747527 tempest-TestStampPattern-499747527-project-member] Using url versioning {{(pid=99729) process_request /opt/stack/glance/glance/api/middleware/version_negotiation.py:57}}
Jul 24 05:05:24.569903 np0000005801 devstack@g-api.service[99729]: DEBUG glance.api.middleware.version_negotiation [None req-576ad6d4-4e92-49c6-a8d7-0a797c682b2b tempest-TestStampPattern-499747527 tempest-TestStampPattern-499747527-project-member] Matched version: v2 {{(pid=99729) process_request /opt/stack/glance/glance/api/middleware/version_negotiation.py:69}}
Jul 24 05:05:24.570184 np0000005801 devstack@g-api.service[99729]: DEBUG glance.api.middleware.version_negotiation [None req-576ad6d4-4e92-49c6-a8d7-0a797c682b2b tempest-TestStampPattern-499747527 tempest-TestStampPattern-499747527-project-member] new path /v2/images/488c10ac-7acb-488b-9087-97d5db36c005 {{(pid=99729) process_request /opt/stack/glance/glance/api/middleware/version_negotiation.py:70}}
Jul 24 05:05:24.587443 np0000005801 devstack@g-api.service[99729]: [pid: 99729|app: 0|req: 150/416] 127.0.0.1 () {44 vars in 1115 bytes} [Fri Jul 24 05:05:24 2026] GET /v2/images/488c10ac-7acb-488b-9087-97d5db36c005 => generated 1410 bytes in 17 msecs (HTTP/1.1 200) 4 headers in 158 bytes (1 switches on core 0)
Jul 24 05:05:24.590805 np0000005801 devstack@g-api.service[99728]: DEBUG glance.api.middleware.version_negotiation [None req-576ad6d4-4e92-49c6-a8d7-0a797c682b2b tempest-TestStampPattern-499747527 tempest-TestStampPattern-499747527-project-member] Determining version of request: GET /v2/schemas/image Accept: */* {{(pid=99728) process_request /opt/stack/glance/glance/api/middleware/version_negotiation.py:44}}
Jul 24 05:05:24.590995 np0000005801 devstack@g-api.service[99728]: DEBUG glance.api.middleware.version_negotiation [None req-576ad6d4-4e92-49c6-a8d7-0a797c682b2b tempest-TestStampPattern-499747527 tempest-TestStampPattern-499747527-project-member] Using url versioning {{(pid=99728) process_request /opt/stack/glance/glance/api/middleware/version_negotiation.py:57}}
Jul 24 05:05:24.591569 np0000005801 devstack@g-api.service[99728]: DEBUG glance.api.middleware.version_negotiation [None req-576ad6d4-4e92-49c6-a8d7-0a797c682b2b tempest-TestStampPattern-499747527 tempest-TestStampPattern-499747527-project-member] Matched version: v2 {{(pid=99728) process_request /opt/stack/glance/glance/api/middleware/version_negotiation.py:69}}
Jul 24 05:05:24.591569 np0000005801 devstack@g-api.service[99728]: DEBUG glance.api.middleware.version_negotiation [None req-576ad6d4-4e92-49c6-a8d7-0a797c682b2b tempest-TestStampPattern-499747527 tempest-TestStampPattern-499747527-project-member] new path /v2/schemas/image {{(pid=99728) process_request /opt/stack/glance/glance/api/middleware/version_negotiation.py:70}}
Jul 24 05:05:24.596377 np0000005801 devstack@g-api.service[99728]: [pid: 99728|app: 0|req: 139/417] 127.0.0.1 () {44 vars in 1055 bytes} [Fri Jul 24 05:05:24 2026] GET /v2/schemas/image => generated 6083 bytes in 5 msecs (HTTP/1.1 200) 4 headers in 158 bytes (1 switches on core 0)
Jul 24 05:05:24.634435 np0000005801 devstack@g-api.service[99727]: DEBUG glance.api.middleware.version_negotiation [None req-576ad6d4-4e92-49c6-a8d7-0a797c682b2b tempest-TestStampPattern-499747527 tempest-TestStampPattern-499747527-project-member] Determining version of request: PUT /v2/images/488c10ac-7acb-488b-9087-97d5db36c005/file Accept: */* {{(pid=99727) process_request /opt/stack/glance/glance/api/middleware/version_negotiation.py:44}}
Jul 24 05:05:24.634861 np0000005801 devstack@g-api.service[99727]: DEBUG glance.api.middleware.version_negotiation [None req-576ad6d4-4e92-49c6-a8d7-0a797c682b2b tempest-TestStampPattern-499747527 tempest-TestStampPattern-499747527-project-member] Using url versioning {{(pid=99727) process_request /opt/stack/glance/glance/api/middleware/version_negotiation.py:57}}
Jul 24 05:05:24.635100 np0000005801 devstack@g-api.service[99727]: DEBUG glance.api.middleware.version_negotiation [None req-576ad6d4-4e92-49c6-a8d7-0a797c682b2b tempest-TestStampPattern-499747527 tempest-TestStampPattern-499747527-project-member] Matched version: v2 {{(pid=99727) process_request /opt/stack/glance/glance/api/middleware/version_negotiation.py:69}}
Jul 24 05:05:24.635324 np0000005801 devstack@g-api.service[99727]: DEBUG glance.api.middleware.version_negotiation [None req-576ad6d4-4e92-49c6-a8d7-0a797c682b2b tempest-TestStampPattern-499747527 tempest-TestStampPattern-499747527-project-member] new path /v2/images/488c10ac-7acb-488b-9087-97d5db36c005/file {{(pid=99727) process_request /opt/stack/glance/glance/api/middleware/version_negotiation.py:70}}
Jul 24 05:05:24.641893 np0000005801 devstack@g-api.service[99729]: DEBUG glance.api.middleware.version_negotiation [None req-576ad6d4-4e92-49c6-a8d7-0a797c682b2b tempest-TestStampPattern-499747527 tempest-TestStampPattern-499747527-project-member] Determining version of request: POST /v2/images Accept: */* {{(pid=99729) process_request /opt/stack/glance/glance/api/middleware/version_negotiation.py:44}}
Jul 24 05:05:24.642053 np0000005801 devstack@g-api.service[99729]: DEBUG glance.api.middleware.version_negotiation [None req-576ad6d4-4e92-49c6-a8d7-0a797c682b2b tempest-TestStampPattern-499747527 tempest-TestStampPattern-499747527-project-member] Using url versioning {{(pid=99729) process_request /opt/stack/glance/glance/api/middleware/version_negotiation.py:57}}
Jul 24 05:05:24.642498 np0000005801 devstack@g-api.service[99729]: DEBUG glance.api.middleware.version_negotiation [None req-576ad6d4-4e92-49c6-a8d7-0a797c682b2b tempest-TestStampPattern-499747527 tempest-TestStampPattern-499747527-project-member] Matched version: v2 {{(pid=99729) process_request /opt/stack/glance/glance/api/middleware/version_negotiation.py:69}}
Jul 24 05:05:24.642987 np0000005801 devstack@g-api.service[99729]: DEBUG glance.api.middleware.version_negotiation [None req-576ad6d4-4e92-49c6-a8d7-0a797c682b2b tempest-TestStampPattern-499747527 tempest-TestStampPattern-499747527-project-member] new path /v2/images {{(pid=99729) process_request /opt/stack/glance/glance/api/middleware/version_negotiation.py:70}}
Jul 24 05:05:24.787295 np0000005801 devstack@g-api.service[99728]: DEBUG glance.api.middleware.version_negotiation [None req-54547b34-0643-405a-914a-0995ae75f891 tempest-AttachVolumeShelveTestJSON-790850049 tempest-AttachVolumeShelveTestJSON-790850049-project-member] Determining version of request: GET /v2/images/488c10ac-7acb-488b-9087-97d5db36c005 Accept: application/json {{(pid=99728) process_request /opt/stack/glance/glance/api/middleware/version_negotiation.py:44}}
Jul 24 05:05:24.787295 np0000005801 devstack@g-api.service[99728]: DEBUG glance.api.middleware.version_negotiation [None req-54547b34-0643-405a-914a-0995ae75f891 tempest-AttachVolumeShelveTestJSON-790850049 tempest-AttachVolumeShelveTestJSON-790850049-project-member] Using url versioning {{(pid=99728) process_request /opt/stack/glance/glance/api/middleware/version_negotiation.py:57}}
Jul 24 05:05:24.787869 np0000005801 devstack@g-api.service[99728]: DEBUG glance.api.middleware.version_negotiation [None req-54547b34-0643-405a-914a-0995ae75f891 tempest-AttachVolumeShelveTestJSON-790850049 tempest-AttachVolumeShelveTestJSON-790850049-project-member] Matched version: v2 {{(pid=99728) process_request /opt/stack/glance/glance/api/middleware/version_negotiation.py:69}}
Jul 24 05:05:24.787869 np0000005801 devstack@g-api.service[99728]: DEBUG glance.api.middleware.version_negotiation [None req-54547b34-0643-405a-914a-0995ae75f891 tempest-AttachVolumeShelveTestJSON-790850049 tempest-AttachVolumeShelveTestJSON-790850049-project-member] new path /v2/images/488c10ac-7acb-488b-9087-97d5db36c005 {{(pid=99728) process_request /opt/stack/glance/glance/api/middleware/version_negotiation.py:70}}
Jul 24 05:05:24.804612 np0000005801 devstack@g-api.service[99728]: [pid: 99728|app: 0|req: 140/418] 127.0.0.1 () {40 vars in 838 bytes} [Fri Jul 24 05:05:24 2026] GET /v2/images/488c10ac-7acb-488b-9087-97d5db36c005 => generated 1410 bytes in 18 msecs (HTTP/1.1 200) 4 headers in 158 bytes (1 switches on core 0)
Jul 24 05:05:25.450670 np0000005801 devstack@g-api.service[99727]: INFO glance.api.v2.image_data [None req-576ad6d4-4e92-49c6-a8d7-0a797c682b2b tempest-TestStampPattern-499747527 tempest-TestStampPattern-499747527-project-member] Unable to create trust: no such option collect_timing in group [keystone_authtoken] Use the existing user token.
Jul 24 05:05:25.468529 np0000005801 devstack@g-api.service[99729]: [pid: 99729|app: 0|req: 151/419] 127.0.0.1 () {46 vars in 1055 bytes} [Fri Jul 24 05:05:24 2026] POST /v2/images => generated 1337 bytes in 826 msecs (HTTP/1.1 201) 6 headers in 316 bytes (1 switches on core 0)
Jul 24 05:05:25.816303 np0000005801 devstack@g-api.service[99728]: DEBUG glance.api.middleware.version_negotiation [None req-79dc944a-0e8f-4650-8a62-57b092d7184d tempest-TestStampPattern-499747527 tempest-TestStampPattern-499747527-project-member] Determining version of request: GET /v2/images/488c10ac-7acb-488b-9087-97d5db36c005 Accept: application/json {{(pid=99728) process_request /opt/stack/glance/glance/api/middleware/version_negotiation.py:44}}
Jul 24 05:05:25.816701 np0000005801 devstack@g-api.service[99728]: DEBUG glance.api.middleware.version_negotiation [None req-79dc944a-0e8f-4650-8a62-57b092d7184d tempest-TestStampPattern-499747527 tempest-TestStampPattern-499747527-project-member] Using url versioning {{(pid=99728) process_request /opt/stack/glance/glance/api/middleware/version_negotiation.py:57}}
Jul 24 05:05:25.816701 np0000005801 devstack@g-api.service[99728]: DEBUG glance.api.middleware.version_negotiation [None req-79dc944a-0e8f-4650-8a62-57b092d7184d tempest-TestStampPattern-499747527 tempest-TestStampPattern-499747527-project-member] Matched version: v2 {{(pid=99728) process_request /opt/stack/glance/glance/api/middleware/version_negotiation.py:69}}
Jul 24 05:05:25.816701 np0000005801 devstack@g-api.service[99728]: DEBUG glance.api.middleware.version_negotiation [None req-79dc944a-0e8f-4650-8a62-57b092d7184d tempest-TestStampPattern-499747527 tempest-TestStampPattern-499747527-project-member] new path /v2/images/488c10ac-7acb-488b-9087-97d5db36c005 {{(pid=99728) process_request /opt/stack/glance/glance/api/middleware/version_negotiation.py:70}}
Jul 24 05:05:25.831288 np0000005801 devstack@g-api.service[99728]: [pid: 99728|app: 0|req: 141/420] 127.0.0.1 () {40 vars in 838 bytes} [Fri Jul 24 05:05:25 2026] GET /v2/images/488c10ac-7acb-488b-9087-97d5db36c005 => generated 1410 bytes in 15 msecs (HTTP/1.1 200) 4 headers in 158 bytes (1 switches on core 0)
Jul 24 05:05:26.040194 np0000005801 devstack@g-api.service[99729]: DEBUG glance.api.middleware.version_negotiation [None req-54547b34-0643-405a-914a-0995ae75f891 tempest-AttachVolumeShelveTestJSON-790850049 tempest-AttachVolumeShelveTestJSON-790850049-project-member] Determining version of request: GET /v2/images/803c2f70-6051-47ad-b659-d15ca058a309 Accept: */* {{(pid=99729) process_request /opt/stack/glance/glance/api/middleware/version_negotiation.py:44}}
Jul 24 05:05:26.040465 np0000005801 devstack@g-api.service[99729]: DEBUG glance.api.middleware.version_negotiation [None req-54547b34-0643-405a-914a-0995ae75f891 tempest-AttachVolumeShelveTestJSON-790850049 tempest-AttachVolumeShelveTestJSON-790850049-project-member] Using url versioning {{(pid=99729) process_request /opt/stack/glance/glance/api/middleware/version_negotiation.py:57}}
Jul 24 05:05:26.040714 np0000005801 devstack@g-api.service[99729]: DEBUG glance.api.middleware.version_negotiation [None req-54547b34-0643-405a-914a-0995ae75f891 tempest-AttachVolumeShelveTestJSON-790850049 tempest-AttachVolumeShelveTestJSON-790850049-project-member] Matched version: v2 {{(pid=99729) process_request /opt/stack/glance/glance/api/middleware/version_negotiation.py:69}}
Jul 24 05:05:26.040860 np0000005801 devstack@g-api.service[99729]: DEBUG glance.api.middleware.version_negotiation [None req-54547b34-0643-405a-914a-0995ae75f891 tempest-AttachVolumeShelveTestJSON-790850049 tempest-AttachVolumeShelveTestJSON-790850049-project-member] new path /v2/images/803c2f70-6051-47ad-b659-d15ca058a309 {{(pid=99729) process_request /opt/stack/glance/glance/api/middleware/version_negotiation.py:70}}
Jul 24 05:05:26.071121 np0000005801 devstack@g-api.service[99729]: [pid: 99729|app: 0|req: 152/421] 127.0.0.1 () {44 vars in 1115 bytes} [Fri Jul 24 05:05:26 2026] GET /v2/images/803c2f70-6051-47ad-b659-d15ca058a309 => generated 1337 bytes in 31 msecs (HTTP/1.1 200) 4 headers in 158 bytes (1 switches on core 0)
Jul 24 05:05:26.124647 np0000005801 devstack@g-api.service[99728]: DEBUG glance.api.middleware.version_negotiation [None req-4e01b51b-c158-4f12-8dd7-af184ec2a2b4 tempest-TestStampPattern-499747527 tempest-TestStampPattern-499747527-project-member] Determining version of request: GET /v2/schemas/image Accept: */* {{(pid=99728) process_request /opt/stack/glance/glance/api/middleware/version_negotiation.py:44}}
Jul 24 05:05:26.124647 np0000005801 devstack@g-api.service[99728]: DEBUG glance.api.middleware.version_negotiation [None req-4e01b51b-c158-4f12-8dd7-af184ec2a2b4 tempest-TestStampPattern-499747527 tempest-TestStampPattern-499747527-project-member] Using url versioning {{(pid=99728) process_request /opt/stack/glance/glance/api/middleware/version_negotiation.py:57}}
Jul 24 05:05:26.124647 np0000005801 devstack@g-api.service[99728]: DEBUG glance.api.middleware.version_negotiation [None req-4e01b51b-c158-4f12-8dd7-af184ec2a2b4 tempest-TestStampPattern-499747527 tempest-TestStampPattern-499747527-project-member] Matched version: v2 {{(pid=99728) process_request /opt/stack/glance/glance/api/middleware/version_negotiation.py:69}}
Jul 24 05:05:26.124647 np0000005801 devstack@g-api.service[99728]: DEBUG glance.api.middleware.version_negotiation [None req-4e01b51b-c158-4f12-8dd7-af184ec2a2b4 tempest-TestStampPattern-499747527 tempest-TestStampPattern-499747527-project-member] new path /v2/schemas/image {{(pid=99728) process_request /opt/stack/glance/glance/api/middleware/version_negotiation.py:70}}
Jul 24 05:05:26.127396 np0000005801 devstack@g-api.service[99728]: [pid: 99728|app: 0|req: 142/422] 127.0.0.1 () {44 vars in 1055 bytes} [Fri Jul 24 05:05:26 2026] GET /v2/schemas/image => generated 6083 bytes in 5 msecs (HTTP/1.1 200) 4 headers in 158 bytes (1 switches on core 0)
Jul 24 05:05:26.153967 np0000005801 devstack@g-api.service[99727]: DEBUG glance.location [None req-576ad6d4-4e92-49c6-a8d7-0a797c682b2b tempest-TestStampPattern-499747527 tempest-TestStampPattern-499747527-project-member] Enabling in-flight format inspection for qcow2 {{(pid=99727) set_data /opt/stack/glance/glance/location.py:596}}
Jul 24 05:05:26.153967 np0000005801 devstack@g-api.service[99727]: DEBUG glance_store.backend [None req-576ad6d4-4e92-49c6-a8d7-0a797c682b2b tempest-TestStampPattern-499747527 tempest-TestStampPattern-499747527-project-member] Attempting to import store swift {{(pid=99727) _load_store /opt/stack/data/venv/lib/python3.12/site-packages/glance_store/backend.py:215}}
Jul 24 05:05:26.155177 np0000005801 devstack@g-api.service[99727]: DEBUG glance_store.capabilities [None req-576ad6d4-4e92-49c6-a8d7-0a797c682b2b tempest-TestStampPattern-499747527 tempest-TestStampPattern-499747527-project-member] Store glance_store._drivers.swift.store.SingleTenantStore doesn't support updating dynamic storage capabilities. Please overwrite 'update_capabilities' method of the store to implement updating logics if needed. {{(pid=99727) update_capabilities /opt/stack/data/venv/lib/python3.12/site-packages/glance_store/capabilities.py:91}}
Jul 24 05:05:26.155177 np0000005801 devstack@g-api.service[99727]: DEBUG glance_store.driver [None req-576ad6d4-4e92-49c6-a8d7-0a797c682b2b tempest-TestStampPattern-499747527 tempest-TestStampPattern-499747527-project-member] Late loading location class glance_store._drivers.swift.store.StoreLocation {{(pid=99727) get_store_location_class /opt/stack/data/venv/lib/python3.12/site-packages/glance_store/driver.py:134}}
Jul 24 05:05:26.155177 np0000005801 devstack@g-api.service[99727]: DEBUG glance_store.location [None req-576ad6d4-4e92-49c6-a8d7-0a797c682b2b tempest-TestStampPattern-499747527 tempest-TestStampPattern-499747527-project-member] Registering scheme swift+https with {'store': , 'location_class': , 'store_entry': 'swift'} {{(pid=99727) register_scheme_map /opt/stack/data/venv/lib/python3.12/site-packages/glance_store/location.py:146}}
Jul 24 05:05:26.155410 np0000005801 devstack@g-api.service[99727]: DEBUG glance_store.location [None req-576ad6d4-4e92-49c6-a8d7-0a797c682b2b tempest-TestStampPattern-499747527 tempest-TestStampPattern-499747527-project-member] Registering scheme swift+https with {'store': , 'location_class': , 'store_entry': 'swift'} {{(pid=99727) register_scheme_map /opt/stack/data/venv/lib/python3.12/site-packages/glance_store/location.py:146}}
Jul 24 05:05:26.155410 np0000005801 devstack@g-api.service[99727]: DEBUG glance_store.location [None req-576ad6d4-4e92-49c6-a8d7-0a797c682b2b tempest-TestStampPattern-499747527 tempest-TestStampPattern-499747527-project-member] Registering scheme swift with {'store': , 'location_class': , 'store_entry': 'swift'} {{(pid=99727) register_scheme_map /opt/stack/data/venv/lib/python3.12/site-packages/glance_store/location.py:146}}
Jul 24 05:05:26.155554 np0000005801 devstack@g-api.service[99727]: DEBUG glance_store.location [None req-576ad6d4-4e92-49c6-a8d7-0a797c682b2b tempest-TestStampPattern-499747527 tempest-TestStampPattern-499747527-project-member] Registering scheme swift+https with {'store': , 'location_class': , 'store_entry': 'swift'} {{(pid=99727) register_scheme_map /opt/stack/data/venv/lib/python3.12/site-packages/glance_store/location.py:146}}
Jul 24 05:05:26.155607 np0000005801 devstack@g-api.service[99727]: DEBUG glance_store.location [None req-576ad6d4-4e92-49c6-a8d7-0a797c682b2b tempest-TestStampPattern-499747527 tempest-TestStampPattern-499747527-project-member] Registering scheme swift with {'store': , 'location_class': , 'store_entry': 'swift'} {{(pid=99727) register_scheme_map /opt/stack/data/venv/lib/python3.12/site-packages/glance_store/location.py:146}}
Jul 24 05:05:26.155724 np0000005801 devstack@g-api.service[99727]: DEBUG glance_store.location [None req-576ad6d4-4e92-49c6-a8d7-0a797c682b2b tempest-TestStampPattern-499747527 tempest-TestStampPattern-499747527-project-member] Registering scheme swift+http with {'store': , 'location_class': , 'store_entry': 'swift'} {{(pid=99727) register_scheme_map /opt/stack/data/venv/lib/python3.12/site-packages/glance_store/location.py:146}}
Jul 24 05:05:26.155831 np0000005801 devstack@g-api.service[99727]: DEBUG glance_store.location [None req-576ad6d4-4e92-49c6-a8d7-0a797c682b2b tempest-TestStampPattern-499747527 tempest-TestStampPattern-499747527-project-member] Registering scheme swift+https with {'store': , 'location_class': , 'store_entry': 'swift'} {{(pid=99727) register_scheme_map /opt/stack/data/venv/lib/python3.12/site-packages/glance_store/location.py:146}}
Jul 24 05:05:26.155941 np0000005801 devstack@g-api.service[99727]: DEBUG glance_store.location [None req-576ad6d4-4e92-49c6-a8d7-0a797c682b2b tempest-TestStampPattern-499747527 tempest-TestStampPattern-499747527-project-member] Registering scheme swift with {'store': , 'location_class': , 'store_entry': 'swift'} {{(pid=99727) register_scheme_map /opt/stack/data/venv/lib/python3.12/site-packages/glance_store/location.py:146}}
Jul 24 05:05:26.156055 np0000005801 devstack@g-api.service[99727]: DEBUG glance_store.location [None req-576ad6d4-4e92-49c6-a8d7-0a797c682b2b tempest-TestStampPattern-499747527 tempest-TestStampPattern-499747527-project-member] Registering scheme swift+http with {'store': , 'location_class': , 'store_entry': 'swift'} {{(pid=99727) register_scheme_map /opt/stack/data/venv/lib/python3.12/site-packages/glance_store/location.py:146}}
Jul 24 05:05:26.156466 np0000005801 devstack@g-api.service[99727]: DEBUG glance_store.location [None req-576ad6d4-4e92-49c6-a8d7-0a797c682b2b tempest-TestStampPattern-499747527 tempest-TestStampPattern-499747527-project-member] Registering scheme swift+config with {'store': , 'location_class': , 'store_entry': 'swift'} {{(pid=99727) register_scheme_map /opt/stack/data/venv/lib/python3.12/site-packages/glance_store/location.py:146}}
Jul 24 05:05:26.463385 np0000005801 devstack@g-api.service[99727]: DEBUG swiftclient [None req-576ad6d4-4e92-49c6-a8d7-0a797c682b2b tempest-TestStampPattern-499747527 tempest-TestStampPattern-499747527-project-member] REQ: curl -i https://10.4.3.201:8080/v1/AUTH_8a5316cec1be41c5baf1d79e6da722a1/glance -I -H "X-Auth-Token: gAAAAABqYvKW2PMy..." {{(pid=99727) http_log /opt/stack/data/venv/lib/python3.12/site-packages/swiftclient/client.py:160}}
Jul 24 05:05:26.463385 np0000005801 devstack@g-api.service[99727]: DEBUG swiftclient [None req-576ad6d4-4e92-49c6-a8d7-0a797c682b2b tempest-TestStampPattern-499747527 tempest-TestStampPattern-499747527-project-member] RESP STATUS: 204 No Content {{(pid=99727) http_log /opt/stack/data/venv/lib/python3.12/site-packages/swiftclient/client.py:161}}
Jul 24 05:05:26.463385 np0000005801 devstack@g-api.service[99727]: DEBUG swiftclient [None req-576ad6d4-4e92-49c6-a8d7-0a797c682b2b tempest-TestStampPattern-499747527 tempest-TestStampPattern-499747527-project-member] RESP HEADERS: {'Date': 'Fri, 24 Jul 2026 05:05:26 GMT', 'Server': 'Apache/2.4.58 (Ubuntu)', 'Content-Type': 'text/plain; charset=utf-8', 'X-Container-Object-Count': '3', 'X-Container-Bytes-Used': '64356352', 'X-Timestamp': '1784868987.52118', 'Last-Modified': 'Fri, 24 Jul 2026 04:56:28 GMT', 'Accept-Ranges': 'bytes', 'X-Storage-Policy': 'Policy-0', 'X-Container-Sharding': 'False', 'Vary': 'Accept', 'X-Trans-Id': 'tx5bc24a782e214452ae1c4-006a62f296', 'X-Openstack-Request-Id': 'tx5bc24a782e214452ae1c4-006a62f296', 'Connection': 'close'} {{(pid=99727) http_log /opt/stack/data/venv/lib/python3.12/site-packages/swiftclient/client.py:162}}
Jul 24 05:05:26.463385 np0000005801 devstack@g-api.service[99727]: DEBUG glance_store._drivers.swift.store [None req-576ad6d4-4e92-49c6-a8d7-0a797c682b2b tempest-TestStampPattern-499747527 tempest-TestStampPattern-499747527-project-member] Adding image object '488c10ac-7acb-488b-9087-97d5db36c005' to Swift {{(pid=99727) add /opt/stack/data/venv/lib/python3.12/site-packages/glance_store/_drivers/swift/store.py:970}}
Jul 24 05:05:26.464294 np0000005801 devstack@g-api.service[99727]: DEBUG glance_store._drivers.swift.store [None req-576ad6d4-4e92-49c6-a8d7-0a797c682b2b tempest-TestStampPattern-499747527 tempest-TestStampPattern-499747527-project-member] Cannot determine image size because it is either not provided in the request or chunked-transfer encoding is used. Adding image as a segmented object to Swift. {{(pid=99727) add /opt/stack/data/venv/lib/python3.12/site-packages/glance_store/_drivers/swift/store.py:994}}
Jul 24 05:05:26.474550 np0000005801 devstack@g-api.service[99727]: DEBUG oslo_utils.imageutils.format_inspector [None req-576ad6d4-4e92-49c6-a8d7-0a797c682b2b tempest-TestStampPattern-499747527 tempest-TestStampPattern-499747527-project-member] Format inspector for vmdk does not match, excluding from consideration (Signature KDMV not found: b'QFI\xfb') {{(pid=99727) _process_chunk /opt/stack/data/venv/lib/python3.12/site-packages/oslo_utils/imageutils/format_inspector.py:1758}}
Jul 24 05:05:26.479056 np0000005801 devstack@g-api.service[99727]: DEBUG oslo_utils.imageutils.format_inspector [None req-576ad6d4-4e92-49c6-a8d7-0a797c682b2b tempest-TestStampPattern-499747527 tempest-TestStampPattern-499747527-project-member] Format inspector for vhdx does not match, excluding from consideration (Region signature not found at 30000) {{(pid=99727) _process_chunk /opt/stack/data/venv/lib/python3.12/site-packages/oslo_utils/imageutils/format_inspector.py:1758}}
Jul 24 05:05:26.845838 np0000005801 devstack@g-api.service[99729]: DEBUG glance.api.middleware.version_negotiation [None req-54547b34-0643-405a-914a-0995ae75f891 tempest-AttachVolumeShelveTestJSON-790850049 tempest-AttachVolumeShelveTestJSON-790850049-project-member] Determining version of request: GET /v2/images/488c10ac-7acb-488b-9087-97d5db36c005 Accept: application/json {{(pid=99729) process_request /opt/stack/glance/glance/api/middleware/version_negotiation.py:44}}
Jul 24 05:05:26.846402 np0000005801 devstack@g-api.service[99729]: DEBUG glance.api.middleware.version_negotiation [None req-54547b34-0643-405a-914a-0995ae75f891 tempest-AttachVolumeShelveTestJSON-790850049 tempest-AttachVolumeShelveTestJSON-790850049-project-member] Using url versioning {{(pid=99729) process_request /opt/stack/glance/glance/api/middleware/version_negotiation.py:57}}
Jul 24 05:05:26.846402 np0000005801 devstack@g-api.service[99729]: DEBUG glance.api.middleware.version_negotiation [None req-54547b34-0643-405a-914a-0995ae75f891 tempest-AttachVolumeShelveTestJSON-790850049 tempest-AttachVolumeShelveTestJSON-790850049-project-member] Matched version: v2 {{(pid=99729) process_request /opt/stack/glance/glance/api/middleware/version_negotiation.py:69}}
Jul 24 05:05:26.846402 np0000005801 devstack@g-api.service[99729]: DEBUG glance.api.middleware.version_negotiation [None req-54547b34-0643-405a-914a-0995ae75f891 tempest-AttachVolumeShelveTestJSON-790850049 tempest-AttachVolumeShelveTestJSON-790850049-project-member] new path /v2/images/488c10ac-7acb-488b-9087-97d5db36c005 {{(pid=99729) process_request /opt/stack/glance/glance/api/middleware/version_negotiation.py:70}}
Jul 24 05:05:26.862635 np0000005801 devstack@g-api.service[99729]: [pid: 99729|app: 0|req: 153/423] 127.0.0.1 () {40 vars in 838 bytes} [Fri Jul 24 05:05:26 2026] GET /v2/images/488c10ac-7acb-488b-9087-97d5db36c005 => generated 1410 bytes in 18 msecs (HTTP/1.1 200) 4 headers in 158 bytes (1 switches on core 0)
Jul 24 05:05:26.916667 np0000005801 devstack@g-api.service[99728]: DEBUG glance.api.middleware.version_negotiation [None req-54547b34-0643-405a-914a-0995ae75f891 tempest-AttachVolumeShelveTestJSON-790850049 tempest-AttachVolumeShelveTestJSON-790850049-project-member] Determining version of request: GET /v2/images/803c2f70-6051-47ad-b659-d15ca058a309 Accept: */* {{(pid=99728) process_request /opt/stack/glance/glance/api/middleware/version_negotiation.py:44}}
Jul 24 05:05:26.917106 np0000005801 devstack@g-api.service[99728]: DEBUG glance.api.middleware.version_negotiation [None req-54547b34-0643-405a-914a-0995ae75f891 tempest-AttachVolumeShelveTestJSON-790850049 tempest-AttachVolumeShelveTestJSON-790850049-project-member] Using url versioning {{(pid=99728) process_request /opt/stack/glance/glance/api/middleware/version_negotiation.py:57}}
Jul 24 05:05:26.917106 np0000005801 devstack@g-api.service[99728]: DEBUG glance.api.middleware.version_negotiation [None req-54547b34-0643-405a-914a-0995ae75f891 tempest-AttachVolumeShelveTestJSON-790850049 tempest-AttachVolumeShelveTestJSON-790850049-project-member] Matched version: v2 {{(pid=99728) process_request /opt/stack/glance/glance/api/middleware/version_negotiation.py:69}}
Jul 24 05:05:26.917288 np0000005801 devstack@g-api.service[99728]: DEBUG glance.api.middleware.version_negotiation [None req-54547b34-0643-405a-914a-0995ae75f891 tempest-AttachVolumeShelveTestJSON-790850049 tempest-AttachVolumeShelveTestJSON-790850049-project-member] new path /v2/images/803c2f70-6051-47ad-b659-d15ca058a309 {{(pid=99728) process_request /opt/stack/glance/glance/api/middleware/version_negotiation.py:70}}
Jul 24 05:05:26.935695 np0000005801 devstack@g-api.service[99728]: [pid: 99728|app: 0|req: 143/424] 127.0.0.1 () {44 vars in 1115 bytes} [Fri Jul 24 05:05:26 2026] GET /v2/images/803c2f70-6051-47ad-b659-d15ca058a309 => generated 1337 bytes in 19 msecs (HTTP/1.1 200) 4 headers in 158 bytes (1 switches on core 0)
Jul 24 05:05:26.971703 np0000005801 devstack@g-api.service[99729]: DEBUG glance.api.middleware.version_negotiation [None req-cb36f866-285b-4eea-bfbb-7d30a0ee9442 tempest-TestStampPattern-499747527 tempest-TestStampPattern-499747527-project-member] Determining version of request: GET /v2/schemas/image Accept: */* {{(pid=99729) process_request /opt/stack/glance/glance/api/middleware/version_negotiation.py:44}}
Jul 24 05:05:26.971950 np0000005801 devstack@g-api.service[99729]: DEBUG glance.api.middleware.version_negotiation [None req-cb36f866-285b-4eea-bfbb-7d30a0ee9442 tempest-TestStampPattern-499747527 tempest-TestStampPattern-499747527-project-member] Using url versioning {{(pid=99729) process_request /opt/stack/glance/glance/api/middleware/version_negotiation.py:57}}
Jul 24 05:05:26.972289 np0000005801 devstack@g-api.service[99729]: DEBUG glance.api.middleware.version_negotiation [None req-cb36f866-285b-4eea-bfbb-7d30a0ee9442 tempest-TestStampPattern-499747527 tempest-TestStampPattern-499747527-project-member] Matched version: v2 {{(pid=99729) process_request /opt/stack/glance/glance/api/middleware/version_negotiation.py:69}}
Jul 24 05:05:26.974958 np0000005801 devstack@g-api.service[99729]: DEBUG glance.api.middleware.version_negotiation [None req-cb36f866-285b-4eea-bfbb-7d30a0ee9442 tempest-TestStampPattern-499747527 tempest-TestStampPattern-499747527-project-member] new path /v2/schemas/image {{(pid=99729) process_request /opt/stack/glance/glance/api/middleware/version_negotiation.py:70}}
Jul 24 05:05:26.977207 np0000005801 devstack@g-api.service[99729]: [pid: 99729|app: 0|req: 154/425] 127.0.0.1 () {44 vars in 1055 bytes} [Fri Jul 24 05:05:26 2026] GET /v2/schemas/image => generated 6083 bytes in 6 msecs (HTTP/1.1 200) 4 headers in 158 bytes (1 switches on core 0)
Jul 24 05:05:27.031611 np0000005801 devstack@g-api.service[99728]: DEBUG glance.api.middleware.version_negotiation [None req-54547b34-0643-405a-914a-0995ae75f891 tempest-AttachVolumeShelveTestJSON-790850049 tempest-AttachVolumeShelveTestJSON-790850049-project-member] Determining version of request: GET /v2/schemas/image Accept: */* {{(pid=99728) process_request /opt/stack/glance/glance/api/middleware/version_negotiation.py:44}}
Jul 24 05:05:27.031799 np0000005801 devstack@g-api.service[99728]: DEBUG glance.api.middleware.version_negotiation [None req-54547b34-0643-405a-914a-0995ae75f891 tempest-AttachVolumeShelveTestJSON-790850049 tempest-AttachVolumeShelveTestJSON-790850049-project-member] Using url versioning {{(pid=99728) process_request /opt/stack/glance/glance/api/middleware/version_negotiation.py:57}}
Jul 24 05:05:27.031989 np0000005801 devstack@g-api.service[99728]: DEBUG glance.api.middleware.version_negotiation [None req-54547b34-0643-405a-914a-0995ae75f891 tempest-AttachVolumeShelveTestJSON-790850049 tempest-AttachVolumeShelveTestJSON-790850049-project-member] Matched version: v2 {{(pid=99728) process_request /opt/stack/glance/glance/api/middleware/version_negotiation.py:69}}
Jul 24 05:05:27.032103 np0000005801 devstack@g-api.service[99728]: DEBUG glance.api.middleware.version_negotiation [None req-54547b34-0643-405a-914a-0995ae75f891 tempest-AttachVolumeShelveTestJSON-790850049 tempest-AttachVolumeShelveTestJSON-790850049-project-member] new path /v2/schemas/image {{(pid=99728) process_request /opt/stack/glance/glance/api/middleware/version_negotiation.py:70}}
Jul 24 05:05:27.035779 np0000005801 devstack@g-api.service[99728]: [pid: 99728|app: 0|req: 144/426] 127.0.0.1 () {44 vars in 1055 bytes} [Fri Jul 24 05:05:27 2026] GET /v2/schemas/image => generated 6083 bytes in 4 msecs (HTTP/1.1 200) 4 headers in 158 bytes (1 switches on core 0)
Jul 24 05:05:27.057897 np0000005801 devstack@g-api.service[99727]: DEBUG swiftclient [None req-576ad6d4-4e92-49c6-a8d7-0a797c682b2b tempest-TestStampPattern-499747527 tempest-TestStampPattern-499747527-project-member] REQ: curl -i https://10.4.3.201:8080/v1/AUTH_8a5316cec1be41c5baf1d79e6da722a1/glance/488c10ac-7acb-488b-9087-97d5db36c005-00001 -X PUT -H "X-Auth-Token: gAAAAABqYvKW2PMy..." {{(pid=99727) http_log /opt/stack/data/venv/lib/python3.12/site-packages/swiftclient/client.py:160}}
Jul 24 05:05:27.058034 np0000005801 devstack@g-api.service[99727]: DEBUG swiftclient [None req-576ad6d4-4e92-49c6-a8d7-0a797c682b2b tempest-TestStampPattern-499747527 tempest-TestStampPattern-499747527-project-member] RESP STATUS: 201 Created {{(pid=99727) http_log /opt/stack/data/venv/lib/python3.12/site-packages/swiftclient/client.py:161}}
Jul 24 05:05:27.058280 np0000005801 devstack@g-api.service[99727]: DEBUG swiftclient [None req-576ad6d4-4e92-49c6-a8d7-0a797c682b2b tempest-TestStampPattern-499747527 tempest-TestStampPattern-499747527-project-member] RESP HEADERS: {'Date': 'Fri, 24 Jul 2026 05:05:27 GMT', 'Server': 'Apache/2.4.58 (Ubuntu)', 'Content-Type': 'text/html; charset=UTF-8', 'Content-Length': '0', 'Etag': 'caf54c206c473601276e8ab9bdc30088', 'Last-Modified': 'Fri, 24 Jul 2026 05:05:27 GMT', 'X-Trans-Id': 'tx8b32e90850334521b8e8a-006a62f296', 'X-Openstack-Request-Id': 'tx8b32e90850334521b8e8a-006a62f296', 'Connection': 'close'} {{(pid=99727) http_log /opt/stack/data/venv/lib/python3.12/site-packages/swiftclient/client.py:162}}
Jul 24 05:05:27.058470 np0000005801 devstack@g-api.service[99727]: DEBUG glance_store._drivers.swift.store [None req-576ad6d4-4e92-49c6-a8d7-0a797c682b2b tempest-TestStampPattern-499747527 tempest-TestStampPattern-499747527-project-member] Wrote chunk 488c10ac-7acb-488b-9087-97d5db36c005-00001 (1/?) of length 53739520 to Swift returning MD5 of content: caf54c206c473601276e8ab9bdc30088 {{(pid=99727) add /opt/stack/data/venv/lib/python3.12/site-packages/glance_store/_drivers/swift/store.py:1059}}
Jul 24 05:05:27.058791 np0000005801 devstack@g-api.service[99727]: DEBUG glance_store._drivers.swift.store [None req-576ad6d4-4e92-49c6-a8d7-0a797c682b2b tempest-TestStampPattern-499747527 tempest-TestStampPattern-499747527-project-member] Not writing zero-length chunk. {{(pid=99727) add /opt/stack/data/venv/lib/python3.12/site-packages/glance_store/_drivers/swift/store.py:1028}}
Jul 24 05:05:27.082605 np0000005801 devstack@g-api.service[99729]: DEBUG glance.api.middleware.version_negotiation [None req-54547b34-0643-405a-914a-0995ae75f891 tempest-AttachVolumeShelveTestJSON-790850049 tempest-AttachVolumeShelveTestJSON-790850049-project-member] Determining version of request: PATCH /v2/images/803c2f70-6051-47ad-b659-d15ca058a309 Accept: */* {{(pid=99729) process_request /opt/stack/glance/glance/api/middleware/version_negotiation.py:44}}
Jul 24 05:05:27.082838 np0000005801 devstack@g-api.service[99729]: DEBUG glance.api.middleware.version_negotiation [None req-54547b34-0643-405a-914a-0995ae75f891 tempest-AttachVolumeShelveTestJSON-790850049 tempest-AttachVolumeShelveTestJSON-790850049-project-member] Using url versioning {{(pid=99729) process_request /opt/stack/glance/glance/api/middleware/version_negotiation.py:57}}
Jul 24 05:05:27.083059 np0000005801 devstack@g-api.service[99729]: DEBUG glance.api.middleware.version_negotiation [None req-54547b34-0643-405a-914a-0995ae75f891 tempest-AttachVolumeShelveTestJSON-790850049 tempest-AttachVolumeShelveTestJSON-790850049-project-member] Matched version: v2 {{(pid=99729) process_request /opt/stack/glance/glance/api/middleware/version_negotiation.py:69}}
Jul 24 05:05:27.083208 np0000005801 devstack@g-api.service[99729]: DEBUG glance.api.middleware.version_negotiation [None req-54547b34-0643-405a-914a-0995ae75f891 tempest-AttachVolumeShelveTestJSON-790850049 tempest-AttachVolumeShelveTestJSON-790850049-project-member] new path /v2/images/803c2f70-6051-47ad-b659-d15ca058a309 {{(pid=99729) process_request /opt/stack/glance/glance/api/middleware/version_negotiation.py:70}}
Jul 24 05:05:27.090805 np0000005801 devstack@g-api.service[99727]: DEBUG swiftclient [None req-576ad6d4-4e92-49c6-a8d7-0a797c682b2b tempest-TestStampPattern-499747527 tempest-TestStampPattern-499747527-project-member] REQ: curl -i https://10.4.3.201:8080/v1/AUTH_8a5316cec1be41c5baf1d79e6da722a1/glance/488c10ac-7acb-488b-9087-97d5db36c005 -X PUT -H "X-Object-Manifest: glance/488c10ac-7acb-488b-9087-97d5db36c005-" -H "X-Auth-Token: gAAAAABqYvKW2PMy..." -H "Content-Length: 0" {{(pid=99727) http_log /opt/stack/data/venv/lib/python3.12/site-packages/swiftclient/client.py:160}}
Jul 24 05:05:27.090994 np0000005801 devstack@g-api.service[99727]: DEBUG swiftclient [None req-576ad6d4-4e92-49c6-a8d7-0a797c682b2b tempest-TestStampPattern-499747527 tempest-TestStampPattern-499747527-project-member] RESP STATUS: 201 Created {{(pid=99727) http_log /opt/stack/data/venv/lib/python3.12/site-packages/swiftclient/client.py:161}}
Jul 24 05:05:27.092068 np0000005801 devstack@g-api.service[99727]: DEBUG swiftclient [None req-576ad6d4-4e92-49c6-a8d7-0a797c682b2b tempest-TestStampPattern-499747527 tempest-TestStampPattern-499747527-project-member] RESP HEADERS: {'Date': 'Fri, 24 Jul 2026 05:05:27 GMT', 'Server': 'Apache/2.4.58 (Ubuntu)', 'Content-Type': 'text/html; charset=UTF-8', 'Content-Length': '0', 'Etag': 'd41d8cd98f00b204e9800998ecf8427e', 'Last-Modified': 'Fri, 24 Jul 2026 05:05:28 GMT', 'X-Trans-Id': 'txf7c6c2e2acd84ccb88ed3-006a62f297', 'X-Openstack-Request-Id': 'txf7c6c2e2acd84ccb88ed3-006a62f297', 'Connection': 'close'} {{(pid=99727) http_log /opt/stack/data/venv/lib/python3.12/site-packages/swiftclient/client.py:162}}
