Jul 24 05:03:53.010173 np0000005801 devstack@g-api.service[99728]: DEBUG keystoneclient.auth.identity.v3.base [None req-c2ce7749-2c2e-41a5-910a-1d5b63d191d0 tempest-AttachVolumeShelveTestJSON-790850049 tempest-AttachVolumeShelveTestJSON-790850049-project-member] {"token": {"methods": ["password"], "user": {"domain": {"id": "default", "name": "Default"}, "id": "e351c4a5cb5846d0825980be5fcc181e", "name": "glance-swift", "password_expires_at": null}, "audit_ids": ["gwdtSzBPTDOQex19Ks4n-A"], "expires_at": "2026-07-24T06:03:52.000000Z", "issued_at": "2026-07-24T05:03:52.000000Z", "project": {"domain": {"id": "default", "name": "Default"}, "id": "8a5316cec1be41c5baf1d79e6da722a1", "name": "service"}, "is_domain": false, "roles": [{"id": "9498b10d5ec442d8933c11ea1354fa57", "name": "ResellerAdmin"}, {"id": "834eb85ede774f78a1dab1dadb04f8d3", "name": "service"}], "catalog": [{"endpoints": [{"id": "33def99f97f044e6bb3b6f112f597cbd", "interface": "public", "region_id": "RegionOne", "url": "https://10.4.3.201:8080/v1/AUTH_8a5316cec1be41c5baf1d79e6da722a1", "region": "RegionOne"}, {"id": "9ae8ae37fd0543e09cdebd47997271af", "interface": "admin", "region_id": "RegionOne", "url": "https://10.4.3.201:8080", "region": "RegionOne"}], "id": "2c56bcc2ca734f6dade939149ff21915", "type": "object-store", "name": "swift"}, {"endpoints": [{"id": "03020dc6e8bf4c20866b220f979aeeb6", "interface": "public", "region_id": "RegionOne", "url": "https://10.4.3.201/image", "region": "RegionOne"}], "id": "388df79b9df6438fb44c2f1a0416229c", "type": "image", "name": "glance"}, {"endpoints": [{"id": "b1356faf28fe433d8adffee1ba2ffbe3", "interface": "public", "region_id": "RegionOne", "url": "https://10.4.3.201/identity", "region": "RegionOne"}], "id": "6495e87213e54886b0f96a97e3ee2ac3", "type": "identity", "name": "keystone"}, {"endpoints": [{"id": "4d49fd98c267424eab5179902808835b", "interface": "public", "region_id": "RegionOne", "url": "https://10.4.3.201/volume/v3", "region": "RegionOne"}], "id": "9e8b5e2497454d1b87d0f3ee8a34b2b7", "type": "block-storage", "name": "cinder"}, {"endpoints": [{"id": "370bcb3183494d819646a163f98e0a4a", "interface": "public", "region_id": "RegionOne", "url": "https://10.4.3.201/networking", "region": "RegionOne"}], "id": "a104dbb3c62742bb9d311665a3da7fef", "type": "network", "name": "neutron"}, {"endpoints": [{"id": "74468db418bc44bbb4673e5041724385", "interface": "public", "region_id": "RegionOne", "url": "https://10.4.3.201/compute/v2.1", "region": "RegionOne"}], "id": "b81b063bf303476d9898f396c6c3095d", "type": "compute", "name": "nova"}, {"endpoints": [{"id": "3a3c2e23a3cd48fb8ba5d19c6d9a64a0", "interface": "public", "region_id": "RegionOne", "url": "https://10.4.3.201/compute/v2/8a5316cec1be41c5baf1d79e6da722a1", "region": "RegionOne"}], "id": "ea86ad67118b4164a785b3439009bd30", "type": "compute_legacy", "name": "nova_legacy"}, {"endpoints": [{"id": "75cf692ab2824b5a920ab0d5268064a2", "interface": "public", "region_id": "RegionOne", "url": "https://10.4.3.201/placement", "region": "RegionOne"}], "id": "fb567c01e4ea4f988c54abaf9c613da5", "type": "placement", "name": "placement"}]}} {{(pid=99728) get_auth_ref /opt/stack/data/venv/lib/python3.12/site-packages/keystoneclient/auth/identity/v3/base.py:190}}
Jul 24 05:03:53.010886 np0000005801 devstack@g-api.service[99728]: DEBUG keystoneclient.httpclient [None req-c2ce7749-2c2e-41a5-910a-1d5b63d191d0 tempest-AttachVolumeShelveTestJSON-790850049 tempest-AttachVolumeShelveTestJSON-790850049-project-member] Failed to find endpoint for management url admin endpoint for identity service not found {{(pid=99728) _process_management_url /opt/stack/data/venv/lib/python3.12/site-packages/keystoneclient/httpclient.py:670}}
Jul 24 05:03:53.149333 np0000005801 devstack@g-api.service[99728]: DEBUG swiftclient [None req-c2ce7749-2c2e-41a5-910a-1d5b63d191d0 tempest-AttachVolumeShelveTestJSON-790850049 tempest-AttachVolumeShelveTestJSON-790850049-project-member] REQ: curl -i https://10.4.3.201:8080/v1/AUTH_8a5316cec1be41c5baf1d79e6da722a1/glance/c3f41330-25a7-452c-b630-31e18528eede -I -H "X-Auth-Token: gAAAAABqYvI4mQMf..." {{(pid=99728) http_log /opt/stack/data/venv/lib/python3.12/site-packages/swiftclient/client.py:160}}
Jul 24 05:03:53.149524 np0000005801 devstack@g-api.service[99728]: DEBUG swiftclient [None req-c2ce7749-2c2e-41a5-910a-1d5b63d191d0 tempest-AttachVolumeShelveTestJSON-790850049 tempest-AttachVolumeShelveTestJSON-790850049-project-member] RESP STATUS: 200 OK {{(pid=99728) http_log /opt/stack/data/venv/lib/python3.12/site-packages/swiftclient/client.py:161}}
Jul 24 05:03:53.149699 np0000005801 devstack@g-api.service[99728]: DEBUG swiftclient [None req-c2ce7749-2c2e-41a5-910a-1d5b63d191d0 tempest-AttachVolumeShelveTestJSON-790850049 tempest-AttachVolumeShelveTestJSON-790850049-project-member] RESP HEADERS: {'Date': 'Fri, 24 Jul 2026 05:03:53 GMT', 'Server': 'Apache/2.4.58 (Ubuntu)', 'Content-Type': 'application/octet-stream', 'Content-Length': '53936128', 'X-Object-Manifest': 'glance/c3f41330-25a7-452c-b630-31e18528eede-', 'Last-Modified': 'Fri, 24 Jul 2026 05:03:41 GMT', 'X-Timestamp': '1784869420.64697', 'Accept-Ranges': 'bytes', 'Etag': '"2d66fc270b920117555eb410829572fe"', 'X-Trans-Id': 'tx23aaf0fd0b694dc2b5c10-006a62f239', 'X-Openstack-Request-Id': 'tx23aaf0fd0b694dc2b5c10-006a62f239', 'Connection': 'close'} {{(pid=99728) http_log /opt/stack/data/venv/lib/python3.12/site-packages/swiftclient/client.py:162}}
Jul 24 05:03:53.175265 np0000005801 devstack@g-api.service[99728]: DEBUG swiftclient [None req-c2ce7749-2c2e-41a5-910a-1d5b63d191d0 tempest-AttachVolumeShelveTestJSON-790850049 tempest-AttachVolumeShelveTestJSON-790850049-project-member] REQ: curl -i https://10.4.3.201:8080/v1/AUTH_8a5316cec1be41c5baf1d79e6da722a1/glance?format=json&prefix=c3f41330-25a7-452c-b630-31e18528eede- -X GET -H "X-Auth-Token: gAAAAABqYvI4mQMf..." -H "Accept-Encoding: gzip" {{(pid=99728) http_log /opt/stack/data/venv/lib/python3.12/site-packages/swiftclient/client.py:160}}
Jul 24 05:03:53.175400 np0000005801 devstack@g-api.service[99728]: DEBUG swiftclient [None req-c2ce7749-2c2e-41a5-910a-1d5b63d191d0 tempest-AttachVolumeShelveTestJSON-790850049 tempest-AttachVolumeShelveTestJSON-790850049-project-member] RESP STATUS: 200 OK {{(pid=99728) http_log /opt/stack/data/venv/lib/python3.12/site-packages/swiftclient/client.py:161}}
Jul 24 05:03:53.175717 np0000005801 devstack@g-api.service[99728]: DEBUG swiftclient [None req-c2ce7749-2c2e-41a5-910a-1d5b63d191d0 tempest-AttachVolumeShelveTestJSON-790850049 tempest-AttachVolumeShelveTestJSON-790850049-project-member] RESP HEADERS: {'Date': 'Fri, 24 Jul 2026 05:03:53 GMT', 'Server': 'Apache/2.4.58 (Ubuntu)', 'Content-Type': 'application/json; charset=utf-8', 'Content-Length': '210', 'X-Container-Object-Count': '7', 'X-Container-Bytes-Used': '139984896', 'X-Timestamp': '1784868987.52118', 'Last-Modified': 'Fri, 24 Jul 2026 04:56:28 GMT', 'Accept-Ranges': 'bytes', 'X-Storage-Policy': 'Policy-0', 'X-Container-Sharding': 'False', 'X-Trans-Id': 'tx1cca184b56c549a7a79e4-006a62f239', 'X-Openstack-Request-Id': 'tx1cca184b56c549a7a79e4-006a62f239', 'Connection': 'close'} {{(pid=99728) http_log /opt/stack/data/venv/lib/python3.12/site-packages/swiftclient/client.py:162}}
Jul 24 05:03:53.175878 np0000005801 devstack@g-api.service[99728]: DEBUG swiftclient [None req-c2ce7749-2c2e-41a5-910a-1d5b63d191d0 tempest-AttachVolumeShelveTestJSON-790850049 tempest-AttachVolumeShelveTestJSON-790850049-project-member] RESP BODY: b'[{"bytes": 53936128, "hash": "f6ac7cbabff52eb67606af0cf67bf3eb", "name": "c3f41330-25a7-452c-b630-31e18528eede-00001", "content_type": "application/octet-stream", "last_modified": "2026-07-24T05:03:39.816130"}]' {{(pid=99728) http_log /opt/stack/data/venv/lib/python3.12/site-packages/swiftclient/client.py:166}}
Jul 24 05:03:53.206406 np0000005801 devstack@g-api.service[99728]: DEBUG swiftclient [None req-c2ce7749-2c2e-41a5-910a-1d5b63d191d0 tempest-AttachVolumeShelveTestJSON-790850049 tempest-AttachVolumeShelveTestJSON-790850049-project-member] REQ: curl -i https://10.4.3.201:8080/v1/AUTH_8a5316cec1be41c5baf1d79e6da722a1/glance/c3f41330-25a7-452c-b630-31e18528eede-00001 DELETE -H "X-Auth-Token: gAAAAABqYvI4mQMf..." {{(pid=99728) http_log /opt/stack/data/venv/lib/python3.12/site-packages/swiftclient/client.py:160}}
Jul 24 05:03:53.206406 np0000005801 devstack@g-api.service[99728]: DEBUG swiftclient [None req-c2ce7749-2c2e-41a5-910a-1d5b63d191d0 tempest-AttachVolumeShelveTestJSON-790850049 tempest-AttachVolumeShelveTestJSON-790850049-project-member] RESP STATUS: 204 No Content {{(pid=99728) http_log /opt/stack/data/venv/lib/python3.12/site-packages/swiftclient/client.py:161}}
Jul 24 05:03:53.206590 np0000005801 devstack@g-api.service[99728]: DEBUG swiftclient [None req-c2ce7749-2c2e-41a5-910a-1d5b63d191d0 tempest-AttachVolumeShelveTestJSON-790850049 tempest-AttachVolumeShelveTestJSON-790850049-project-member] RESP HEADERS: {'Date': 'Fri, 24 Jul 2026 05:03:53 GMT', 'Server': 'Apache/2.4.58 (Ubuntu)', 'Content-Type': 'text/html; charset=UTF-8', 'X-Trans-Id': 'tx564bd7aac79c4453bcc41-006a62f239', 'X-Openstack-Request-Id': 'tx564bd7aac79c4453bcc41-006a62f239', 'Connection': 'close'} {{(pid=99728) http_log /opt/stack/data/venv/lib/python3.12/site-packages/swiftclient/client.py:162}}
Jul 24 05:03:53.234917 np0000005801 devstack@g-api.service[99728]: DEBUG swiftclient [None req-c2ce7749-2c2e-41a5-910a-1d5b63d191d0 tempest-AttachVolumeShelveTestJSON-790850049 tempest-AttachVolumeShelveTestJSON-790850049-project-member] REQ: curl -i https://10.4.3.201:8080/v1/AUTH_8a5316cec1be41c5baf1d79e6da722a1/glance/c3f41330-25a7-452c-b630-31e18528eede DELETE -H "X-Auth-Token: gAAAAABqYvI4mQMf..." {{(pid=99728) http_log /opt/stack/data/venv/lib/python3.12/site-packages/swiftclient/client.py:160}}
Jul 24 05:03:53.234980 np0000005801 devstack@g-api.service[99728]: DEBUG swiftclient [None req-c2ce7749-2c2e-41a5-910a-1d5b63d191d0 tempest-AttachVolumeShelveTestJSON-790850049 tempest-AttachVolumeShelveTestJSON-790850049-project-member] RESP STATUS: 204 No Content {{(pid=99728) http_log /opt/stack/data/venv/lib/python3.12/site-packages/swiftclient/client.py:161}}
Jul 24 05:03:53.235097 np0000005801 devstack@g-api.service[99728]: DEBUG swiftclient [None req-c2ce7749-2c2e-41a5-910a-1d5b63d191d0 tempest-AttachVolumeShelveTestJSON-790850049 tempest-AttachVolumeShelveTestJSON-790850049-project-member] RESP HEADERS: {'Date': 'Fri, 24 Jul 2026 05:03:53 GMT', 'Server': 'Apache/2.4.58 (Ubuntu)', 'Content-Type': 'text/html; charset=UTF-8', 'X-Trans-Id': 'tx6850caf465dc487180243-006a62f239', 'X-Openstack-Request-Id': 'tx6850caf465dc487180243-006a62f239', 'Connection': 'close'} {{(pid=99728) http_log /opt/stack/data/venv/lib/python3.12/site-packages/swiftclient/client.py:162}}
Jul 24 05:03:53.257759 np0000005801 devstack@g-api.service[99727]: DEBUG glance.api.middleware.version_negotiation [None req-c2ce7749-2c2e-41a5-910a-1d5b63d191d0 tempest-AttachVolumeShelveTestJSON-790850049 tempest-AttachVolumeShelveTestJSON-790850049-project-member] Determining version of request: GET /v2/images/688ab83a-7bcc-4c8d-b388-ea1c77940c10 Accept: */* {{(pid=99727) process_request /opt/stack/glance/glance/api/middleware/version_negotiation.py:44}}
Jul 24 05:03:53.258230 np0000005801 devstack@g-api.service[99727]: DEBUG glance.api.middleware.version_negotiation [None req-c2ce7749-2c2e-41a5-910a-1d5b63d191d0 tempest-AttachVolumeShelveTestJSON-790850049 tempest-AttachVolumeShelveTestJSON-790850049-project-member] Using url versioning {{(pid=99727) process_request /opt/stack/glance/glance/api/middleware/version_negotiation.py:57}}
Jul 24 05:03:53.258230 np0000005801 devstack@g-api.service[99727]: DEBUG glance.api.middleware.version_negotiation [None req-c2ce7749-2c2e-41a5-910a-1d5b63d191d0 tempest-AttachVolumeShelveTestJSON-790850049 tempest-AttachVolumeShelveTestJSON-790850049-project-member] Matched version: v2 {{(pid=99727) process_request /opt/stack/glance/glance/api/middleware/version_negotiation.py:69}}
Jul 24 05:03:53.258340 np0000005801 devstack@g-api.service[99727]: DEBUG glance.api.middleware.version_negotiation [None req-c2ce7749-2c2e-41a5-910a-1d5b63d191d0 tempest-AttachVolumeShelveTestJSON-790850049 tempest-AttachVolumeShelveTestJSON-790850049-project-member] new path /v2/images/688ab83a-7bcc-4c8d-b388-ea1c77940c10 {{(pid=99727) process_request /opt/stack/glance/glance/api/middleware/version_negotiation.py:70}}
Jul 24 05:03:53.276357 np0000005801 devstack@g-api.service[99727]: [pid: 99727|app: 0|req: 111/352] 127.0.0.1 () {44 vars in 1115 bytes} [Fri Jul 24 05:03:53 2026] GET /v2/images/688ab83a-7bcc-4c8d-b388-ea1c77940c10 => generated 1044 bytes in 17 msecs (HTTP/1.1 200) 4 headers in 158 bytes (1 switches on core 0)
Jul 24 05:03:53.289219 np0000005801 devstack@g-api.service[99729]: DEBUG glance.api.middleware.version_negotiation [None req-c2ce7749-2c2e-41a5-910a-1d5b63d191d0 tempest-AttachVolumeShelveTestJSON-790850049 tempest-AttachVolumeShelveTestJSON-790850049-project-member] Determining version of request: GET /v2/schemas/image Accept: */* {{(pid=99729) process_request /opt/stack/glance/glance/api/middleware/version_negotiation.py:44}}
Jul 24 05:03:53.289672 np0000005801 devstack@g-api.service[99729]: DEBUG glance.api.middleware.version_negotiation [None req-c2ce7749-2c2e-41a5-910a-1d5b63d191d0 tempest-AttachVolumeShelveTestJSON-790850049 tempest-AttachVolumeShelveTestJSON-790850049-project-member] Using url versioning {{(pid=99729) process_request /opt/stack/glance/glance/api/middleware/version_negotiation.py:57}}
Jul 24 05:03:53.289672 np0000005801 devstack@g-api.service[99729]: DEBUG glance.api.middleware.version_negotiation [None req-c2ce7749-2c2e-41a5-910a-1d5b63d191d0 tempest-AttachVolumeShelveTestJSON-790850049 tempest-AttachVolumeShelveTestJSON-790850049-project-member] Matched version: v2 {{(pid=99729) process_request /opt/stack/glance/glance/api/middleware/version_negotiation.py:69}}
Jul 24 05:03:53.289848 np0000005801 devstack@g-api.service[99729]: DEBUG glance.api.middleware.version_negotiation [None req-c2ce7749-2c2e-41a5-910a-1d5b63d191d0 tempest-AttachVolumeShelveTestJSON-790850049 tempest-AttachVolumeShelveTestJSON-790850049-project-member] new path /v2/schemas/image {{(pid=99729) process_request /opt/stack/glance/glance/api/middleware/version_negotiation.py:70}}
Jul 24 05:03:53.292084 np0000005801 devstack@g-api.service[99729]: [pid: 99729|app: 0|req: 126/353] 127.0.0.1 () {44 vars in 1055 bytes} [Fri Jul 24 05:03:53 2026] GET /v2/schemas/image => generated 6083 bytes in 3 msecs (HTTP/1.1 200) 4 headers in 158 bytes (1 switches on core 0)
Jul 24 05:03:53.309115 np0000005801 devstack@g-api.service[99727]: DEBUG glance.api.middleware.version_negotiation [None req-cc4ca39e-3efc-4556-af86-24ac9339016c tempest-ServerActionsTestOtherA-879313305 tempest-ServerActionsTestOtherA-879313305-project-member] Determining version of request: GET /v2/schemas/image Accept: */* {{(pid=99727) process_request /opt/stack/glance/glance/api/middleware/version_negotiation.py:44}}
Jul 24 05:03:53.309687 np0000005801 devstack@g-api.service[99727]: DEBUG glance.api.middleware.version_negotiation [None req-cc4ca39e-3efc-4556-af86-24ac9339016c tempest-ServerActionsTestOtherA-879313305 tempest-ServerActionsTestOtherA-879313305-project-member] Using url versioning {{(pid=99727) process_request /opt/stack/glance/glance/api/middleware/version_negotiation.py:57}}
Jul 24 05:03:53.309687 np0000005801 devstack@g-api.service[99727]: DEBUG glance.api.middleware.version_negotiation [None req-cc4ca39e-3efc-4556-af86-24ac9339016c tempest-ServerActionsTestOtherA-879313305 tempest-ServerActionsTestOtherA-879313305-project-member] Matched version: v2 {{(pid=99727) process_request /opt/stack/glance/glance/api/middleware/version_negotiation.py:69}}
Jul 24 05:03:53.309687 np0000005801 devstack@g-api.service[99727]: DEBUG glance.api.middleware.version_negotiation [None req-cc4ca39e-3efc-4556-af86-24ac9339016c tempest-ServerActionsTestOtherA-879313305 tempest-ServerActionsTestOtherA-879313305-project-member] new path /v2/schemas/image {{(pid=99727) process_request /opt/stack/glance/glance/api/middleware/version_negotiation.py:70}}
Jul 24 05:03:53.318351 np0000005801 devstack@g-api.service[99727]: [pid: 99727|app: 0|req: 112/354] 127.0.0.1 () {44 vars in 1055 bytes} [Fri Jul 24 05:03:53 2026] GET /v2/schemas/image => generated 6083 bytes in 9 msecs (HTTP/1.1 200) 4 headers in 158 bytes (1 switches on core 0)
Jul 24 05:03:53.329759 np0000005801 devstack@g-api.service[99729]: DEBUG glance.api.middleware.version_negotiation [None req-cc4ca39e-3efc-4556-af86-24ac9339016c tempest-ServerActionsTestOtherA-879313305 tempest-ServerActionsTestOtherA-879313305-project-member] Determining version of request: GET /v2/images/688ab83a-7bcc-4c8d-b388-ea1c77940c10 Accept: */* {{(pid=99729) process_request /opt/stack/glance/glance/api/middleware/version_negotiation.py:44}}
Jul 24 05:03:53.330239 np0000005801 devstack@g-api.service[99729]: DEBUG glance.api.middleware.version_negotiation [None req-cc4ca39e-3efc-4556-af86-24ac9339016c tempest-ServerActionsTestOtherA-879313305 tempest-ServerActionsTestOtherA-879313305-project-member] Using url versioning {{(pid=99729) process_request /opt/stack/glance/glance/api/middleware/version_negotiation.py:57}}
Jul 24 05:03:53.330239 np0000005801 devstack@g-api.service[99729]: DEBUG glance.api.middleware.version_negotiation [None req-cc4ca39e-3efc-4556-af86-24ac9339016c tempest-ServerActionsTestOtherA-879313305 tempest-ServerActionsTestOtherA-879313305-project-member] Matched version: v2 {{(pid=99729) process_request /opt/stack/glance/glance/api/middleware/version_negotiation.py:69}}
Jul 24 05:03:53.330239 np0000005801 devstack@g-api.service[99729]: DEBUG glance.api.middleware.version_negotiation [None req-cc4ca39e-3efc-4556-af86-24ac9339016c tempest-ServerActionsTestOtherA-879313305 tempest-ServerActionsTestOtherA-879313305-project-member] new path /v2/images/688ab83a-7bcc-4c8d-b388-ea1c77940c10 {{(pid=99729) process_request /opt/stack/glance/glance/api/middleware/version_negotiation.py:70}}
Jul 24 05:03:53.344090 np0000005801 devstack@g-api.service[99729]: [pid: 99729|app: 0|req: 127/355] 127.0.0.1 () {44 vars in 1115 bytes} [Fri Jul 24 05:03:53 2026] GET /v2/images/688ab83a-7bcc-4c8d-b388-ea1c77940c10 => generated 1044 bytes in 14 msecs (HTTP/1.1 200) 4 headers in 158 bytes (1 switches on core 0)
Jul 24 05:03:53.355000 np0000005801 devstack@g-api.service[99727]: DEBUG glance.api.middleware.version_negotiation [None req-cc4ca39e-3efc-4556-af86-24ac9339016c tempest-ServerActionsTestOtherA-879313305 tempest-ServerActionsTestOtherA-879313305-project-member] Determining version of request: GET /v2/schemas/image Accept: */* {{(pid=99727) process_request /opt/stack/glance/glance/api/middleware/version_negotiation.py:44}}
Jul 24 05:03:53.355192 np0000005801 devstack@g-api.service[99727]: DEBUG glance.api.middleware.version_negotiation [None req-cc4ca39e-3efc-4556-af86-24ac9339016c tempest-ServerActionsTestOtherA-879313305 tempest-ServerActionsTestOtherA-879313305-project-member] Using url versioning {{(pid=99727) process_request /opt/stack/glance/glance/api/middleware/version_negotiation.py:57}}
Jul 24 05:03:53.355348 np0000005801 devstack@g-api.service[99727]: DEBUG glance.api.middleware.version_negotiation [None req-cc4ca39e-3efc-4556-af86-24ac9339016c tempest-ServerActionsTestOtherA-879313305 tempest-ServerActionsTestOtherA-879313305-project-member] Matched version: v2 {{(pid=99727) process_request /opt/stack/glance/glance/api/middleware/version_negotiation.py:69}}
Jul 24 05:03:53.355493 np0000005801 devstack@g-api.service[99727]: DEBUG glance.api.middleware.version_negotiation [None req-cc4ca39e-3efc-4556-af86-24ac9339016c tempest-ServerActionsTestOtherA-879313305 tempest-ServerActionsTestOtherA-879313305-project-member] new path /v2/schemas/image {{(pid=99727) process_request /opt/stack/glance/glance/api/middleware/version_negotiation.py:70}}
Jul 24 05:03:53.362790 np0000005801 devstack@g-api.service[99727]: [pid: 99727|app: 0|req: 113/356] 127.0.0.1 () {44 vars in 1055 bytes} [Fri Jul 24 05:03:53 2026] GET /v2/schemas/image => generated 6083 bytes in 8 msecs (HTTP/1.1 200) 4 headers in 158 bytes (1 switches on core 0)
Jul 24 05:03:53.374949 np0000005801 devstack@g-api.service[99729]: DEBUG glance.api.middleware.version_negotiation [None req-cc4ca39e-3efc-4556-af86-24ac9339016c tempest-ServerActionsTestOtherA-879313305 tempest-ServerActionsTestOtherA-879313305-project-member] Determining version of request: GET /v2/schemas/image Accept: */* {{(pid=99729) process_request /opt/stack/glance/glance/api/middleware/version_negotiation.py:44}}
Jul 24 05:03:53.375256 np0000005801 devstack@g-api.service[99729]: DEBUG glance.api.middleware.version_negotiation [None req-cc4ca39e-3efc-4556-af86-24ac9339016c tempest-ServerActionsTestOtherA-879313305 tempest-ServerActionsTestOtherA-879313305-project-member] Using url versioning {{(pid=99729) process_request /opt/stack/glance/glance/api/middleware/version_negotiation.py:57}}
Jul 24 05:03:53.375542 np0000005801 devstack@g-api.service[99729]: DEBUG glance.api.middleware.version_negotiation [None req-cc4ca39e-3efc-4556-af86-24ac9339016c tempest-ServerActionsTestOtherA-879313305 tempest-ServerActionsTestOtherA-879313305-project-member] Matched version: v2 {{(pid=99729) process_request /opt/stack/glance/glance/api/middleware/version_negotiation.py:69}}
Jul 24 05:03:53.375681 np0000005801 devstack@g-api.service[99729]: DEBUG glance.api.middleware.version_negotiation [None req-cc4ca39e-3efc-4556-af86-24ac9339016c tempest-ServerActionsTestOtherA-879313305 tempest-ServerActionsTestOtherA-879313305-project-member] new path /v2/schemas/image {{(pid=99729) process_request /opt/stack/glance/glance/api/middleware/version_negotiation.py:70}}
Jul 24 05:03:53.378818 np0000005801 devstack@g-api.service[99728]: DEBUG glance.api.middleware.cache [None req-c2ce7749-2c2e-41a5-910a-1d5b63d191d0 tempest-AttachVolumeShelveTestJSON-790850049 tempest-AttachVolumeShelveTestJSON-790850049-project-member] Removing image c3f41330-25a7-452c-b630-31e18528eede from cache {{(pid=99728) _process_DELETE_response /opt/stack/glance/glance/api/middleware/cache.py:264}}
Jul 24 05:03:53.378983 np0000005801 devstack@g-api.service[99729]: [pid: 99729|app: 0|req: 128/357] 127.0.0.1 () {44 vars in 1055 bytes} [Fri Jul 24 05:03:53 2026] GET /v2/schemas/image => generated 6083 bytes in 4 msecs (HTTP/1.1 200) 4 headers in 158 bytes (1 switches on core 0)
Jul 24 05:03:53.379037 np0000005801 devstack@g-api.service[99728]: DEBUG glance.image_cache.drivers.centralized_db [None req-c2ce7749-2c2e-41a5-910a-1d5b63d191d0 tempest-AttachVolumeShelveTestJSON-790850049 tempest-AttachVolumeShelveTestJSON-790850049-project-member] Deleting image cache file '/opt/stack/data/glance/cache/c3f41330-25a7-452c-b630-31e18528eede' {{(pid=99728) delete_cached_file /opt/stack/glance/glance/image_cache/drivers/centralized_db.py:400}}
Jul 24 05:03:53.402987 np0000005801 devstack@g-api.service[99728]: [pid: 99728|app: 0|req: 117/358] 127.0.0.1 () {46 vars in 1137 bytes} [Fri Jul 24 05:03:52 2026] DELETE /v2/images/c3f41330-25a7-452c-b630-31e18528eede => generated 0 bytes in 529 msecs (HTTP/1.1 204) 4 headers in 171 bytes (1 switches on core 0)
Jul 24 05:03:53.404103 np0000005801 devstack@g-api.service[99727]: DEBUG glance.api.middleware.version_negotiation [None req-cc4ca39e-3efc-4556-af86-24ac9339016c tempest-ServerActionsTestOtherA-879313305 tempest-ServerActionsTestOtherA-879313305-project-member] Determining version of request: GET /v2/images/688ab83a-7bcc-4c8d-b388-ea1c77940c10 Accept: */* {{(pid=99727) process_request /opt/stack/glance/glance/api/middleware/version_negotiation.py:44}}
Jul 24 05:03:53.404233 np0000005801 devstack@g-api.service[99727]: DEBUG glance.api.middleware.version_negotiation [None req-cc4ca39e-3efc-4556-af86-24ac9339016c tempest-ServerActionsTestOtherA-879313305 tempest-ServerActionsTestOtherA-879313305-project-member] Using url versioning {{(pid=99727) process_request /opt/stack/glance/glance/api/middleware/version_negotiation.py:57}}
Jul 24 05:03:53.405171 np0000005801 devstack@g-api.service[99727]: DEBUG glance.api.middleware.version_negotiation [None req-cc4ca39e-3efc-4556-af86-24ac9339016c tempest-ServerActionsTestOtherA-879313305 tempest-ServerActionsTestOtherA-879313305-project-member] Matched version: v2 {{(pid=99727) process_request /opt/stack/glance/glance/api/middleware/version_negotiation.py:69}}
Jul 24 05:03:53.405369 np0000005801 devstack@g-api.service[99727]: DEBUG glance.api.middleware.version_negotiation [None req-cc4ca39e-3efc-4556-af86-24ac9339016c tempest-ServerActionsTestOtherA-879313305 tempest-ServerActionsTestOtherA-879313305-project-member] new path /v2/images/688ab83a-7bcc-4c8d-b388-ea1c77940c10 {{(pid=99727) process_request /opt/stack/glance/glance/api/middleware/version_negotiation.py:70}}
Jul 24 05:03:53.429876 np0000005801 devstack@g-api.service[99727]: [pid: 99727|app: 0|req: 114/359] 127.0.0.1 () {44 vars in 1115 bytes} [Fri Jul 24 05:03:53 2026] GET /v2/images/688ab83a-7bcc-4c8d-b388-ea1c77940c10 => generated 1044 bytes in 27 msecs (HTTP/1.1 200) 4 headers in 158 bytes (1 switches on core 0)
Jul 24 05:03:53.438869 np0000005801 devstack@g-api.service[99729]: DEBUG glance.api.middleware.version_negotiation [None req-cc4ca39e-3efc-4556-af86-24ac9339016c tempest-ServerActionsTestOtherA-879313305 tempest-ServerActionsTestOtherA-879313305-project-member] Determining version of request: GET /v2/schemas/image Accept: */* {{(pid=99729) process_request /opt/stack/glance/glance/api/middleware/version_negotiation.py:44}}
Jul 24 05:03:53.439075 np0000005801 devstack@g-api.service[99729]: DEBUG glance.api.middleware.version_negotiation [None req-cc4ca39e-3efc-4556-af86-24ac9339016c tempest-ServerActionsTestOtherA-879313305 tempest-ServerActionsTestOtherA-879313305-project-member] Using url versioning {{(pid=99729) process_request /opt/stack/glance/glance/api/middleware/version_negotiation.py:57}}
Jul 24 05:03:53.439263 np0000005801 devstack@g-api.service[99729]: DEBUG glance.api.middleware.version_negotiation [None req-cc4ca39e-3efc-4556-af86-24ac9339016c tempest-ServerActionsTestOtherA-879313305 tempest-ServerActionsTestOtherA-879313305-project-member] Matched version: v2 {{(pid=99729) process_request /opt/stack/glance/glance/api/middleware/version_negotiation.py:69}}
Jul 24 05:03:53.439432 np0000005801 devstack@g-api.service[99729]: DEBUG glance.api.middleware.version_negotiation [None req-cc4ca39e-3efc-4556-af86-24ac9339016c tempest-ServerActionsTestOtherA-879313305 tempest-ServerActionsTestOtherA-879313305-project-member] new path /v2/schemas/image {{(pid=99729) process_request /opt/stack/glance/glance/api/middleware/version_negotiation.py:70}}
Jul 24 05:03:53.442635 np0000005801 devstack@g-api.service[99729]: [pid: 99729|app: 0|req: 129/360] 127.0.0.1 () {44 vars in 1055 bytes} [Fri Jul 24 05:03:53 2026] GET /v2/schemas/image => generated 6083 bytes in 4 msecs (HTTP/1.1 200) 4 headers in 158 bytes (1 switches on core 0)
Jul 24 05:03:53.913921 np0000005801 devstack@g-api.service[99728]: DEBUG glance.api.middleware.version_negotiation [None req-c2ce7749-2c2e-41a5-910a-1d5b63d191d0 tempest-AttachVolumeShelveTestJSON-790850049 tempest-AttachVolumeShelveTestJSON-790850049-project-member] Determining version of request: GET /versions Accept: */* {{(pid=99728) process_request /opt/stack/glance/glance/api/middleware/version_negotiation.py:44}}
Jul 24 05:03:53.914709 np0000005801 devstack@g-api.service[99728]: [pid: 99728|app: 0|req: 118/361] 127.0.0.1 () {44 vars in 1039 bytes} [Fri Jul 24 05:03:53 2026] GET /versions => generated 1515 bytes in 1 msecs (HTTP/1.1 200) 3 headers in 92 bytes (1 switches on core 0)
Jul 24 05:03:53.923414 np0000005801 devstack@g-api.service[99727]: DEBUG glance.api.middleware.version_negotiation [None req-cc4ca39e-3efc-4556-af86-24ac9339016c tempest-ServerActionsTestOtherA-879313305 tempest-ServerActionsTestOtherA-879313305-project-member] Determining version of request: GET /v2/images/688ab83a-7bcc-4c8d-b388-ea1c77940c10/locations Accept: */* {{(pid=99727) process_request /opt/stack/glance/glance/api/middleware/version_negotiation.py:44}}
Jul 24 05:03:53.923919 np0000005801 devstack@g-api.service[99727]: DEBUG glance.api.middleware.version_negotiation [None req-cc4ca39e-3efc-4556-af86-24ac9339016c tempest-ServerActionsTestOtherA-879313305 tempest-ServerActionsTestOtherA-879313305-project-member] Using url versioning {{(pid=99727) process_request /opt/stack/glance/glance/api/middleware/version_negotiation.py:57}}
Jul 24 05:03:53.923919 np0000005801 devstack@g-api.service[99727]: DEBUG glance.api.middleware.version_negotiation [None req-cc4ca39e-3efc-4556-af86-24ac9339016c tempest-ServerActionsTestOtherA-879313305 tempest-ServerActionsTestOtherA-879313305-project-member] Matched version: v2 {{(pid=99727) process_request /opt/stack/glance/glance/api/middleware/version_negotiation.py:69}}
Jul 24 05:03:53.924103 np0000005801 devstack@g-api.service[99727]: DEBUG glance.api.middleware.version_negotiation [None req-cc4ca39e-3efc-4556-af86-24ac9339016c tempest-ServerActionsTestOtherA-879313305 tempest-ServerActionsTestOtherA-879313305-project-member] new path /v2/images/688ab83a-7bcc-4c8d-b388-ea1c77940c10/locations {{(pid=99727) process_request /opt/stack/glance/glance/api/middleware/version_negotiation.py:70}}
Jul 24 05:03:53.987349 np0000005801 devstack@g-api.service[99727]: [pid: 99727|app: 0|req: 115/362] 127.0.0.1 () {44 vars in 1135 bytes} [Fri Jul 24 05:03:53 2026] GET /v2/images/688ab83a-7bcc-4c8d-b388-ea1c77940c10/locations => generated 92 bytes in 64 msecs (HTTP/1.1 200) 4 headers in 156 bytes (1 switches on core 0)
Jul 24 05:03:53.999255 np0000005801 devstack@g-api.service[99729]: DEBUG glance.api.middleware.version_negotiation [None req-cc4ca39e-3efc-4556-af86-24ac9339016c tempest-ServerActionsTestOtherA-879313305 tempest-ServerActionsTestOtherA-879313305-project-member] Determining version of request: GET /v2/images/688ab83a-7bcc-4c8d-b388-ea1c77940c10 Accept: */* {{(pid=99729) process_request /opt/stack/glance/glance/api/middleware/version_negotiation.py:44}}
Jul 24 05:03:53.999440 np0000005801 devstack@g-api.service[99729]: DEBUG glance.api.middleware.version_negotiation [None req-cc4ca39e-3efc-4556-af86-24ac9339016c tempest-ServerActionsTestOtherA-879313305 tempest-ServerActionsTestOtherA-879313305-project-member] Using url versioning {{(pid=99729) process_request /opt/stack/glance/glance/api/middleware/version_negotiation.py:57}}
Jul 24 05:03:53.999631 np0000005801 devstack@g-api.service[99729]: DEBUG glance.api.middleware.version_negotiation [None req-cc4ca39e-3efc-4556-af86-24ac9339016c tempest-ServerActionsTestOtherA-879313305 tempest-ServerActionsTestOtherA-879313305-project-member] Matched version: v2 {{(pid=99729) process_request /opt/stack/glance/glance/api/middleware/version_negotiation.py:69}}
Jul 24 05:03:53.999767 np0000005801 devstack@g-api.service[99729]: DEBUG glance.api.middleware.version_negotiation [None req-cc4ca39e-3efc-4556-af86-24ac9339016c tempest-ServerActionsTestOtherA-879313305 tempest-ServerActionsTestOtherA-879313305-project-member] new path /v2/images/688ab83a-7bcc-4c8d-b388-ea1c77940c10 {{(pid=99729) process_request /opt/stack/glance/glance/api/middleware/version_negotiation.py:70}}
Jul 24 05:03:54.012602 np0000005801 devstack@g-api.service[99729]: [pid: 99729|app: 0|req: 130/363] 127.0.0.1 () {44 vars in 1115 bytes} [Fri Jul 24 05:03:53 2026] GET /v2/images/688ab83a-7bcc-4c8d-b388-ea1c77940c10 => generated 1044 bytes in 13 msecs (HTTP/1.1 200) 4 headers in 158 bytes (1 switches on core 0)
Jul 24 05:03:54.021198 np0000005801 devstack@g-api.service[99728]: DEBUG glance.api.middleware.version_negotiation [None req-c2ce7749-2c2e-41a5-910a-1d5b63d191d0 tempest-AttachVolumeShelveTestJSON-790850049 tempest-AttachVolumeShelveTestJSON-790850049-project-member] Determining version of request: GET /v2/schemas/image Accept: */* {{(pid=99728) process_request /opt/stack/glance/glance/api/middleware/version_negotiation.py:44}}
Jul 24 05:03:54.021335 np0000005801 devstack@g-api.service[99728]: DEBUG glance.api.middleware.version_negotiation [None req-c2ce7749-2c2e-41a5-910a-1d5b63d191d0 tempest-AttachVolumeShelveTestJSON-790850049 tempest-AttachVolumeShelveTestJSON-790850049-project-member] Using url versioning {{(pid=99728) process_request /opt/stack/glance/glance/api/middleware/version_negotiation.py:57}}
Jul 24 05:03:54.021480 np0000005801 devstack@g-api.service[99728]: DEBUG glance.api.middleware.version_negotiation [None req-c2ce7749-2c2e-41a5-910a-1d5b63d191d0 tempest-AttachVolumeShelveTestJSON-790850049 tempest-AttachVolumeShelveTestJSON-790850049-project-member] Matched version: v2 {{(pid=99728) process_request /opt/stack/glance/glance/api/middleware/version_negotiation.py:69}}
Jul 24 05:03:54.021638 np0000005801 devstack@g-api.service[99728]: DEBUG glance.api.middleware.version_negotiation [None req-c2ce7749-2c2e-41a5-910a-1d5b63d191d0 tempest-AttachVolumeShelveTestJSON-790850049 tempest-AttachVolumeShelveTestJSON-790850049-project-member] new path /v2/schemas/image {{(pid=99728) process_request /opt/stack/glance/glance/api/middleware/version_negotiation.py:70}}
Jul 24 05:03:54.026672 np0000005801 devstack@g-api.service[99728]: [pid: 99728|app: 0|req: 119/364] 127.0.0.1 () {44 vars in 1055 bytes} [Fri Jul 24 05:03:54 2026] GET /v2/schemas/image => generated 6083 bytes in 5 msecs (HTTP/1.1 200) 4 headers in 158 bytes (1 switches on core 0)
Jul 24 05:03:54.036049 np0000005801 devstack@g-api.service[99727]: DEBUG glance.api.middleware.version_negotiation [None req-cc4ca39e-3efc-4556-af86-24ac9339016c service glance] Determining version of request: GET /v2/schemas/image Accept: */* {{(pid=99727) process_request /opt/stack/glance/glance/api/middleware/version_negotiation.py:44}}
Jul 24 05:03:54.036221 np0000005801 devstack@g-api.service[99727]: DEBUG glance.api.middleware.version_negotiation [None req-cc4ca39e-3efc-4556-af86-24ac9339016c service glance] Using url versioning {{(pid=99727) process_request /opt/stack/glance/glance/api/middleware/version_negotiation.py:57}}
Jul 24 05:03:54.036386 np0000005801 devstack@g-api.service[99727]: DEBUG glance.api.middleware.version_negotiation [None req-cc4ca39e-3efc-4556-af86-24ac9339016c service glance] Matched version: v2 {{(pid=99727) process_request /opt/stack/glance/glance/api/middleware/version_negotiation.py:69}}
Jul 24 05:03:54.036558 np0000005801 devstack@g-api.service[99727]: DEBUG glance.api.middleware.version_negotiation [None req-cc4ca39e-3efc-4556-af86-24ac9339016c service glance] new path /v2/schemas/image {{(pid=99727) process_request /opt/stack/glance/glance/api/middleware/version_negotiation.py:70}}
Jul 24 05:03:54.039613 np0000005801 devstack@g-api.service[99727]: [pid: 99727|app: 0|req: 116/365] 127.0.0.1 () {44 vars in 1055 bytes} [Fri Jul 24 05:03:54 2026] GET /v2/schemas/image => generated 6083 bytes in 4 msecs (HTTP/1.1 200) 4 headers in 158 bytes (1 switches on core 0)
Jul 24 05:03:59.288154 np0000005801 devstack@g-api.service[99729]: DEBUG glance.api.middleware.version_negotiation [None req-cc4ca39e-3efc-4556-af86-24ac9339016c tempest-ServerActionsTestOtherA-879313305 tempest-ServerActionsTestOtherA-879313305-project-member] Determining version of request: GET /v2/images/688ab83a-7bcc-4c8d-b388-ea1c77940c10 Accept: */* {{(pid=99729) process_request /opt/stack/glance/glance/api/middleware/version_negotiation.py:44}}
Jul 24 05:03:59.289001 np0000005801 devstack@g-api.service[99729]: DEBUG glance.api.middleware.version_negotiation [None req-cc4ca39e-3efc-4556-af86-24ac9339016c tempest-ServerActionsTestOtherA-879313305 tempest-ServerActionsTestOtherA-879313305-project-member] Using url versioning {{(pid=99729) process_request /opt/stack/glance/glance/api/middleware/version_negotiation.py:57}}
Jul 24 05:03:59.289001 np0000005801 devstack@g-api.service[99729]: DEBUG glance.api.middleware.version_negotiation [None req-cc4ca39e-3efc-4556-af86-24ac9339016c tempest-ServerActionsTestOtherA-879313305 tempest-ServerActionsTestOtherA-879313305-project-member] Matched version: v2 {{(pid=99729) process_request /opt/stack/glance/glance/api/middleware/version_negotiation.py:69}}
Jul 24 05:03:59.289001 np0000005801 devstack@g-api.service[99729]: DEBUG glance.api.middleware.version_negotiation [None req-cc4ca39e-3efc-4556-af86-24ac9339016c tempest-ServerActionsTestOtherA-879313305 tempest-ServerActionsTestOtherA-879313305-project-member] new path /v2/images/688ab83a-7bcc-4c8d-b388-ea1c77940c10 {{(pid=99729) process_request /opt/stack/glance/glance/api/middleware/version_negotiation.py:70}}
Jul 24 05:03:59.304158 np0000005801 devstack@g-api.service[99729]: [pid: 99729|app: 0|req: 131/366] 127.0.0.1 () {44 vars in 1115 bytes} [Fri Jul 24 05:03:59 2026] GET /v2/images/688ab83a-7bcc-4c8d-b388-ea1c77940c10 => generated 1044 bytes in 16 msecs (HTTP/1.1 200) 4 headers in 158 bytes (1 switches on core 0)
Jul 24 05:03:59.354834 np0000005801 devstack@g-api.service[99728]: DEBUG glance.api.middleware.version_negotiation [None req-cc4ca39e-3efc-4556-af86-24ac9339016c tempest-ServerActionsTestOtherA-879313305 tempest-ServerActionsTestOtherA-879313305-project-member] Determining version of request: GET /v2/schemas/image Accept: */* {{(pid=99728) process_request /opt/stack/glance/glance/api/middleware/version_negotiation.py:44}}
Jul 24 05:03:59.354834 np0000005801 devstack@g-api.service[99728]: DEBUG glance.api.middleware.version_negotiation [None req-cc4ca39e-3efc-4556-af86-24ac9339016c tempest-ServerActionsTestOtherA-879313305 tempest-ServerActionsTestOtherA-879313305-project-member] Using url versioning {{(pid=99728) process_request /opt/stack/glance/glance/api/middleware/version_negotiation.py:57}}
Jul 24 05:03:59.354834 np0000005801 devstack@g-api.service[99728]: DEBUG glance.api.middleware.version_negotiation [None req-cc4ca39e-3efc-4556-af86-24ac9339016c tempest-ServerActionsTestOtherA-879313305 tempest-ServerActionsTestOtherA-879313305-project-member] Matched version: v2 {{(pid=99728) process_request /opt/stack/glance/glance/api/middleware/version_negotiation.py:69}}
Jul 24 05:03:59.354834 np0000005801 devstack@g-api.service[99728]: DEBUG glance.api.middleware.version_negotiation [None req-cc4ca39e-3efc-4556-af86-24ac9339016c tempest-ServerActionsTestOtherA-879313305 tempest-ServerActionsTestOtherA-879313305-project-member] new path /v2/schemas/image {{(pid=99728) process_request /opt/stack/glance/glance/api/middleware/version_negotiation.py:70}}
Jul 24 05:03:59.357760 np0000005801 devstack@g-api.service[99728]: [pid: 99728|app: 0|req: 120/367] 127.0.0.1 () {44 vars in 1055 bytes} [Fri Jul 24 05:03:59 2026] GET /v2/schemas/image => generated 6083 bytes in 3 msecs (HTTP/1.1 200) 4 headers in 158 bytes (1 switches on core 0)
Jul 24 05:04:03.398783 np0000005801 devstack@g-api.service[99728]: DEBUG dbcounter [-] [99728] Writing DB stats glance:SELECT=47,glance:INSERT=1,glance:UPDATE=25,glance:DELETE=1 {{(pid=99728) stat_writer /opt/stack/data/venv/lib/python3.12/site-packages/dbcounter.py:115}}
Jul 24 05:04:03.982618 np0000005801 devstack@g-api.service[99727]: DEBUG dbcounter [-] [99727] Writing DB stats glance:SELECT=31,glance:INSERT=20,glance:UPDATE=1 {{(pid=99727) stat_writer /opt/stack/data/venv/lib/python3.12/site-packages/dbcounter.py:115}}
Jul 24 05:04:09.302298 np0000005801 devstack@g-api.service[99729]: DEBUG dbcounter [-] [99729] Writing DB stats glance:SELECT=35,glance:UPDATE=2,glance:INSERT=1 {{(pid=99729) stat_writer /opt/stack/data/venv/lib/python3.12/site-packages/dbcounter.py:115}}
Jul 24 05:04:20.995377 np0000005801 devstack@g-api.service[99727]: DEBUG glance.api.middleware.version_negotiation [None req-cc4ca39e-3efc-4556-af86-24ac9339016c tempest-ServerActionsTestOtherA-879313305 tempest-ServerActionsTestOtherA-879313305-project-member] Determining version of request: DELETE /v2/images/6c89795a-3b21-480b-a7d6-fa154bdce869 Accept: application/json {{(pid=99727) process_request /opt/stack/glance/glance/api/middleware/version_negotiation.py:44}}
Jul 24 05:04:20.995377 np0000005801 devstack@g-api.service[99727]: DEBUG glance.api.middleware.version_negotiation [None req-cc4ca39e-3efc-4556-af86-24ac9339016c tempest-ServerActionsTestOtherA-879313305 tempest-ServerActionsTestOtherA-879313305-project-member] Using url versioning {{(pid=99727) process_request /opt/stack/glance/glance/api/middleware/version_negotiation.py:57}}
Jul 24 05:04:20.995377 np0000005801 devstack@g-api.service[99727]: DEBUG glance.api.middleware.version_negotiation [None req-cc4ca39e-3efc-4556-af86-24ac9339016c tempest-ServerActionsTestOtherA-879313305 tempest-ServerActionsTestOtherA-879313305-project-member] Matched version: v2 {{(pid=99727) process_request /opt/stack/glance/glance/api/middleware/version_negotiation.py:69}}
Jul 24 05:04:20.995377 np0000005801 devstack@g-api.service[99727]: DEBUG glance.api.middleware.version_negotiation [None req-cc4ca39e-3efc-4556-af86-24ac9339016c tempest-ServerActionsTestOtherA-879313305 tempest-ServerActionsTestOtherA-879313305-project-member] new path /v2/images/6c89795a-3b21-480b-a7d6-fa154bdce869 {{(pid=99727) process_request /opt/stack/glance/glance/api/middleware/version_negotiation.py:70}}
Jul 24 05:04:21.015766 np0000005801 devstack@g-api.service[99727]: WARNING glance.api.v2.images [None req-9c22b684-53ce-4a27-91e8-d1810a9b6e6f tempest-TestMinimumBasicScenario-1340139765 tempest-TestMinimumBasicScenario-1340139765-project-member] After upload to backend, deletion of staged image data has failed because it cannot be found at /tmp/staging//6c89795a-3b21-480b-a7d6-fa154bdce869
Jul 24 05:04:21.016784 np0000005801 devstack@g-api.service[99727]: DEBUG glance_store.backend [None req-9c22b684-53ce-4a27-91e8-d1810a9b6e6f tempest-TestMinimumBasicScenario-1340139765 tempest-TestMinimumBasicScenario-1340139765-project-member] Attempting to import store swift {{(pid=99727) _load_store /opt/stack/data/venv/lib/python3.12/site-packages/glance_store/backend.py:215}}
Jul 24 05:04:21.020136 np0000005801 devstack@g-api.service[99727]: DEBUG glance_store.capabilities [None req-9c22b684-53ce-4a27-91e8-d1810a9b6e6f tempest-TestMinimumBasicScenario-1340139765 tempest-TestMinimumBasicScenario-1340139765-project-member] Store glance_store._drivers.swift.store.SingleTenantStore doesn't support updating dynamic storage capabilities. Please overwrite 'update_capabilities' method of the store to implement updating logics if needed. {{(pid=99727) update_capabilities /opt/stack/data/venv/lib/python3.12/site-packages/glance_store/capabilities.py:91}}
Jul 24 05:04:21.020136 np0000005801 devstack@g-api.service[99727]: DEBUG glance_store.driver [None req-9c22b684-53ce-4a27-91e8-d1810a9b6e6f tempest-TestMinimumBasicScenario-1340139765 tempest-TestMinimumBasicScenario-1340139765-project-member] Late loading location class glance_store._drivers.swift.store.StoreLocation {{(pid=99727) get_store_location_class /opt/stack/data/venv/lib/python3.12/site-packages/glance_store/driver.py:134}}
Jul 24 05:04:21.020646 np0000005801 devstack@g-api.service[99727]: DEBUG glance_store.location [None req-9c22b684-53ce-4a27-91e8-d1810a9b6e6f tempest-TestMinimumBasicScenario-1340139765 tempest-TestMinimumBasicScenario-1340139765-project-member] Registering scheme swift+https with {'store': , 'location_class': , 'store_entry': 'swift'} {{(pid=99727) register_scheme_map /opt/stack/data/venv/lib/python3.12/site-packages/glance_store/location.py:146}}
Jul 24 05:04:21.020646 np0000005801 devstack@g-api.service[99727]: DEBUG glance_store.location [None req-9c22b684-53ce-4a27-91e8-d1810a9b6e6f tempest-TestMinimumBasicScenario-1340139765 tempest-TestMinimumBasicScenario-1340139765-project-member] Registering scheme swift+https with {'store': , 'location_class': , 'store_entry': 'swift'} {{(pid=99727) register_scheme_map /opt/stack/data/venv/lib/python3.12/site-packages/glance_store/location.py:146}}
Jul 24 05:04:21.020646 np0000005801 devstack@g-api.service[99727]: DEBUG glance_store.location [None req-9c22b684-53ce-4a27-91e8-d1810a9b6e6f tempest-TestMinimumBasicScenario-1340139765 tempest-TestMinimumBasicScenario-1340139765-project-member] Registering scheme swift with {'store': , 'location_class': , 'store_entry': 'swift'} {{(pid=99727) register_scheme_map /opt/stack/data/venv/lib/python3.12/site-packages/glance_store/location.py:146}}
Jul 24 05:04:21.020646 np0000005801 devstack@g-api.service[99727]: DEBUG glance_store.location [None req-9c22b684-53ce-4a27-91e8-d1810a9b6e6f tempest-TestMinimumBasicScenario-1340139765 tempest-TestMinimumBasicScenario-1340139765-project-member] Registering scheme swift+https with {'store': , 'location_class': , 'store_entry': 'swift'} {{(pid=99727) register_scheme_map /opt/stack/data/venv/lib/python3.12/site-packages/glance_store/location.py:146}}
Jul 24 05:04:21.020896 np0000005801 devstack@g-api.service[99727]: DEBUG glance_store.location [None req-9c22b684-53ce-4a27-91e8-d1810a9b6e6f tempest-TestMinimumBasicScenario-1340139765 tempest-TestMinimumBasicScenario-1340139765-project-member] Registering scheme swift with {'store': , 'location_class': , 'store_entry': 'swift'} {{(pid=99727) register_scheme_map /opt/stack/data/venv/lib/python3.12/site-packages/glance_store/location.py:146}}
Jul 24 05:04:21.020978 np0000005801 devstack@g-api.service[99727]: DEBUG glance_store.location [None req-9c22b684-53ce-4a27-91e8-d1810a9b6e6f tempest-TestMinimumBasicScenario-1340139765 tempest-TestMinimumBasicScenario-1340139765-project-member] Registering scheme swift+http with {'store': , 'location_class': , 'store_entry': 'swift'} {{(pid=99727) register_scheme_map /opt/stack/data/venv/lib/python3.12/site-packages/glance_store/location.py:146}}
Jul 24 05:04:21.021138 np0000005801 devstack@g-api.service[99727]: DEBUG glance_store.location [None req-9c22b684-53ce-4a27-91e8-d1810a9b6e6f tempest-TestMinimumBasicScenario-1340139765 tempest-TestMinimumBasicScenario-1340139765-project-member] Registering scheme swift+https with {'store': , 'location_class': , 'store_entry': 'swift'} {{(pid=99727) register_scheme_map /opt/stack/data/venv/lib/python3.12/site-packages/glance_store/location.py:146}}
Jul 24 05:04:21.021270 np0000005801 devstack@g-api.service[99727]: DEBUG glance_store.location [None req-9c22b684-53ce-4a27-91e8-d1810a9b6e6f tempest-TestMinimumBasicScenario-1340139765 tempest-TestMinimumBasicScenario-1340139765-project-member] Registering scheme swift with {'store': , 'location_class': , 'store_entry': 'swift'} {{(pid=99727) register_scheme_map /opt/stack/data/venv/lib/python3.12/site-packages/glance_store/location.py:146}}
Jul 24 05:04:21.021366 np0000005801 devstack@g-api.service[99727]: DEBUG glance_store.location [None req-9c22b684-53ce-4a27-91e8-d1810a9b6e6f tempest-TestMinimumBasicScenario-1340139765 tempest-TestMinimumBasicScenario-1340139765-project-member] Registering scheme swift+http with {'store': , 'location_class': , 'store_entry': 'swift'} {{(pid=99727) register_scheme_map /opt/stack/data/venv/lib/python3.12/site-packages/glance_store/location.py:146}}
Jul 24 05:04:21.021500 np0000005801 devstack@g-api.service[99727]: DEBUG glance_store.location [None req-9c22b684-53ce-4a27-91e8-d1810a9b6e6f tempest-TestMinimumBasicScenario-1340139765 tempest-TestMinimumBasicScenario-1340139765-project-member] Registering scheme swift+config with {'store': , 'location_class': , 'store_entry': 'swift'} {{(pid=99727) register_scheme_map /opt/stack/data/venv/lib/python3.12/site-packages/glance_store/location.py:146}}
Jul 24 05:04:21.022211 np0000005801 devstack@g-api.service[99727]: DEBUG keystoneclient.auth.identity.v3.base [None req-9c22b684-53ce-4a27-91e8-d1810a9b6e6f tempest-TestMinimumBasicScenario-1340139765 tempest-TestMinimumBasicScenario-1340139765-project-member] Making authentication request to https://10.4.3.201/identity/v3/auth/tokens {{(pid=99727) get_auth_ref /opt/stack/data/venv/lib/python3.12/site-packages/keystoneclient/auth/identity/v3/base.py:185}}
