Jul 24 04:55:58.666608 np0000005801 nova-scheduler[93388]: DEBUG cotyledon.oslo_config_glue [-] oslo_messaging_rabbit.rabbit_quorum_max_memory_bytes = 0 {{(pid=93388) log_opt_values /opt/stack/data/venv/lib/python3.12/site-packages/oslo_config/cfg.py:3253}}
Jul 24 04:55:58.666608 np0000005801 nova-scheduler[93388]: DEBUG cotyledon.oslo_config_glue [-] oslo_messaging_rabbit.rabbit_quorum_max_memory_length = 0 {{(pid=93388) log_opt_values /opt/stack/data/venv/lib/python3.12/site-packages/oslo_config/cfg.py:3253}}
Jul 24 04:55:58.666608 np0000005801 nova-scheduler[93388]: DEBUG cotyledon.oslo_config_glue [-] oslo_messaging_rabbit.rabbit_quorum_queue = False {{(pid=93388) log_opt_values /opt/stack/data/venv/lib/python3.12/site-packages/oslo_config/cfg.py:3253}}
Jul 24 04:55:58.666608 np0000005801 nova-scheduler[93388]: DEBUG cotyledon.oslo_config_glue [-] oslo_messaging_rabbit.rabbit_retry_backoff = 2 {{(pid=93388) log_opt_values /opt/stack/data/venv/lib/python3.12/site-packages/oslo_config/cfg.py:3253}}
Jul 24 04:55:58.666608 np0000005801 nova-scheduler[93388]: DEBUG cotyledon.oslo_config_glue [-] oslo_messaging_rabbit.rabbit_retry_interval = 1 {{(pid=93388) log_opt_values /opt/stack/data/venv/lib/python3.12/site-packages/oslo_config/cfg.py:3253}}
Jul 24 04:55:58.666608 np0000005801 nova-scheduler[93388]: DEBUG cotyledon.oslo_config_glue [-] oslo_messaging_rabbit.rabbit_stream_fanout = False {{(pid=93388) log_opt_values /opt/stack/data/venv/lib/python3.12/site-packages/oslo_config/cfg.py:3253}}
Jul 24 04:55:58.666892 np0000005801 nova-scheduler[93388]: DEBUG cotyledon.oslo_config_glue [-] oslo_messaging_rabbit.rabbit_transient_queues_ttl = 1800 {{(pid=93388) log_opt_values /opt/stack/data/venv/lib/python3.12/site-packages/oslo_config/cfg.py:3253}}
Jul 24 04:55:58.666892 np0000005801 nova-scheduler[93388]: DEBUG cotyledon.oslo_config_glue [-] oslo_messaging_rabbit.rabbit_transient_quorum_queue = False {{(pid=93388) log_opt_values /opt/stack/data/venv/lib/python3.12/site-packages/oslo_config/cfg.py:3253}}
Jul 24 04:55:58.666892 np0000005801 nova-scheduler[93388]: DEBUG cotyledon.oslo_config_glue [-] oslo_messaging_rabbit.rpc_conn_pool_size = 30 {{(pid=93388) log_opt_values /opt/stack/data/venv/lib/python3.12/site-packages/oslo_config/cfg.py:3253}}
Jul 24 04:55:58.666892 np0000005801 nova-scheduler[93388]: DEBUG cotyledon.oslo_config_glue [-] oslo_messaging_rabbit.ssl = False {{(pid=93388) log_opt_values /opt/stack/data/venv/lib/python3.12/site-packages/oslo_config/cfg.py:3253}}
Jul 24 04:55:58.666892 np0000005801 nova-scheduler[93388]: DEBUG cotyledon.oslo_config_glue [-] oslo_messaging_rabbit.ssl_ca_file = {{(pid=93388) log_opt_values /opt/stack/data/venv/lib/python3.12/site-packages/oslo_config/cfg.py:3253}}
Jul 24 04:55:58.666892 np0000005801 nova-scheduler[93388]: DEBUG cotyledon.oslo_config_glue [-] oslo_messaging_rabbit.ssl_cert_file = {{(pid=93388) log_opt_values /opt/stack/data/venv/lib/python3.12/site-packages/oslo_config/cfg.py:3253}}
Jul 24 04:55:58.666892 np0000005801 nova-scheduler[93388]: DEBUG cotyledon.oslo_config_glue [-] oslo_messaging_rabbit.ssl_enforce_fips_mode = False {{(pid=93388) log_opt_values /opt/stack/data/venv/lib/python3.12/site-packages/oslo_config/cfg.py:3253}}
Jul 24 04:55:58.666892 np0000005801 nova-scheduler[93388]: DEBUG cotyledon.oslo_config_glue [-] oslo_messaging_rabbit.ssl_enforce_hostname_verification = True {{(pid=93388) log_opt_values /opt/stack/data/venv/lib/python3.12/site-packages/oslo_config/cfg.py:3253}}
Jul 24 04:55:58.666892 np0000005801 nova-scheduler[93388]: DEBUG cotyledon.oslo_config_glue [-] oslo_messaging_rabbit.ssl_key_file = {{(pid=93388) log_opt_values /opt/stack/data/venv/lib/python3.12/site-packages/oslo_config/cfg.py:3253}}
Jul 24 04:55:58.667191 np0000005801 nova-scheduler[93388]: DEBUG cotyledon.oslo_config_glue [-] oslo_messaging_rabbit.ssl_version = {{(pid=93388) log_opt_values /opt/stack/data/venv/lib/python3.12/site-packages/oslo_config/cfg.py:3253}}
Jul 24 04:55:58.667191 np0000005801 nova-scheduler[93388]: DEBUG cotyledon.oslo_config_glue [-] oslo_messaging_rabbit.use_queue_manager = False {{(pid=93388) log_opt_values /opt/stack/data/venv/lib/python3.12/site-packages/oslo_config/cfg.py:3253}}
Jul 24 04:55:58.667191 np0000005801 nova-scheduler[93388]: DEBUG cotyledon.oslo_config_glue [-] oslo_messaging_notifications.driver = ['messagingv2'] {{(pid=93388) log_opt_values /opt/stack/data/venv/lib/python3.12/site-packages/oslo_config/cfg.py:3253}}
Jul 24 04:55:58.667191 np0000005801 nova-scheduler[93388]: DEBUG cotyledon.oslo_config_glue [-] oslo_messaging_notifications.retry = -1 {{(pid=93388) log_opt_values /opt/stack/data/venv/lib/python3.12/site-packages/oslo_config/cfg.py:3253}}
Jul 24 04:55:58.667191 np0000005801 nova-scheduler[93388]: DEBUG cotyledon.oslo_config_glue [-] oslo_messaging_notifications.topics = ['notifications'] {{(pid=93388) log_opt_values /opt/stack/data/venv/lib/python3.12/site-packages/oslo_config/cfg.py:3253}}
Jul 24 04:55:58.667191 np0000005801 nova-scheduler[93388]: DEBUG cotyledon.oslo_config_glue [-] oslo_messaging_notifications.transport_url = **** {{(pid=93388) log_opt_values /opt/stack/data/venv/lib/python3.12/site-packages/oslo_config/cfg.py:3253}}
Jul 24 04:55:58.667191 np0000005801 nova-scheduler[93388]: DEBUG cotyledon.oslo_config_glue [-] oslo_limit.auth_section = None {{(pid=93388) log_opt_values /opt/stack/data/venv/lib/python3.12/site-packages/oslo_config/cfg.py:3253}}
Jul 24 04:55:58.667191 np0000005801 nova-scheduler[93388]: DEBUG cotyledon.oslo_config_glue [-] oslo_limit.auth_type = None {{(pid=93388) log_opt_values /opt/stack/data/venv/lib/python3.12/site-packages/oslo_config/cfg.py:3253}}
Jul 24 04:55:58.667191 np0000005801 nova-scheduler[93388]: DEBUG cotyledon.oslo_config_glue [-] oslo_limit.cafile = None {{(pid=93388) log_opt_values /opt/stack/data/venv/lib/python3.12/site-packages/oslo_config/cfg.py:3253}}
Jul 24 04:55:58.667470 np0000005801 nova-scheduler[93388]: DEBUG cotyledon.oslo_config_glue [-] oslo_limit.certfile = None {{(pid=93388) log_opt_values /opt/stack/data/venv/lib/python3.12/site-packages/oslo_config/cfg.py:3253}}
Jul 24 04:55:58.667470 np0000005801 nova-scheduler[93388]: DEBUG cotyledon.oslo_config_glue [-] oslo_limit.collect_timing = False {{(pid=93388) log_opt_values /opt/stack/data/venv/lib/python3.12/site-packages/oslo_config/cfg.py:3253}}
Jul 24 04:55:58.667470 np0000005801 nova-scheduler[93388]: DEBUG cotyledon.oslo_config_glue [-] oslo_limit.connect_retries = None {{(pid=93388) log_opt_values /opt/stack/data/venv/lib/python3.12/site-packages/oslo_config/cfg.py:3253}}
Jul 24 04:55:58.667470 np0000005801 nova-scheduler[93388]: DEBUG cotyledon.oslo_config_glue [-] oslo_limit.connect_retry_delay = None {{(pid=93388) log_opt_values /opt/stack/data/venv/lib/python3.12/site-packages/oslo_config/cfg.py:3253}}
Jul 24 04:55:58.667470 np0000005801 nova-scheduler[93388]: DEBUG cotyledon.oslo_config_glue [-] oslo_limit.endpoint_id = None {{(pid=93388) log_opt_values /opt/stack/data/venv/lib/python3.12/site-packages/oslo_config/cfg.py:3253}}
Jul 24 04:55:58.667470 np0000005801 nova-scheduler[93388]: DEBUG cotyledon.oslo_config_glue [-] oslo_limit.endpoint_interface = public {{(pid=93388) log_opt_values /opt/stack/data/venv/lib/python3.12/site-packages/oslo_config/cfg.py:3253}}
Jul 24 04:55:58.667470 np0000005801 nova-scheduler[93388]: DEBUG cotyledon.oslo_config_glue [-] oslo_limit.endpoint_override = None {{(pid=93388) log_opt_values /opt/stack/data/venv/lib/python3.12/site-packages/oslo_config/cfg.py:3253}}
Jul 24 04:55:58.667470 np0000005801 nova-scheduler[93388]: DEBUG cotyledon.oslo_config_glue [-] oslo_limit.endpoint_region_name = None {{(pid=93388) log_opt_values /opt/stack/data/venv/lib/python3.12/site-packages/oslo_config/cfg.py:3253}}
Jul 24 04:55:58.667470 np0000005801 nova-scheduler[93388]: DEBUG cotyledon.oslo_config_glue [-] oslo_limit.endpoint_service_name = None {{(pid=93388) log_opt_values /opt/stack/data/venv/lib/python3.12/site-packages/oslo_config/cfg.py:3253}}
Jul 24 04:55:58.667794 np0000005801 nova-scheduler[93388]: DEBUG cotyledon.oslo_config_glue [-] oslo_limit.endpoint_service_type = None {{(pid=93388) log_opt_values /opt/stack/data/venv/lib/python3.12/site-packages/oslo_config/cfg.py:3253}}
Jul 24 04:55:58.667794 np0000005801 nova-scheduler[93388]: DEBUG cotyledon.oslo_config_glue [-] oslo_limit.insecure = False {{(pid=93388) log_opt_values /opt/stack/data/venv/lib/python3.12/site-packages/oslo_config/cfg.py:3253}}
Jul 24 04:55:58.667794 np0000005801 nova-scheduler[93388]: DEBUG cotyledon.oslo_config_glue [-] oslo_limit.keyfile = None {{(pid=93388) log_opt_values /opt/stack/data/venv/lib/python3.12/site-packages/oslo_config/cfg.py:3253}}
Jul 24 04:55:58.667794 np0000005801 nova-scheduler[93388]: DEBUG cotyledon.oslo_config_glue [-] oslo_limit.max_version = None {{(pid=93388) log_opt_values /opt/stack/data/venv/lib/python3.12/site-packages/oslo_config/cfg.py:3253}}
Jul 24 04:55:58.667794 np0000005801 nova-scheduler[93388]: DEBUG cotyledon.oslo_config_glue [-] oslo_limit.min_version = None {{(pid=93388) log_opt_values /opt/stack/data/venv/lib/python3.12/site-packages/oslo_config/cfg.py:3253}}
Jul 24 04:55:58.667794 np0000005801 nova-scheduler[93388]: DEBUG cotyledon.oslo_config_glue [-] oslo_limit.region_name = None {{(pid=93388) log_opt_values /opt/stack/data/venv/lib/python3.12/site-packages/oslo_config/cfg.py:3253}}
Jul 24 04:55:58.667794 np0000005801 nova-scheduler[93388]: DEBUG cotyledon.oslo_config_glue [-] oslo_limit.retriable_status_codes = None {{(pid=93388) log_opt_values /opt/stack/data/venv/lib/python3.12/site-packages/oslo_config/cfg.py:3253}}
Jul 24 04:55:58.667794 np0000005801 nova-scheduler[93388]: DEBUG cotyledon.oslo_config_glue [-] oslo_limit.service_name = None {{(pid=93388) log_opt_values /opt/stack/data/venv/lib/python3.12/site-packages/oslo_config/cfg.py:3253}}
Jul 24 04:55:58.667794 np0000005801 nova-scheduler[93388]: DEBUG cotyledon.oslo_config_glue [-] oslo_limit.service_type = None {{(pid=93388) log_opt_values /opt/stack/data/venv/lib/python3.12/site-packages/oslo_config/cfg.py:3253}}
Jul 24 04:55:58.668076 np0000005801 nova-scheduler[93388]: DEBUG cotyledon.oslo_config_glue [-] oslo_limit.split_loggers = False {{(pid=93388) log_opt_values /opt/stack/data/venv/lib/python3.12/site-packages/oslo_config/cfg.py:3253}}
Jul 24 04:55:58.668076 np0000005801 nova-scheduler[93388]: DEBUG cotyledon.oslo_config_glue [-] oslo_limit.status_code_retries = None {{(pid=93388) log_opt_values /opt/stack/data/venv/lib/python3.12/site-packages/oslo_config/cfg.py:3253}}
Jul 24 04:55:58.668076 np0000005801 nova-scheduler[93388]: DEBUG cotyledon.oslo_config_glue [-] oslo_limit.status_code_retry_delay = None {{(pid=93388) log_opt_values /opt/stack/data/venv/lib/python3.12/site-packages/oslo_config/cfg.py:3253}}
Jul 24 04:55:58.668076 np0000005801 nova-scheduler[93388]: DEBUG cotyledon.oslo_config_glue [-] oslo_limit.timeout = None {{(pid=93388) log_opt_values /opt/stack/data/venv/lib/python3.12/site-packages/oslo_config/cfg.py:3253}}
Jul 24 04:55:58.668076 np0000005801 nova-scheduler[93388]: DEBUG cotyledon.oslo_config_glue [-] oslo_limit.valid_interfaces = None {{(pid=93388) log_opt_values /opt/stack/data/venv/lib/python3.12/site-packages/oslo_config/cfg.py:3253}}
Jul 24 04:55:58.668076 np0000005801 nova-scheduler[93388]: DEBUG cotyledon.oslo_config_glue [-] oslo_limit.version = None {{(pid=93388) log_opt_values /opt/stack/data/venv/lib/python3.12/site-packages/oslo_config/cfg.py:3253}}
Jul 24 04:55:58.668076 np0000005801 nova-scheduler[93388]: DEBUG cotyledon.oslo_config_glue [-] oslo_reports.file_event_handler = None {{(pid=93388) log_opt_values /opt/stack/data/venv/lib/python3.12/site-packages/oslo_config/cfg.py:3253}}
Jul 24 04:55:58.668076 np0000005801 nova-scheduler[93388]: DEBUG cotyledon.oslo_config_glue [-] oslo_reports.file_event_handler_interval = 1 {{(pid=93388) log_opt_values /opt/stack/data/venv/lib/python3.12/site-packages/oslo_config/cfg.py:3253}}
Jul 24 04:55:58.668076 np0000005801 nova-scheduler[93388]: DEBUG cotyledon.oslo_config_glue [-] oslo_reports.log_dir = None {{(pid=93388) log_opt_values /opt/stack/data/venv/lib/python3.12/site-packages/oslo_config/cfg.py:3253}}
Jul 24 04:55:58.668429 np0000005801 nova-scheduler[93388]: DEBUG cotyledon.oslo_config_glue [-] ******************************************************************************** {{(pid=93388) log_opt_values /opt/stack/data/venv/lib/python3.12/site-packages/oslo_config/cfg.py:3260}}
Jul 24 04:55:58.668429 np0000005801 nova-scheduler[93388]: DEBUG cotyledon._service_worker [-] Run service ServiceWrapper(1) [93388] {{(pid=93388) wait_forever /opt/stack/data/venv/lib/python3.12/site-packages/cotyledon/_service_worker.py:218}}
Jul 24 04:55:58.668429 np0000005801 nova-scheduler[93388]: INFO nova.service [-] Starting scheduler node (version 33.1.0)
Jul 24 04:55:58.668429 np0000005801 nova-scheduler[93388]: INFO dbcounter [None req-41ec3fba-5822-4d0f-ada0-518164a99b54 None None] Registered counter for database nova_cell0
Jul 24 04:55:58.695679 np0000005801 nova-scheduler[93419]: DEBUG oslo_db.sqlalchemy.engines [None req-8b2933b6-e6fe-4a89-a67b-681a7647ebe0 None None] MySQL server mode set to STRICT_TRANS_TABLES,STRICT_ALL_TABLES,NO_ZERO_IN_DATE,NO_ZERO_DATE,ERROR_FOR_DIVISION_BY_ZERO,TRADITIONAL,NO_ENGINE_SUBSTITUTION {{(pid=93419) _check_effective_sql_mode /opt/stack/data/venv/lib/python3.12/site-packages/oslo_db/sqlalchemy/engines.py:325}}
Jul 24 04:55:58.699407 np0000005801 nova-scheduler[93388]: DEBUG oslo_db.sqlalchemy.engines [None req-41ec3fba-5822-4d0f-ada0-518164a99b54 None None] MySQL server mode set to STRICT_TRANS_TABLES,STRICT_ALL_TABLES,NO_ZERO_IN_DATE,NO_ZERO_DATE,ERROR_FOR_DIVISION_BY_ZERO,TRADITIONAL,NO_ENGINE_SUBSTITUTION {{(pid=93388) _check_effective_sql_mode /opt/stack/data/venv/lib/python3.12/site-packages/oslo_db/sqlalchemy/engines.py:325}}
Jul 24 04:55:58.703011 np0000005801 nova-scheduler[93376]: DEBUG oslo_db.sqlalchemy.engines [None req-892f7e9f-3d3b-4ad5-aacd-9e88cdcc614a None None] MySQL server mode set to STRICT_TRANS_TABLES,STRICT_ALL_TABLES,NO_ZERO_IN_DATE,NO_ZERO_DATE,ERROR_FOR_DIVISION_BY_ZERO,TRADITIONAL,NO_ENGINE_SUBSTITUTION {{(pid=93376) _check_effective_sql_mode /opt/stack/data/venv/lib/python3.12/site-packages/oslo_db/sqlalchemy/engines.py:325}}
Jul 24 04:55:58.706104 np0000005801 nova-scheduler[93419]: DEBUG dbcounter [-] [93419] Writer thread running {{(pid=93419) stat_writer /opt/stack/data/venv/lib/python3.12/site-packages/dbcounter.py:102}}
Jul 24 04:55:58.709898 np0000005801 nova-scheduler[93388]: DEBUG dbcounter [-] [93388] Writer thread running {{(pid=93388) stat_writer /opt/stack/data/venv/lib/python3.12/site-packages/dbcounter.py:102}}
Jul 24 04:55:58.714032 np0000005801 nova-scheduler[93376]: DEBUG dbcounter [-] [93376] Writer thread running {{(pid=93376) stat_writer /opt/stack/data/venv/lib/python3.12/site-packages/dbcounter.py:102}}
Jul 24 04:55:58.722292 np0000005801 nova-scheduler[93419]: DEBUG nova.service [None req-8b2933b6-e6fe-4a89-a67b-681a7647ebe0 None None] Creating RPC server for service: nova-scheduler on topic: scheduler {{(pid=93419) start /opt/stack/nova/nova/service.py:196}}
Jul 24 04:55:58.726733 np0000005801 nova-scheduler[93388]: DEBUG nova.service [None req-41ec3fba-5822-4d0f-ada0-518164a99b54 None None] Creating RPC server for service: nova-scheduler on topic: scheduler {{(pid=93388) start /opt/stack/nova/nova/service.py:196}}
Jul 24 04:55:58.729282 np0000005801 nova-scheduler[93376]: DEBUG nova.service [None req-892f7e9f-3d3b-4ad5-aacd-9e88cdcc614a None None] Creating RPC server for service: nova-scheduler on topic: scheduler {{(pid=93376) start /opt/stack/nova/nova/service.py:196}}
Jul 24 04:55:58.745328 np0000005801 nova-scheduler[93388]: DEBUG nova.service [None req-41ec3fba-5822-4d0f-ada0-518164a99b54 None None] Join ServiceGroup membership for this service scheduler {{(pid=93388) start /opt/stack/nova/nova/service.py:222}}
Jul 24 04:55:58.745461 np0000005801 nova-scheduler[93419]: DEBUG nova.service [None req-8b2933b6-e6fe-4a89-a67b-681a7647ebe0 None None] Join ServiceGroup membership for this service scheduler {{(pid=93419) start /opt/stack/nova/nova/service.py:222}}
Jul 24 04:55:58.745532 np0000005801 nova-scheduler[93388]: DEBUG nova.servicegroup.drivers.db [None req-41ec3fba-5822-4d0f-ada0-518164a99b54 None None] DB_Driver: join new ServiceGroup member np0000005801 to the scheduler group, service = {{(pid=93388) join /opt/stack/nova/nova/servicegroup/drivers/db.py:44}}
Jul 24 04:55:58.745909 np0000005801 nova-scheduler[93419]: DEBUG nova.servicegroup.drivers.db [None req-8b2933b6-e6fe-4a89-a67b-681a7647ebe0 None None] DB_Driver: join new ServiceGroup member np0000005801 to the scheduler group, service = {{(pid=93419) join /opt/stack/nova/nova/servicegroup/drivers/db.py:44}}
Jul 24 04:55:58.748446 np0000005801 nova-scheduler[93376]: DEBUG nova.service [None req-892f7e9f-3d3b-4ad5-aacd-9e88cdcc614a None None] Join ServiceGroup membership for this service scheduler {{(pid=93376) start /opt/stack/nova/nova/service.py:222}}
Jul 24 04:55:58.748785 np0000005801 nova-scheduler[93376]: DEBUG nova.servicegroup.drivers.db [None req-892f7e9f-3d3b-4ad5-aacd-9e88cdcc614a None None] DB_Driver: join new ServiceGroup member np0000005801 to the scheduler group, service = {{(pid=93376) join /opt/stack/nova/nova/servicegroup/drivers/db.py:44}}
Jul 24 04:56:03.758282 np0000005801 nova-scheduler[93419]: DEBUG oslo.service.backend._threading.loopingcall [-] Fixed interval looping call 'nova.servicegroup.drivers.db.DbDriver._report_state' sleeping for 119.99 seconds {{(pid=93419) _run_loop /opt/stack/data/venv/lib/python3.12/site-packages/oslo_service/backend/_threading/loopingcall.py:125}}
Jul 24 04:56:03.763949 np0000005801 nova-scheduler[93388]: DEBUG oslo.service.backend._threading.loopingcall [-] Fixed interval looping call 'nova.servicegroup.drivers.db.DbDriver._report_state' sleeping for 119.98 seconds {{(pid=93388) _run_loop /opt/stack/data/venv/lib/python3.12/site-packages/oslo_service/backend/_threading/loopingcall.py:125}}
Jul 24 04:56:03.765689 np0000005801 nova-scheduler[93376]: DEBUG oslo.service.backend._threading.loopingcall [-] Fixed interval looping call 'nova.servicegroup.drivers.db.DbDriver._report_state' sleeping for 119.98 seconds {{(pid=93376) _run_loop /opt/stack/data/venv/lib/python3.12/site-packages/oslo_service/backend/_threading/loopingcall.py:125}}
Jul 24 04:56:07.308460 np0000005801 nova-scheduler[92158]: DEBUG dbcounter [-] [92158] Writing DB stats nova_api:SELECT=3 {{(pid=92158) stat_writer /opt/stack/data/venv/lib/python3.12/site-packages/dbcounter.py:115}}
Jul 24 04:56:07.421475 np0000005801 nova-scheduler[92158]: DEBUG dbcounter [-] [92158] Writing DB stats nova_cell0:SELECT=1 {{(pid=92158) stat_writer /opt/stack/data/venv/lib/python3.12/site-packages/dbcounter.py:115}}
Jul 24 04:56:07.426379 np0000005801 nova-scheduler[92158]: DEBUG dbcounter [-] [92158] Writing DB stats nova_cell1:SELECT=1 {{(pid=92158) stat_writer /opt/stack/data/venv/lib/python3.12/site-packages/dbcounter.py:115}}
Jul 24 04:56:13.754419 np0000005801 nova-scheduler[93419]: DEBUG dbcounter [-] [93419] Writing DB stats nova_cell0:SELECT=4,nova_cell0:INSERT=1,nova_cell0:UPDATE=1 {{(pid=93419) stat_writer /opt/stack/data/venv/lib/python3.12/site-packages/dbcounter.py:115}}
Jul 24 04:56:13.759896 np0000005801 nova-scheduler[93388]: DEBUG dbcounter [-] [93388] Writing DB stats nova_cell0:SELECT=5,nova_cell0:INSERT=1,nova_cell0:UPDATE=1 {{(pid=93388) stat_writer /opt/stack/data/venv/lib/python3.12/site-packages/dbcounter.py:115}}
Jul 24 04:56:13.761069 np0000005801 nova-scheduler[93376]: DEBUG dbcounter [-] [93376] Writing DB stats nova_cell0:SELECT=5,nova_cell0:INSERT=1,nova_cell0:UPDATE=1 {{(pid=93376) stat_writer /opt/stack/data/venv/lib/python3.12/site-packages/dbcounter.py:115}}
Jul 24 04:56:14.750832 np0000005801 nova-scheduler[93376]: DEBUG oslo.service.backend._threading.loopingcall [None req-ac87a659-7c91-470b-b73f-464bf1443448 None None] Dynamic interval looping call 'nova.service.Service.periodic_tasks' sleeping for 60.00 seconds {{(pid=93376) _run_loop /opt/stack/data/venv/lib/python3.12/site-packages/oslo_service/backend/_threading/loopingcall.py:125}}
Jul 24 04:56:21.747234 np0000005801 nova-scheduler[93388]: DEBUG oslo.service.backend._threading.loopingcall [None req-6eda4554-643e-46ff-ad12-f9419dbf24da None None] Dynamic interval looping call 'nova.service.Service.periodic_tasks' sleeping for 60.00 seconds {{(pid=93388) _run_loop /opt/stack/data/venv/lib/python3.12/site-packages/oslo_service/backend/_threading/loopingcall.py:125}}
Jul 24 04:56:24.748169 np0000005801 nova-scheduler[93419]: DEBUG oslo.service.backend._threading.loopingcall [None req-c827316c-26b3-4391-b9b0-ef0f081e4192 None None] Dynamic interval looping call 'nova.service.Service.periodic_tasks' sleeping for 60.00 seconds {{(pid=93419) _run_loop /opt/stack/data/venv/lib/python3.12/site-packages/oslo_service/backend/_threading/loopingcall.py:125}}
Jul 24 04:57:14.751364 np0000005801 nova-scheduler[93376]: DEBUG oslo.service.backend._threading.loopingcall [None req-ac87a659-7c91-470b-b73f-464bf1443448 None None] Dynamic interval looping call 'nova.service.Service.periodic_tasks' sleeping for 60.00 seconds {{(pid=93376) _run_loop /opt/stack/data/venv/lib/python3.12/site-packages/oslo_service/backend/_threading/loopingcall.py:125}}
Jul 24 04:57:21.747707 np0000005801 nova-scheduler[93388]: DEBUG oslo.service.backend._threading.loopingcall [None req-6eda4554-643e-46ff-ad12-f9419dbf24da None None] Dynamic interval looping call 'nova.service.Service.periodic_tasks' sleeping for 60.00 seconds {{(pid=93388) _run_loop /opt/stack/data/venv/lib/python3.12/site-packages/oslo_service/backend/_threading/loopingcall.py:125}}
Jul 24 04:57:24.748703 np0000005801 nova-scheduler[93419]: DEBUG oslo.service.backend._threading.loopingcall [None req-c827316c-26b3-4391-b9b0-ef0f081e4192 None None] Dynamic interval looping call 'nova.service.Service.periodic_tasks' sleeping for 60.00 seconds {{(pid=93419) _run_loop /opt/stack/data/venv/lib/python3.12/site-packages/oslo_service/backend/_threading/loopingcall.py:125}}
Jul 24 04:58:03.758720 np0000005801 nova-scheduler[93388]: DEBUG oslo.service.backend._threading.loopingcall [-] Fixed interval looping call 'nova.servicegroup.drivers.db.DbDriver._report_state' sleeping for 119.99 seconds {{(pid=93388) _run_loop /opt/stack/data/venv/lib/python3.12/site-packages/oslo_service/backend/_threading/loopingcall.py:125}}
Jul 24 04:58:03.759257 np0000005801 nova-scheduler[93419]: DEBUG oslo.service.backend._threading.loopingcall [-] Fixed interval looping call 'nova.servicegroup.drivers.db.DbDriver._report_state' sleeping for 119.99 seconds {{(pid=93419) _run_loop /opt/stack/data/venv/lib/python3.12/site-packages/oslo_service/backend/_threading/loopingcall.py:125}}
Jul 24 04:58:03.760177 np0000005801 nova-scheduler[93376]: DEBUG oslo.service.backend._threading.loopingcall [-] Fixed interval looping call 'nova.servicegroup.drivers.db.DbDriver._report_state' sleeping for 119.99 seconds {{(pid=93376) _run_loop /opt/stack/data/venv/lib/python3.12/site-packages/oslo_service/backend/_threading/loopingcall.py:125}}
Jul 24 04:58:13.753486 np0000005801 nova-scheduler[93419]: DEBUG dbcounter [-] [93419] Writing DB stats nova_cell0:SELECT=1,nova_cell0:UPDATE=1 {{(pid=93419) stat_writer /opt/stack/data/venv/lib/python3.12/site-packages/dbcounter.py:115}}
Jul 24 04:58:13.753939 np0000005801 nova-scheduler[93388]: DEBUG dbcounter [-] [93388] Writing DB stats nova_cell0:SELECT=1,nova_cell0:UPDATE=1 {{(pid=93388) stat_writer /opt/stack/data/venv/lib/python3.12/site-packages/dbcounter.py:115}}
Jul 24 04:58:13.755742 np0000005801 nova-scheduler[93376]: DEBUG dbcounter [-] [93376] Writing DB stats nova_cell0:SELECT=1,nova_cell0:UPDATE=1 {{(pid=93376) stat_writer /opt/stack/data/venv/lib/python3.12/site-packages/dbcounter.py:115}}
Jul 24 04:58:14.751913 np0000005801 nova-scheduler[93376]: DEBUG oslo.service.backend._threading.loopingcall [None req-ac87a659-7c91-470b-b73f-464bf1443448 None None] Dynamic interval looping call 'nova.service.Service.periodic_tasks' sleeping for 60.00 seconds {{(pid=93376) _run_loop /opt/stack/data/venv/lib/python3.12/site-packages/oslo_service/backend/_threading/loopingcall.py:125}}
Jul 24 04:58:21.748167 np0000005801 nova-scheduler[93388]: DEBUG oslo.service.backend._threading.loopingcall [None req-6eda4554-643e-46ff-ad12-f9419dbf24da None None] Dynamic interval looping call 'nova.service.Service.periodic_tasks' sleeping for 60.00 seconds {{(pid=93388) _run_loop /opt/stack/data/venv/lib/python3.12/site-packages/oslo_service/backend/_threading/loopingcall.py:125}}
Jul 24 04:58:24.749201 np0000005801 nova-scheduler[93419]: DEBUG oslo.service.backend._threading.loopingcall [None req-c827316c-26b3-4391-b9b0-ef0f081e4192 None None] Dynamic interval looping call 'nova.service.Service.periodic_tasks' sleeping for 60.00 seconds {{(pid=93419) _run_loop /opt/stack/data/venv/lib/python3.12/site-packages/oslo_service/backend/_threading/loopingcall.py:125}}
Jul 24 04:58:26.408972 np0000005801 nova-scheduler[93419]: DEBUG nova.scheduler.manager [None req-67bfb21d-8484-4762-882d-45a1ccaea258 tempest-ServerRescueNegativeTestJSON-1217846723 tempest-ServerRescueNegativeTestJSON-1217846723-project-member] Starting to schedule for instances: ['3f183a60-188a-4622-b122-88d5911ac1e5'] {{(pid=93419) select_destinations /opt/stack/nova/nova/scheduler/manager.py:209}}
Jul 24 04:58:26.409974 np0000005801 nova-scheduler[93419]: DEBUG nova.scheduler.request_filter [None req-67bfb21d-8484-4762-882d-45a1ccaea258 tempest-ServerRescueNegativeTestJSON-1217846723 tempest-ServerRescueNegativeTestJSON-1217846723-project-member] compute_status_filter request filter added forbidden trait COMPUTE_STATUS_DISABLED {{(pid=93419) compute_status_filter /opt/stack/nova/nova/scheduler/request_filter.py:253}}
Jul 24 04:58:26.410167 np0000005801 nova-scheduler[93419]: DEBUG nova.scheduler.request_filter [None req-67bfb21d-8484-4762-882d-45a1ccaea258 tempest-ServerRescueNegativeTestJSON-1217846723 tempest-ServerRescueNegativeTestJSON-1217846723-project-member] Request filter 'compute_status_filter' took 0.0 seconds {{(pid=93419) wrapper /opt/stack/nova/nova/scheduler/request_filter.py:46}}
Jul 24 04:58:26.410469 np0000005801 nova-scheduler[93419]: DEBUG nova.scheduler.request_filter [None req-67bfb21d-8484-4762-882d-45a1ccaea258 tempest-ServerRescueNegativeTestJSON-1217846723 tempest-ServerRescueNegativeTestJSON-1217846723-project-member] Request filter 'accelerators_filter' took 0.0 seconds {{(pid=93419) wrapper /opt/stack/nova/nova/scheduler/request_filter.py:46}}
Jul 24 04:58:26.410756 np0000005801 nova-scheduler[93419]: DEBUG nova.scheduler.request_filter [None req-67bfb21d-8484-4762-882d-45a1ccaea258 tempest-ServerRescueNegativeTestJSON-1217846723 tempest-ServerRescueNegativeTestJSON-1217846723-project-member] Request filter 'packed_virtqueue_filter' took 0.0 seconds {{(pid=93419) wrapper /opt/stack/nova/nova/scheduler/request_filter.py:46}}
Jul 24 04:58:26.411143 np0000005801 nova-scheduler[93419]: DEBUG nova.scheduler.request_filter [None req-67bfb21d-8484-4762-882d-45a1ccaea258 tempest-ServerRescueNegativeTestJSON-1217846723 tempest-ServerRescueNegativeTestJSON-1217846723-project-member] Request filter 'remote_managed_ports_filter' took 0.0 seconds {{(pid=93419) wrapper /opt/stack/nova/nova/scheduler/request_filter.py:46}}
Jul 24 04:58:26.411367 np0000005801 nova-scheduler[93419]: DEBUG nova.scheduler.request_filter [None req-67bfb21d-8484-4762-882d-45a1ccaea258 tempest-ServerRescueNegativeTestJSON-1217846723 tempest-ServerRescueNegativeTestJSON-1217846723-project-member] ephemeral_encryption_filter skipped {{(pid=93419) ephemeral_encryption_filter /opt/stack/nova/nova/scheduler/request_filter.py:426}}
Jul 24 04:58:26.411591 np0000005801 nova-scheduler[93419]: DEBUG nova.scheduler.request_filter [None req-67bfb21d-8484-4762-882d-45a1ccaea258 tempest-ServerRescueNegativeTestJSON-1217846723 tempest-ServerRescueNegativeTestJSON-1217846723-project-member] virtio_sound_filter skipped {{(pid=93419) virtio_sound_filter /opt/stack/nova/nova/scheduler/request_filter.py:460}}
Jul 24 04:58:26.411776 np0000005801 nova-scheduler[93419]: DEBUG nova.scheduler.request_filter [None req-67bfb21d-8484-4762-882d-45a1ccaea258 tempest-ServerRescueNegativeTestJSON-1217846723 tempest-ServerRescueNegativeTestJSON-1217846723-project-member] tpm_secret_security_filter skipped {{(pid=93419) tpm_secret_security_filter /opt/stack/nova/nova/scheduler/request_filter.py:477}}
Jul 24 04:58:26.517138 np0000005801 nova-scheduler[93388]: DEBUG nova.scheduler.manager [None req-86bdd6f4-ded5-4677-aa7f-341bb25f415b tempest-ServersNegativeTestJSON-842725178 tempest-ServersNegativeTestJSON-842725178-project-member] Starting to schedule for instances: ['8f417cfc-96ca-4452-badd-4b2e31c238c8'] {{(pid=93388) select_destinations /opt/stack/nova/nova/scheduler/manager.py:209}}
Jul 24 04:58:26.517943 np0000005801 nova-scheduler[93388]: DEBUG nova.scheduler.request_filter [None req-86bdd6f4-ded5-4677-aa7f-341bb25f415b tempest-ServersNegativeTestJSON-842725178 tempest-ServersNegativeTestJSON-842725178-project-member] compute_status_filter request filter added forbidden trait COMPUTE_STATUS_DISABLED {{(pid=93388) compute_status_filter /opt/stack/nova/nova/scheduler/request_filter.py:253}}
Jul 24 04:58:26.518610 np0000005801 nova-scheduler[93388]: DEBUG nova.scheduler.request_filter [None req-86bdd6f4-ded5-4677-aa7f-341bb25f415b tempest-ServersNegativeTestJSON-842725178 tempest-ServersNegativeTestJSON-842725178-project-member] Request filter 'compute_status_filter' took 0.0 seconds {{(pid=93388) wrapper /opt/stack/nova/nova/scheduler/request_filter.py:46}}
Jul 24 04:58:26.519466 np0000005801 nova-scheduler[93388]: DEBUG nova.scheduler.request_filter [None req-86bdd6f4-ded5-4677-aa7f-341bb25f415b tempest-ServersNegativeTestJSON-842725178 tempest-ServersNegativeTestJSON-842725178-project-member] Request filter 'accelerators_filter' took 0.0 seconds {{(pid=93388) wrapper /opt/stack/nova/nova/scheduler/request_filter.py:46}}
Jul 24 04:58:26.519591 np0000005801 nova-scheduler[93388]: DEBUG nova.scheduler.request_filter [None req-86bdd6f4-ded5-4677-aa7f-341bb25f415b tempest-ServersNegativeTestJSON-842725178 tempest-ServersNegativeTestJSON-842725178-project-member] Request filter 'packed_virtqueue_filter' took 0.0 seconds {{(pid=93388) wrapper /opt/stack/nova/nova/scheduler/request_filter.py:46}}
Jul 24 04:58:26.520176 np0000005801 nova-scheduler[93388]: DEBUG nova.scheduler.request_filter [None req-86bdd6f4-ded5-4677-aa7f-341bb25f415b tempest-ServersNegativeTestJSON-842725178 tempest-ServersNegativeTestJSON-842725178-project-member] Request filter 'remote_managed_ports_filter' took 0.0 seconds {{(pid=93388) wrapper /opt/stack/nova/nova/scheduler/request_filter.py:46}}
Jul 24 04:58:26.520348 np0000005801 nova-scheduler[93388]: DEBUG nova.scheduler.request_filter [None req-86bdd6f4-ded5-4677-aa7f-341bb25f415b tempest-ServersNegativeTestJSON-842725178 tempest-ServersNegativeTestJSON-842725178-project-member] ephemeral_encryption_filter skipped {{(pid=93388) ephemeral_encryption_filter /opt/stack/nova/nova/scheduler/request_filter.py:426}}
Jul 24 04:58:26.520524 np0000005801 nova-scheduler[93388]: DEBUG nova.scheduler.request_filter [None req-86bdd6f4-ded5-4677-aa7f-341bb25f415b tempest-ServersNegativeTestJSON-842725178 tempest-ServersNegativeTestJSON-842725178-project-member] virtio_sound_filter skipped {{(pid=93388) virtio_sound_filter /opt/stack/nova/nova/scheduler/request_filter.py:460}}
Jul 24 04:58:26.520690 np0000005801 nova-scheduler[93388]: DEBUG nova.scheduler.request_filter [None req-86bdd6f4-ded5-4677-aa7f-341bb25f415b tempest-ServersNegativeTestJSON-842725178 tempest-ServersNegativeTestJSON-842725178-project-member] tpm_secret_security_filter skipped {{(pid=93388) tpm_secret_security_filter /opt/stack/nova/nova/scheduler/request_filter.py:477}}
Jul 24 04:58:26.879577 np0000005801 nova-scheduler[93419]: INFO nova.utils [None req-67bfb21d-8484-4762-882d-45a1ccaea258 tempest-ServerRescueNegativeTestJSON-1217846723 tempest-ServerRescueNegativeTestJSON-1217846723-project-member] The cell worker thread pool ForkProcess-3.cell_worker is initialized
Jul 24 04:58:26.879904 np0000005801 nova-scheduler[93419]: DEBUG oslo_concurrency.lockutils [None req-67bfb21d-8484-4762-882d-45a1ccaea258 tempest-ServerRescueNegativeTestJSON-1217846723 tempest-ServerRescueNegativeTestJSON-1217846723-project-member] Acquiring lock "730785a1-25a4-4b31-98e1-123afa5e7a67" by "nova.context.set_target_cell..get_or_set_cached_cell_and_set_connections" {{(pid=93419) inner /opt/stack/data/venv/lib/python3.12/site-packages/oslo_concurrency/lockutils.py:512}}
Jul 24 04:58:26.880372 np0000005801 nova-scheduler[93419]: DEBUG oslo_concurrency.lockutils [None req-67bfb21d-8484-4762-882d-45a1ccaea258 tempest-ServerRescueNegativeTestJSON-1217846723 tempest-ServerRescueNegativeTestJSON-1217846723-project-member] Lock "730785a1-25a4-4b31-98e1-123afa5e7a67" acquired by "nova.context.set_target_cell..get_or_set_cached_cell_and_set_connections" :: waited 0.000s {{(pid=93419) inner /opt/stack/data/venv/lib/python3.12/site-packages/oslo_concurrency/lockutils.py:525}}
Jul 24 04:58:26.883205 np0000005801 nova-scheduler[93419]: DEBUG oslo_concurrency.lockutils [None req-67bfb21d-8484-4762-882d-45a1ccaea258 tempest-ServerRescueNegativeTestJSON-1217846723 tempest-ServerRescueNegativeTestJSON-1217846723-project-member] Lock "730785a1-25a4-4b31-98e1-123afa5e7a67" "released" by "nova.context.set_target_cell..get_or_set_cached_cell_and_set_connections" :: held 0.003s {{(pid=93419) inner /opt/stack/data/venv/lib/python3.12/site-packages/oslo_concurrency/lockutils.py:544}}
Jul 24 04:58:26.886170 np0000005801 nova-scheduler[93419]: INFO dbcounter [None req-67bfb21d-8484-4762-882d-45a1ccaea258 tempest-ServerRescueNegativeTestJSON-1217846723 tempest-ServerRescueNegativeTestJSON-1217846723-project-member] Registered counter for database nova_cell1
Jul 24 04:58:26.888871 np0000005801 nova-scheduler[93388]: INFO nova.utils [None req-86bdd6f4-ded5-4677-aa7f-341bb25f415b tempest-ServersNegativeTestJSON-842725178 tempest-ServersNegativeTestJSON-842725178-project-member] The cell worker thread pool ForkProcess-2.cell_worker is initialized
Jul 24 04:58:26.889164 np0000005801 nova-scheduler[93388]: DEBUG oslo_concurrency.lockutils [None req-86bdd6f4-ded5-4677-aa7f-341bb25f415b tempest-ServersNegativeTestJSON-842725178 tempest-ServersNegativeTestJSON-842725178-project-member] Acquiring lock "730785a1-25a4-4b31-98e1-123afa5e7a67" by "nova.context.set_target_cell..get_or_set_cached_cell_and_set_connections" {{(pid=93388) inner /opt/stack/data/venv/lib/python3.12/site-packages/oslo_concurrency/lockutils.py:512}}
Jul 24 04:58:26.889320 np0000005801 nova-scheduler[93388]: DEBUG oslo_concurrency.lockutils [None req-86bdd6f4-ded5-4677-aa7f-341bb25f415b tempest-ServersNegativeTestJSON-842725178 tempest-ServersNegativeTestJSON-842725178-project-member] Lock "730785a1-25a4-4b31-98e1-123afa5e7a67" acquired by "nova.context.set_target_cell..get_or_set_cached_cell_and_set_connections" :: waited 0.000s {{(pid=93388) inner /opt/stack/data/venv/lib/python3.12/site-packages/oslo_concurrency/lockutils.py:525}}
Jul 24 04:58:26.890878 np0000005801 nova-scheduler[93388]: DEBUG oslo_concurrency.lockutils [None req-86bdd6f4-ded5-4677-aa7f-341bb25f415b tempest-ServersNegativeTestJSON-842725178 tempest-ServersNegativeTestJSON-842725178-project-member] Lock "730785a1-25a4-4b31-98e1-123afa5e7a67" "released" by "nova.context.set_target_cell..get_or_set_cached_cell_and_set_connections" :: held 0.001s {{(pid=93388) inner /opt/stack/data/venv/lib/python3.12/site-packages/oslo_concurrency/lockutils.py:544}}
Jul 24 04:58:26.893436 np0000005801 nova-scheduler[93388]: INFO dbcounter [None req-86bdd6f4-ded5-4677-aa7f-341bb25f415b tempest-ServersNegativeTestJSON-842725178 tempest-ServersNegativeTestJSON-842725178-project-member] Registered counter for database nova_cell1
Jul 24 04:58:26.927004 np0000005801 nova-scheduler[93419]: DEBUG oslo_db.sqlalchemy.engines [None req-67bfb21d-8484-4762-882d-45a1ccaea258 tempest-ServerRescueNegativeTestJSON-1217846723 tempest-ServerRescueNegativeTestJSON-1217846723-project-member] MySQL server mode set to STRICT_TRANS_TABLES,STRICT_ALL_TABLES,NO_ZERO_IN_DATE,NO_ZERO_DATE,ERROR_FOR_DIVISION_BY_ZERO,TRADITIONAL,NO_ENGINE_SUBSTITUTION {{(pid=93419) _check_effective_sql_mode /opt/stack/data/venv/lib/python3.12/site-packages/oslo_db/sqlalchemy/engines.py:325}}
Jul 24 04:58:26.928041 np0000005801 nova-scheduler[93388]: DEBUG oslo_db.sqlalchemy.engines [None req-86bdd6f4-ded5-4677-aa7f-341bb25f415b tempest-ServersNegativeTestJSON-842725178 tempest-ServersNegativeTestJSON-842725178-project-member] MySQL server mode set to STRICT_TRANS_TABLES,STRICT_ALL_TABLES,NO_ZERO_IN_DATE,NO_ZERO_DATE,ERROR_FOR_DIVISION_BY_ZERO,TRADITIONAL,NO_ENGINE_SUBSTITUTION {{(pid=93388) _check_effective_sql_mode /opt/stack/data/venv/lib/python3.12/site-packages/oslo_db/sqlalchemy/engines.py:325}}
Jul 24 04:58:26.932423 np0000005801 nova-scheduler[93419]: DEBUG dbcounter [-] [93419] Writer thread running {{(pid=93419) stat_writer /opt/stack/data/venv/lib/python3.12/site-packages/dbcounter.py:102}}
Jul 24 04:58:26.932918 np0000005801 nova-scheduler[93388]: DEBUG dbcounter [-] [93388] Writer thread running {{(pid=93388) stat_writer /opt/stack/data/venv/lib/python3.12/site-packages/dbcounter.py:102}}
Jul 24 04:58:26.945153 np0000005801 nova-scheduler[93388]: DEBUG oslo_db.sqlalchemy.engines [None req-86bdd6f4-ded5-4677-aa7f-341bb25f415b tempest-ServersNegativeTestJSON-842725178 tempest-ServersNegativeTestJSON-842725178-project-member] Parent process 92158 forked (93388) with an open database connection, which is being discarded and recreated. {{(pid=93388) checkout /opt/stack/data/venv/lib/python3.12/site-packages/oslo_db/sqlalchemy/engines.py:402}}
Jul 24 04:58:27.005904 np0000005801 nova-scheduler[93388]: DEBUG dbcounter [-] [93388] Writer thread running {{(pid=93388) stat_writer /opt/stack/data/venv/lib/python3.12/site-packages/dbcounter.py:102}}
Jul 24 04:58:27.008009 np0000005801 nova-scheduler[93388]: DEBUG oslo_concurrency.lockutils [None req-86bdd6f4-ded5-4677-aa7f-341bb25f415b tempest-ServersNegativeTestJSON-842725178 tempest-ServersNegativeTestJSON-842725178-project-member] Acquiring lock "730785a1-25a4-4b31-98e1-123afa5e7a67" by "nova.context.set_target_cell..get_or_set_cached_cell_and_set_connections" {{(pid=93388) inner /opt/stack/data/venv/lib/python3.12/site-packages/oslo_concurrency/lockutils.py:512}}
Jul 24 04:58:27.008175 np0000005801 nova-scheduler[93388]: DEBUG oslo_concurrency.lockutils [None req-86bdd6f4-ded5-4677-aa7f-341bb25f415b tempest-ServersNegativeTestJSON-842725178 tempest-ServersNegativeTestJSON-842725178-project-member] Lock "730785a1-25a4-4b31-98e1-123afa5e7a67" acquired by "nova.context.set_target_cell..get_or_set_cached_cell_and_set_connections" :: waited 0.000s {{(pid=93388) inner /opt/stack/data/venv/lib/python3.12/site-packages/oslo_concurrency/lockutils.py:525}}
Jul 24 04:58:27.008351 np0000005801 nova-scheduler[93388]: DEBUG oslo_concurrency.lockutils [None req-86bdd6f4-ded5-4677-aa7f-341bb25f415b tempest-ServersNegativeTestJSON-842725178 tempest-ServersNegativeTestJSON-842725178-project-member] Lock "730785a1-25a4-4b31-98e1-123afa5e7a67" "released" by "nova.context.set_target_cell..get_or_set_cached_cell_and_set_connections" :: held 0.000s {{(pid=93388) inner /opt/stack/data/venv/lib/python3.12/site-packages/oslo_concurrency/lockutils.py:544}}
Jul 24 04:58:27.008674 np0000005801 nova-scheduler[93419]: DEBUG dbcounter [-] [93419] Writer thread running {{(pid=93419) stat_writer /opt/stack/data/venv/lib/python3.12/site-packages/dbcounter.py:102}}
Jul 24 04:58:27.011145 np0000005801 nova-scheduler[93419]: DEBUG oslo_concurrency.lockutils [None req-67bfb21d-8484-4762-882d-45a1ccaea258 tempest-ServerRescueNegativeTestJSON-1217846723 tempest-ServerRescueNegativeTestJSON-1217846723-project-member] Acquiring lock "730785a1-25a4-4b31-98e1-123afa5e7a67" by "nova.context.set_target_cell..get_or_set_cached_cell_and_set_connections" {{(pid=93419) inner /opt/stack/data/venv/lib/python3.12/site-packages/oslo_concurrency/lockutils.py:512}}
Jul 24 04:58:27.011272 np0000005801 nova-scheduler[93419]: DEBUG oslo_concurrency.lockutils [None req-67bfb21d-8484-4762-882d-45a1ccaea258 tempest-ServerRescueNegativeTestJSON-1217846723 tempest-ServerRescueNegativeTestJSON-1217846723-project-member] Lock "730785a1-25a4-4b31-98e1-123afa5e7a67" acquired by "nova.context.set_target_cell..get_or_set_cached_cell_and_set_connections" :: waited 0.000s {{(pid=93419) inner /opt/stack/data/venv/lib/python3.12/site-packages/oslo_concurrency/lockutils.py:525}}
Jul 24 04:58:27.011389 np0000005801 nova-scheduler[93419]: DEBUG oslo_concurrency.lockutils [None req-67bfb21d-8484-4762-882d-45a1ccaea258 tempest-ServerRescueNegativeTestJSON-1217846723 tempest-ServerRescueNegativeTestJSON-1217846723-project-member] Lock "730785a1-25a4-4b31-98e1-123afa5e7a67" "released" by "nova.context.set_target_cell..get_or_set_cached_cell_and_set_connections" :: held 0.000s {{(pid=93419) inner /opt/stack/data/venv/lib/python3.12/site-packages/oslo_concurrency/lockutils.py:544}}
Jul 24 04:58:27.012242 np0000005801 nova-scheduler[93388]: DEBUG oslo_concurrency.lockutils [None req-86bdd6f4-ded5-4677-aa7f-341bb25f415b tempest-ServersNegativeTestJSON-842725178 tempest-ServersNegativeTestJSON-842725178-project-member] Acquiring lock "np0000005801-np0000005801" by "nova.scheduler.host_manager.HostState.update.._locked_update" {{(pid=93388) inner /opt/stack/data/venv/lib/python3.12/site-packages/oslo_concurrency/lockutils.py:512}}
Jul 24 04:58:27.012463 np0000005801 nova-scheduler[93388]: DEBUG oslo_concurrency.lockutils [None req-86bdd6f4-ded5-4677-aa7f-341bb25f415b tempest-ServersNegativeTestJSON-842725178 tempest-ServersNegativeTestJSON-842725178-project-member] Lock "np0000005801-np0000005801" acquired by "nova.scheduler.host_manager.HostState.update.._locked_update" :: waited 0.000s {{(pid=93388) inner /opt/stack/data/venv/lib/python3.12/site-packages/oslo_concurrency/lockutils.py:525}}
Jul 24 04:58:27.014141 np0000005801 nova-scheduler[93419]: DEBUG oslo_concurrency.lockutils [None req-67bfb21d-8484-4762-882d-45a1ccaea258 tempest-ServerRescueNegativeTestJSON-1217846723 tempest-ServerRescueNegativeTestJSON-1217846723-project-member] Acquiring lock "np0000005801-np0000005801" by "nova.scheduler.host_manager.HostState.update.._locked_update" {{(pid=93419) inner /opt/stack/data/venv/lib/python3.12/site-packages/oslo_concurrency/lockutils.py:512}}
Jul 24 04:58:27.014141 np0000005801 nova-scheduler[93419]: DEBUG oslo_concurrency.lockutils [None req-67bfb21d-8484-4762-882d-45a1ccaea258 tempest-ServerRescueNegativeTestJSON-1217846723 tempest-ServerRescueNegativeTestJSON-1217846723-project-member] Lock "np0000005801-np0000005801" acquired by "nova.scheduler.host_manager.HostState.update.._locked_update" :: waited 0.000s {{(pid=93419) inner /opt/stack/data/venv/lib/python3.12/site-packages/oslo_concurrency/lockutils.py:525}}
Jul 24 04:58:27.014232 np0000005801 nova-scheduler[93388]: DEBUG nova.scheduler.host_manager [None req-86bdd6f4-ded5-4677-aa7f-341bb25f415b tempest-ServersNegativeTestJSON-842725178 tempest-ServersNegativeTestJSON-842725178-project-member] Update host state from compute node: ComputeNode(cpu_allocation_ratio=4.0,cpu_info='{"arch": "x86_64", "model": "EPYC-Milan", "vendor": "AMD", "topology": {"cells": 1, "sockets": 16, "cores": 1, "threads": 1}, "maxphysaddr": {"mode": "emulate", "bits": 40}, "features": ["stibp", "sse4.2", "misalignsse", "null-sel-clr-base", "sse4a", "sha-ni", "virt-ssbd", "fpu", "arat", "xgetbv1", "cmp_legacy", "mmxext", "amd-stibp", "ibrs", "mtrr", "sep", "x2apic", "amd-ssbd", "pni", "v-vmsave-vmload", "vaes", "pat", "bmi1", "fma", "pause-filter", "erms", "osvw", "perfctr_core", "pdpe1gb", "topoext", "popcnt", "rdrand", "abm", "lm", "3dnowprefetch", "invpcid", "spec-ctrl", "lfence-always-serializing", "pfthreshold", "tsc-deadline", "nx", "syscall", "clwb", "vpclmulqdq", "rdctl-no", "tsc-scale", "xsavec", "pku", "adx", "wbnoinvd", "amd-psfd", "stibp-always-on", "mca", "rdpid", "skip-l1dfl-vmentry", "rdseed", "vmcb-clean", "pschange-mc-no", "pcid", "cr8legacy", "clflushopt", "lbrv", "ssbd", "clzero", "tsc", "flushbyasid", "mds-no", "cmov", "hypervisor", "fsrm", "aes", "npt", "avx2", "msr", "pse36", "fsgsbase", "nrip-save", "pge", "xsaveerptr", "mce", "clflush", "movbe", "xsaveopt", "avx", "f16c", "lahf_lm", "cx16", "vme", "gds-no", "sse4.1", "arch-capabilities", "no-nested-data-bp", "sse", "pclmuldq", "vgif", "mmx", "fxsr_opt", "svme-addr-chk", "sse2", "pse", "smap", "cx8", "ibpb", "svm", "xsave", "apic", "de", "smep", "ssse3", "pae", "fxsr", "bmi2", "umip", "tsc_adjust", "xsaves", "rdtscp"]}',created_at=2026-07-24T04:56:20Z,current_workload=0,deleted=False,deleted_at=None,disk_allocation_ratio=1.0,disk_available_least=73,free_disk_gb=95,free_ram_mb=62765,host='np0000005801',host_ip=10.4.3.201,hypervisor_hostname='np0000005801',hypervisor_type='QEMU',hypervisor_version=8002002,id=1,local_gb=95,local_gb_used=0,mapped=1,memory_mb=63277,memory_mb_used=512,metrics='[]',numa_topology='{"nova_object.name": "NUMATopology", "nova_object.namespace": "nova", "nova_object.version": "1.2", "nova_object.data": {"cells": [{"nova_object.name": "NUMACell", "nova_object.namespace": "nova", "nova_object.version": "1.5", "nova_object.data": {"id": 0, "cpuset": [0, 1, 2, 3, 4, 5, 6, 7, 8, 9, 10, 11, 12, 13, 14, 15], "pcpuset": [0, 1, 2, 3, 4, 5, 6, 7, 8, 9, 10, 11, 12, 13, 14, 15], "memory": 63277, "cpu_usage": 0, "memory_usage": 0, "pinned_cpus": [], "siblings": [[6], [12], [2], [15], [5], [11], [8], [14], [4], [1], [7], [10], [0], [13], [3], [9]], "mempages": [{"nova_object.name": "NUMAPagesTopology", "nova_object.namespace": "nova", "nova_object.version": "1.1", "nova_object.data": {"size_kb": 4, "total": 16177929, "used": 0, "reserved": 0}, "nova_object.changes": ["total", "reserved", "size_kb", "used"]}, {"nova_object.name": "NUMAPagesTopology", "nova_object.namespace": "nova", "nova_object.version": "1.1", "nova_object.data": {"size_kb": 2048, "total": 41, "used": 0, "reserved": 0}, "nova_object.changes": ["total", "reserved", "size_kb", "used"]}, {"nova_object.name": "NUMAPagesTopology", "nova_object.namespace": "nova", "nova_object.version": "1.1", "nova_object.data": {"size_kb": 1048576, "total": 0, "used": 0, "reserved": 0}, "nova_object.changes": ["total", "reserved", "size_kb", "used"]}], "network_metadata": {"nova_object.name": "NetworkMetadata", "nova_object.namespace": "nova", "nova_object.version": "1.0", "nova_object.data": {"physnets": [], "tunneled": false}, "nova_object.changes": ["physnets", "tunneled"]}, "socket": null}, "nova_object.changes": ["network_metadata", "memory", "socket", "cpu_usage", "pinned_cpus", "siblings", "mempages", "cpuset", "id", "memory_usage", "pcpuset"]}]}, "nova_object.changes": ["cells"]}',pci_device_pools=PciDevicePoolList,ram_allocation_ratio=1.0,running_vms=0,service_id=2,stats={failed_builds='0',uptime=' 04:58:08 up 13 min, 2 users, load average: 1.38, 1.25, 0.73
Jul 24 04:58:27.014232 np0000005801 nova-scheduler[93388]: '},supported_hv_specs=[HVSpec,HVSpec,HVSpec,HVSpec,HVSpec,HVSpec,HVSpec,HVSpec,HVSpec,HVSpec,HVSpec,HVSpec,HVSpec,HVSpec,HVSpec,HVSpec,HVSpec,HVSpec,HVSpec,HVSpec,HVSpec,HVSpec,HVSpec,HVSpec,HVSpec],updated_at=2026-07-24T04:58:08Z,uuid=655ffa64-c1cb-46aa-ba8e-db36ee47b92f,vcpus=16,vcpus_used=0) {{(pid=93388) _locked_update /opt/stack/nova/nova/scheduler/host_manager.py:168}}
