Jul 24 05:11:47.483279 np0000005801 devstack@placement-api.service[89990]: INFO placement.requestlog [req-f64459eb-12ea-420a-b88f-59b7055f4017 req-45749002-becc-451a-8a1a-98b901a28ff5 service nova] 10.4.3.201 "GET /placement/allocation_candidates?limit=1000&resources=MEMORY_MB%3A192%2CVCPU%3A1&root_required=%21COMPUTE_STATUS_DISABLED" status: 200 len: 2478 microversion: 1.36
Jul 24 05:11:47.483577 np0000005801 devstack@placement-api.service[89990]: [pid: 89990|app: 0|req: 471/1409] 10.4.3.201 () {68 vars in 1597 bytes} [Fri Jul 24 05:11:47 2026] GET /placement/allocation_candidates?limit=1000&resources=MEMORY_MB%3A192%2CVCPU%3A1&root_required=%21COMPUTE_STATUS_DISABLED => generated 2478 bytes in 49 msecs (HTTP/1.1 200) 8 headers in 297 bytes (1 switches on core 0)
Jul 24 05:11:47.527040 np0000005801 devstack@placement-api.service[89989]: DEBUG placement.requestlog [req-f64459eb-12ea-420a-b88f-59b7055f4017 req-e17ac151-155f-4525-bdd2-9b113bd4adec None None] Starting request: 10.4.3.201 "GET /placement/allocations/bf3d2344-a84b-40ba-88b6-241913a62ea5" {{(pid=89989) __call__ /opt/stack/placement/placement/requestlog.py:55}}
Jul 24 05:11:47.537656 np0000005801 devstack@placement-api.service[89989]: INFO placement.requestlog [req-f64459eb-12ea-420a-b88f-59b7055f4017 req-e17ac151-155f-4525-bdd2-9b113bd4adec service nova] 10.4.3.201 "GET /placement/allocations/bf3d2344-a84b-40ba-88b6-241913a62ea5" status: 200 len: 19 microversion: 1.28
Jul 24 05:11:47.537886 np0000005801 devstack@placement-api.service[89989]: [pid: 89989|app: 0|req: 470/1410] 10.4.3.201 () {68 vars in 1501 bytes} [Fri Jul 24 05:11:47 2026] GET /placement/allocations/bf3d2344-a84b-40ba-88b6-241913a62ea5 => generated 19 bytes in 11 msecs (HTTP/1.1 200) 8 headers in 295 bytes (1 switches on core 0)
Jul 24 05:11:47.564289 np0000005801 devstack@placement-api.service[89988]: DEBUG placement.requestlog [req-f64459eb-12ea-420a-b88f-59b7055f4017 req-7f324fb8-d39c-488d-ae60-16f3a94685ea None None] Starting request: 10.4.3.201 "PUT /placement/allocations/bf3d2344-a84b-40ba-88b6-241913a62ea5" {{(pid=89988) __call__ /opt/stack/placement/placement/requestlog.py:55}}
Jul 24 05:11:47.601681 np0000005801 devstack@placement-api.service[89988]: DEBUG placement.handlers.allocation [req-f64459eb-12ea-420a-b88f-59b7055f4017 req-7f324fb8-d39c-488d-ae60-16f3a94685ea service nova] Successfully wrote allocations [, ] {{(pid=89988) _update_consumers_and_create_allocations /opt/stack/placement/placement/handlers/allocation.py:462}}
Jul 24 05:11:47.603930 np0000005801 devstack@placement-api.service[89988]: INFO placement.requestlog [req-f64459eb-12ea-420a-b88f-59b7055f4017 req-7f324fb8-d39c-488d-ae60-16f3a94685ea service nova] 10.4.3.201 "PUT /placement/allocations/bf3d2344-a84b-40ba-88b6-241913a62ea5" status: 204 len: 0 microversion: 1.36
Jul 24 05:11:47.604187 np0000005801 devstack@placement-api.service[89988]: [pid: 89988|app: 0|req: 470/1411] 10.4.3.201 () {72 vars in 1554 bytes} [Fri Jul 24 05:11:47 2026] PUT /placement/allocations/bf3d2344-a84b-40ba-88b6-241913a62ea5 => generated 0 bytes in 40 msecs (HTTP/1.1 204) 5 headers in 199 bytes (1 switches on core 0)
Jul 24 05:11:47.787398 np0000005801 devstack@placement-api.service[89990]: DEBUG placement.requestlog [req-f64459eb-12ea-420a-b88f-59b7055f4017 req-8c2be838-74b2-4b35-a7c9-8d8c33215f18 None None] Starting request: 10.4.3.201 "GET /placement/allocations/bf3d2344-a84b-40ba-88b6-241913a62ea5" {{(pid=89990) __call__ /opt/stack/placement/placement/requestlog.py:55}}
Jul 24 05:11:47.808783 np0000005801 devstack@placement-api.service[89990]: INFO placement.requestlog [req-f64459eb-12ea-420a-b88f-59b7055f4017 req-8c2be838-74b2-4b35-a7c9-8d8c33215f18 service nova] 10.4.3.201 "GET /placement/allocations/bf3d2344-a84b-40ba-88b6-241913a62ea5" status: 200 len: 244 microversion: 1.28
Jul 24 05:11:47.809184 np0000005801 devstack@placement-api.service[89990]: [pid: 89990|app: 0|req: 472/1412] 10.4.3.201 () {68 vars in 1499 bytes} [Fri Jul 24 05:11:47 2026] GET /placement/allocations/bf3d2344-a84b-40ba-88b6-241913a62ea5 => generated 244 bytes in 22 msecs (HTTP/1.1 200) 8 headers in 296 bytes (1 switches on core 0)
Jul 24 05:11:47.915273 np0000005801 devstack@placement-api.service[89989]: DEBUG placement.requestlog [req-f64459eb-12ea-420a-b88f-59b7055f4017 req-f4cde337-2e5b-4fa0-90f1-6bd0e949cf3e None None] Starting request: 10.4.3.201 "GET /placement/resource_providers/655ffa64-c1cb-46aa-ba8e-db36ee47b92f/allocations" {{(pid=89989) __call__ /opt/stack/placement/placement/requestlog.py:55}}
Jul 24 05:11:47.928858 np0000005801 devstack@placement-api.service[89989]: INFO placement.requestlog [req-f64459eb-12ea-420a-b88f-59b7055f4017 req-f4cde337-2e5b-4fa0-90f1-6bd0e949cf3e service nova] 10.4.3.201 "GET /placement/resource_providers/655ffa64-c1cb-46aa-ba8e-db36ee47b92f/allocations" status: 200 len: 239 microversion: 1.0
Jul 24 05:11:47.929209 np0000005801 devstack@placement-api.service[89989]: [pid: 89989|app: 0|req: 471/1413] 10.4.3.201 () {66 vars in 1512 bytes} [Fri Jul 24 05:11:47 2026] GET /placement/resource_providers/655ffa64-c1cb-46aa-ba8e-db36ee47b92f/allocations => generated 239 bytes in 14 msecs (HTTP/1.1 200) 6 headers in 224 bytes (1 switches on core 0)
Jul 24 05:11:47.961517 np0000005801 devstack@placement-api.service[89988]: DEBUG placement.requestlog [req-f64459eb-12ea-420a-b88f-59b7055f4017 req-881c611e-476f-4838-9a64-caf6a6a6e74e None None] Starting request: 10.4.3.201 "GET /placement/allocations/bf3d2344-a84b-40ba-88b6-241913a62ea5" {{(pid=89988) __call__ /opt/stack/placement/placement/requestlog.py:55}}
Jul 24 05:11:47.971402 np0000005801 devstack@placement-api.service[89988]: INFO placement.requestlog [req-f64459eb-12ea-420a-b88f-59b7055f4017 req-881c611e-476f-4838-9a64-caf6a6a6e74e service nova] 10.4.3.201 "GET /placement/allocations/bf3d2344-a84b-40ba-88b6-241913a62ea5" status: 200 len: 244 microversion: 1.28
Jul 24 05:11:47.971690 np0000005801 devstack@placement-api.service[89988]: [pid: 89988|app: 0|req: 471/1414] 10.4.3.201 () {68 vars in 1499 bytes} [Fri Jul 24 05:11:47 2026] GET /placement/allocations/bf3d2344-a84b-40ba-88b6-241913a62ea5 => generated 244 bytes in 10 msecs (HTTP/1.1 200) 8 headers in 296 bytes (1 switches on core 0)
Jul 24 05:11:48.016975 np0000005801 devstack@placement-api.service[89990]: DEBUG placement.requestlog [req-f64459eb-12ea-420a-b88f-59b7055f4017 req-f5b2b808-1d80-4b18-afb3-3a5f3376369f None None] Starting request: 10.4.3.201 "GET /placement/allocations/82368f5e-1296-4a08-b04c-f8c0ad1eb362" {{(pid=89990) __call__ /opt/stack/placement/placement/requestlog.py:55}}
Jul 24 05:11:48.024187 np0000005801 devstack@placement-api.service[89990]: INFO placement.requestlog [req-f64459eb-12ea-420a-b88f-59b7055f4017 req-f5b2b808-1d80-4b18-afb3-3a5f3376369f service nova] 10.4.3.201 "GET /placement/allocations/82368f5e-1296-4a08-b04c-f8c0ad1eb362" status: 200 len: 258 microversion: 1.28
Jul 24 05:11:48.024376 np0000005801 devstack@placement-api.service[89990]: [pid: 89990|app: 0|req: 473/1415] 10.4.3.201 () {68 vars in 1499 bytes} [Fri Jul 24 05:11:48 2026] GET /placement/allocations/82368f5e-1296-4a08-b04c-f8c0ad1eb362 => generated 258 bytes in 7 msecs (HTTP/1.1 200) 8 headers in 296 bytes (1 switches on core 0)
Jul 24 05:11:57.927321 np0000005801 devstack@placement-api.service[89989]: DEBUG dbcounter [-] [89989] Writing DB stats placement:SELECT=18,placement:INSERT=6,placement:DELETE=2,placement:UPDATE=2 {{(pid=89989) stat_writer /opt/stack/data/venv/lib/python3.12/site-packages/dbcounter.py:115}}
Jul 24 05:11:57.969849 np0000005801 devstack@placement-api.service[89988]: DEBUG dbcounter [-] [89988] Writing DB stats placement:SELECT=27,placement:INSERT=5,placement:DELETE=2,placement:UPDATE=2 {{(pid=89988) stat_writer /opt/stack/data/venv/lib/python3.12/site-packages/dbcounter.py:115}}
Jul 24 05:11:58.023098 np0000005801 devstack@placement-api.service[89990]: DEBUG dbcounter [-] [89990] Writing DB stats placement:SELECT=20 {{(pid=89990) stat_writer /opt/stack/data/venv/lib/python3.12/site-packages/dbcounter.py:115}}
Jul 24 05:12:20.611316 np0000005801 devstack@placement-api.service[89989]: DEBUG placement.requestlog [req-c9303841-f934-40d3-9ba3-0f903098c2c6 req-102733cb-92b8-49dd-a86d-f15434dd0497 None None] Starting request: 10.4.3.201 "GET /placement/resource_providers/655ffa64-c1cb-46aa-ba8e-db36ee47b92f/allocations" {{(pid=89989) __call__ /opt/stack/placement/placement/requestlog.py:55}}
Jul 24 05:12:20.624147 np0000005801 devstack@placement-api.service[89989]: INFO placement.requestlog [req-c9303841-f934-40d3-9ba3-0f903098c2c6 req-102733cb-92b8-49dd-a86d-f15434dd0497 service nova] 10.4.3.201 "GET /placement/resource_providers/655ffa64-c1cb-46aa-ba8e-db36ee47b92f/allocations" status: 200 len: 239 microversion: 1.0
Jul 24 05:12:20.624433 np0000005801 devstack@placement-api.service[89989]: [pid: 89989|app: 0|req: 472/1416] 10.4.3.201 () {66 vars in 1512 bytes} [Fri Jul 24 05:12:20 2026] GET /placement/resource_providers/655ffa64-c1cb-46aa-ba8e-db36ee47b92f/allocations => generated 239 bytes in 13 msecs (HTTP/1.1 200) 6 headers in 224 bytes (1 switches on core 0)
Jul 24 05:12:20.662941 np0000005801 devstack@placement-api.service[89988]: DEBUG placement.requestlog [req-c9303841-f934-40d3-9ba3-0f903098c2c6 req-8629041e-734a-45c1-b0c2-2a9b4792c5ea None None] Starting request: 10.4.3.201 "GET /placement/resource_providers/655ffa64-c1cb-46aa-ba8e-db36ee47b92f/allocations" {{(pid=89988) __call__ /opt/stack/placement/placement/requestlog.py:55}}
Jul 24 05:12:20.677759 np0000005801 devstack@placement-api.service[89988]: INFO placement.requestlog [req-c9303841-f934-40d3-9ba3-0f903098c2c6 req-8629041e-734a-45c1-b0c2-2a9b4792c5ea service nova] 10.4.3.201 "GET /placement/resource_providers/655ffa64-c1cb-46aa-ba8e-db36ee47b92f/allocations" status: 200 len: 239 microversion: 1.0
Jul 24 05:12:20.678059 np0000005801 devstack@placement-api.service[89988]: [pid: 89988|app: 0|req: 472/1417] 10.4.3.201 () {66 vars in 1512 bytes} [Fri Jul 24 05:12:20 2026] GET /placement/resource_providers/655ffa64-c1cb-46aa-ba8e-db36ee47b92f/allocations => generated 239 bytes in 15 msecs (HTTP/1.1 200) 6 headers in 224 bytes (1 switches on core 0)
Jul 24 05:12:20.717519 np0000005801 devstack@placement-api.service[89990]: DEBUG placement.requestlog [req-c9303841-f934-40d3-9ba3-0f903098c2c6 req-e642ea80-41e5-4724-85fb-100602a0b81c None None] Starting request: 10.4.3.201 "GET /placement/allocations/bf3d2344-a84b-40ba-88b6-241913a62ea5" {{(pid=89990) __call__ /opt/stack/placement/placement/requestlog.py:55}}
Jul 24 05:12:20.727954 np0000005801 devstack@placement-api.service[89990]: INFO placement.requestlog [req-c9303841-f934-40d3-9ba3-0f903098c2c6 req-e642ea80-41e5-4724-85fb-100602a0b81c service nova] 10.4.3.201 "GET /placement/allocations/bf3d2344-a84b-40ba-88b6-241913a62ea5" status: 200 len: 244 microversion: 1.28
Jul 24 05:12:20.728259 np0000005801 devstack@placement-api.service[89990]: [pid: 89990|app: 0|req: 474/1418] 10.4.3.201 () {68 vars in 1499 bytes} [Fri Jul 24 05:12:20 2026] GET /placement/allocations/bf3d2344-a84b-40ba-88b6-241913a62ea5 => generated 244 bytes in 11 msecs (HTTP/1.1 200) 8 headers in 296 bytes (1 switches on core 0)
Jul 24 05:12:20.757700 np0000005801 devstack@placement-api.service[89989]: DEBUG placement.requestlog [req-c9303841-f934-40d3-9ba3-0f903098c2c6 req-a7d7dd0e-76b1-4734-88b0-ccf482f4dd9c None None] Starting request: 10.4.3.201 "GET /placement/allocations/82368f5e-1296-4a08-b04c-f8c0ad1eb362" {{(pid=89989) __call__ /opt/stack/placement/placement/requestlog.py:55}}
Jul 24 05:12:20.765190 np0000005801 devstack@placement-api.service[89989]: INFO placement.requestlog [req-c9303841-f934-40d3-9ba3-0f903098c2c6 req-a7d7dd0e-76b1-4734-88b0-ccf482f4dd9c service nova] 10.4.3.201 "GET /placement/allocations/82368f5e-1296-4a08-b04c-f8c0ad1eb362" status: 200 len: 258 microversion: 1.28
Jul 24 05:12:20.765384 np0000005801 devstack@placement-api.service[89989]: [pid: 89989|app: 0|req: 473/1419] 10.4.3.201 () {68 vars in 1499 bytes} [Fri Jul 24 05:12:20 2026] GET /placement/allocations/82368f5e-1296-4a08-b04c-f8c0ad1eb362 => generated 258 bytes in 8 msecs (HTTP/1.1 200) 8 headers in 296 bytes (1 switches on core 0)
Jul 24 05:12:30.676424 np0000005801 devstack@placement-api.service[89988]: DEBUG dbcounter [-] [89988] Writing DB stats placement:SELECT=3 {{(pid=89988) stat_writer /opt/stack/data/venv/lib/python3.12/site-packages/dbcounter.py:115}}
Jul 24 05:12:30.726085 np0000005801 devstack@placement-api.service[89990]: DEBUG dbcounter [-] [89990] Writing DB stats placement:SELECT=2 {{(pid=89990) stat_writer /opt/stack/data/venv/lib/python3.12/site-packages/dbcounter.py:115}}
Jul 24 05:12:30.764031 np0000005801 devstack@placement-api.service[89989]: DEBUG dbcounter [-] [89989] Writing DB stats placement:SELECT=5 {{(pid=89989) stat_writer /opt/stack/data/venv/lib/python3.12/site-packages/dbcounter.py:115}}
Jul 24 05:12:31.190861 np0000005801 devstack@placement-api.service[89988]: DEBUG placement.requestlog [req-95e7ef3f-6394-40d6-b173-1c3d8f3a947c req-ad90ebb2-2e61-42ea-95e7-8b08f52b1400 None None] Starting request: 10.4.3.201 "GET /placement/resource_providers/655ffa64-c1cb-46aa-ba8e-db36ee47b92f/allocations" {{(pid=89988) __call__ /opt/stack/placement/placement/requestlog.py:55}}
Jul 24 05:12:31.203834 np0000005801 devstack@placement-api.service[89988]: INFO placement.requestlog [req-95e7ef3f-6394-40d6-b173-1c3d8f3a947c req-ad90ebb2-2e61-42ea-95e7-8b08f52b1400 service nova] 10.4.3.201 "GET /placement/resource_providers/655ffa64-c1cb-46aa-ba8e-db36ee47b92f/allocations" status: 200 len: 239 microversion: 1.0
Jul 24 05:12:31.204181 np0000005801 devstack@placement-api.service[89988]: [pid: 89988|app: 0|req: 473/1420] 10.4.3.201 () {66 vars in 1512 bytes} [Fri Jul 24 05:12:31 2026] GET /placement/resource_providers/655ffa64-c1cb-46aa-ba8e-db36ee47b92f/allocations => generated 239 bytes in 13 msecs (HTTP/1.1 200) 6 headers in 224 bytes (1 switches on core 0)
Jul 24 05:12:31.236115 np0000005801 devstack@placement-api.service[89990]: DEBUG placement.requestlog [req-95e7ef3f-6394-40d6-b173-1c3d8f3a947c req-b4b42804-28de-4e63-9b7e-107a5b84100a None None] Starting request: 10.4.3.201 "GET /placement/allocations/bf3d2344-a84b-40ba-88b6-241913a62ea5" {{(pid=89990) __call__ /opt/stack/placement/placement/requestlog.py:55}}
Jul 24 05:12:31.244814 np0000005801 devstack@placement-api.service[89990]: INFO placement.requestlog [req-95e7ef3f-6394-40d6-b173-1c3d8f3a947c req-b4b42804-28de-4e63-9b7e-107a5b84100a service nova] 10.4.3.201 "GET /placement/allocations/bf3d2344-a84b-40ba-88b6-241913a62ea5" status: 200 len: 244 microversion: 1.28
Jul 24 05:12:31.245205 np0000005801 devstack@placement-api.service[89990]: [pid: 89990|app: 0|req: 475/1421] 10.4.3.201 () {68 vars in 1499 bytes} [Fri Jul 24 05:12:31 2026] GET /placement/allocations/bf3d2344-a84b-40ba-88b6-241913a62ea5 => generated 244 bytes in 9 msecs (HTTP/1.1 200) 8 headers in 296 bytes (1 switches on core 0)
Jul 24 05:12:31.290377 np0000005801 devstack@placement-api.service[89989]: DEBUG placement.requestlog [req-95e7ef3f-6394-40d6-b173-1c3d8f3a947c req-6873e89e-301e-4d9a-86c9-796a71b5e71a None None] Starting request: 10.4.3.201 "GET /placement/allocations/82368f5e-1296-4a08-b04c-f8c0ad1eb362" {{(pid=89989) __call__ /opt/stack/placement/placement/requestlog.py:55}}
Jul 24 05:12:31.299326 np0000005801 devstack@placement-api.service[89989]: INFO placement.requestlog [req-95e7ef3f-6394-40d6-b173-1c3d8f3a947c req-6873e89e-301e-4d9a-86c9-796a71b5e71a service nova] 10.4.3.201 "GET /placement/allocations/82368f5e-1296-4a08-b04c-f8c0ad1eb362" status: 200 len: 258 microversion: 1.28
Jul 24 05:12:31.299521 np0000005801 devstack@placement-api.service[89989]: [pid: 89989|app: 0|req: 474/1422] 10.4.3.201 () {68 vars in 1499 bytes} [Fri Jul 24 05:12:31 2026] GET /placement/allocations/82368f5e-1296-4a08-b04c-f8c0ad1eb362 => generated 258 bytes in 9 msecs (HTTP/1.1 200) 8 headers in 296 bytes (1 switches on core 0)
Jul 24 05:12:31.364985 np0000005801 devstack@placement-api.service[89988]: DEBUG placement.requestlog [req-95e7ef3f-6394-40d6-b173-1c3d8f3a947c req-b20786fb-3727-4aa9-b679-b93b01675fd5 None None] Starting request: 10.4.3.201 "DELETE /placement/allocations/82368f5e-1296-4a08-b04c-f8c0ad1eb362" {{(pid=89988) __call__ /opt/stack/placement/placement/requestlog.py:55}}
Jul 24 05:12:31.382007 np0000005801 devstack@placement-api.service[89988]: DEBUG placement.handlers.allocation [req-95e7ef3f-6394-40d6-b173-1c3d8f3a947c req-b20786fb-3727-4aa9-b679-b93b01675fd5 service nova] Successfully deleted allocations [, , ] {{(pid=89988) delete_allocations /opt/stack/placement/placement/handlers/allocation.py:627}}
Jul 24 05:12:31.382235 np0000005801 devstack@placement-api.service[89988]: INFO placement.requestlog [req-95e7ef3f-6394-40d6-b173-1c3d8f3a947c req-b20786fb-3727-4aa9-b679-b93b01675fd5 service nova] 10.4.3.201 "DELETE /placement/allocations/82368f5e-1296-4a08-b04c-f8c0ad1eb362" status: 204 len: 0 microversion: 1.0
Jul 24 05:12:31.382608 np0000005801 devstack@placement-api.service[89988]: [pid: 89988|app: 0|req: 474/1423] 10.4.3.201 () {68 vars in 1477 bytes} [Fri Jul 24 05:12:31 2026] DELETE /placement/allocations/82368f5e-1296-4a08-b04c-f8c0ad1eb362 => generated 0 bytes in 18 msecs (HTTP/1.1 204) 5 headers in 198 bytes (1 switches on core 0)
Jul 24 05:12:32.431190 np0000005801 devstack@placement-api.service[89990]: DEBUG placement.requestlog [req-2b2e4afa-0db0-45a7-8435-e05b0e6eed46 req-624418f8-1d18-4c9b-a65a-96ec13177deb None None] Starting request: 10.4.3.201 "DELETE /placement/allocations/bf3d2344-a84b-40ba-88b6-241913a62ea5" {{(pid=89990) __call__ /opt/stack/placement/placement/requestlog.py:55}}
Jul 24 05:12:32.445649 np0000005801 devstack@placement-api.service[89990]: DEBUG placement.handlers.allocation [req-2b2e4afa-0db0-45a7-8435-e05b0e6eed46 req-624418f8-1d18-4c9b-a65a-96ec13177deb service nova] Successfully deleted allocations [, ] {{(pid=89990) delete_allocations /opt/stack/placement/placement/handlers/allocation.py:627}}
Jul 24 05:12:32.445880 np0000005801 devstack@placement-api.service[89990]: INFO placement.requestlog [req-2b2e4afa-0db0-45a7-8435-e05b0e6eed46 req-624418f8-1d18-4c9b-a65a-96ec13177deb service nova] 10.4.3.201 "DELETE /placement/allocations/bf3d2344-a84b-40ba-88b6-241913a62ea5" status: 204 len: 0 microversion: 1.0
Jul 24 05:12:32.446048 np0000005801 devstack@placement-api.service[89990]: [pid: 89990|app: 0|req: 476/1424] 10.4.3.201 () {68 vars in 1477 bytes} [Fri Jul 24 05:12:32 2026] DELETE /placement/allocations/bf3d2344-a84b-40ba-88b6-241913a62ea5 => generated 0 bytes in 15 msecs (HTTP/1.1 204) 5 headers in 198 bytes (1 switches on core 0)
Jul 24 05:12:32.510420 np0000005801 devstack@placement-api.service[89989]: DEBUG placement.requestlog [req-2b2e4afa-0db0-45a7-8435-e05b0e6eed46 req-14c293c8-efe6-4ecb-8653-0599b69501d6 None None] Starting request: 10.4.3.201 "GET /placement/resource_providers/655ffa64-c1cb-46aa-ba8e-db36ee47b92f/allocations" {{(pid=89989) __call__ /opt/stack/placement/placement/requestlog.py:55}}
Jul 24 05:12:32.519722 np0000005801 devstack@placement-api.service[89989]: INFO placement.requestlog [req-2b2e4afa-0db0-45a7-8435-e05b0e6eed46 req-14c293c8-efe6-4ecb-8653-0599b69501d6 service nova] 10.4.3.201 "GET /placement/resource_providers/655ffa64-c1cb-46aa-ba8e-db36ee47b92f/allocations" status: 200 len: 55 microversion: 1.0
Jul 24 05:12:32.519963 np0000005801 devstack@placement-api.service[89989]: [pid: 89989|app: 0|req: 475/1425] 10.4.3.201 () {66 vars in 1512 bytes} [Fri Jul 24 05:12:32 2026] GET /placement/resource_providers/655ffa64-c1cb-46aa-ba8e-db36ee47b92f/allocations => generated 55 bytes in 10 msecs (HTTP/1.1 200) 6 headers in 223 bytes (1 switches on core 0)
Jul 24 05:12:33.968485 np0000005801 devstack@placement-api.service[89988]: DEBUG placement.requestlog [req-0dff6354-1a57-43c9-81d2-75361ba7cebf req-e0699679-8973-4ddc-94cc-3c290a2e6ef5 None None] Starting request: 10.4.3.201 "GET /placement/allocation_candidates?limit=1000&resources=MEMORY_MB%3A192%2CVCPU%3A1&root_required=%21COMPUTE_STATUS_DISABLED" {{(pid=89988) __call__ /opt/stack/placement/placement/requestlog.py:55}}
Jul 24 05:12:33.986751 np0000005801 devstack@placement-api.service[89988]: DEBUG placement.objects.research_context [req-0dff6354-1a57-43c9-81d2-75361ba7cebf req-e0699679-8973-4ddc-94cc-3c290a2e6ef5 service nova] getting providers with 192 MEMORY_MB {{(pid=89988) __init__ /opt/stack/placement/placement/objects/research_context.py:137}}
Jul 24 05:12:33.990902 np0000005801 devstack@placement-api.service[89988]: DEBUG placement.objects.research_context [req-0dff6354-1a57-43c9-81d2-75361ba7cebf req-e0699679-8973-4ddc-94cc-3c290a2e6ef5 service nova] getting providers with 1 VCPU {{(pid=89988) __init__ /opt/stack/placement/placement/objects/research_context.py:137}}
Jul 24 05:12:33.994660 np0000005801 devstack@placement-api.service[89988]: DEBUG placement.objects.research_context [req-0dff6354-1a57-43c9-81d2-75361ba7cebf req-e0699679-8973-4ddc-94cc-3c290a2e6ef5 service nova] found 1 providers with available 192 MEMORY_MB {{(pid=89988) get_provider_ids_matching /opt/stack/placement/placement/objects/research_context.py:563}}
Jul 24 05:12:33.994844 np0000005801 devstack@placement-api.service[89988]: DEBUG placement.objects.research_context [req-0dff6354-1a57-43c9-81d2-75361ba7cebf req-e0699679-8973-4ddc-94cc-3c290a2e6ef5 service nova] found 1 providers with available 1 VCPU {{(pid=89988) get_provider_ids_matching /opt/stack/placement/placement/objects/research_context.py:563}}
Jul 24 05:12:33.994912 np0000005801 devstack@placement-api.service[89988]: DEBUG placement.objects.research_context [req-0dff6354-1a57-43c9-81d2-75361ba7cebf req-e0699679-8973-4ddc-94cc-3c290a2e6ef5 service nova] found 1 providers after filtering by previous result {{(pid=89988) get_provider_ids_matching /opt/stack/placement/placement/objects/research_context.py:594}}
Jul 24 05:12:34.002302 np0000005801 devstack@placement-api.service[89988]: DEBUG placement.objects.allocation_candidate [req-0dff6354-1a57-43c9-81d2-75361ba7cebf req-e0699679-8973-4ddc-94cc-3c290a2e6ef5 service nova] RequestGroup(use_same_provider=False, resources={MEMORY_MB:192, VCPU:1}, traits=(), aggregates=[]) (suffix '') returned 1 matches {{(pid=89988) _get_by_requests /opt/stack/placement/placement/objects/allocation_candidate.py:158}}
Jul 24 05:12:34.002471 np0000005801 devstack@placement-api.service[89988]: DEBUG placement.objects.allocation_candidate [req-0dff6354-1a57-43c9-81d2-75361ba7cebf req-e0699679-8973-4ddc-94cc-3c290a2e6ef5 service nova] Merging candidates yields 1 allocation requests and 1 provider summaries {{(pid=89988) _merge_candidates /opt/stack/placement/placement/objects/allocation_candidate.py:908}}
Jul 24 05:12:34.003549 np0000005801 devstack@placement-api.service[89988]: INFO placement.requestlog [req-0dff6354-1a57-43c9-81d2-75361ba7cebf req-e0699679-8973-4ddc-94cc-3c290a2e6ef5 service nova] 10.4.3.201 "GET /placement/allocation_candidates?limit=1000&resources=MEMORY_MB%3A192%2CVCPU%3A1&root_required=%21COMPUTE_STATUS_DISABLED" status: 200 len: 2476 microversion: 1.36
Jul 24 05:12:34.003790 np0000005801 devstack@placement-api.service[89988]: [pid: 89988|app: 0|req: 475/1426] 10.4.3.201 () {68 vars in 1597 bytes} [Fri Jul 24 05:12:33 2026] GET /placement/allocation_candidates?limit=1000&resources=MEMORY_MB%3A192%2CVCPU%3A1&root_required=%21COMPUTE_STATUS_DISABLED => generated 2476 bytes in 35 msecs (HTTP/1.1 200) 8 headers in 297 bytes (1 switches on core 0)
Jul 24 05:12:34.054177 np0000005801 devstack@placement-api.service[89990]: DEBUG placement.requestlog [req-0dff6354-1a57-43c9-81d2-75361ba7cebf req-b3e44edd-ccb4-4f39-826d-f44693000b9c None None] Starting request: 10.4.3.201 "GET /placement/allocations/bf3d2344-a84b-40ba-88b6-241913a62ea5" {{(pid=89990) __call__ /opt/stack/placement/placement/requestlog.py:55}}
Jul 24 05:12:34.060666 np0000005801 devstack@placement-api.service[89990]: INFO placement.requestlog [req-0dff6354-1a57-43c9-81d2-75361ba7cebf req-b3e44edd-ccb4-4f39-826d-f44693000b9c service nova] 10.4.3.201 "GET /placement/allocations/bf3d2344-a84b-40ba-88b6-241913a62ea5" status: 200 len: 19 microversion: 1.28
Jul 24 05:12:34.060912 np0000005801 devstack@placement-api.service[89990]: [pid: 89990|app: 0|req: 477/1427] 10.4.3.201 () {68 vars in 1501 bytes} [Fri Jul 24 05:12:34 2026] GET /placement/allocations/bf3d2344-a84b-40ba-88b6-241913a62ea5 => generated 19 bytes in 7 msecs (HTTP/1.1 200) 8 headers in 295 bytes (1 switches on core 0)
Jul 24 05:12:34.095280 np0000005801 devstack@placement-api.service[89989]: DEBUG placement.requestlog [req-0dff6354-1a57-43c9-81d2-75361ba7cebf req-aa8ada72-ec11-481e-abe1-08e3caaa3639 None None] Starting request: 10.4.3.201 "PUT /placement/allocations/bf3d2344-a84b-40ba-88b6-241913a62ea5" {{(pid=89989) __call__ /opt/stack/placement/placement/requestlog.py:55}}
Jul 24 05:12:34.128803 np0000005801 devstack@placement-api.service[89989]: DEBUG placement.handlers.allocation [req-0dff6354-1a57-43c9-81d2-75361ba7cebf req-aa8ada72-ec11-481e-abe1-08e3caaa3639 service nova] Successfully wrote allocations [, ] {{(pid=89989) _update_consumers_and_create_allocations /opt/stack/placement/placement/handlers/allocation.py:462}}
Jul 24 05:12:34.131483 np0000005801 devstack@placement-api.service[89989]: INFO placement.requestlog [req-0dff6354-1a57-43c9-81d2-75361ba7cebf req-aa8ada72-ec11-481e-abe1-08e3caaa3639 service nova] 10.4.3.201 "PUT /placement/allocations/bf3d2344-a84b-40ba-88b6-241913a62ea5" status: 204 len: 0 microversion: 1.36
Jul 24 05:12:34.131823 np0000005801 devstack@placement-api.service[89989]: [pid: 89989|app: 0|req: 476/1428] 10.4.3.201 () {72 vars in 1554 bytes} [Fri Jul 24 05:12:34 2026] PUT /placement/allocations/bf3d2344-a84b-40ba-88b6-241913a62ea5 => generated 0 bytes in 37 msecs (HTTP/1.1 204) 5 headers in 199 bytes (1 switches on core 0)
Jul 24 05:12:34.568152 np0000005801 devstack@placement-api.service[89988]: DEBUG placement.requestlog [req-0dff6354-1a57-43c9-81d2-75361ba7cebf req-1d96049e-d32c-4ff8-a664-5de3e96cb59c None None] Starting request: 10.4.3.201 "GET /placement/allocations/bf3d2344-a84b-40ba-88b6-241913a62ea5" {{(pid=89988) __call__ /opt/stack/placement/placement/requestlog.py:55}}
Jul 24 05:12:34.575643 np0000005801 devstack@placement-api.service[89988]: INFO placement.requestlog [req-0dff6354-1a57-43c9-81d2-75361ba7cebf req-1d96049e-d32c-4ff8-a664-5de3e96cb59c service nova] 10.4.3.201 "GET /placement/allocations/bf3d2344-a84b-40ba-88b6-241913a62ea5" status: 200 len: 244 microversion: 1.28
Jul 24 05:12:34.575990 np0000005801 devstack@placement-api.service[89988]: [pid: 89988|app: 0|req: 476/1429] 10.4.3.201 () {68 vars in 1499 bytes} [Fri Jul 24 05:12:34 2026] GET /placement/allocations/bf3d2344-a84b-40ba-88b6-241913a62ea5 => generated 244 bytes in 8 msecs (HTTP/1.1 200) 8 headers in 296 bytes (1 switches on core 0)
Jul 24 05:12:34.655182 np0000005801 devstack@placement-api.service[89990]: DEBUG placement.requestlog [None req-d461bef8-a832-47d7-9614-913c80366b5b None None] Starting request: 10.4.3.201 "GET /placement/resource_providers/d734a71d-37f1-40cd-aa1a-6bc26a667328/aggregates" {{(pid=89990) __call__ /opt/stack/placement/placement/requestlog.py:55}}
Jul 24 05:12:34.660408 np0000005801 devstack@placement-api.service[89990]: INFO placement.requestlog [None req-d461bef8-a832-47d7-9614-913c80366b5b service placement] 10.4.3.201 "GET /placement/resource_providers/d734a71d-37f1-40cd-aa1a-6bc26a667328/aggregates" status: 404 len: 235 microversion: 1.1
Jul 24 05:12:34.660619 np0000005801 devstack@placement-api.service[89990]: [pid: 89990|app: 0|req: 478/1430] 10.4.3.201 () {66 vars in 1474 bytes} [Fri Jul 24 05:12:34 2026] GET /placement/resource_providers/d734a71d-37f1-40cd-aa1a-6bc26a667328/aggregates => generated 235 bytes in 5 msecs (HTTP/1.1 404) 5 headers in 202 bytes (1 switches on core 0)
Jul 24 05:12:34.663758 np0000005801 devstack@placement-api.service[89989]: DEBUG placement.requestlog [req-0dff6354-1a57-43c9-81d2-75361ba7cebf req-9690103b-5e0e-48d4-945c-070d322aa816 None None] Starting request: 10.4.3.201 "GET /placement/resource_providers/655ffa64-c1cb-46aa-ba8e-db36ee47b92f/allocations" {{(pid=89989) __call__ /opt/stack/placement/placement/requestlog.py:55}}
Jul 24 05:12:34.673425 np0000005801 devstack@placement-api.service[89989]: INFO placement.requestlog [req-0dff6354-1a57-43c9-81d2-75361ba7cebf req-9690103b-5e0e-48d4-945c-070d322aa816 service nova] 10.4.3.201 "GET /placement/resource_providers/655ffa64-c1cb-46aa-ba8e-db36ee47b92f/allocations" status: 200 len: 139 microversion: 1.0
Jul 24 05:12:34.673425 np0000005801 devstack@placement-api.service[89989]: [pid: 89989|app: 0|req: 477/1431] 10.4.3.201 () {66 vars in 1512 bytes} [Fri Jul 24 05:12:34 2026] GET /placement/resource_providers/655ffa64-c1cb-46aa-ba8e-db36ee47b92f/allocations => generated 139 bytes in 9 msecs (HTTP/1.1 200) 6 headers in 224 bytes (1 switches on core 0)
Jul 24 05:12:34.698158 np0000005801 devstack@placement-api.service[89988]: DEBUG placement.requestlog [req-0dff6354-1a57-43c9-81d2-75361ba7cebf req-74f20878-c210-469f-b684-bc49718b60ec None None] Starting request: 10.4.3.201 "GET /placement/allocations/bf3d2344-a84b-40ba-88b6-241913a62ea5" {{(pid=89988) __call__ /opt/stack/placement/placement/requestlog.py:55}}
Jul 24 05:12:34.698371 np0000005801 devstack@placement-api.service[89990]: DEBUG placement.requestlog [None req-a434ec7a-9b93-4193-971f-90b01ebea7e5 None None] Starting request: 10.4.3.201 "DELETE /placement/resource_providers/d734a71d-37f1-40cd-aa1a-6bc26a667328" {{(pid=89990) __call__ /opt/stack/placement/placement/requestlog.py:55}}
Jul 24 05:12:34.704668 np0000005801 devstack@placement-api.service[89990]: DEBUG placement.wsgi_wrapper [None req-a434ec7a-9b93-4193-971f-90b01ebea7e5 service placement] Placement API returning an error response: No resource provider with uuid d734a71d-37f1-40cd-aa1a-6bc26a667328 found for delete {{(pid=89990) call_func /opt/stack/placement/placement/wsgi_wrapper.py:31}}
Jul 24 05:12:34.705036 np0000005801 devstack@placement-api.service[89990]: INFO placement.requestlog [None req-a434ec7a-9b93-4193-971f-90b01ebea7e5 service placement] 10.4.3.201 "DELETE /placement/resource_providers/d734a71d-37f1-40cd-aa1a-6bc26a667328" status: 404 len: 246 microversion: 1.1
Jul 24 05:12:34.705228 np0000005801 devstack@placement-api.service[89990]: [pid: 89990|app: 0|req: 479/1432] 10.4.3.201 () {68 vars in 1463 bytes} [Fri Jul 24 05:12:34 2026] DELETE /placement/resource_providers/d734a71d-37f1-40cd-aa1a-6bc26a667328 => generated 246 bytes in 7 msecs (HTTP/1.1 404) 6 headers in 231 bytes (1 switches on core 0)
Jul 24 05:12:34.706872 np0000005801 devstack@placement-api.service[89988]: INFO placement.requestlog [req-0dff6354-1a57-43c9-81d2-75361ba7cebf req-74f20878-c210-469f-b684-bc49718b60ec service nova] 10.4.3.201 "GET /placement/allocations/bf3d2344-a84b-40ba-88b6-241913a62ea5" status: 200 len: 244 microversion: 1.28
Jul 24 05:12:34.707098 np0000005801 devstack@placement-api.service[89988]: [pid: 89988|app: 0|req: 477/1433] 10.4.3.201 () {68 vars in 1499 bytes} [Fri Jul 24 05:12:34 2026] GET /placement/allocations/bf3d2344-a84b-40ba-88b6-241913a62ea5 => generated 244 bytes in 9 msecs (HTTP/1.1 200) 8 headers in 296 bytes (1 switches on core 0)
Jul 24 05:12:36.710157 np0000005801 devstack@placement-api.service[89989]: DEBUG placement.requestlog [None req-c5d9566c-f53a-489d-aee5-5f82ac8bbcca None None] Starting request: 10.4.3.201 "GET /placement/resource_providers/41647ef8-c90b-4662-a932-26e0158a9935/aggregates" {{(pid=89989) __call__ /opt/stack/placement/placement/requestlog.py:55}}
Jul 24 05:12:36.718238 np0000005801 devstack@placement-api.service[89989]: INFO placement.requestlog [None req-c5d9566c-f53a-489d-aee5-5f82ac8bbcca service placement] 10.4.3.201 "GET /placement/resource_providers/41647ef8-c90b-4662-a932-26e0158a9935/aggregates" status: 404 len: 235 microversion: 1.1
Jul 24 05:12:36.718351 np0000005801 devstack@placement-api.service[89989]: [pid: 89989|app: 0|req: 478/1434] 10.4.3.201 () {66 vars in 1474 bytes} [Fri Jul 24 05:12:36 2026] GET /placement/resource_providers/41647ef8-c90b-4662-a932-26e0158a9935/aggregates => generated 235 bytes in 8 msecs (HTTP/1.1 404) 5 headers in 202 bytes (1 switches on core 0)
Jul 24 05:12:36.752328 np0000005801 devstack@placement-api.service[89990]: DEBUG placement.requestlog [None req-2b590a53-b4ac-4402-a3bf-995ad2ec9705 None None] Starting request: 10.4.3.201 "DELETE /placement/resource_providers/41647ef8-c90b-4662-a932-26e0158a9935" {{(pid=89990) __call__ /opt/stack/placement/placement/requestlog.py:55}}
Jul 24 05:12:36.758740 np0000005801 devstack@placement-api.service[89990]: DEBUG placement.wsgi_wrapper [None req-2b590a53-b4ac-4402-a3bf-995ad2ec9705 service placement] Placement API returning an error response: No resource provider with uuid 41647ef8-c90b-4662-a932-26e0158a9935 found for delete {{(pid=89990) call_func /opt/stack/placement/placement/wsgi_wrapper.py:31}}
Jul 24 05:12:36.759100 np0000005801 devstack@placement-api.service[89990]: INFO placement.requestlog [None req-2b590a53-b4ac-4402-a3bf-995ad2ec9705 service placement] 10.4.3.201 "DELETE /placement/resource_providers/41647ef8-c90b-4662-a932-26e0158a9935" status: 404 len: 246 microversion: 1.1
Jul 24 05:12:36.759436 np0000005801 devstack@placement-api.service[89990]: [pid: 89990|app: 0|req: 480/1435] 10.4.3.201 () {68 vars in 1463 bytes} [Fri Jul 24 05:12:36 2026] DELETE /placement/resource_providers/41647ef8-c90b-4662-a932-26e0158a9935 => generated 246 bytes in 7 msecs (HTTP/1.1 404) 6 headers in 231 bytes (1 switches on core 0)
Jul 24 05:12:44.705694 np0000005801 devstack@placement-api.service[89988]: DEBUG dbcounter [-] [89988] Writing DB stats placement:SELECT=20,placement:DELETE=2 {{(pid=89988) stat_writer /opt/stack/data/venv/lib/python3.12/site-packages/dbcounter.py:115}}
Jul 24 05:12:46.715404 np0000005801 devstack@placement-api.service[89989]: DEBUG dbcounter [-] [89989] Writing DB stats placement:SELECT=16,placement:INSERT=3,placement:DELETE=2,placement:UPDATE=2 {{(pid=89989) stat_writer /opt/stack/data/venv/lib/python3.12/site-packages/dbcounter.py:115}}
Jul 24 05:12:46.757499 np0000005801 devstack@placement-api.service[89990]: DEBUG dbcounter [-] [89990] Writing DB stats placement:SELECT=9,placement:DELETE=2 {{(pid=89990) stat_writer /opt/stack/data/venv/lib/python3.12/site-packages/dbcounter.py:115}}
Jul 24 05:12:50.451581 np0000005801 devstack@placement-api.service[89988]: DEBUG placement.requestlog [req-ccef007a-5d34-417e-9db4-0c90c4f4bd32 req-a33b3f11-d801-4fe9-b321-615dc21e6ce9 None None] Starting request: 10.4.3.201 "GET /placement/allocation_candidates?limit=1000&resources=MEMORY_MB%3A192%2CVCPU%3A1&root_required=%21COMPUTE_STATUS_DISABLED" {{(pid=89988) __call__ /opt/stack/placement/placement/requestlog.py:55}}
Jul 24 05:12:50.471808 np0000005801 devstack@placement-api.service[89988]: DEBUG placement.objects.research_context [req-ccef007a-5d34-417e-9db4-0c90c4f4bd32 req-a33b3f11-d801-4fe9-b321-615dc21e6ce9 service nova] getting providers with 192 MEMORY_MB {{(pid=89988) __init__ /opt/stack/placement/placement/objects/research_context.py:137}}
Jul 24 05:12:50.474686 np0000005801 devstack@placement-api.service[89988]: DEBUG placement.objects.research_context [req-ccef007a-5d34-417e-9db4-0c90c4f4bd32 req-a33b3f11-d801-4fe9-b321-615dc21e6ce9 service nova] getting providers with 1 VCPU {{(pid=89988) __init__ /opt/stack/placement/placement/objects/research_context.py:137}}
Jul 24 05:12:50.477104 np0000005801 devstack@placement-api.service[89988]: DEBUG placement.objects.research_context [req-ccef007a-5d34-417e-9db4-0c90c4f4bd32 req-a33b3f11-d801-4fe9-b321-615dc21e6ce9 service nova] found 1 providers with available 192 MEMORY_MB {{(pid=89988) get_provider_ids_matching /opt/stack/placement/placement/objects/research_context.py:563}}
Jul 24 05:12:50.477202 np0000005801 devstack@placement-api.service[89988]: DEBUG placement.objects.research_context [req-ccef007a-5d34-417e-9db4-0c90c4f4bd32 req-a33b3f11-d801-4fe9-b321-615dc21e6ce9 service nova] found 1 providers with available 1 VCPU {{(pid=89988) get_provider_ids_matching /opt/stack/placement/placement/objects/research_context.py:563}}
Jul 24 05:12:50.477294 np0000005801 devstack@placement-api.service[89988]: DEBUG placement.objects.research_context [req-ccef007a-5d34-417e-9db4-0c90c4f4bd32 req-a33b3f11-d801-4fe9-b321-615dc21e6ce9 service nova] found 1 providers after filtering by previous result {{(pid=89988) get_provider_ids_matching /opt/stack/placement/placement/objects/research_context.py:594}}
Jul 24 05:12:50.482817 np0000005801 devstack@placement-api.service[89988]: DEBUG placement.objects.allocation_candidate [req-ccef007a-5d34-417e-9db4-0c90c4f4bd32 req-a33b3f11-d801-4fe9-b321-615dc21e6ce9 service nova] RequestGroup(use_same_provider=False, resources={MEMORY_MB:192, VCPU:1}, traits=(), aggregates=[]) (suffix '') returned 1 matches {{(pid=89988) _get_by_requests /opt/stack/placement/placement/objects/allocation_candidate.py:158}}
Jul 24 05:12:50.482963 np0000005801 devstack@placement-api.service[89988]: DEBUG placement.objects.allocation_candidate [req-ccef007a-5d34-417e-9db4-0c90c4f4bd32 req-a33b3f11-d801-4fe9-b321-615dc21e6ce9 service nova] Merging candidates yields 1 allocation requests and 1 provider summaries {{(pid=89988) _merge_candidates /opt/stack/placement/placement/objects/allocation_candidate.py:908}}
Jul 24 05:12:50.483823 np0000005801 devstack@placement-api.service[89988]: INFO placement.requestlog [req-ccef007a-5d34-417e-9db4-0c90c4f4bd32 req-a33b3f11-d801-4fe9-b321-615dc21e6ce9 service nova] 10.4.3.201 "GET /placement/allocation_candidates?limit=1000&resources=MEMORY_MB%3A192%2CVCPU%3A1&root_required=%21COMPUTE_STATUS_DISABLED" status: 200 len: 2478 microversion: 1.36
Jul 24 05:12:50.484090 np0000005801 devstack@placement-api.service[89988]: [pid: 89988|app: 0|req: 478/1436] 10.4.3.201 () {68 vars in 1597 bytes} [Fri Jul 24 05:12:50 2026] GET /placement/allocation_candidates?limit=1000&resources=MEMORY_MB%3A192%2CVCPU%3A1&root_required=%21COMPUTE_STATUS_DISABLED => generated 2478 bytes in 32 msecs (HTTP/1.1 200) 8 headers in 297 bytes (1 switches on core 0)
Jul 24 05:12:50.524134 np0000005801 devstack@placement-api.service[89989]: DEBUG placement.requestlog [req-ccef007a-5d34-417e-9db4-0c90c4f4bd32 req-0955c79d-d314-4b4c-aa5e-6ccc9b84e543 None None] Starting request: 10.4.3.201 "GET /placement/allocations/813251cf-476a-4faa-9172-a452510d65e9" {{(pid=89989) __call__ /opt/stack/placement/placement/requestlog.py:55}}
Jul 24 05:12:50.529320 np0000005801 devstack@placement-api.service[89989]: INFO placement.requestlog [req-ccef007a-5d34-417e-9db4-0c90c4f4bd32 req-0955c79d-d314-4b4c-aa5e-6ccc9b84e543 service nova] 10.4.3.201 "GET /placement/allocations/813251cf-476a-4faa-9172-a452510d65e9" status: 200 len: 19 microversion: 1.28
Jul 24 05:12:50.529555 np0000005801 devstack@placement-api.service[89989]: [pid: 89989|app: 0|req: 479/1437] 10.4.3.201 () {68 vars in 1501 bytes} [Fri Jul 24 05:12:50 2026] GET /placement/allocations/813251cf-476a-4faa-9172-a452510d65e9 => generated 19 bytes in 5 msecs (HTTP/1.1 200) 8 headers in 295 bytes (1 switches on core 0)
Jul 24 05:12:50.554380 np0000005801 devstack@placement-api.service[89990]: DEBUG placement.requestlog [req-ccef007a-5d34-417e-9db4-0c90c4f4bd32 req-367c5304-1976-4f83-a6d2-1c75e3b6ad47 None None] Starting request: 10.4.3.201 "PUT /placement/allocations/813251cf-476a-4faa-9172-a452510d65e9" {{(pid=89990) __call__ /opt/stack/placement/placement/requestlog.py:55}}
Jul 24 05:12:50.589366 np0000005801 devstack@placement-api.service[89990]: DEBUG placement.handlers.allocation [req-ccef007a-5d34-417e-9db4-0c90c4f4bd32 req-367c5304-1976-4f83-a6d2-1c75e3b6ad47 service nova] Successfully wrote allocations [, ] {{(pid=89990) _update_consumers_and_create_allocations /opt/stack/placement/placement/handlers/allocation.py:462}}
Jul 24 05:12:50.592159 np0000005801 devstack@placement-api.service[89990]: INFO placement.requestlog [req-ccef007a-5d34-417e-9db4-0c90c4f4bd32 req-367c5304-1976-4f83-a6d2-1c75e3b6ad47 service nova] 10.4.3.201 "PUT /placement/allocations/813251cf-476a-4faa-9172-a452510d65e9" status: 204 len: 0 microversion: 1.36
Jul 24 05:12:50.592365 np0000005801 devstack@placement-api.service[89990]: [pid: 89990|app: 0|req: 481/1438] 10.4.3.201 () {72 vars in 1554 bytes} [Fri Jul 24 05:12:50 2026] PUT /placement/allocations/813251cf-476a-4faa-9172-a452510d65e9 => generated 0 bytes in 38 msecs (HTTP/1.1 204) 5 headers in 199 bytes (1 switches on core 0)
Jul 24 05:12:50.766656 np0000005801 devstack@placement-api.service[89988]: DEBUG placement.requestlog [req-ccef007a-5d34-417e-9db4-0c90c4f4bd32 req-b8a45bb3-6a8c-4798-9216-fdf4346262d2 None None] Starting request: 10.4.3.201 "GET /placement/allocations/813251cf-476a-4faa-9172-a452510d65e9" {{(pid=89988) __call__ /opt/stack/placement/placement/requestlog.py:55}}
Jul 24 05:12:50.773791 np0000005801 devstack@placement-api.service[89988]: INFO placement.requestlog [req-ccef007a-5d34-417e-9db4-0c90c4f4bd32 req-b8a45bb3-6a8c-4798-9216-fdf4346262d2 service nova] 10.4.3.201 "GET /placement/allocations/813251cf-476a-4faa-9172-a452510d65e9" status: 200 len: 244 microversion: 1.28
Jul 24 05:12:50.773976 np0000005801 devstack@placement-api.service[89988]: [pid: 89988|app: 0|req: 479/1439] 10.4.3.201 () {68 vars in 1499 bytes} [Fri Jul 24 05:12:50 2026] GET /placement/allocations/813251cf-476a-4faa-9172-a452510d65e9 => generated 244 bytes in 7 msecs (HTTP/1.1 200) 8 headers in 296 bytes (1 switches on core 0)
Jul 24 05:12:50.855136 np0000005801 devstack@placement-api.service[89989]: DEBUG placement.requestlog [req-ccef007a-5d34-417e-9db4-0c90c4f4bd32 req-081f21f5-c6c7-481e-aca0-8524e530e525 None None] Starting request: 10.4.3.201 "GET /placement/resource_providers/655ffa64-c1cb-46aa-ba8e-db36ee47b92f/allocations" {{(pid=89989) __call__ /opt/stack/placement/placement/requestlog.py:55}}
Jul 24 05:12:50.865007 np0000005801 devstack@placement-api.service[89989]: INFO placement.requestlog [req-ccef007a-5d34-417e-9db4-0c90c4f4bd32 req-081f21f5-c6c7-481e-aca0-8524e530e525 service nova] 10.4.3.201 "GET /placement/resource_providers/655ffa64-c1cb-46aa-ba8e-db36ee47b92f/allocations" status: 200 len: 225 microversion: 1.0
Jul 24 05:12:50.865226 np0000005801 devstack@placement-api.service[89989]: [pid: 89989|app: 0|req: 480/1440] 10.4.3.201 () {66 vars in 1512 bytes} [Fri Jul 24 05:12:50 2026] GET /placement/resource_providers/655ffa64-c1cb-46aa-ba8e-db36ee47b92f/allocations => generated 225 bytes in 10 msecs (HTTP/1.1 200) 6 headers in 224 bytes (1 switches on core 0)
Jul 24 05:12:50.896667 np0000005801 devstack@placement-api.service[89990]: DEBUG placement.requestlog [req-ccef007a-5d34-417e-9db4-0c90c4f4bd32 req-3cd1debf-471e-4ecd-a4b4-617ec4b225f9 None None] Starting request: 10.4.3.201 "GET /placement/allocations/813251cf-476a-4faa-9172-a452510d65e9" {{(pid=89990) __call__ /opt/stack/placement/placement/requestlog.py:55}}
Jul 24 05:12:50.905680 np0000005801 devstack@placement-api.service[89990]: INFO placement.requestlog [req-ccef007a-5d34-417e-9db4-0c90c4f4bd32 req-3cd1debf-471e-4ecd-a4b4-617ec4b225f9 service nova] 10.4.3.201 "GET /placement/allocations/813251cf-476a-4faa-9172-a452510d65e9" status: 200 len: 244 microversion: 1.28
Jul 24 05:12:50.905938 np0000005801 devstack@placement-api.service[89990]: [pid: 89990|app: 0|req: 482/1441] 10.4.3.201 () {68 vars in 1499 bytes} [Fri Jul 24 05:12:50 2026] GET /placement/allocations/813251cf-476a-4faa-9172-a452510d65e9 => generated 244 bytes in 9 msecs (HTTP/1.1 200) 8 headers in 296 bytes (1 switches on core 0)
Jul 24 05:12:50.932442 np0000005801 devstack@placement-api.service[89988]: DEBUG placement.requestlog [req-ccef007a-5d34-417e-9db4-0c90c4f4bd32 req-da931af0-9a27-4c71-ba47-a1e226add308 None None] Starting request: 10.4.3.201 "GET /placement/allocations/bf3d2344-a84b-40ba-88b6-241913a62ea5" {{(pid=89988) __call__ /opt/stack/placement/placement/requestlog.py:55}}
Jul 24 05:12:50.940566 np0000005801 devstack@placement-api.service[89988]: INFO placement.requestlog [req-ccef007a-5d34-417e-9db4-0c90c4f4bd32 req-da931af0-9a27-4c71-ba47-a1e226add308 service nova] 10.4.3.201 "GET /placement/allocations/bf3d2344-a84b-40ba-88b6-241913a62ea5" status: 200 len: 244 microversion: 1.28
Jul 24 05:12:50.940887 np0000005801 devstack@placement-api.service[89988]: [pid: 89988|app: 0|req: 480/1442] 10.4.3.201 () {68 vars in 1499 bytes} [Fri Jul 24 05:12:50 2026] GET /placement/allocations/bf3d2344-a84b-40ba-88b6-241913a62ea5 => generated 244 bytes in 8 msecs (HTTP/1.1 200) 8 headers in 296 bytes (1 switches on core 0)
Jul 24 05:13:00.863904 np0000005801 devstack@placement-api.service[89989]: DEBUG dbcounter [-] [89989] Writing DB stats placement:SELECT=4 {{(pid=89989) stat_writer /opt/stack/data/venv/lib/python3.12/site-packages/dbcounter.py:115}}
Jul 24 05:13:00.904142 np0000005801 devstack@placement-api.service[89990]: DEBUG dbcounter [-] [89990] Writing DB stats placement:SELECT=10,placement:INSERT=5,placement:DELETE=2,placement:UPDATE=2 {{(pid=89990) stat_writer /opt/stack/data/venv/lib/python3.12/site-packages/dbcounter.py:115}}
Jul 24 05:13:00.939664 np0000005801 devstack@placement-api.service[89988]: DEBUG dbcounter [-] [89988] Writing DB stats placement:SELECT=14 {{(pid=89988) stat_writer /opt/stack/data/venv/lib/python3.12/site-packages/dbcounter.py:115}}
Jul 24 05:13:01.350238 np0000005801 devstack@placement-api.service[89989]: DEBUG placement.requestlog [req-d266f85b-89a3-4bb6-93ae-ab437f3d439c req-84a829cd-27be-41e1-90e2-b44375421fa8 None None] Starting request: 10.4.3.201 "GET /placement/resource_providers/655ffa64-c1cb-46aa-ba8e-db36ee47b92f/allocations" {{(pid=89989) __call__ /opt/stack/placement/placement/requestlog.py:55}}
Jul 24 05:13:01.363852 np0000005801 devstack@placement-api.service[89989]: INFO placement.requestlog [req-d266f85b-89a3-4bb6-93ae-ab437f3d439c req-84a829cd-27be-41e1-90e2-b44375421fa8 service nova] 10.4.3.201 "GET /placement/resource_providers/655ffa64-c1cb-46aa-ba8e-db36ee47b92f/allocations" status: 200 len: 225 microversion: 1.0
Jul 24 05:13:01.364142 np0000005801 devstack@placement-api.service[89989]: [pid: 89989|app: 0|req: 481/1443] 10.4.3.201 () {66 vars in 1512 bytes} [Fri Jul 24 05:13:01 2026] GET /placement/resource_providers/655ffa64-c1cb-46aa-ba8e-db36ee47b92f/allocations => generated 225 bytes in 14 msecs (HTTP/1.1 200) 6 headers in 224 bytes (1 switches on core 0)
Jul 24 05:13:01.396079 np0000005801 devstack@placement-api.service[89990]: DEBUG placement.requestlog [req-d266f85b-89a3-4bb6-93ae-ab437f3d439c req-bbc81fff-9f48-428a-afc4-dbfd3775f7da None None] Starting request: 10.4.3.201 "GET /placement/allocations/813251cf-476a-4faa-9172-a452510d65e9" {{(pid=89990) __call__ /opt/stack/placement/placement/requestlog.py:55}}
Jul 24 05:13:01.406046 np0000005801 devstack@placement-api.service[89990]: INFO placement.requestlog [req-d266f85b-89a3-4bb6-93ae-ab437f3d439c req-bbc81fff-9f48-428a-afc4-dbfd3775f7da service nova] 10.4.3.201 "GET /placement/allocations/813251cf-476a-4faa-9172-a452510d65e9" status: 200 len: 244 microversion: 1.28
Jul 24 05:13:01.406256 np0000005801 devstack@placement-api.service[89990]: [pid: 89990|app: 0|req: 483/1444] 10.4.3.201 () {68 vars in 1499 bytes} [Fri Jul 24 05:13:01 2026] GET /placement/allocations/813251cf-476a-4faa-9172-a452510d65e9 => generated 244 bytes in 10 msecs (HTTP/1.1 200) 8 headers in 296 bytes (1 switches on core 0)
Jul 24 05:13:01.441832 np0000005801 devstack@placement-api.service[89988]: DEBUG placement.requestlog [req-d266f85b-89a3-4bb6-93ae-ab437f3d439c req-4d8a8480-17ea-4de1-9ebb-20e13612c566 None None] Starting request: 10.4.3.201 "GET /placement/allocations/bf3d2344-a84b-40ba-88b6-241913a62ea5" {{(pid=89988) __call__ /opt/stack/placement/placement/requestlog.py:55}}
Jul 24 05:13:01.450308 np0000005801 devstack@placement-api.service[89988]: INFO placement.requestlog [req-d266f85b-89a3-4bb6-93ae-ab437f3d439c req-4d8a8480-17ea-4de1-9ebb-20e13612c566 service nova] 10.4.3.201 "GET /placement/allocations/bf3d2344-a84b-40ba-88b6-241913a62ea5" status: 200 len: 244 microversion: 1.28
Jul 24 05:13:01.450607 np0000005801 devstack@placement-api.service[89988]: [pid: 89988|app: 0|req: 481/1445] 10.4.3.201 () {68 vars in 1499 bytes} [Fri Jul 24 05:13:01 2026] GET /placement/allocations/bf3d2344-a84b-40ba-88b6-241913a62ea5 => generated 244 bytes in 9 msecs (HTTP/1.1 200) 8 headers in 296 bytes (1 switches on core 0)
Jul 24 05:13:01.541379 np0000005801 devstack@placement-api.service[89989]: DEBUG placement.requestlog [req-d266f85b-89a3-4bb6-93ae-ab437f3d439c req-59b7f537-8796-4107-bf43-857be645a1cc None None] Starting request: 10.4.3.201 "DELETE /placement/allocations/813251cf-476a-4faa-9172-a452510d65e9" {{(pid=89989) __call__ /opt/stack/placement/placement/requestlog.py:55}}
Jul 24 05:13:01.559187 np0000005801 devstack@placement-api.service[89989]: DEBUG placement.handlers.allocation [req-d266f85b-89a3-4bb6-93ae-ab437f3d439c req-59b7f537-8796-4107-bf43-857be645a1cc service nova] Successfully deleted allocations [, ] {{(pid=89989) delete_allocations /opt/stack/placement/placement/handlers/allocation.py:627}}
Jul 24 05:13:01.559525 np0000005801 devstack@placement-api.service[89989]: INFO placement.requestlog [req-d266f85b-89a3-4bb6-93ae-ab437f3d439c req-59b7f537-8796-4107-bf43-857be645a1cc service nova] 10.4.3.201 "DELETE /placement/allocations/813251cf-476a-4faa-9172-a452510d65e9" status: 204 len: 0 microversion: 1.0
