Jul 24 04:56:19.816761 np0000005801 devstack@placement-api.service[89990]: import eventlet # type: ignore[import-not-found]
Jul 24 04:56:19.816761 np0000005801 devstack@placement-api.service[89990]:
Jul 24 04:56:20.157153 np0000005801 devstack@placement-api.service[89990]: INFO placement.requestlog [req-8a881b73-d2ca-40c8-9394-f30e2ebf3f25 req-2a7371a7-d9e2-4d2d-aabe-7aab3dc18b9d service nova] 10.4.3.201 "GET /placement/resource_providers?in_tree=655ffa64-c1cb-46aa-ba8e-db36ee47b92f" status: 200 len: 26 microversion: 1.14
Jul 24 04:56:20.157328 np0000005801 devstack@placement-api.service[89990]: [pid: 89990|app: 0|req: 3/6] 10.4.3.201 () {68 vars in 1498 bytes} [Fri Jul 24 04:56:19 2026] GET /placement/resource_providers?in_tree=655ffa64-c1cb-46aa-ba8e-db36ee47b92f => generated 26 bytes in 519 msecs (HTTP/1.1 200) 6 headers in 224 bytes (1 switches on core 0)
Jul 24 04:56:20.185524 np0000005801 devstack@placement-api.service[89989]: DEBUG placement.requestlog [req-8a881b73-d2ca-40c8-9394-f30e2ebf3f25 req-afcf34c6-0df6-4beb-9d7f-c697d097dc7e None None] Starting request: 10.4.3.201 "POST /placement/resource_providers" {{(pid=89989) __call__ /opt/stack/placement/placement/requestlog.py:55}}
Jul 24 04:56:20.347386 np0000005801 devstack@placement-api.service[89989]: WARNING py.warnings [req-8a881b73-d2ca-40c8-9394-f30e2ebf3f25 req-afcf34c6-0df6-4beb-9d7f-c697d097dc7e None None] /opt/stack/data/venv/lib/python3.12/site-packages/oslo_cache/_memcache_pool.py:29: EventletDeprecationWarning:
Jul 24 04:56:20.347386 np0000005801 devstack@placement-api.service[89989]: Eventlet is deprecated. It is currently being maintained in bugfix mode, and
Jul 24 04:56:20.347386 np0000005801 devstack@placement-api.service[89989]: we strongly recommend against using it for new projects.
Jul 24 04:56:20.347386 np0000005801 devstack@placement-api.service[89989]: If you are already using Eventlet, we recommend migrating to a different
Jul 24 04:56:20.347386 np0000005801 devstack@placement-api.service[89989]: framework. For more detail see
Jul 24 04:56:20.347386 np0000005801 devstack@placement-api.service[89989]: https://eventlet.readthedocs.io/en/latest/asyncio/migration.html
Jul 24 04:56:20.347386 np0000005801 devstack@placement-api.service[89989]: import eventlet # type: ignore[import-not-found]
Jul 24 04:56:20.347386 np0000005801 devstack@placement-api.service[89989]:
Jul 24 04:56:20.374076 np0000005801 devstack@placement-api.service[89989]: INFO placement.requestlog [req-8a881b73-d2ca-40c8-9394-f30e2ebf3f25 req-afcf34c6-0df6-4beb-9d7f-c697d097dc7e service nova] 10.4.3.201 "POST /placement/resource_providers" status: 200 len: 835 microversion: 1.20
Jul 24 04:56:20.374457 np0000005801 devstack@placement-api.service[89989]: [pid: 89989|app: 0|req: 2/7] 10.4.3.201 () {72 vars in 1462 bytes} [Fri Jul 24 04:56:20 2026] POST /placement/resource_providers => generated 835 bytes in 192 msecs (HTTP/1.1 200) 9 headers in 392 bytes (1 switches on core 0)
Jul 24 04:56:20.401388 np0000005801 devstack@placement-api.service[89988]: DEBUG placement.requestlog [req-8a881b73-d2ca-40c8-9394-f30e2ebf3f25 req-857ae67b-a18f-473f-b34b-e074f9be40d0 None None] Starting request: 10.4.3.201 "GET /placement/resource_providers/655ffa64-c1cb-46aa-ba8e-db36ee47b92f/allocations" {{(pid=89988) __call__ /opt/stack/placement/placement/requestlog.py:55}}
Jul 24 04:56:20.576933 np0000005801 devstack@placement-api.service[89988]: WARNING py.warnings [req-8a881b73-d2ca-40c8-9394-f30e2ebf3f25 req-857ae67b-a18f-473f-b34b-e074f9be40d0 None None] /opt/stack/data/venv/lib/python3.12/site-packages/oslo_cache/_memcache_pool.py:29: EventletDeprecationWarning:
Jul 24 04:56:20.576933 np0000005801 devstack@placement-api.service[89988]: Eventlet is deprecated. It is currently being maintained in bugfix mode, and
Jul 24 04:56:20.576933 np0000005801 devstack@placement-api.service[89988]: we strongly recommend against using it for new projects.
Jul 24 04:56:20.576933 np0000005801 devstack@placement-api.service[89988]: If you are already using Eventlet, we recommend migrating to a different
Jul 24 04:56:20.576933 np0000005801 devstack@placement-api.service[89988]: framework. For more detail see
Jul 24 04:56:20.576933 np0000005801 devstack@placement-api.service[89988]: https://eventlet.readthedocs.io/en/latest/asyncio/migration.html
Jul 24 04:56:20.576933 np0000005801 devstack@placement-api.service[89988]: import eventlet # type: ignore[import-not-found]
Jul 24 04:56:20.576933 np0000005801 devstack@placement-api.service[89988]:
Jul 24 04:56:20.591436 np0000005801 devstack@placement-api.service[89988]: INFO placement.requestlog [req-8a881b73-d2ca-40c8-9394-f30e2ebf3f25 req-857ae67b-a18f-473f-b34b-e074f9be40d0 service nova] 10.4.3.201 "GET /placement/resource_providers/655ffa64-c1cb-46aa-ba8e-db36ee47b92f/allocations" status: 200 len: 54 microversion: 1.0
Jul 24 04:56:20.591733 np0000005801 devstack@placement-api.service[89988]: [pid: 89988|app: 0|req: 3/8] 10.4.3.201 () {66 vars in 1512 bytes} [Fri Jul 24 04:56:20 2026] GET /placement/resource_providers/655ffa64-c1cb-46aa-ba8e-db36ee47b92f/allocations => generated 54 bytes in 190 msecs (HTTP/1.1 200) 6 headers in 223 bytes (1 switches on core 0)
Jul 24 04:56:20.646045 np0000005801 devstack@placement-api.service[89990]: DEBUG placement.requestlog [req-8a881b73-d2ca-40c8-9394-f30e2ebf3f25 req-3cf0cb1c-ed90-4fd3-a5e6-401f6b0304a2 None None] Starting request: 10.4.3.201 "PUT /placement/resource_providers/655ffa64-c1cb-46aa-ba8e-db36ee47b92f/inventories" {{(pid=89990) __call__ /opt/stack/placement/placement/requestlog.py:55}}
Jul 24 04:56:20.678297 np0000005801 devstack@placement-api.service[89990]: INFO placement.requestlog [req-8a881b73-d2ca-40c8-9394-f30e2ebf3f25 req-3cf0cb1c-ed90-4fd3-a5e6-401f6b0304a2 service nova] 10.4.3.201 "PUT /placement/resource_providers/655ffa64-c1cb-46aa-ba8e-db36ee47b92f/inventories" status: 200 len: 398 microversion: 1.26
Jul 24 04:56:20.678708 np0000005801 devstack@placement-api.service[89990]: [pid: 89990|app: 0|req: 4/9] 10.4.3.201 () {72 vars in 1609 bytes} [Fri Jul 24 04:56:20 2026] PUT /placement/resource_providers/655ffa64-c1cb-46aa-ba8e-db36ee47b92f/inventories => generated 398 bytes in 33 msecs (HTTP/1.1 200) 8 headers in 296 bytes (1 switches on core 0)
Jul 24 04:56:20.723251 np0000005801 devstack@placement-api.service[89989]: DEBUG placement.requestlog [req-8a881b73-d2ca-40c8-9394-f30e2ebf3f25 req-d90bec97-e928-40dd-8c58-3e50262f9692 None None] Starting request: 10.4.3.201 "GET /placement/traits?name=in:COMPUTE_NET_VIF_MODEL_VIRTIO,COMPUTE_GRAPHICS_MODEL_QXL,COMPUTE_SOUND_MODEL_PCSPK,COMPUTE_SOCKET_PCI_NUMA_AFFINITY,COMPUTE_ARCH_X86_64,COMPUTE_NET_VIRTIO_PACKED,COMPUTE_STORAGE_BUS_SATA,COMPUTE_NODE,COMPUTE_ARCH_PPC64LE,COMPUTE_NET_VIF_MODEL_NE2K_PCI,COMPUTE_SECURITY_UEFI_SECURE_BOOT,COMPUTE_ADDRESS_SPACE_PASSTHROUGH,COMPUTE_GRAPHICS_MODEL_VGA,HW_CPU_X86_SSE41,COMPUTE_ADDRESS_SPACE_EMULATED,COMPUTE_NET_VIF_MODEL_PCNET,COMPUTE_VOLUME_EXTEND,COMPUTE_STORAGE_BUS_FDC,COMPUTE_GRAPHICS_MODEL_BOCHS,COMPUTE_ARCH_S390X,COMPUTE_NET_VIF_MODEL_RTL8139,COMPUTE_ARCH_MIPSEL,COMPUTE_GRAPHICS_MODEL_VMVGA,COMPUTE_NET_ATTACH_INTERFACE,COMPUTE_STORAGE_BUS_IDE,COMPUTE_NET_VIF_MODEL_E1000,COMPUTE_STORAGE_BUS_VIRTIO,COMPUTE_SOUND_MODEL_ES1370,COMPUTE_IMAGE_TYPE_QCOW2,COMPUTE_TRUSTED_CERTS,COMPUTE_SOUND_MODEL_AC97,COMPUTE_SOUND_MODEL_SB16,COMPUTE_IMAGE_TYPE_ISO,COMPUTE_NET_VIF_MODEL_VMXNET3,HW_CPU_X86_SSSE3,HW_CPU_X86_SSE42,COMPUTE_NET_VIF_MODEL_SPAPR_VLAN,COMPUTE_RESCUE_BFV,COMPUTE_IMAGE_TYPE_RAW,HW_CPU_X86_SSE2,HW_CPU_X86_SSE,COMPUTE_NET_VIF_MODEL_E1000E,COMPUTE_SOUND_MODEL_ICH6,COMPUTE_VIOMMU_MODEL_AUTO,COMPUTE_VOLUME_MULTI_ATTACH,HW_ARCH_X86_64,COMPUTE_ARCH_RISCV64,COMPUTE_NET_VIF_MODEL_LAN9118,COMPUTE_IMAGE_TYPE_ARI,COMPUTE_IMAGE_TYPE_AMI,COMPUTE_GRAPHICS_MODEL_NONE,COMPUTE_STORAGE_VIRTIO_FS,COMPUTE_ARCH_AARCH64,COMPUTE_VIOMMU_MODEL_VIRTIO,COMPUTE_GRAPHICS_MODEL_VIRTIO,COMPUTE_IMAGE_TYPE_AKI,COMPUTE_GRAPHICS_MODEL_CIRRUS,COMPUTE_VOLUME_ATTACH_WITH_TAG,COMPUTE_NET_VIF_MODEL_IGB,COMPUTE_VIOMMU_MODEL_SMMUV3,COMPUTE_SOUND_MODEL_ICH9,COMPUTE_VIOMMU_MODEL_INTEL,COMPUTE_SOUND_MODEL_USB,COMPUTE_NET_ATTACH_INTERFACE_WITH_TAG,COMPUTE_STORAGE_BUS_USB,HW_CPU_X86_MMX,COMPUTE_SECURITY_STATELESS_FIRMWARE,COMPUTE_STORAGE_BUS_SCSI,COMPUTE_ACCELERATORS,COMPUTE_DEVICE_TAGGING" {{(pid=89989) __call__ /opt/stack/placement/placement/requestlog.py:55}}
Jul 24 04:56:20.739640 np0000005801 devstack@placement-api.service[89989]: INFO placement.requestlog [req-8a881b73-d2ca-40c8-9394-f30e2ebf3f25 req-d90bec97-e928-40dd-8c58-3e50262f9692 service nova] 10.4.3.201 "GET /placement/traits?name=in:COMPUTE_NET_VIF_MODEL_VIRTIO,COMPUTE_GRAPHICS_MODEL_QXL,COMPUTE_SOUND_MODEL_PCSPK,COMPUTE_SOCKET_PCI_NUMA_AFFINITY,COMPUTE_ARCH_X86_64,COMPUTE_NET_VIRTIO_PACKED,COMPUTE_STORAGE_BUS_SATA,COMPUTE_NODE,COMPUTE_ARCH_PPC64LE,COMPUTE_NET_VIF_MODEL_NE2K_PCI,COMPUTE_SECURITY_UEFI_SECURE_BOOT,COMPUTE_ADDRESS_SPACE_PASSTHROUGH,COMPUTE_GRAPHICS_MODEL_VGA,HW_CPU_X86_SSE41,COMPUTE_ADDRESS_SPACE_EMULATED,COMPUTE_NET_VIF_MODEL_PCNET,COMPUTE_VOLUME_EXTEND,COMPUTE_STORAGE_BUS_FDC,COMPUTE_GRAPHICS_MODEL_BOCHS,COMPUTE_ARCH_S390X,COMPUTE_NET_VIF_MODEL_RTL8139,COMPUTE_ARCH_MIPSEL,COMPUTE_GRAPHICS_MODEL_VMVGA,COMPUTE_NET_ATTACH_INTERFACE,COMPUTE_STORAGE_BUS_IDE,COMPUTE_NET_VIF_MODEL_E1000,COMPUTE_STORAGE_BUS_VIRTIO,COMPUTE_SOUND_MODEL_ES1370,COMPUTE_IMAGE_TYPE_QCOW2,COMPUTE_TRUSTED_CERTS,COMPUTE_SOUND_MODEL_AC97,COMPUTE_SOUND_MODEL_SB16,COMPUTE_IMAGE_TYPE_ISO,COMPUTE_NET_VIF_MODEL_VMXNET3,HW_CPU_X86_SSSE3,HW_CPU_X86_SSE42,COMPUTE_NET_VIF_MODEL_SPAPR_VLAN,COMPUTE_RESCUE_BFV,COMPUTE_IMAGE_TYPE_RAW,HW_CPU_X86_SSE2,HW_CPU_X86_SSE,COMPUTE_NET_VIF_MODEL_E1000E,COMPUTE_SOUND_MODEL_ICH6,COMPUTE_VIOMMU_MODEL_AUTO,COMPUTE_VOLUME_MULTI_ATTACH,HW_ARCH_X86_64,COMPUTE_ARCH_RISCV64,COMPUTE_NET_VIF_MODEL_LAN9118,COMPUTE_IMAGE_TYPE_ARI,COMPUTE_IMAGE_TYPE_AMI,COMPUTE_GRAPHICS_MODEL_NONE,COMPUTE_STORAGE_VIRTIO_FS,COMPUTE_ARCH_AARCH64,COMPUTE_VIOMMU_MODEL_VIRTIO,COMPUTE_GRAPHICS_MODEL_VIRTIO,COMPUTE_IMAGE_TYPE_AKI,COMPUTE_GRAPHICS_MODEL_CIRRUS,COMPUTE_VOLUME_ATTACH_WITH_TAG,COMPUTE_NET_VIF_MODEL_IGB,COMPUTE_VIOMMU_MODEL_SMMUV3,COMPUTE_SOUND_MODEL_ICH9,COMPUTE_VIOMMU_MODEL_INTEL,COMPUTE_SOUND_MODEL_USB,COMPUTE_NET_ATTACH_INTERFACE_WITH_TAG,COMPUTE_STORAGE_BUS_USB,HW_CPU_X86_MMX,COMPUTE_SECURITY_STATELESS_FIRMWARE,COMPUTE_STORAGE_BUS_SCSI,COMPUTE_ACCELERATORS,COMPUTE_DEVICE_TAGGING" status: 200 len: 1991 microversion: 1.6
Jul 24 04:56:20.740242 np0000005801 devstack@placement-api.service[89989]: [pid: 89989|app: 0|req: 3/10] 10.4.3.201 () {68 vars in 4925 bytes} [Fri Jul 24 04:56:20 2026] GET /placement/traits?name=in:COMPUTE_NET_VIF_MODEL_VIRTIO,COMPUTE_GRAPHICS_MODEL_QXL,COMPUTE_SOUND_MODEL_PCSPK,COMPUTE_SOCKET_PCI_NUMA_AFFINITY,COMPUTE_ARCH_X86_64,COMPUTE_NET_VIRTIO_PACKED,COMPUTE_STORAGE_BUS_SATA,COMPUTE_NODE,COMPUTE_ARCH_PPC64LE,COMPUTE_NET_VIF_MODEL_NE2K_PCI,COMPUTE_SECURITY_UEFI_SECURE_BOOT,COMPUTE_ADDRESS_SPACE_PASSTHROUGH,COMPUTE_GRAPHICS_MODEL_VGA,HW_CPU_X86_SSE41,COMPUTE_ADDRESS_SPACE_EMULATED,COMPUTE_NET_VIF_MODEL_PCNET,COMPUTE_VOLUME_EXTEND,COMPUTE_STORAGE_BUS_FDC,COMPUTE_GRAPHICS_MODEL_BOCHS,COMPUTE_ARCH_S390X,COMPUTE_NET_VIF_MODEL_RTL8139,COMPUTE_ARCH_MIPSEL,COMPUTE_GRAPHICS_MODEL_VMVGA,COMPUTE_NET_ATTACH_INTERFACE,COMPUTE_STORAGE_BUS_IDE,COMPUTE_NET_VIF_MODEL_E1000,COMPUTE_STORAGE_BUS_VIRTIO,COMPUTE_SOUND_MODEL_ES1370,COMPUTE_IMAGE_TYPE_QCOW2,COMPUTE_TRUSTED_CERTS,COMPUTE_SOUND_MODEL_AC97,COMPUTE_SOUND_MODEL_SB16,COMPUTE_IMAGE_TYPE_ISO,COMPUTE_NET_VIF_MODEL_VMXNET3,HW_CPU_X86_SSSE3,HW_CPU_X86_SSE42,COMPUTE_NET_VIF_MODEL_SPAPR_VLAN,COMPUTE_RESCUE_BFV,COMPUTE_IMAGE_TYPE_RAW,HW_CPU_X86_SSE2,HW_CPU_X86_SSE,COMPUTE_NET_VIF_MODEL_E1000E,COMPUTE_SOUND_MODEL_ICH6,COMPUTE_VIOMMU_MODEL_AUTO,COMPUTE_VOLUME_MULTI_ATTACH,HW_ARCH_X86_64,COMPUTE_ARCH_RISCV64,COMPUTE_NET_VIF_MODEL_LAN9118,COMPUTE_IMAGE_TYPE_ARI,COMPUTE_IMAGE_TYPE_AMI,COMPUTE_GRAPHICS_MODEL_NONE,COMPUTE_STORAGE_VIRTIO_FS,COMPUTE_ARCH_AARCH64,COMPUTE_VIOMMU_MODEL_VIRTIO,COMPUTE_GRAPHICS_MODEL_VIRTIO,COMPUTE_IMAGE_TYPE_AKI,COMPUTE_GRAPHICS_MODEL_CIRRUS,COMPUTE_VOLUME_ATTACH_WITH_TAG,COMPUTE_NET_VIF_MODEL_IGB,COMPUTE_VIOMMU_MODEL_SMMUV3,COMPUTE_SOUND_MODEL_ICH9,COMPUTE_VIOMMU_MODEL_INTEL,COMPUTE_SOUND_MODEL_USB,COMPUTE_NET_ATTACH_INTERFACE_WITH_TAG,COMPUTE_STORAGE_BUS_USB,HW_CPU_X86_MMX,COMPUTE_SECURITY_STATELESS_FIRMWARE,COMPUTE_STORAGE_BUS_SCSI,COMPUTE_ACCELERATORS,COMPUTE_DEVICE_TAGGING => generated 1991 bytes in 17 msecs (HTTP/1.1 200) 6 headers in 225 bytes (1 switches on core 0)
Jul 24 04:56:20.782984 np0000005801 devstack@placement-api.service[89988]: DEBUG placement.requestlog [req-8a881b73-d2ca-40c8-9394-f30e2ebf3f25 req-3391b020-7c88-4e0a-b428-dcd3d473ac91 None None] Starting request: 10.4.3.201 "PUT /placement/resource_providers/655ffa64-c1cb-46aa-ba8e-db36ee47b92f/traits" {{(pid=89988) __call__ /opt/stack/placement/placement/requestlog.py:55}}
Jul 24 04:56:20.869759 np0000005801 devstack@placement-api.service[89988]: INFO placement.requestlog [req-8a881b73-d2ca-40c8-9394-f30e2ebf3f25 req-3391b020-7c88-4e0a-b428-dcd3d473ac91 service nova] 10.4.3.201 "PUT /placement/resource_providers/655ffa64-c1cb-46aa-ba8e-db36ee47b92f/traits" status: 200 len: 2026 microversion: 1.6
Jul 24 04:56:20.870199 np0000005801 devstack@placement-api.service[89988]: [pid: 89988|app: 0|req: 4/11] 10.4.3.201 () {72 vars in 1594 bytes} [Fri Jul 24 04:56:20 2026] PUT /placement/resource_providers/655ffa64-c1cb-46aa-ba8e-db36ee47b92f/traits => generated 2026 bytes in 87 msecs (HTTP/1.1 200) 6 headers in 225 bytes (1 switches on core 0)
Jul 24 04:56:30.675064 np0000005801 devstack@placement-api.service[89990]: DEBUG dbcounter [-] [89990] Writing DB stats placement:SELECT=4,placement:INSERT=3,placement:UPDATE=1 {{(pid=89990) stat_writer /opt/stack/data/venv/lib/python3.12/site-packages/dbcounter.py:115}}
Jul 24 04:56:30.732257 np0000005801 devstack@placement-api.service[89989]: DEBUG dbcounter [-] [89989] Writing DB stats placement:INSERT=1,placement:UPDATE=1,placement:SELECT=1 {{(pid=89989) stat_writer /opt/stack/data/venv/lib/python3.12/site-packages/dbcounter.py:115}}
Jul 24 04:56:30.866375 np0000005801 devstack@placement-api.service[89988]: DEBUG dbcounter [-] [89988] Writing DB stats placement:SELECT=5,placement:INSERT=70,placement:UPDATE=1 {{(pid=89988) stat_writer /opt/stack/data/venv/lib/python3.12/site-packages/dbcounter.py:115}}
Jul 24 04:56:42.466833 np0000005801 devstack@placement-api.service[89990]: DEBUG placement.requestlog [None req-d2fd7a54-4360-4f14-b3ca-f37702466986 None None] Starting request: 10.4.3.201 "GET /placement//" {{(pid=89990) __call__ /opt/stack/placement/placement/requestlog.py:55}}
Jul 24 04:56:42.467279 np0000005801 devstack@placement-api.service[89990]: INFO placement.requestlog [None req-d2fd7a54-4360-4f14-b3ca-f37702466986 None None] 10.4.3.201 "GET /placement//" status: 200 len: 136 microversion: 1.0
Jul 24 04:56:42.467434 np0000005801 devstack@placement-api.service[89990]: [pid: 89990|app: 0|req: 5/12] 10.4.3.201 () {64 vars in 1227 bytes} [Fri Jul 24 04:56:42 2026] GET /placement/ => generated 136 bytes in 1 msecs (HTTP/1.1 200) 6 headers in 224 bytes (1 switches on core 0)
Jul 24 04:57:06.356471 np0000005801 devstack@placement-api.service[89989]: DEBUG placement.requestlog [req-915d0910-cf33-4cd7-a204-cdcf92098f43 req-b4724826-5643-40d1-9b08-cc1b876f5e3c None None] Starting request: 10.4.3.201 "GET /placement/resource_providers/655ffa64-c1cb-46aa-ba8e-db36ee47b92f/allocations" {{(pid=89989) __call__ /opt/stack/placement/placement/requestlog.py:55}}
Jul 24 04:57:06.367441 np0000005801 devstack@placement-api.service[89989]: INFO placement.requestlog [req-915d0910-cf33-4cd7-a204-cdcf92098f43 req-b4724826-5643-40d1-9b08-cc1b876f5e3c service nova] 10.4.3.201 "GET /placement/resource_providers/655ffa64-c1cb-46aa-ba8e-db36ee47b92f/allocations" status: 200 len: 54 microversion: 1.0
Jul 24 04:57:06.367701 np0000005801 devstack@placement-api.service[89989]: [pid: 89989|app: 0|req: 4/13] 10.4.3.201 () {66 vars in 1512 bytes} [Fri Jul 24 04:57:06 2026] GET /placement/resource_providers/655ffa64-c1cb-46aa-ba8e-db36ee47b92f/allocations => generated 54 bytes in 11 msecs (HTTP/1.1 200) 6 headers in 223 bytes (1 switches on core 0)
Jul 24 04:57:06.394578 np0000005801 devstack@placement-api.service[89988]: DEBUG placement.requestlog [req-915d0910-cf33-4cd7-a204-cdcf92098f43 req-aad31a9b-a2cf-4a03-87e4-312b180c81b4 None None] Starting request: 10.4.3.201 "GET /placement/resource_providers/655ffa64-c1cb-46aa-ba8e-db36ee47b92f/allocations" {{(pid=89988) __call__ /opt/stack/placement/placement/requestlog.py:55}}
Jul 24 04:57:06.402123 np0000005801 devstack@placement-api.service[89988]: INFO placement.requestlog [req-915d0910-cf33-4cd7-a204-cdcf92098f43 req-aad31a9b-a2cf-4a03-87e4-312b180c81b4 service nova] 10.4.3.201 "GET /placement/resource_providers/655ffa64-c1cb-46aa-ba8e-db36ee47b92f/allocations" status: 200 len: 54 microversion: 1.0
Jul 24 04:57:06.402378 np0000005801 devstack@placement-api.service[89988]: [pid: 89988|app: 0|req: 5/14] 10.4.3.201 () {66 vars in 1512 bytes} [Fri Jul 24 04:57:06 2026] GET /placement/resource_providers/655ffa64-c1cb-46aa-ba8e-db36ee47b92f/allocations => generated 54 bytes in 8 msecs (HTTP/1.1 200) 6 headers in 223 bytes (1 switches on core 0)
Jul 24 04:57:16.366380 np0000005801 devstack@placement-api.service[89989]: DEBUG dbcounter [-] [89989] Writing DB stats placement:SELECT=2 {{(pid=89989) stat_writer /opt/stack/data/venv/lib/python3.12/site-packages/dbcounter.py:115}}
Jul 24 04:57:16.401494 np0000005801 devstack@placement-api.service[89988]: DEBUG dbcounter [-] [89988] Writing DB stats placement:SELECT=2 {{(pid=89988) stat_writer /opt/stack/data/venv/lib/python3.12/site-packages/dbcounter.py:115}}
Jul 24 04:58:08.342893 np0000005801 devstack@placement-api.service[89990]: DEBUG placement.requestlog [req-e7da2341-15a2-4d94-850a-906b9efe9bf6 req-198bf894-a26a-4d40-ad8d-7826e402347e None None] Starting request: 10.4.3.201 "GET /placement/resource_providers/655ffa64-c1cb-46aa-ba8e-db36ee47b92f/allocations" {{(pid=89990) __call__ /opt/stack/placement/placement/requestlog.py:55}}
Jul 24 04:58:08.355038 np0000005801 devstack@placement-api.service[89990]: INFO placement.requestlog [req-e7da2341-15a2-4d94-850a-906b9efe9bf6 req-198bf894-a26a-4d40-ad8d-7826e402347e service nova] 10.4.3.201 "GET /placement/resource_providers/655ffa64-c1cb-46aa-ba8e-db36ee47b92f/allocations" status: 200 len: 54 microversion: 1.0
Jul 24 04:58:08.355311 np0000005801 devstack@placement-api.service[89990]: [pid: 89990|app: 0|req: 6/15] 10.4.3.201 () {66 vars in 1512 bytes} [Fri Jul 24 04:58:08 2026] GET /placement/resource_providers/655ffa64-c1cb-46aa-ba8e-db36ee47b92f/allocations => generated 54 bytes in 12 msecs (HTTP/1.1 200) 6 headers in 223 bytes (1 switches on core 0)
Jul 24 04:58:08.383038 np0000005801 devstack@placement-api.service[89989]: DEBUG placement.requestlog [req-e7da2341-15a2-4d94-850a-906b9efe9bf6 req-eacd3a9a-7dd4-4074-b148-7e6e66595def None None] Starting request: 10.4.3.201 "GET /placement/resource_providers/655ffa64-c1cb-46aa-ba8e-db36ee47b92f/allocations" {{(pid=89989) __call__ /opt/stack/placement/placement/requestlog.py:55}}
Jul 24 04:58:08.390497 np0000005801 devstack@placement-api.service[89989]: INFO placement.requestlog [req-e7da2341-15a2-4d94-850a-906b9efe9bf6 req-eacd3a9a-7dd4-4074-b148-7e6e66595def service nova] 10.4.3.201 "GET /placement/resource_providers/655ffa64-c1cb-46aa-ba8e-db36ee47b92f/allocations" status: 200 len: 54 microversion: 1.0
Jul 24 04:58:08.390931 np0000005801 devstack@placement-api.service[89989]: [pid: 89989|app: 0|req: 5/16] 10.4.3.201 () {66 vars in 1512 bytes} [Fri Jul 24 04:58:08 2026] GET /placement/resource_providers/655ffa64-c1cb-46aa-ba8e-db36ee47b92f/allocations => generated 54 bytes in 8 msecs (HTTP/1.1 200) 6 headers in 223 bytes (1 switches on core 0)
Jul 24 04:58:18.353379 np0000005801 devstack@placement-api.service[89990]: DEBUG dbcounter [-] [89990] Writing DB stats placement:SELECT=2 {{(pid=89990) stat_writer /opt/stack/data/venv/lib/python3.12/site-packages/dbcounter.py:115}}
Jul 24 04:58:18.389653 np0000005801 devstack@placement-api.service[89989]: DEBUG dbcounter [-] [89989] Writing DB stats placement:SELECT=2 {{(pid=89989) stat_writer /opt/stack/data/venv/lib/python3.12/site-packages/dbcounter.py:115}}
Jul 24 04:58:26.444965 np0000005801 devstack@placement-api.service[89988]: DEBUG placement.requestlog [req-67bfb21d-8484-4762-882d-45a1ccaea258 req-57f18153-8838-49ee-9958-48313416ce72 None None] Starting request: 10.4.3.201 "GET /placement/allocation_candidates?limit=1000&resources=DISK_GB%3A1%2CMEMORY_MB%3A192%2CVCPU%3A1&root_required=%21COMPUTE_STATUS_DISABLED" {{(pid=89988) __call__ /opt/stack/placement/placement/requestlog.py:55}}
Jul 24 04:58:26.574742 np0000005801 devstack@placement-api.service[89990]: DEBUG placement.requestlog [req-86bdd6f4-ded5-4677-aa7f-341bb25f415b req-f5c76706-41d5-415e-a1bc-3bae26832130 None None] Starting request: 10.4.3.201 "GET /placement/allocation_candidates?limit=1000&resources=DISK_GB%3A1%2CMEMORY_MB%3A192%2CVCPU%3A1&root_required=%21COMPUTE_STATUS_DISABLED" {{(pid=89990) __call__ /opt/stack/placement/placement/requestlog.py:55}}
Jul 24 04:58:26.830323 np0000005801 devstack@placement-api.service[89988]: DEBUG placement.objects.research_context [req-67bfb21d-8484-4762-882d-45a1ccaea258 req-57f18153-8838-49ee-9958-48313416ce72 service nova] getting providers with 1 DISK_GB {{(pid=89988) __init__ /opt/stack/placement/placement/objects/research_context.py:137}}
Jul 24 04:58:26.839471 np0000005801 devstack@placement-api.service[89990]: DEBUG placement.objects.research_context [req-86bdd6f4-ded5-4677-aa7f-341bb25f415b req-f5c76706-41d5-415e-a1bc-3bae26832130 service nova] getting providers with 1 DISK_GB {{(pid=89990) __init__ /opt/stack/placement/placement/objects/research_context.py:137}}
Jul 24 04:58:26.841233 np0000005801 devstack@placement-api.service[89988]: DEBUG placement.objects.research_context [req-67bfb21d-8484-4762-882d-45a1ccaea258 req-57f18153-8838-49ee-9958-48313416ce72 service nova] getting providers with 192 MEMORY_MB {{(pid=89988) __init__ /opt/stack/placement/placement/objects/research_context.py:137}}
Jul 24 04:58:26.849723 np0000005801 devstack@placement-api.service[89988]: DEBUG placement.objects.research_context [req-67bfb21d-8484-4762-882d-45a1ccaea258 req-57f18153-8838-49ee-9958-48313416ce72 service nova] getting providers with 1 VCPU {{(pid=89988) __init__ /opt/stack/placement/placement/objects/research_context.py:137}}
Jul 24 04:58:26.849846 np0000005801 devstack@placement-api.service[89990]: DEBUG placement.objects.research_context [req-86bdd6f4-ded5-4677-aa7f-341bb25f415b req-f5c76706-41d5-415e-a1bc-3bae26832130 service nova] getting providers with 192 MEMORY_MB {{(pid=89990) __init__ /opt/stack/placement/placement/objects/research_context.py:137}}
Jul 24 04:58:26.851593 np0000005801 devstack@placement-api.service[89990]: DEBUG placement.objects.research_context [req-86bdd6f4-ded5-4677-aa7f-341bb25f415b req-f5c76706-41d5-415e-a1bc-3bae26832130 service nova] getting providers with 1 VCPU {{(pid=89990) __init__ /opt/stack/placement/placement/objects/research_context.py:137}}
Jul 24 04:58:26.851974 np0000005801 devstack@placement-api.service[89988]: DEBUG placement.objects.research_context [req-67bfb21d-8484-4762-882d-45a1ccaea258 req-57f18153-8838-49ee-9958-48313416ce72 service nova] found 1 providers with available 1 DISK_GB {{(pid=89988) get_provider_ids_matching /opt/stack/placement/placement/objects/research_context.py:563}}
Jul 24 04:58:26.852133 np0000005801 devstack@placement-api.service[89988]: DEBUG placement.objects.research_context [req-67bfb21d-8484-4762-882d-45a1ccaea258 req-57f18153-8838-49ee-9958-48313416ce72 service nova] found 1 providers with available 192 MEMORY_MB {{(pid=89988) get_provider_ids_matching /opt/stack/placement/placement/objects/research_context.py:563}}
Jul 24 04:58:26.852501 np0000005801 devstack@placement-api.service[89988]: DEBUG placement.objects.research_context [req-67bfb21d-8484-4762-882d-45a1ccaea258 req-57f18153-8838-49ee-9958-48313416ce72 service nova] found 1 providers after filtering by previous result {{(pid=89988) get_provider_ids_matching /opt/stack/placement/placement/objects/research_context.py:594}}
Jul 24 04:58:26.852665 np0000005801 devstack@placement-api.service[89988]: DEBUG placement.objects.research_context [req-67bfb21d-8484-4762-882d-45a1ccaea258 req-57f18153-8838-49ee-9958-48313416ce72 service nova] found 1 providers with available 1 VCPU {{(pid=89988) get_provider_ids_matching /opt/stack/placement/placement/objects/research_context.py:563}}
Jul 24 04:58:26.852804 np0000005801 devstack@placement-api.service[89988]: DEBUG placement.objects.research_context [req-67bfb21d-8484-4762-882d-45a1ccaea258 req-57f18153-8838-49ee-9958-48313416ce72 service nova] found 1 providers after filtering by previous result {{(pid=89988) get_provider_ids_matching /opt/stack/placement/placement/objects/research_context.py:594}}
Jul 24 04:58:26.856056 np0000005801 devstack@placement-api.service[89990]: DEBUG placement.objects.research_context [req-86bdd6f4-ded5-4677-aa7f-341bb25f415b req-f5c76706-41d5-415e-a1bc-3bae26832130 service nova] found 1 providers with available 1 DISK_GB {{(pid=89990) get_provider_ids_matching /opt/stack/placement/placement/objects/research_context.py:563}}
Jul 24 04:58:26.856329 np0000005801 devstack@placement-api.service[89990]: DEBUG placement.objects.research_context [req-86bdd6f4-ded5-4677-aa7f-341bb25f415b req-f5c76706-41d5-415e-a1bc-3bae26832130 service nova] found 1 providers with available 192 MEMORY_MB {{(pid=89990) get_provider_ids_matching /opt/stack/placement/placement/objects/research_context.py:563}}
Jul 24 04:58:26.856728 np0000005801 devstack@placement-api.service[89990]: DEBUG placement.objects.research_context [req-86bdd6f4-ded5-4677-aa7f-341bb25f415b req-f5c76706-41d5-415e-a1bc-3bae26832130 service nova] found 1 providers after filtering by previous result {{(pid=89990) get_provider_ids_matching /opt/stack/placement/placement/objects/research_context.py:594}}
Jul 24 04:58:26.856913 np0000005801 devstack@placement-api.service[89990]: DEBUG placement.objects.research_context [req-86bdd6f4-ded5-4677-aa7f-341bb25f415b req-f5c76706-41d5-415e-a1bc-3bae26832130 service nova] found 1 providers with available 1 VCPU {{(pid=89990) get_provider_ids_matching /opt/stack/placement/placement/objects/research_context.py:563}}
Jul 24 04:58:26.857079 np0000005801 devstack@placement-api.service[89990]: DEBUG placement.objects.research_context [req-86bdd6f4-ded5-4677-aa7f-341bb25f415b req-f5c76706-41d5-415e-a1bc-3bae26832130 service nova] found 1 providers after filtering by previous result {{(pid=89990) get_provider_ids_matching /opt/stack/placement/placement/objects/research_context.py:594}}
Jul 24 04:58:26.862071 np0000005801 devstack@placement-api.service[89988]: DEBUG placement.objects.allocation_candidate [req-67bfb21d-8484-4762-882d-45a1ccaea258 req-57f18153-8838-49ee-9958-48313416ce72 service nova] RequestGroup(use_same_provider=False, resources={DISK_GB:1, MEMORY_MB:192, VCPU:1}, traits=(), aggregates=[]) (suffix '') returned 1 matches {{(pid=89988) _get_by_requests /opt/stack/placement/placement/objects/allocation_candidate.py:158}}
Jul 24 04:58:26.862398 np0000005801 devstack@placement-api.service[89988]: DEBUG placement.objects.allocation_candidate [req-67bfb21d-8484-4762-882d-45a1ccaea258 req-57f18153-8838-49ee-9958-48313416ce72 service nova] Merging candidates yields 1 allocation requests and 1 provider summaries {{(pid=89988) _merge_candidates /opt/stack/placement/placement/objects/allocation_candidate.py:908}}
Jul 24 04:58:26.863476 np0000005801 devstack@placement-api.service[89988]: INFO placement.requestlog [req-67bfb21d-8484-4762-882d-45a1ccaea258 req-57f18153-8838-49ee-9958-48313416ce72 service nova] 10.4.3.201 "GET /placement/allocation_candidates?limit=1000&resources=DISK_GB%3A1%2CMEMORY_MB%3A192%2CVCPU%3A1&root_required=%21COMPUTE_STATUS_DISABLED" status: 200 len: 2490 microversion: 1.36
Jul 24 04:58:26.863759 np0000005801 devstack@placement-api.service[89988]: [pid: 89988|app: 0|req: 6/17] 10.4.3.201 () {68 vars in 1625 bytes} [Fri Jul 24 04:58:26 2026] GET /placement/allocation_candidates?limit=1000&resources=DISK_GB%3A1%2CMEMORY_MB%3A192%2CVCPU%3A1&root_required=%21COMPUTE_STATUS_DISABLED => generated 2490 bytes in 419 msecs (HTTP/1.1 200) 8 headers in 297 bytes (1 switches on core 0)
Jul 24 04:58:26.867917 np0000005801 devstack@placement-api.service[89990]: DEBUG placement.objects.allocation_candidate [req-86bdd6f4-ded5-4677-aa7f-341bb25f415b req-f5c76706-41d5-415e-a1bc-3bae26832130 service nova] RequestGroup(use_same_provider=False, resources={DISK_GB:1, MEMORY_MB:192, VCPU:1}, traits=(), aggregates=[]) (suffix '') returned 1 matches {{(pid=89990) _get_by_requests /opt/stack/placement/placement/objects/allocation_candidate.py:158}}
Jul 24 04:58:26.868305 np0000005801 devstack@placement-api.service[89990]: DEBUG placement.objects.allocation_candidate [req-86bdd6f4-ded5-4677-aa7f-341bb25f415b req-f5c76706-41d5-415e-a1bc-3bae26832130 service nova] Merging candidates yields 1 allocation requests and 1 provider summaries {{(pid=89990) _merge_candidates /opt/stack/placement/placement/objects/allocation_candidate.py:908}}
Jul 24 04:58:26.869443 np0000005801 devstack@placement-api.service[89990]: INFO placement.requestlog [req-86bdd6f4-ded5-4677-aa7f-341bb25f415b req-f5c76706-41d5-415e-a1bc-3bae26832130 service nova] 10.4.3.201 "GET /placement/allocation_candidates?limit=1000&resources=DISK_GB%3A1%2CMEMORY_MB%3A192%2CVCPU%3A1&root_required=%21COMPUTE_STATUS_DISABLED" status: 200 len: 2490 microversion: 1.36
Jul 24 04:58:26.870011 np0000005801 devstack@placement-api.service[89990]: [pid: 89990|app: 0|req: 7/18] 10.4.3.201 () {68 vars in 1625 bytes} [Fri Jul 24 04:58:26 2026] GET /placement/allocation_candidates?limit=1000&resources=DISK_GB%3A1%2CMEMORY_MB%3A192%2CVCPU%3A1&root_required=%21COMPUTE_STATUS_DISABLED => generated 2490 bytes in 295 msecs (HTTP/1.1 200) 8 headers in 297 bytes (1 switches on core 0)
Jul 24 04:58:27.051048 np0000005801 devstack@placement-api.service[89989]: DEBUG placement.requestlog [req-67bfb21d-8484-4762-882d-45a1ccaea258 req-742b278a-02b1-4379-94a3-c4751ac7cc93 None None] Starting request: 10.4.3.201 "GET /placement/allocations/3f183a60-188a-4622-b122-88d5911ac1e5" {{(pid=89989) __call__ /opt/stack/placement/placement/requestlog.py:55}}
Jul 24 04:58:27.057671 np0000005801 devstack@placement-api.service[89988]: DEBUG placement.requestlog [req-86bdd6f4-ded5-4677-aa7f-341bb25f415b req-2a9976ed-13b1-4bb6-865d-0cf2dbe958c6 None None] Starting request: 10.4.3.201 "GET /placement/allocations/8f417cfc-96ca-4452-badd-4b2e31c238c8" {{(pid=89988) __call__ /opt/stack/placement/placement/requestlog.py:55}}
Jul 24 04:58:27.062124 np0000005801 devstack@placement-api.service[89989]: INFO placement.requestlog [req-67bfb21d-8484-4762-882d-45a1ccaea258 req-742b278a-02b1-4379-94a3-c4751ac7cc93 service nova] 10.4.3.201 "GET /placement/allocations/3f183a60-188a-4622-b122-88d5911ac1e5" status: 200 len: 19 microversion: 1.28
Jul 24 04:58:27.062987 np0000005801 devstack@placement-api.service[89989]: [pid: 89989|app: 0|req: 6/19] 10.4.3.201 () {68 vars in 1501 bytes} [Fri Jul 24 04:58:27 2026] GET /placement/allocations/3f183a60-188a-4622-b122-88d5911ac1e5 => generated 19 bytes in 12 msecs (HTTP/1.1 200) 8 headers in 295 bytes (1 switches on core 0)
Jul 24 04:58:27.067561 np0000005801 devstack@placement-api.service[89988]: INFO placement.requestlog [req-86bdd6f4-ded5-4677-aa7f-341bb25f415b req-2a9976ed-13b1-4bb6-865d-0cf2dbe958c6 service nova] 10.4.3.201 "GET /placement/allocations/8f417cfc-96ca-4452-badd-4b2e31c238c8" status: 200 len: 19 microversion: 1.28
Jul 24 04:58:27.067827 np0000005801 devstack@placement-api.service[89988]: [pid: 89988|app: 0|req: 7/20] 10.4.3.201 () {68 vars in 1501 bytes} [Fri Jul 24 04:58:27 2026] GET /placement/allocations/8f417cfc-96ca-4452-badd-4b2e31c238c8 => generated 19 bytes in 10 msecs (HTTP/1.1 200) 8 headers in 295 bytes (1 switches on core 0)
Jul 24 04:58:27.097588 np0000005801 devstack@placement-api.service[89990]: DEBUG placement.requestlog [req-67bfb21d-8484-4762-882d-45a1ccaea258 req-68728ab5-6a50-4e61-99ce-45c4098d252f None None] Starting request: 10.4.3.201 "PUT /placement/allocations/3f183a60-188a-4622-b122-88d5911ac1e5" {{(pid=89990) __call__ /opt/stack/placement/placement/requestlog.py:55}}
Jul 24 04:58:27.099156 np0000005801 devstack@placement-api.service[89989]: DEBUG placement.requestlog [req-86bdd6f4-ded5-4677-aa7f-341bb25f415b req-e7804cb0-0e31-424c-b272-de93e1ba471a None None] Starting request: 10.4.3.201 "PUT /placement/allocations/8f417cfc-96ca-4452-badd-4b2e31c238c8" {{(pid=89989) __call__ /opt/stack/placement/placement/requestlog.py:55}}
Jul 24 04:58:27.152679 np0000005801 devstack@placement-api.service[89989]: DEBUG oslo_db.api [req-86bdd6f4-ded5-4677-aa7f-341bb25f415b req-e7804cb0-0e31-424c-b272-de93e1ba471a service nova] DB error: (pymysql.err.OperationalError) (1213, 'Deadlock found when trying to get lock; try restarting transaction')
Jul 24 04:58:27.152679 np0000005801 devstack@placement-api.service[89989]: [SQL: INSERT INTO allocations (resource_provider_id, consumer_id, resource_class_id, used, created_at) VALUES (%(resource_provider_id)s, %(consumer_id)s, %(resource_class_id)s, %(used)s, %(created_at)s)]
Jul 24 04:58:27.152679 np0000005801 devstack@placement-api.service[89989]: [parameters: {'resource_provider_id': 1, 'consumer_id': '8f417cfc-96ca-4452-badd-4b2e31c238c8', 'resource_class_id': 2, 'used': 1, 'created_at': datetime.datetime(2026, 7, 24, 4, 58, 27, 149294)}]
Jul 24 04:58:27.152679 np0000005801 devstack@placement-api.service[89989]: (Background on this error at: https://sqlalche.me/e/20/e3q8) {{(pid=89989) _is_exception_expected /opt/stack/data/venv/lib/python3.12/site-packages/oslo_db/api.py:184}}
Jul 24 04:58:27.153434 np0000005801 devstack@placement-api.service[89989]: DEBUG oslo_db.api [req-86bdd6f4-ded5-4677-aa7f-341bb25f415b req-e7804cb0-0e31-424c-b272-de93e1ba471a service nova] Performing DB retry for function placement.objects.allocation._set_allocations {{(pid=89989) wrapper /opt/stack/data/venv/lib/python3.12/site-packages/oslo_db/api.py:155}}
Jul 24 04:58:27.156276 np0000005801 devstack@placement-api.service[89990]: DEBUG placement.handlers.allocation [req-67bfb21d-8484-4762-882d-45a1ccaea258 req-68728ab5-6a50-4e61-99ce-45c4098d252f service nova] Successfully wrote allocations [, , ] {{(pid=89990) _update_consumers_and_create_allocations /opt/stack/placement/placement/handlers/allocation.py:462}}
Jul 24 04:58:27.159524 np0000005801 devstack@placement-api.service[89990]: INFO placement.requestlog [req-67bfb21d-8484-4762-882d-45a1ccaea258 req-68728ab5-6a50-4e61-99ce-45c4098d252f service nova] 10.4.3.201 "PUT /placement/allocations/3f183a60-188a-4622-b122-88d5911ac1e5" status: 204 len: 0 microversion: 1.36
Jul 24 04:58:27.159781 np0000005801 devstack@placement-api.service[89990]: [pid: 89990|app: 0|req: 8/21] 10.4.3.201 () {72 vars in 1554 bytes} [Fri Jul 24 04:58:27 2026] PUT /placement/allocations/3f183a60-188a-4622-b122-88d5911ac1e5 => generated 0 bytes in 62 msecs (HTTP/1.1 204) 5 headers in 199 bytes (1 switches on core 0)
Jul 24 04:58:27.590671 np0000005801 devstack@placement-api.service[89988]: DEBUG placement.requestlog [req-67bfb21d-8484-4762-882d-45a1ccaea258 req-47b9dd42-e604-49f8-9b47-769cf1623bba None None] Starting request: 10.4.3.201 "GET /placement/allocations/3f183a60-188a-4622-b122-88d5911ac1e5" {{(pid=89988) __call__ /opt/stack/placement/placement/requestlog.py:55}}
Jul 24 04:58:27.599395 np0000005801 devstack@placement-api.service[89988]: INFO placement.requestlog [req-67bfb21d-8484-4762-882d-45a1ccaea258 req-47b9dd42-e604-49f8-9b47-769cf1623bba service nova] 10.4.3.201 "GET /placement/allocations/3f183a60-188a-4622-b122-88d5911ac1e5" status: 200 len: 257 microversion: 1.28
Jul 24 04:58:27.599663 np0000005801 devstack@placement-api.service[89988]: [pid: 89988|app: 0|req: 8/22] 10.4.3.201 () {68 vars in 1499 bytes} [Fri Jul 24 04:58:27 2026] GET /placement/allocations/3f183a60-188a-4622-b122-88d5911ac1e5 => generated 257 bytes in 9 msecs (HTTP/1.1 200) 8 headers in 296 bytes (1 switches on core 0)
Jul 24 04:58:27.728847 np0000005801 devstack@placement-api.service[89990]: DEBUG placement.requestlog [req-67bfb21d-8484-4762-882d-45a1ccaea258 req-8f33ae1c-146c-437f-857b-744f4d8bcdc6 None None] Starting request: 10.4.3.201 "GET /placement/resource_providers/655ffa64-c1cb-46aa-ba8e-db36ee47b92f/allocations" {{(pid=89990) __call__ /opt/stack/placement/placement/requestlog.py:55}}
Jul 24 04:58:27.743614 np0000005801 devstack@placement-api.service[89990]: INFO placement.requestlog [req-67bfb21d-8484-4762-882d-45a1ccaea258 req-8f33ae1c-146c-437f-857b-744f4d8bcdc6 service nova] 10.4.3.201 "GET /placement/resource_providers/655ffa64-c1cb-46aa-ba8e-db36ee47b92f/allocations" status: 200 len: 152 microversion: 1.0
Jul 24 04:58:27.744030 np0000005801 devstack@placement-api.service[89990]: [pid: 89990|app: 0|req: 9/23] 10.4.3.201 () {66 vars in 1512 bytes} [Fri Jul 24 04:58:27 2026] GET /placement/resource_providers/655ffa64-c1cb-46aa-ba8e-db36ee47b92f/allocations => generated 152 bytes in 15 msecs (HTTP/1.1 200) 6 headers in 224 bytes (1 switches on core 0)
Jul 24 04:58:27.792194 np0000005801 devstack@placement-api.service[89988]: DEBUG placement.requestlog [req-67bfb21d-8484-4762-882d-45a1ccaea258 req-32c466fc-c422-4783-9cad-9dd7cadb86ea None None] Starting request: 10.4.3.201 "GET /placement/allocations/3f183a60-188a-4622-b122-88d5911ac1e5" {{(pid=89988) __call__ /opt/stack/placement/placement/requestlog.py:55}}
Jul 24 04:58:27.801219 np0000005801 devstack@placement-api.service[89988]: INFO placement.requestlog [req-67bfb21d-8484-4762-882d-45a1ccaea258 req-32c466fc-c422-4783-9cad-9dd7cadb86ea service nova] 10.4.3.201 "GET /placement/allocations/3f183a60-188a-4622-b122-88d5911ac1e5" status: 200 len: 257 microversion: 1.28
Jul 24 04:58:27.801493 np0000005801 devstack@placement-api.service[89988]: [pid: 89988|app: 0|req: 9/24] 10.4.3.201 () {68 vars in 1499 bytes} [Fri Jul 24 04:58:27 2026] GET /placement/allocations/3f183a60-188a-4622-b122-88d5911ac1e5 => generated 257 bytes in 10 msecs (HTTP/1.1 200) 8 headers in 296 bytes (1 switches on core 0)
Jul 24 04:58:28.162773 np0000005801 devstack@placement-api.service[89989]: DEBUG placement.objects.allocation [req-86bdd6f4-ded5-4677-aa7f-341bb25f415b req-e7804cb0-0e31-424c-b272-de93e1ba471a service nova] Retrying allocations write on resource provider generation conflict {{(pid=89989) replace_all /opt/stack/placement/placement/objects/allocation.py:566}}
Jul 24 04:58:28.208854 np0000005801 devstack@placement-api.service[89989]: DEBUG placement.handlers.allocation [req-86bdd6f4-ded5-4677-aa7f-341bb25f415b req-e7804cb0-0e31-424c-b272-de93e1ba471a service nova] Successfully wrote allocations [, , ] {{(pid=89989) _update_consumers_and_create_allocations /opt/stack/placement/placement/handlers/allocation.py:462}}
Jul 24 04:58:28.212528 np0000005801 devstack@placement-api.service[89989]: INFO placement.requestlog [req-86bdd6f4-ded5-4677-aa7f-341bb25f415b req-e7804cb0-0e31-424c-b272-de93e1ba471a service nova] 10.4.3.201 "PUT /placement/allocations/8f417cfc-96ca-4452-badd-4b2e31c238c8" status: 204 len: 0 microversion: 1.36
Jul 24 04:58:28.212754 np0000005801 devstack@placement-api.service[89989]: [pid: 89989|app: 0|req: 7/25] 10.4.3.201 () {72 vars in 1554 bytes} [Fri Jul 24 04:58:27 2026] PUT /placement/allocations/8f417cfc-96ca-4452-badd-4b2e31c238c8 => generated 0 bytes in 1114 msecs (HTTP/1.1 204) 5 headers in 199 bytes (1 switches on core 0)
Jul 24 04:58:28.663091 np0000005801 devstack@placement-api.service[89990]: DEBUG placement.requestlog [req-86bdd6f4-ded5-4677-aa7f-341bb25f415b req-bf8f661a-eb1d-464c-92ae-98df4a494094 None None] Starting request: 10.4.3.201 "GET /placement/allocations/8f417cfc-96ca-4452-badd-4b2e31c238c8" {{(pid=89990) __call__ /opt/stack/placement/placement/requestlog.py:55}}
Jul 24 04:58:28.684138 np0000005801 devstack@placement-api.service[89990]: INFO placement.requestlog [req-86bdd6f4-ded5-4677-aa7f-341bb25f415b req-bf8f661a-eb1d-464c-92ae-98df4a494094 service nova] 10.4.3.201 "GET /placement/allocations/8f417cfc-96ca-4452-badd-4b2e31c238c8" status: 200 len: 257 microversion: 1.28
Jul 24 04:58:28.684579 np0000005801 devstack@placement-api.service[89990]: [pid: 89990|app: 0|req: 10/26] 10.4.3.201 () {68 vars in 1499 bytes} [Fri Jul 24 04:58:28 2026] GET /placement/allocations/8f417cfc-96ca-4452-badd-4b2e31c238c8 => generated 257 bytes in 22 msecs (HTTP/1.1 200) 8 headers in 296 bytes (1 switches on core 0)
Jul 24 04:58:28.805769 np0000005801 devstack@placement-api.service[89988]: DEBUG placement.requestlog [req-86bdd6f4-ded5-4677-aa7f-341bb25f415b req-4d5fb823-03d9-4d62-a698-11f4c4681a41 None None] Starting request: 10.4.3.201 "GET /placement/resource_providers/655ffa64-c1cb-46aa-ba8e-db36ee47b92f/allocations" {{(pid=89988) __call__ /opt/stack/placement/placement/requestlog.py:55}}
Jul 24 04:58:28.830219 np0000005801 devstack@placement-api.service[89988]: INFO placement.requestlog [req-86bdd6f4-ded5-4677-aa7f-341bb25f415b req-4d5fb823-03d9-4d62-a698-11f4c4681a41 service nova] 10.4.3.201 "GET /placement/resource_providers/655ffa64-c1cb-46aa-ba8e-db36ee47b92f/allocations" status: 200 len: 252 microversion: 1.0
Jul 24 04:58:28.830527 np0000005801 devstack@placement-api.service[89988]: [pid: 89988|app: 0|req: 10/27] 10.4.3.201 () {66 vars in 1512 bytes} [Fri Jul 24 04:58:28 2026] GET /placement/resource_providers/655ffa64-c1cb-46aa-ba8e-db36ee47b92f/allocations => generated 252 bytes in 26 msecs (HTTP/1.1 200) 6 headers in 224 bytes (1 switches on core 0)
Jul 24 04:58:28.862027 np0000005801 devstack@placement-api.service[89989]: DEBUG placement.requestlog [req-86bdd6f4-ded5-4677-aa7f-341bb25f415b req-9ee6e400-38b5-4fdf-82af-cb5c4b2ac4bf None None] Starting request: 10.4.3.201 "GET /placement/allocations/8f417cfc-96ca-4452-badd-4b2e31c238c8" {{(pid=89989) __call__ /opt/stack/placement/placement/requestlog.py:55}}
Jul 24 04:58:28.873697 np0000005801 devstack@placement-api.service[89989]: INFO placement.requestlog [req-86bdd6f4-ded5-4677-aa7f-341bb25f415b req-9ee6e400-38b5-4fdf-82af-cb5c4b2ac4bf service nova] 10.4.3.201 "GET /placement/allocations/8f417cfc-96ca-4452-badd-4b2e31c238c8" status: 200 len: 257 microversion: 1.28
Jul 24 04:58:28.874297 np0000005801 devstack@placement-api.service[89989]: [pid: 89989|app: 0|req: 8/28] 10.4.3.201 () {68 vars in 1499 bytes} [Fri Jul 24 04:58:28 2026] GET /placement/allocations/8f417cfc-96ca-4452-badd-4b2e31c238c8 => generated 257 bytes in 12 msecs (HTTP/1.1 200) 8 headers in 296 bytes (2 switches on core 0)
Jul 24 04:58:28.909348 np0000005801 devstack@placement-api.service[89990]: DEBUG placement.requestlog [req-86bdd6f4-ded5-4677-aa7f-341bb25f415b req-459bc4ea-c77a-4739-8ae7-06d61dd9c3dc None None] Starting request: 10.4.3.201 "GET /placement/allocations/3f183a60-188a-4622-b122-88d5911ac1e5" {{(pid=89990) __call__ /opt/stack/placement/placement/requestlog.py:55}}
Jul 24 04:58:28.917499 np0000005801 devstack@placement-api.service[89990]: INFO placement.requestlog [req-86bdd6f4-ded5-4677-aa7f-341bb25f415b req-459bc4ea-c77a-4739-8ae7-06d61dd9c3dc service nova] 10.4.3.201 "GET /placement/allocations/3f183a60-188a-4622-b122-88d5911ac1e5" status: 200 len: 257 microversion: 1.28
Jul 24 04:58:28.917738 np0000005801 devstack@placement-api.service[89990]: [pid: 89990|app: 0|req: 11/29] 10.4.3.201 () {68 vars in 1499 bytes} [Fri Jul 24 04:58:28 2026] GET /placement/allocations/3f183a60-188a-4622-b122-88d5911ac1e5 => generated 257 bytes in 8 msecs (HTTP/1.1 200) 8 headers in 296 bytes (1 switches on core 0)
Jul 24 04:58:30.921862 np0000005801 devstack@placement-api.service[89988]: DEBUG placement.requestlog [req-1822adb3-2473-4e01-bbd4-8e8ce2879044 req-79bdaae6-ebb1-41f5-8535-82ae02fa42d9 None None] Starting request: 10.4.3.201 "GET /placement/allocation_candidates?limit=1000&resources=DISK_GB%3A1%2CMEMORY_MB%3A192%2CVCPU%3A1&root_required=%21COMPUTE_STATUS_DISABLED" {{(pid=89988) __call__ /opt/stack/placement/placement/requestlog.py:55}}
Jul 24 04:58:30.947436 np0000005801 devstack@placement-api.service[89988]: DEBUG placement.objects.research_context [req-1822adb3-2473-4e01-bbd4-8e8ce2879044 req-79bdaae6-ebb1-41f5-8535-82ae02fa42d9 service nova] getting providers with 1 DISK_GB {{(pid=89988) __init__ /opt/stack/placement/placement/objects/research_context.py:137}}
Jul 24 04:58:30.950744 np0000005801 devstack@placement-api.service[89988]: DEBUG placement.objects.research_context [req-1822adb3-2473-4e01-bbd4-8e8ce2879044 req-79bdaae6-ebb1-41f5-8535-82ae02fa42d9 service nova] getting providers with 192 MEMORY_MB {{(pid=89988) __init__ /opt/stack/placement/placement/objects/research_context.py:137}}
Jul 24 04:58:30.953092 np0000005801 devstack@placement-api.service[89988]: DEBUG placement.objects.research_context [req-1822adb3-2473-4e01-bbd4-8e8ce2879044 req-79bdaae6-ebb1-41f5-8535-82ae02fa42d9 service nova] getting providers with 1 VCPU {{(pid=89988) __init__ /opt/stack/placement/placement/objects/research_context.py:137}}
Jul 24 04:58:30.955415 np0000005801 devstack@placement-api.service[89988]: DEBUG placement.objects.research_context [req-1822adb3-2473-4e01-bbd4-8e8ce2879044 req-79bdaae6-ebb1-41f5-8535-82ae02fa42d9 service nova] found 1 providers with available 1 DISK_GB {{(pid=89988) get_provider_ids_matching /opt/stack/placement/placement/objects/research_context.py:563}}
Jul 24 04:58:30.955641 np0000005801 devstack@placement-api.service[89988]: DEBUG placement.objects.research_context [req-1822adb3-2473-4e01-bbd4-8e8ce2879044 req-79bdaae6-ebb1-41f5-8535-82ae02fa42d9 service nova] found 1 providers with available 192 MEMORY_MB {{(pid=89988) get_provider_ids_matching /opt/stack/placement/placement/objects/research_context.py:563}}
Jul 24 04:58:30.955920 np0000005801 devstack@placement-api.service[89988]: DEBUG placement.objects.research_context [req-1822adb3-2473-4e01-bbd4-8e8ce2879044 req-79bdaae6-ebb1-41f5-8535-82ae02fa42d9 service nova] found 1 providers after filtering by previous result {{(pid=89988) get_provider_ids_matching /opt/stack/placement/placement/objects/research_context.py:594}}
Jul 24 04:58:30.956092 np0000005801 devstack@placement-api.service[89988]: DEBUG placement.objects.research_context [req-1822adb3-2473-4e01-bbd4-8e8ce2879044 req-79bdaae6-ebb1-41f5-8535-82ae02fa42d9 service nova] found 1 providers with available 1 VCPU {{(pid=89988) get_provider_ids_matching /opt/stack/placement/placement/objects/research_context.py:563}}
Jul 24 04:58:30.956260 np0000005801 devstack@placement-api.service[89988]: DEBUG placement.objects.research_context [req-1822adb3-2473-4e01-bbd4-8e8ce2879044 req-79bdaae6-ebb1-41f5-8535-82ae02fa42d9 service nova] found 1 providers after filtering by previous result {{(pid=89988) get_provider_ids_matching /opt/stack/placement/placement/objects/research_context.py:594}}
Jul 24 04:58:30.962478 np0000005801 devstack@placement-api.service[89988]: DEBUG placement.objects.allocation_candidate [req-1822adb3-2473-4e01-bbd4-8e8ce2879044 req-79bdaae6-ebb1-41f5-8535-82ae02fa42d9 service nova] RequestGroup(use_same_provider=False, resources={DISK_GB:1, MEMORY_MB:192, VCPU:1}, traits=(), aggregates=[]) (suffix '') returned 1 matches {{(pid=89988) _get_by_requests /opt/stack/placement/placement/objects/allocation_candidate.py:158}}
Jul 24 04:58:30.962754 np0000005801 devstack@placement-api.service[89988]: DEBUG placement.objects.allocation_candidate [req-1822adb3-2473-4e01-bbd4-8e8ce2879044 req-79bdaae6-ebb1-41f5-8535-82ae02fa42d9 service nova] Merging candidates yields 1 allocation requests and 1 provider summaries {{(pid=89988) _merge_candidates /opt/stack/placement/placement/objects/allocation_candidate.py:908}}
Jul 24 04:58:30.964405 np0000005801 devstack@placement-api.service[89988]: INFO placement.requestlog [req-1822adb3-2473-4e01-bbd4-8e8ce2879044 req-79bdaae6-ebb1-41f5-8535-82ae02fa42d9 service nova] 10.4.3.201 "GET /placement/allocation_candidates?limit=1000&resources=DISK_GB%3A1%2CMEMORY_MB%3A192%2CVCPU%3A1&root_required=%21COMPUTE_STATUS_DISABLED" status: 200 len: 2492 microversion: 1.36
Jul 24 04:58:30.964405 np0000005801 devstack@placement-api.service[89988]: [pid: 89988|app: 0|req: 11/30] 10.4.3.201 () {68 vars in 1625 bytes} [Fri Jul 24 04:58:30 2026] GET /placement/allocation_candidates?limit=1000&resources=DISK_GB%3A1%2CMEMORY_MB%3A192%2CVCPU%3A1&root_required=%21COMPUTE_STATUS_DISABLED => generated 2492 bytes in 43 msecs (HTTP/1.1 200) 8 headers in 297 bytes (1 switches on core 0)
Jul 24 04:58:31.121468 np0000005801 devstack@placement-api.service[89989]: DEBUG placement.requestlog [req-1822adb3-2473-4e01-bbd4-8e8ce2879044 req-f3d44719-8409-4582-8dcb-e229090b5810 None None] Starting request: 10.4.3.201 "GET /placement/allocations/70607baa-75da-457f-b13f-4551e7d06e27" {{(pid=89989) __call__ /opt/stack/placement/placement/requestlog.py:55}}
Jul 24 04:58:31.126898 np0000005801 devstack@placement-api.service[89989]: INFO placement.requestlog [req-1822adb3-2473-4e01-bbd4-8e8ce2879044 req-f3d44719-8409-4582-8dcb-e229090b5810 service nova] 10.4.3.201 "GET /placement/allocations/70607baa-75da-457f-b13f-4551e7d06e27" status: 200 len: 19 microversion: 1.28
Jul 24 04:58:31.127134 np0000005801 devstack@placement-api.service[89989]: [pid: 89989|app: 0|req: 9/31] 10.4.3.201 () {68 vars in 1501 bytes} [Fri Jul 24 04:58:31 2026] GET /placement/allocations/70607baa-75da-457f-b13f-4551e7d06e27 => generated 19 bytes in 6 msecs (HTTP/1.1 200) 8 headers in 295 bytes (1 switches on core 0)
