May 25 06:58:33.506479 np0000001376 systemd[1]: Starting devstack@n-api.service - Devstack devstack@n-api.service...
May 25 06:58:33.512433 np0000001376 devstack@n-api.service[86616]: [uWSGI] getting INI configuration from /etc/nova/nova-api-uwsgi.ini
May 25 06:58:33.515089 np0000001376 devstack@n-api.service[86616]: *** Starting uWSGI 2.0.24-debian (64bit) on [Mon May 25 06:58:33 2026] ***
May 25 06:58:33.515089 np0000001376 devstack@n-api.service[86616]: compiled with version: 13.2.0 on 17 April 2024 16:23:48
May 25 06:58:33.515089 np0000001376 devstack@n-api.service[86616]: os: Linux-6.8.0-100-generic #100-Ubuntu SMP PREEMPT_DYNAMIC Tue Jan 13 16:40:06 UTC 2026
May 25 06:58:33.515089 np0000001376 devstack@n-api.service[86616]: nodename: np0000001376
May 25 06:58:33.515089 np0000001376 devstack@n-api.service[86616]: machine: x86_64
May 25 06:58:33.515089 np0000001376 devstack@n-api.service[86616]: clock source: unix
May 25 06:58:33.515089 np0000001376 devstack@n-api.service[86616]: pcre jit disabled
May 25 06:58:33.515089 np0000001376 devstack@n-api.service[86616]: detected number of CPU cores: 12
May 25 06:58:33.515089 np0000001376 devstack@n-api.service[86616]: current working directory: /
May 25 06:58:33.515089 np0000001376 devstack@n-api.service[86616]: detected binary path: /usr/bin/uwsgi-core
May 25 06:58:33.515089 np0000001376 devstack@n-api.service[86616]: your processes number limit is 95969
May 25 06:58:33.515089 np0000001376 devstack@n-api.service[86616]: your memory page size is 4096 bytes
May 25 06:58:33.515089 np0000001376 devstack@n-api.service[86616]: detected max file descriptor number: 2048
May 25 06:58:33.515089 np0000001376 devstack@n-api.service[86616]: lock engine: pthread robust mutexes
May 25 06:58:33.515395 np0000001376 devstack@n-api.service[86616]: thunder lock: enabled
May 25 06:58:33.515545 np0000001376 devstack@n-api.service[86616]: uwsgi socket 0 bound to UNIX address /var/run/uwsgi/nova-api.socket fd 4
May 25 06:58:33.515545 np0000001376 devstack@n-api.service[86616]: Python version: 3.12.3 (main, Mar 23 2026, 19:04:32) [GCC 13.3.0]
May 25 06:58:33.515545 np0000001376 devstack@n-api.service[86616]: PEP 405 virtualenv detected: /opt/stack/data/venv
May 25 06:58:33.515733 np0000001376 devstack@n-api.service[86616]: Set PythonHome to /opt/stack/data/venv
May 25 06:58:33.550639 np0000001376 devstack@n-api.service[86616]: Python main interpreter initialized at 0x787a0c6a3668
May 25 06:58:33.550639 np0000001376 devstack@n-api.service[86616]: python threads support enabled
May 25 06:58:33.550639 np0000001376 devstack@n-api.service[86616]: your server socket listen backlog is limited to 100 connections
May 25 06:58:33.550639 np0000001376 devstack@n-api.service[86616]: your mercy for graceful operations on workers is 80 seconds
May 25 06:58:33.551076 np0000001376 devstack@n-api.service[86616]: mapped 537436 bytes (524 KB) for 3 cores
May 25 06:58:33.551204 np0000001376 devstack@n-api.service[86616]: *** Operational MODE: preforking ***
May 25 06:58:33.551367 np0000001376 devstack@n-api.service[86616]: *** uWSGI is running in multiple interpreter mode ***
May 25 06:58:33.551367 np0000001376 devstack@n-api.service[86616]: spawned uWSGI master process (pid: 86616)
May 25 06:58:33.551560 np0000001376 systemd[1]: Started devstack@n-api.service - Devstack devstack@n-api.service.
May 25 06:58:33.551934 np0000001376 devstack@n-api.service[86616]: spawned uWSGI worker 1 (pid: 86617, cores: 1)
May 25 06:58:33.552425 np0000001376 devstack@n-api.service[86616]: spawned uWSGI worker 2 (pid: 86618, cores: 1)
May 25 06:58:33.552957 np0000001376 devstack@n-api.service[86616]: spawned uWSGI worker 3 (pid: 86619, cores: 1)
May 25 06:58:33.552957 np0000001376 devstack@n-api.service[86616]: running "unix_signal:15 gracefully_kill_them_all" (master-start)...
May 25 06:58:35.227728 np0000001376 devstack@n-api.service[86618]: INFO dbcounter [None req-f15a5163-9510-476b-8c2b-83ac2b91f9be None None] Registered counter for database nova_api
May 25 06:58:35.232383 np0000001376 devstack@n-api.service[86619]: INFO dbcounter [None req-028fe12b-a9e1-4966-b426-7b76f4fef79f None None] Registered counter for database nova_api
May 25 06:58:35.238573 np0000001376 devstack@n-api.service[86618]: DEBUG oslo_db.sqlalchemy.engines [None req-f15a5163-9510-476b-8c2b-83ac2b91f9be None None] MySQL server mode set to STRICT_TRANS_TABLES,STRICT_ALL_TABLES,NO_ZERO_IN_DATE,NO_ZERO_DATE,ERROR_FOR_DIVISION_BY_ZERO,TRADITIONAL,NO_ENGINE_SUBSTITUTION {{(pid=86618) _check_effective_sql_mode /opt/stack/data/venv/lib/python3.12/site-packages/oslo_db/sqlalchemy/engines.py:325}}
May 25 06:58:35.243991 np0000001376 devstack@n-api.service[86619]: DEBUG oslo_db.sqlalchemy.engines [None req-028fe12b-a9e1-4966-b426-7b76f4fef79f None None] MySQL server mode set to STRICT_TRANS_TABLES,STRICT_ALL_TABLES,NO_ZERO_IN_DATE,NO_ZERO_DATE,ERROR_FOR_DIVISION_BY_ZERO,TRADITIONAL,NO_ENGINE_SUBSTITUTION {{(pid=86619) _check_effective_sql_mode /opt/stack/data/venv/lib/python3.12/site-packages/oslo_db/sqlalchemy/engines.py:325}}
May 25 06:58:35.245193 np0000001376 devstack@n-api.service[86617]: INFO dbcounter [None req-abcb794d-fa2d-44f8-8e30-faa246801350 None None] Registered counter for database nova_api
May 25 06:58:35.256821 np0000001376 devstack@n-api.service[86617]: DEBUG oslo_db.sqlalchemy.engines [None req-abcb794d-fa2d-44f8-8e30-faa246801350 None None] MySQL server mode set to STRICT_TRANS_TABLES,STRICT_ALL_TABLES,NO_ZERO_IN_DATE,NO_ZERO_DATE,ERROR_FOR_DIVISION_BY_ZERO,TRADITIONAL,NO_ENGINE_SUBSTITUTION {{(pid=86617) _check_effective_sql_mode /opt/stack/data/venv/lib/python3.12/site-packages/oslo_db/sqlalchemy/engines.py:325}}
May 25 06:58:35.267043 np0000001376 devstack@n-api.service[86618]: DEBUG dbcounter [-] [86618] Writer thread running {{(pid=86618) stat_writer /opt/stack/data/venv/lib/python3.12/site-packages/dbcounter.py:102}}
May 25 06:58:35.269223 np0000001376 devstack@n-api.service[86618]: DEBUG nova.context [None req-f15a5163-9510-476b-8c2b-83ac2b91f9be None None] Found 2 cells: 00000000-0000-0000-0000-000000000000(cell0),21fd8f51-1173-44a8-bb5d-732afc39bb61(cell1) {{(pid=86618) load_cells /opt/stack/nova/nova/context.py:509}}
May 25 06:58:35.269470 np0000001376 devstack@n-api.service[86618]: INFO nova.utils [None req-f15a5163-9510-476b-8c2b-83ac2b91f9be None None] The cell worker thread pool MainProcess.cell_worker is initialized
May 25 06:58:35.271100 np0000001376 devstack@n-api.service[86618]: DEBUG oslo_concurrency.lockutils [None req-f15a5163-9510-476b-8c2b-83ac2b91f9be None None] Acquiring lock "00000000-0000-0000-0000-000000000000" by "nova.context.set_target_cell..get_or_set_cached_cell_and_set_connections" {{(pid=86618) inner /opt/stack/data/venv/lib/python3.12/site-packages/oslo_concurrency/lockutils.py:511}}
May 25 06:58:35.271346 np0000001376 devstack@n-api.service[86618]: DEBUG oslo_concurrency.lockutils [None req-f15a5163-9510-476b-8c2b-83ac2b91f9be None None] Lock "00000000-0000-0000-0000-000000000000" acquired by "nova.context.set_target_cell..get_or_set_cached_cell_and_set_connections" :: waited 0.000s {{(pid=86618) inner /opt/stack/data/venv/lib/python3.12/site-packages/oslo_concurrency/lockutils.py:524}}
May 25 06:58:35.271690 np0000001376 devstack@n-api.service[86618]: DEBUG oslo_concurrency.lockutils [None req-f15a5163-9510-476b-8c2b-83ac2b91f9be None None] Lock "00000000-0000-0000-0000-000000000000" "released" by "nova.context.set_target_cell..get_or_set_cached_cell_and_set_connections" :: held 0.000s {{(pid=86618) inner /opt/stack/data/venv/lib/python3.12/site-packages/oslo_concurrency/lockutils.py:543}}
May 25 06:58:35.272197 np0000001376 devstack@n-api.service[86619]: DEBUG dbcounter [-] [86619] Writer thread running {{(pid=86619) stat_writer /opt/stack/data/venv/lib/python3.12/site-packages/dbcounter.py:102}}
May 25 06:58:35.272286 np0000001376 devstack@n-api.service[86618]: DEBUG oslo_concurrency.lockutils [None req-f15a5163-9510-476b-8c2b-83ac2b91f9be None None] Acquiring lock "21fd8f51-1173-44a8-bb5d-732afc39bb61" by "nova.context.set_target_cell..get_or_set_cached_cell_and_set_connections" {{(pid=86618) inner /opt/stack/data/venv/lib/python3.12/site-packages/oslo_concurrency/lockutils.py:511}}
May 25 06:58:35.272403 np0000001376 devstack@n-api.service[86618]: DEBUG oslo_concurrency.lockutils [None req-f15a5163-9510-476b-8c2b-83ac2b91f9be None None] Lock "21fd8f51-1173-44a8-bb5d-732afc39bb61" acquired by "nova.context.set_target_cell..get_or_set_cached_cell_and_set_connections" :: waited 0.000s {{(pid=86618) inner /opt/stack/data/venv/lib/python3.12/site-packages/oslo_concurrency/lockutils.py:524}}
May 25 06:58:35.274236 np0000001376 devstack@n-api.service[86619]: DEBUG nova.context [None req-028fe12b-a9e1-4966-b426-7b76f4fef79f None None] Found 2 cells: 00000000-0000-0000-0000-000000000000(cell0),21fd8f51-1173-44a8-bb5d-732afc39bb61(cell1) {{(pid=86619) load_cells /opt/stack/nova/nova/context.py:509}}
May 25 06:58:35.274327 np0000001376 devstack@n-api.service[86618]: INFO dbcounter [None req-f15a5163-9510-476b-8c2b-83ac2b91f9be None None] Registered counter for database nova_cell0
May 25 06:58:35.274465 np0000001376 devstack@n-api.service[86619]: INFO nova.utils [None req-028fe12b-a9e1-4966-b426-7b76f4fef79f None None] The cell worker thread pool MainProcess.cell_worker is initialized
May 25 06:58:35.275528 np0000001376 devstack@n-api.service[86618]: DEBUG oslo_concurrency.lockutils [None req-f15a5163-9510-476b-8c2b-83ac2b91f9be None None] Lock "21fd8f51-1173-44a8-bb5d-732afc39bb61" "released" by "nova.context.set_target_cell..get_or_set_cached_cell_and_set_connections" :: held 0.002s {{(pid=86618) inner /opt/stack/data/venv/lib/python3.12/site-packages/oslo_concurrency/lockutils.py:543}}
May 25 06:58:35.276148 np0000001376 devstack@n-api.service[86619]: DEBUG oslo_concurrency.lockutils [None req-028fe12b-a9e1-4966-b426-7b76f4fef79f None None] Acquiring lock "00000000-0000-0000-0000-000000000000" by "nova.context.set_target_cell..get_or_set_cached_cell_and_set_connections" {{(pid=86619) inner /opt/stack/data/venv/lib/python3.12/site-packages/oslo_concurrency/lockutils.py:511}}
May 25 06:58:35.276337 np0000001376 devstack@n-api.service[86619]: DEBUG oslo_concurrency.lockutils [None req-028fe12b-a9e1-4966-b426-7b76f4fef79f None None] Lock "00000000-0000-0000-0000-000000000000" acquired by "nova.context.set_target_cell..get_or_set_cached_cell_and_set_connections" :: waited 0.000s {{(pid=86619) inner /opt/stack/data/venv/lib/python3.12/site-packages/oslo_concurrency/lockutils.py:524}}
May 25 06:58:35.276707 np0000001376 devstack@n-api.service[86619]: DEBUG oslo_concurrency.lockutils [None req-028fe12b-a9e1-4966-b426-7b76f4fef79f None None] Lock "00000000-0000-0000-0000-000000000000" "released" by "nova.context.set_target_cell..get_or_set_cached_cell_and_set_connections" :: held 0.000s {{(pid=86619) inner /opt/stack/data/venv/lib/python3.12/site-packages/oslo_concurrency/lockutils.py:543}}
May 25 06:58:35.277395 np0000001376 devstack@n-api.service[86619]: DEBUG oslo_concurrency.lockutils [None req-028fe12b-a9e1-4966-b426-7b76f4fef79f None None] Acquiring lock "21fd8f51-1173-44a8-bb5d-732afc39bb61" by "nova.context.set_target_cell..get_or_set_cached_cell_and_set_connections" {{(pid=86619) inner /opt/stack/data/venv/lib/python3.12/site-packages/oslo_concurrency/lockutils.py:511}}
May 25 06:58:35.277559 np0000001376 devstack@n-api.service[86619]: DEBUG oslo_concurrency.lockutils [None req-028fe12b-a9e1-4966-b426-7b76f4fef79f None None] Lock "21fd8f51-1173-44a8-bb5d-732afc39bb61" acquired by "nova.context.set_target_cell..get_or_set_cached_cell_and_set_connections" :: waited 0.000s {{(pid=86619) inner /opt/stack/data/venv/lib/python3.12/site-packages/oslo_concurrency/lockutils.py:524}}
May 25 06:58:35.277593 np0000001376 devstack@n-api.service[86618]: INFO dbcounter [None req-f15a5163-9510-476b-8c2b-83ac2b91f9be None None] Registered counter for database nova_cell1
May 25 06:58:35.278383 np0000001376 devstack@n-api.service[86619]: DEBUG oslo_concurrency.lockutils [None req-028fe12b-a9e1-4966-b426-7b76f4fef79f None None] Lock "21fd8f51-1173-44a8-bb5d-732afc39bb61" "released" by "nova.context.set_target_cell..get_or_set_cached_cell_and_set_connections" :: held 0.001s {{(pid=86619) inner /opt/stack/data/venv/lib/python3.12/site-packages/oslo_concurrency/lockutils.py:543}}
May 25 06:58:35.279763 np0000001376 devstack@n-api.service[86619]: INFO dbcounter [None req-028fe12b-a9e1-4966-b426-7b76f4fef79f None None] Registered counter for database nova_cell0
May 25 06:58:35.282065 np0000001376 devstack@n-api.service[86619]: INFO dbcounter [None req-028fe12b-a9e1-4966-b426-7b76f4fef79f None None] Registered counter for database nova_cell1
May 25 06:58:35.283818 np0000001376 devstack@n-api.service[86618]: DEBUG oslo_db.sqlalchemy.engines [None req-f15a5163-9510-476b-8c2b-83ac2b91f9be None None] MySQL server mode set to STRICT_TRANS_TABLES,STRICT_ALL_TABLES,NO_ZERO_IN_DATE,NO_ZERO_DATE,ERROR_FOR_DIVISION_BY_ZERO,TRADITIONAL,NO_ENGINE_SUBSTITUTION {{(pid=86618) _check_effective_sql_mode /opt/stack/data/venv/lib/python3.12/site-packages/oslo_db/sqlalchemy/engines.py:325}}
May 25 06:58:35.290479 np0000001376 devstack@n-api.service[86617]: DEBUG dbcounter [-] [86617] Writer thread running {{(pid=86617) stat_writer /opt/stack/data/venv/lib/python3.12/site-packages/dbcounter.py:102}}
May 25 06:58:35.290555 np0000001376 devstack@n-api.service[86619]: DEBUG oslo_db.sqlalchemy.engines [None req-028fe12b-a9e1-4966-b426-7b76f4fef79f None None] MySQL server mode set to STRICT_TRANS_TABLES,STRICT_ALL_TABLES,NO_ZERO_IN_DATE,NO_ZERO_DATE,ERROR_FOR_DIVISION_BY_ZERO,TRADITIONAL,NO_ENGINE_SUBSTITUTION {{(pid=86619) _check_effective_sql_mode /opt/stack/data/venv/lib/python3.12/site-packages/oslo_db/sqlalchemy/engines.py:325}}
May 25 06:58:35.293685 np0000001376 devstack@n-api.service[86618]: DEBUG oslo_db.sqlalchemy.engines [None req-f15a5163-9510-476b-8c2b-83ac2b91f9be None None] MySQL server mode set to STRICT_TRANS_TABLES,STRICT_ALL_TABLES,NO_ZERO_IN_DATE,NO_ZERO_DATE,ERROR_FOR_DIVISION_BY_ZERO,TRADITIONAL,NO_ENGINE_SUBSTITUTION {{(pid=86618) _check_effective_sql_mode /opt/stack/data/venv/lib/python3.12/site-packages/oslo_db/sqlalchemy/engines.py:325}}
May 25 06:58:35.295637 np0000001376 devstack@n-api.service[86617]: DEBUG nova.context [None req-abcb794d-fa2d-44f8-8e30-faa246801350 None None] Found 2 cells: 00000000-0000-0000-0000-000000000000(cell0),21fd8f51-1173-44a8-bb5d-732afc39bb61(cell1) {{(pid=86617) load_cells /opt/stack/nova/nova/context.py:509}}
May 25 06:58:35.295898 np0000001376 devstack@n-api.service[86617]: INFO nova.utils [None req-abcb794d-fa2d-44f8-8e30-faa246801350 None None] The cell worker thread pool MainProcess.cell_worker is initialized
May 25 06:58:35.297517 np0000001376 devstack@n-api.service[86617]: DEBUG oslo_concurrency.lockutils [None req-abcb794d-fa2d-44f8-8e30-faa246801350 None None] Acquiring lock "00000000-0000-0000-0000-000000000000" by "nova.context.set_target_cell..get_or_set_cached_cell_and_set_connections" {{(pid=86617) inner /opt/stack/data/venv/lib/python3.12/site-packages/oslo_concurrency/lockutils.py:511}}
May 25 06:58:35.297685 np0000001376 devstack@n-api.service[86617]: DEBUG oslo_concurrency.lockutils [None req-abcb794d-fa2d-44f8-8e30-faa246801350 None None] Lock "00000000-0000-0000-0000-000000000000" acquired by "nova.context.set_target_cell..get_or_set_cached_cell_and_set_connections" :: waited 0.000s {{(pid=86617) inner /opt/stack/data/venv/lib/python3.12/site-packages/oslo_concurrency/lockutils.py:524}}
May 25 06:58:35.298050 np0000001376 devstack@n-api.service[86617]: DEBUG oslo_concurrency.lockutils [None req-abcb794d-fa2d-44f8-8e30-faa246801350 None None] Lock "00000000-0000-0000-0000-000000000000" "released" by "nova.context.set_target_cell..get_or_set_cached_cell_and_set_connections" :: held 0.000s {{(pid=86617) inner /opt/stack/data/venv/lib/python3.12/site-packages/oslo_concurrency/lockutils.py:543}}
May 25 06:58:35.298636 np0000001376 devstack@n-api.service[86617]: DEBUG oslo_concurrency.lockutils [None req-abcb794d-fa2d-44f8-8e30-faa246801350 None None] Acquiring lock "21fd8f51-1173-44a8-bb5d-732afc39bb61" by "nova.context.set_target_cell..get_or_set_cached_cell_and_set_connections" {{(pid=86617) inner /opt/stack/data/venv/lib/python3.12/site-packages/oslo_concurrency/lockutils.py:511}}
May 25 06:58:35.299697 np0000001376 devstack@n-api.service[86619]: DEBUG oslo_db.sqlalchemy.engines [None req-028fe12b-a9e1-4966-b426-7b76f4fef79f None None] MySQL server mode set to STRICT_TRANS_TABLES,STRICT_ALL_TABLES,NO_ZERO_IN_DATE,NO_ZERO_DATE,ERROR_FOR_DIVISION_BY_ZERO,TRADITIONAL,NO_ENGINE_SUBSTITUTION {{(pid=86619) _check_effective_sql_mode /opt/stack/data/venv/lib/python3.12/site-packages/oslo_db/sqlalchemy/engines.py:325}}
May 25 06:58:35.299950 np0000001376 devstack@n-api.service[86617]: INFO dbcounter [None req-abcb794d-fa2d-44f8-8e30-faa246801350 None None] Registered counter for database nova_cell0
May 25 06:58:35.301040 np0000001376 devstack@n-api.service[86617]: DEBUG oslo_concurrency.lockutils [None req-abcb794d-fa2d-44f8-8e30-faa246801350 None None] Lock "21fd8f51-1173-44a8-bb5d-732afc39bb61" acquired by "nova.context.set_target_cell..get_or_set_cached_cell_and_set_connections" :: waited 0.001s {{(pid=86617) inner /opt/stack/data/venv/lib/python3.12/site-packages/oslo_concurrency/lockutils.py:524}}
May 25 06:58:35.302399 np0000001376 devstack@n-api.service[86617]: DEBUG oslo_concurrency.lockutils [None req-abcb794d-fa2d-44f8-8e30-faa246801350 None None] Lock "21fd8f51-1173-44a8-bb5d-732afc39bb61" "released" by "nova.context.set_target_cell..get_or_set_cached_cell_and_set_connections" :: held 0.002s {{(pid=86617) inner /opt/stack/data/venv/lib/python3.12/site-packages/oslo_concurrency/lockutils.py:543}}
May 25 06:58:35.304591 np0000001376 devstack@n-api.service[86617]: INFO dbcounter [None req-abcb794d-fa2d-44f8-8e30-faa246801350 None None] Registered counter for database nova_cell1
May 25 06:58:35.310803 np0000001376 devstack@n-api.service[86617]: DEBUG oslo_db.sqlalchemy.engines [None req-abcb794d-fa2d-44f8-8e30-faa246801350 None None] MySQL server mode set to STRICT_TRANS_TABLES,STRICT_ALL_TABLES,NO_ZERO_IN_DATE,NO_ZERO_DATE,ERROR_FOR_DIVISION_BY_ZERO,TRADITIONAL,NO_ENGINE_SUBSTITUTION {{(pid=86617) _check_effective_sql_mode /opt/stack/data/venv/lib/python3.12/site-packages/oslo_db/sqlalchemy/engines.py:325}}
May 25 06:58:35.314502 np0000001376 devstack@n-api.service[86617]: DEBUG oslo_db.sqlalchemy.engines [None req-abcb794d-fa2d-44f8-8e30-faa246801350 None None] MySQL server mode set to STRICT_TRANS_TABLES,STRICT_ALL_TABLES,NO_ZERO_IN_DATE,NO_ZERO_DATE,ERROR_FOR_DIVISION_BY_ZERO,TRADITIONAL,NO_ENGINE_SUBSTITUTION {{(pid=86617) _check_effective_sql_mode /opt/stack/data/venv/lib/python3.12/site-packages/oslo_db/sqlalchemy/engines.py:325}}
May 25 06:58:35.364279 np0000001376 devstack@n-api.service[86618]: DEBUG dbcounter [-] [86618] Writer thread running {{(pid=86618) stat_writer /opt/stack/data/venv/lib/python3.12/site-packages/dbcounter.py:102}}
May 25 06:58:35.369265 np0000001376 devstack@n-api.service[86618]: DEBUG dbcounter [-] [86618] Writer thread running {{(pid=86618) stat_writer /opt/stack/data/venv/lib/python3.12/site-packages/dbcounter.py:102}}
May 25 06:58:35.370819 np0000001376 devstack@n-api.service[86619]: DEBUG dbcounter [-] [86619] Writer thread running {{(pid=86619) stat_writer /opt/stack/data/venv/lib/python3.12/site-packages/dbcounter.py:102}}
May 25 06:58:35.374758 np0000001376 devstack@n-api.service[86618]: INFO dbcounter [None req-f15a5163-9510-476b-8c2b-83ac2b91f9be None None] Registered counter for database nova_cell0
May 25 06:58:35.374864 np0000001376 devstack@n-api.service[86619]: DEBUG dbcounter [-] [86619] Writer thread running {{(pid=86619) stat_writer /opt/stack/data/venv/lib/python3.12/site-packages/dbcounter.py:102}}
May 25 06:58:35.377511 np0000001376 devstack@n-api.service[86619]: INFO dbcounter [None req-028fe12b-a9e1-4966-b426-7b76f4fef79f None None] Registered counter for database nova_cell0
May 25 06:58:35.382061 np0000001376 devstack@n-api.service[86618]: DEBUG oslo_db.sqlalchemy.engines [None req-f15a5163-9510-476b-8c2b-83ac2b91f9be None None] MySQL server mode set to STRICT_TRANS_TABLES,STRICT_ALL_TABLES,NO_ZERO_IN_DATE,NO_ZERO_DATE,ERROR_FOR_DIVISION_BY_ZERO,TRADITIONAL,NO_ENGINE_SUBSTITUTION {{(pid=86618) _check_effective_sql_mode /opt/stack/data/venv/lib/python3.12/site-packages/oslo_db/sqlalchemy/engines.py:325}}
May 25 06:58:35.385359 np0000001376 devstack@n-api.service[86619]: DEBUG oslo_db.sqlalchemy.engines [None req-028fe12b-a9e1-4966-b426-7b76f4fef79f None None] MySQL server mode set to STRICT_TRANS_TABLES,STRICT_ALL_TABLES,NO_ZERO_IN_DATE,NO_ZERO_DATE,ERROR_FOR_DIVISION_BY_ZERO,TRADITIONAL,NO_ENGINE_SUBSTITUTION {{(pid=86619) _check_effective_sql_mode /opt/stack/data/venv/lib/python3.12/site-packages/oslo_db/sqlalchemy/engines.py:325}}
May 25 06:58:35.389214 np0000001376 devstack@n-api.service[86618]: DEBUG dbcounter [-] [86618] Writer thread running {{(pid=86618) stat_writer /opt/stack/data/venv/lib/python3.12/site-packages/dbcounter.py:102}}
May 25 06:58:35.391265 np0000001376 devstack@n-api.service[86619]: DEBUG dbcounter [-] [86619] Writer thread running {{(pid=86619) stat_writer /opt/stack/data/venv/lib/python3.12/site-packages/dbcounter.py:102}}
May 25 06:58:35.392577 np0000001376 devstack@n-api.service[86617]: DEBUG dbcounter [-] [86617] Writer thread running {{(pid=86617) stat_writer /opt/stack/data/venv/lib/python3.12/site-packages/dbcounter.py:102}}
May 25 06:58:35.395615 np0000001376 devstack@n-api.service[86617]: DEBUG dbcounter [-] [86617] Writer thread running {{(pid=86617) stat_writer /opt/stack/data/venv/lib/python3.12/site-packages/dbcounter.py:102}}
May 25 06:58:35.452252 np0000001376 devstack@n-api.service[86617]: INFO dbcounter [None req-abcb794d-fa2d-44f8-8e30-faa246801350 None None] Registered counter for database nova_cell0
May 25 06:58:35.459053 np0000001376 devstack@n-api.service[86617]: DEBUG oslo_db.sqlalchemy.engines [None req-abcb794d-fa2d-44f8-8e30-faa246801350 None None] MySQL server mode set to STRICT_TRANS_TABLES,STRICT_ALL_TABLES,NO_ZERO_IN_DATE,NO_ZERO_DATE,ERROR_FOR_DIVISION_BY_ZERO,TRADITIONAL,NO_ENGINE_SUBSTITUTION {{(pid=86617) _check_effective_sql_mode /opt/stack/data/venv/lib/python3.12/site-packages/oslo_db/sqlalchemy/engines.py:325}}
May 25 06:58:35.464938 np0000001376 devstack@n-api.service[86617]: DEBUG dbcounter [-] [86617] Writer thread running {{(pid=86617) stat_writer /opt/stack/data/venv/lib/python3.12/site-packages/dbcounter.py:102}}
May 25 06:58:35.793406 np0000001376 devstack@n-api.service[86618]: DEBUG oslo_concurrency.processutils [None req-f15a5163-9510-476b-8c2b-83ac2b91f9be None None] Running cmd (subprocess): grep -F node.session.scan /sbin/iscsiadm {{(pid=86618) execute /opt/stack/data/venv/lib/python3.12/site-packages/oslo_concurrency/processutils.py:440}}
May 25 06:58:35.799931 np0000001376 devstack@n-api.service[86619]: DEBUG oslo_concurrency.processutils [None req-028fe12b-a9e1-4966-b426-7b76f4fef79f None None] Running cmd (subprocess): grep -F node.session.scan /sbin/iscsiadm {{(pid=86619) execute /opt/stack/data/venv/lib/python3.12/site-packages/oslo_concurrency/processutils.py:440}}
May 25 06:58:35.805920 np0000001376 devstack@n-api.service[86618]: DEBUG oslo_concurrency.processutils [None req-f15a5163-9510-476b-8c2b-83ac2b91f9be None None] CMD "grep -F node.session.scan /sbin/iscsiadm" returned: 0 in 0.013s {{(pid=86618) execute /opt/stack/data/venv/lib/python3.12/site-packages/oslo_concurrency/processutils.py:468}}
May 25 06:58:35.811983 np0000001376 devstack@n-api.service[86619]: DEBUG oslo_concurrency.processutils [None req-028fe12b-a9e1-4966-b426-7b76f4fef79f None None] CMD "grep -F node.session.scan /sbin/iscsiadm" returned: 0 in 0.012s {{(pid=86619) execute /opt/stack/data/venv/lib/python3.12/site-packages/oslo_concurrency/processutils.py:468}}
May 25 06:58:35.862465 np0000001376 devstack@n-api.service[86617]: DEBUG oslo_concurrency.processutils [None req-abcb794d-fa2d-44f8-8e30-faa246801350 None None] Running cmd (subprocess): grep -F node.session.scan /sbin/iscsiadm {{(pid=86617) execute /opt/stack/data/venv/lib/python3.12/site-packages/oslo_concurrency/processutils.py:440}}
May 25 06:58:35.876192 np0000001376 devstack@n-api.service[86617]: DEBUG oslo_concurrency.processutils [None req-abcb794d-fa2d-44f8-8e30-faa246801350 None None] CMD "grep -F node.session.scan /sbin/iscsiadm" returned: 0 in 0.014s {{(pid=86617) execute /opt/stack/data/venv/lib/python3.12/site-packages/oslo_concurrency/processutils.py:468}}
May 25 06:58:36.381760 np0000001376 devstack@n-api.service[86617]: DEBUG nova.api.openstack.wsgi_app [None req-abcb794d-fa2d-44f8-8e30-faa246801350 None None] ******************************************************************************** {{(pid=86617) log_opt_values /opt/stack/data/venv/lib/python3.12/site-packages/oslo_config/cfg.py:3229}}
May 25 06:58:36.382249 np0000001376 devstack@n-api.service[86617]: DEBUG nova.api.openstack.wsgi_app [None req-abcb794d-fa2d-44f8-8e30-faa246801350 None None] Configuration options gathered from: {{(pid=86617) log_opt_values /opt/stack/data/venv/lib/python3.12/site-packages/oslo_config/cfg.py:3230}}
May 25 06:58:36.382249 np0000001376 devstack@n-api.service[86617]: DEBUG nova.api.openstack.wsgi_app [None req-abcb794d-fa2d-44f8-8e30-faa246801350 None None] command line args: [] {{(pid=86617) log_opt_values /opt/stack/data/venv/lib/python3.12/site-packages/oslo_config/cfg.py:3231}}
May 25 06:58:36.382301 np0000001376 devstack@n-api.service[86617]: DEBUG nova.api.openstack.wsgi_app [None req-abcb794d-fa2d-44f8-8e30-faa246801350 None None] config files: ['/etc/nova/api-paste.ini', '/etc/nova/nova.conf'] {{(pid=86617) log_opt_values /opt/stack/data/venv/lib/python3.12/site-packages/oslo_config/cfg.py:3232}}
May 25 06:58:36.382475 np0000001376 devstack@n-api.service[86617]: DEBUG nova.api.openstack.wsgi_app [None req-abcb794d-fa2d-44f8-8e30-faa246801350 None None] ================================================================================ {{(pid=86617) log_opt_values /opt/stack/data/venv/lib/python3.12/site-packages/oslo_config/cfg.py:3237}}
May 25 06:58:36.382572 np0000001376 devstack@n-api.service[86617]: DEBUG nova.api.openstack.wsgi_app [None req-abcb794d-fa2d-44f8-8e30-faa246801350 None None] allow_resize_to_same_host = True {{(pid=86617) log_opt_values /opt/stack/data/venv/lib/python3.12/site-packages/oslo_config/cfg.py:3245}}
May 25 06:58:36.382644 np0000001376 devstack@n-api.service[86617]: DEBUG nova.api.openstack.wsgi_app [None req-abcb794d-fa2d-44f8-8e30-faa246801350 None None] arq_binding_timeout = 300 {{(pid=86617) log_opt_values /opt/stack/data/venv/lib/python3.12/site-packages/oslo_config/cfg.py:3245}}
May 25 06:58:36.382786 np0000001376 devstack@n-api.service[86617]: DEBUG nova.api.openstack.wsgi_app [None req-abcb794d-fa2d-44f8-8e30-faa246801350 None None] block_device_allocate_retries = 60 {{(pid=86617) log_opt_values /opt/stack/data/venv/lib/python3.12/site-packages/oslo_config/cfg.py:3245}}
May 25 06:58:36.382907 np0000001376 devstack@n-api.service[86617]: DEBUG nova.api.openstack.wsgi_app [None req-abcb794d-fa2d-44f8-8e30-faa246801350 None None] block_device_allocate_retries_interval = 3 {{(pid=86617) log_opt_values /opt/stack/data/venv/lib/python3.12/site-packages/oslo_config/cfg.py:3245}}
May 25 06:58:36.383020 np0000001376 devstack@n-api.service[86617]: DEBUG nova.api.openstack.wsgi_app [None req-abcb794d-fa2d-44f8-8e30-faa246801350 None None] cell_worker_thread_pool_size = 5 {{(pid=86617) log_opt_values /opt/stack/data/venv/lib/python3.12/site-packages/oslo_config/cfg.py:3245}}
May 25 06:58:36.383197 np0000001376 devstack@n-api.service[86617]: DEBUG nova.api.openstack.wsgi_app [None req-abcb794d-fa2d-44f8-8e30-faa246801350 None None] cert = self.pem {{(pid=86617) log_opt_values /opt/stack/data/venv/lib/python3.12/site-packages/oslo_config/cfg.py:3245}}
May 25 06:58:36.383327 np0000001376 devstack@n-api.service[86617]: DEBUG nova.api.openstack.wsgi_app [None req-abcb794d-fa2d-44f8-8e30-faa246801350 None None] compute_driver = libvirt.LibvirtDriver {{(pid=86617) log_opt_values /opt/stack/data/venv/lib/python3.12/site-packages/oslo_config/cfg.py:3245}}
May 25 06:58:36.383487 np0000001376 devstack@n-api.service[86617]: DEBUG nova.api.openstack.wsgi_app [None req-abcb794d-fa2d-44f8-8e30-faa246801350 None None] compute_monitors = [] {{(pid=86617) log_opt_values /opt/stack/data/venv/lib/python3.12/site-packages/oslo_config/cfg.py:3245}}
May 25 06:58:36.383608 np0000001376 devstack@n-api.service[86617]: DEBUG nova.api.openstack.wsgi_app [None req-abcb794d-fa2d-44f8-8e30-faa246801350 None None] config_dir = [] {{(pid=86617) log_opt_values /opt/stack/data/venv/lib/python3.12/site-packages/oslo_config/cfg.py:3245}}
May 25 06:58:36.383747 np0000001376 devstack@n-api.service[86617]: DEBUG nova.api.openstack.wsgi_app [None req-abcb794d-fa2d-44f8-8e30-faa246801350 None None] config_drive_format = iso9660 {{(pid=86617) log_opt_values /opt/stack/data/venv/lib/python3.12/site-packages/oslo_config/cfg.py:3245}}
May 25 06:58:36.383844 np0000001376 devstack@n-api.service[86617]: DEBUG nova.api.openstack.wsgi_app [None req-abcb794d-fa2d-44f8-8e30-faa246801350 None None] config_file = ['/etc/nova/api-paste.ini', '/etc/nova/nova.conf'] {{(pid=86617) log_opt_values /opt/stack/data/venv/lib/python3.12/site-packages/oslo_config/cfg.py:3245}}
May 25 06:58:36.383982 np0000001376 devstack@n-api.service[86617]: DEBUG nova.api.openstack.wsgi_app [None req-abcb794d-fa2d-44f8-8e30-faa246801350 None None] config_source = [] {{(pid=86617) log_opt_values /opt/stack/data/venv/lib/python3.12/site-packages/oslo_config/cfg.py:3245}}
May 25 06:58:36.384103 np0000001376 devstack@n-api.service[86617]: DEBUG nova.api.openstack.wsgi_app [None req-abcb794d-fa2d-44f8-8e30-faa246801350 None None] console_host = np0000001376 {{(pid=86617) log_opt_values /opt/stack/data/venv/lib/python3.12/site-packages/oslo_config/cfg.py:3245}}
May 25 06:58:36.384250 np0000001376 devstack@n-api.service[86617]: DEBUG nova.api.openstack.wsgi_app [None req-abcb794d-fa2d-44f8-8e30-faa246801350 None None] control_exchange = nova {{(pid=86617) log_opt_values /opt/stack/data/venv/lib/python3.12/site-packages/oslo_config/cfg.py:3245}}
May 25 06:58:36.384367 np0000001376 devstack@n-api.service[86617]: DEBUG nova.api.openstack.wsgi_app [None req-abcb794d-fa2d-44f8-8e30-faa246801350 None None] cpu_allocation_ratio = None {{(pid=86617) log_opt_values /opt/stack/data/venv/lib/python3.12/site-packages/oslo_config/cfg.py:3245}}
May 25 06:58:36.384484 np0000001376 devstack@n-api.service[86617]: DEBUG nova.api.openstack.wsgi_app [None req-abcb794d-fa2d-44f8-8e30-faa246801350 None None] daemon = False {{(pid=86617) log_opt_values /opt/stack/data/venv/lib/python3.12/site-packages/oslo_config/cfg.py:3245}}
May 25 06:58:36.384602 np0000001376 devstack@n-api.service[86617]: DEBUG nova.api.openstack.wsgi_app [None req-abcb794d-fa2d-44f8-8e30-faa246801350 None None] debug = True {{(pid=86617) log_opt_values /opt/stack/data/venv/lib/python3.12/site-packages/oslo_config/cfg.py:3245}}
May 25 06:58:36.384724 np0000001376 devstack@n-api.service[86617]: DEBUG nova.api.openstack.wsgi_app [None req-abcb794d-fa2d-44f8-8e30-faa246801350 None None] default_access_ip_network_name = None {{(pid=86617) log_opt_values /opt/stack/data/venv/lib/python3.12/site-packages/oslo_config/cfg.py:3245}}
May 25 06:58:36.384842 np0000001376 devstack@n-api.service[86617]: DEBUG nova.api.openstack.wsgi_app [None req-abcb794d-fa2d-44f8-8e30-faa246801350 None None] default_availability_zone = nova {{(pid=86617) log_opt_values /opt/stack/data/venv/lib/python3.12/site-packages/oslo_config/cfg.py:3245}}
May 25 06:58:36.384979 np0000001376 devstack@n-api.service[86617]: DEBUG nova.api.openstack.wsgi_app [None req-abcb794d-fa2d-44f8-8e30-faa246801350 None None] default_ephemeral_format = ext4 {{(pid=86617) log_opt_values /opt/stack/data/venv/lib/python3.12/site-packages/oslo_config/cfg.py:3245}}
May 25 06:58:36.385102 np0000001376 devstack@n-api.service[86617]: DEBUG nova.api.openstack.wsgi_app [None req-abcb794d-fa2d-44f8-8e30-faa246801350 None None] default_green_pool_size = 1000 {{(pid=86617) log_opt_values /opt/stack/data/venv/lib/python3.12/site-packages/oslo_config/cfg.py:3245}}
May 25 06:58:36.385323 np0000001376 devstack@n-api.service[86617]: DEBUG nova.api.openstack.wsgi_app [None req-abcb794d-fa2d-44f8-8e30-faa246801350 None None] default_log_levels = ['amqp=WARN', 'boto=WARN', 'sqlalchemy=WARN', 'suds=INFO', 'oslo.messaging=INFO', 'oslo_messaging=INFO', 'iso8601=WARN', 'requests.packages.urllib3.connectionpool=WARN', 'urllib3.connectionpool=WARN', 'websocket=WARN', 'requests.packages.urllib3.util.retry=WARN', 'urllib3.util.retry=WARN', 'keystonemiddleware=WARN', 'routes.middleware=WARN', 'stevedore=WARN', 'taskflow=WARN', 'keystoneauth=WARN', 'oslo.cache=INFO', 'oslo_policy=INFO', 'dogpile.core.dogpile=INFO', 'glanceclient=WARN', 'oslo.privsep.daemon=INFO'] {{(pid=86617) log_opt_values /opt/stack/data/venv/lib/python3.12/site-packages/oslo_config/cfg.py:3245}}
May 25 06:58:36.385472 np0000001376 devstack@n-api.service[86617]: DEBUG nova.api.openstack.wsgi_app [None req-abcb794d-fa2d-44f8-8e30-faa246801350 None None] default_schedule_zone = None {{(pid=86617) log_opt_values /opt/stack/data/venv/lib/python3.12/site-packages/oslo_config/cfg.py:3245}}
May 25 06:58:36.385594 np0000001376 devstack@n-api.service[86617]: DEBUG nova.api.openstack.wsgi_app [None req-abcb794d-fa2d-44f8-8e30-faa246801350 None None] default_thread_pool_size = 10 {{(pid=86617) log_opt_values /opt/stack/data/venv/lib/python3.12/site-packages/oslo_config/cfg.py:3245}}
May 25 06:58:36.385716 np0000001376 devstack@n-api.service[86617]: DEBUG nova.api.openstack.wsgi_app [None req-abcb794d-fa2d-44f8-8e30-faa246801350 None None] disk_allocation_ratio = None {{(pid=86617) log_opt_values /opt/stack/data/venv/lib/python3.12/site-packages/oslo_config/cfg.py:3245}}
May 25 06:58:36.385836 np0000001376 devstack@n-api.service[86617]: DEBUG nova.api.openstack.wsgi_app [None req-abcb794d-fa2d-44f8-8e30-faa246801350 None None] enable_new_services = True {{(pid=86617) log_opt_values /opt/stack/data/venv/lib/python3.12/site-packages/oslo_config/cfg.py:3245}}
May 25 06:58:36.385959 np0000001376 devstack@n-api.service[86617]: DEBUG nova.api.openstack.wsgi_app [None req-abcb794d-fa2d-44f8-8e30-faa246801350 None None] flat_injected = False {{(pid=86617) log_opt_values /opt/stack/data/venv/lib/python3.12/site-packages/oslo_config/cfg.py:3245}}
May 25 06:58:36.386093 np0000001376 devstack@n-api.service[86617]: DEBUG nova.api.openstack.wsgi_app [None req-abcb794d-fa2d-44f8-8e30-faa246801350 None None] force_config_drive = True {{(pid=86617) log_opt_values /opt/stack/data/venv/lib/python3.12/site-packages/oslo_config/cfg.py:3245}}
May 25 06:58:36.386235 np0000001376 devstack@n-api.service[86617]: DEBUG nova.api.openstack.wsgi_app [None req-abcb794d-fa2d-44f8-8e30-faa246801350 None None] force_raw_images = True {{(pid=86617) log_opt_values /opt/stack/data/venv/lib/python3.12/site-packages/oslo_config/cfg.py:3245}}
May 25 06:58:36.386358 np0000001376 devstack@n-api.service[86617]: DEBUG nova.api.openstack.wsgi_app [None req-abcb794d-fa2d-44f8-8e30-faa246801350 None None] graceful_shutdown_timeout = 5 {{(pid=86617) log_opt_values /opt/stack/data/venv/lib/python3.12/site-packages/oslo_config/cfg.py:3245}}
May 25 06:58:36.386477 np0000001376 devstack@n-api.service[86617]: DEBUG nova.api.openstack.wsgi_app [None req-abcb794d-fa2d-44f8-8e30-faa246801350 None None] heal_instance_info_cache_interval = -1 {{(pid=86617) log_opt_values /opt/stack/data/venv/lib/python3.12/site-packages/oslo_config/cfg.py:3245}}
May 25 06:58:36.386668 np0000001376 devstack@n-api.service[86617]: DEBUG nova.api.openstack.wsgi_app [None req-abcb794d-fa2d-44f8-8e30-faa246801350 None None] host = np0000001376 {{(pid=86617) log_opt_values /opt/stack/data/venv/lib/python3.12/site-packages/oslo_config/cfg.py:3245}}
May 25 06:58:36.386819 np0000001376 devstack@n-api.service[86617]: DEBUG nova.api.openstack.wsgi_app [None req-abcb794d-fa2d-44f8-8e30-faa246801350 None None] initial_cpu_allocation_ratio = 4.0 {{(pid=86617) log_opt_values /opt/stack/data/venv/lib/python3.12/site-packages/oslo_config/cfg.py:3245}}
May 25 06:58:36.386936 np0000001376 devstack@n-api.service[86617]: DEBUG nova.api.openstack.wsgi_app [None req-abcb794d-fa2d-44f8-8e30-faa246801350 None None] initial_disk_allocation_ratio = 1.0 {{(pid=86617) log_opt_values /opt/stack/data/venv/lib/python3.12/site-packages/oslo_config/cfg.py:3245}}
May 25 06:58:36.387069 np0000001376 devstack@n-api.service[86617]: DEBUG nova.api.openstack.wsgi_app [None req-abcb794d-fa2d-44f8-8e30-faa246801350 None None] initial_ram_allocation_ratio = 1.0 {{(pid=86617) log_opt_values /opt/stack/data/venv/lib/python3.12/site-packages/oslo_config/cfg.py:3245}}
May 25 06:58:36.387276 np0000001376 devstack@n-api.service[86617]: DEBUG nova.api.openstack.wsgi_app [None req-abcb794d-fa2d-44f8-8e30-faa246801350 None None] injected_network_template = /opt/stack/nova/nova/virt/interfaces.template {{(pid=86617) log_opt_values /opt/stack/data/venv/lib/python3.12/site-packages/oslo_config/cfg.py:3245}}
May 25 06:58:36.387393 np0000001376 devstack@n-api.service[86617]: DEBUG nova.api.openstack.wsgi_app [None req-abcb794d-fa2d-44f8-8e30-faa246801350 None None] instance_build_timeout = 0 {{(pid=86617) log_opt_values /opt/stack/data/venv/lib/python3.12/site-packages/oslo_config/cfg.py:3245}}
May 25 06:58:36.387540 np0000001376 devstack@n-api.service[86617]: DEBUG nova.api.openstack.wsgi_app [None req-abcb794d-fa2d-44f8-8e30-faa246801350 None None] instance_delete_interval = 300 {{(pid=86617) log_opt_values /opt/stack/data/venv/lib/python3.12/site-packages/oslo_config/cfg.py:3245}}
May 25 06:58:36.387659 np0000001376 devstack@n-api.service[86617]: DEBUG nova.api.openstack.wsgi_app [None req-abcb794d-fa2d-44f8-8e30-faa246801350 None None] instance_format = [instance: %(uuid)s] {{(pid=86617) log_opt_values /opt/stack/data/venv/lib/python3.12/site-packages/oslo_config/cfg.py:3245}}
May 25 06:58:36.387789 np0000001376 devstack@n-api.service[86617]: DEBUG nova.api.openstack.wsgi_app [None req-abcb794d-fa2d-44f8-8e30-faa246801350 None None] instance_name_template = instance-%08x {{(pid=86617) log_opt_values /opt/stack/data/venv/lib/python3.12/site-packages/oslo_config/cfg.py:3245}}
May 25 06:58:36.387902 np0000001376 devstack@n-api.service[86617]: DEBUG nova.api.openstack.wsgi_app [None req-abcb794d-fa2d-44f8-8e30-faa246801350 None None] instance_usage_audit = False {{(pid=86617) log_opt_values /opt/stack/data/venv/lib/python3.12/site-packages/oslo_config/cfg.py:3245}}
May 25 06:58:36.388040 np0000001376 devstack@n-api.service[86617]: DEBUG nova.api.openstack.wsgi_app [None req-abcb794d-fa2d-44f8-8e30-faa246801350 None None] instance_usage_audit_period = month {{(pid=86617) log_opt_values /opt/stack/data/venv/lib/python3.12/site-packages/oslo_config/cfg.py:3245}}
May 25 06:58:36.388180 np0000001376 devstack@n-api.service[86617]: DEBUG nova.api.openstack.wsgi_app [None req-abcb794d-fa2d-44f8-8e30-faa246801350 None None] instance_uuid_format = [instance: %(uuid)s] {{(pid=86617) log_opt_values /opt/stack/data/venv/lib/python3.12/site-packages/oslo_config/cfg.py:3245}}
May 25 06:58:36.388300 np0000001376 devstack@n-api.service[86617]: DEBUG nova.api.openstack.wsgi_app [None req-abcb794d-fa2d-44f8-8e30-faa246801350 None None] instances_path = /opt/stack/data/nova/instances {{(pid=86617) log_opt_values /opt/stack/data/venv/lib/python3.12/site-packages/oslo_config/cfg.py:3245}}
May 25 06:58:36.388418 np0000001376 devstack@n-api.service[86617]: DEBUG nova.api.openstack.wsgi_app [None req-abcb794d-fa2d-44f8-8e30-faa246801350 None None] internal_service_availability_zone = internal {{(pid=86617) log_opt_values /opt/stack/data/venv/lib/python3.12/site-packages/oslo_config/cfg.py:3245}}
May 25 06:58:36.388529 np0000001376 devstack@n-api.service[86617]: DEBUG nova.api.openstack.wsgi_app [None req-abcb794d-fa2d-44f8-8e30-faa246801350 None None] key = None {{(pid=86617) log_opt_values /opt/stack/data/venv/lib/python3.12/site-packages/oslo_config/cfg.py:3245}}
May 25 06:58:36.388637 np0000001376 devstack@n-api.service[86617]: DEBUG nova.api.openstack.wsgi_app [None req-abcb794d-fa2d-44f8-8e30-faa246801350 None None] live_migration_retry_count = 30 {{(pid=86617) log_opt_values /opt/stack/data/venv/lib/python3.12/site-packages/oslo_config/cfg.py:3245}}
May 25 06:58:36.388768 np0000001376 devstack@n-api.service[86617]: DEBUG nova.api.openstack.wsgi_app [None req-abcb794d-fa2d-44f8-8e30-faa246801350 None None] log_color = False {{(pid=86617) log_opt_values /opt/stack/data/venv/lib/python3.12/site-packages/oslo_config/cfg.py:3245}}
May 25 06:58:36.388883 np0000001376 devstack@n-api.service[86617]: DEBUG nova.api.openstack.wsgi_app [None req-abcb794d-fa2d-44f8-8e30-faa246801350 None None] log_config_append = None {{(pid=86617) log_opt_values /opt/stack/data/venv/lib/python3.12/site-packages/oslo_config/cfg.py:3245}}
May 25 06:58:36.389002 np0000001376 devstack@n-api.service[86617]: DEBUG nova.api.openstack.wsgi_app [None req-abcb794d-fa2d-44f8-8e30-faa246801350 None None] log_date_format = %Y-%m-%d %H:%M:%S {{(pid=86617) log_opt_values /opt/stack/data/venv/lib/python3.12/site-packages/oslo_config/cfg.py:3245}}
May 25 06:58:36.389157 np0000001376 devstack@n-api.service[86617]: DEBUG nova.api.openstack.wsgi_app [None req-abcb794d-fa2d-44f8-8e30-faa246801350 None None] log_dir = None {{(pid=86617) log_opt_values /opt/stack/data/venv/lib/python3.12/site-packages/oslo_config/cfg.py:3245}}
May 25 06:58:36.389289 np0000001376 devstack@n-api.service[86617]: DEBUG nova.api.openstack.wsgi_app [None req-abcb794d-fa2d-44f8-8e30-faa246801350 None None] log_file = None {{(pid=86617) log_opt_values /opt/stack/data/venv/lib/python3.12/site-packages/oslo_config/cfg.py:3245}}
May 25 06:58:36.389382 np0000001376 devstack@n-api.service[86617]: DEBUG nova.api.openstack.wsgi_app [None req-abcb794d-fa2d-44f8-8e30-faa246801350 None None] log_options = True {{(pid=86617) log_opt_values /opt/stack/data/venv/lib/python3.12/site-packages/oslo_config/cfg.py:3245}}
May 25 06:58:36.389530 np0000001376 devstack@n-api.service[86617]: DEBUG nova.api.openstack.wsgi_app [None req-abcb794d-fa2d-44f8-8e30-faa246801350 None None] log_rotate_interval = 1 {{(pid=86617) log_opt_values /opt/stack/data/venv/lib/python3.12/site-packages/oslo_config/cfg.py:3245}}
May 25 06:58:36.389652 np0000001376 devstack@n-api.service[86617]: DEBUG nova.api.openstack.wsgi_app [None req-abcb794d-fa2d-44f8-8e30-faa246801350 None None] log_rotate_interval_type = days {{(pid=86617) log_opt_values /opt/stack/data/venv/lib/python3.12/site-packages/oslo_config/cfg.py:3245}}
May 25 06:58:36.389783 np0000001376 devstack@n-api.service[86617]: DEBUG nova.api.openstack.wsgi_app [None req-abcb794d-fa2d-44f8-8e30-faa246801350 None None] log_rotation_type = none {{(pid=86617) log_opt_values /opt/stack/data/venv/lib/python3.12/site-packages/oslo_config/cfg.py:3245}}
May 25 06:58:36.389875 np0000001376 devstack@n-api.service[86617]: DEBUG nova.api.openstack.wsgi_app [None req-abcb794d-fa2d-44f8-8e30-faa246801350 None None] logging_context_format_string = %(color)s%(levelname)s %(name)s [%(global_request_id)s %(request_id)s %(project_name)s %(user_name)s%(color)s] %(instance)s%(color)s%(message)s {{(pid=86617) log_opt_values /opt/stack/data/venv/lib/python3.12/site-packages/oslo_config/cfg.py:3245}}
May 25 06:58:36.389965 np0000001376 devstack@n-api.service[86617]: DEBUG nova.api.openstack.wsgi_app [None req-abcb794d-fa2d-44f8-8e30-faa246801350 None None] logging_debug_format_suffix = {{(pid=%(process)d) %(funcName)s %(pathname)s:%(lineno)d}} {{(pid=86617) log_opt_values /opt/stack/data/venv/lib/python3.12/site-packages/oslo_config/cfg.py:3245}}
May 25 06:58:36.390101 np0000001376 devstack@n-api.service[86617]: DEBUG nova.api.openstack.wsgi_app [None req-abcb794d-fa2d-44f8-8e30-faa246801350 None None] logging_default_format_string = %(color)s%(levelname)s %(name)s [-%(color)s] %(instance)s%(color)s%(message)s {{(pid=86617) log_opt_values /opt/stack/data/venv/lib/python3.12/site-packages/oslo_config/cfg.py:3245}}
May 25 06:58:36.390270 np0000001376 devstack@n-api.service[86617]: DEBUG nova.api.openstack.wsgi_app [None req-abcb794d-fa2d-44f8-8e30-faa246801350 None None] logging_exception_prefix = ERROR %(name)s %(instance)s {{(pid=86617) log_opt_values /opt/stack/data/venv/lib/python3.12/site-packages/oslo_config/cfg.py:3245}}
May 25 06:58:36.390365 np0000001376 devstack@n-api.service[86617]: DEBUG nova.api.openstack.wsgi_app [None req-abcb794d-fa2d-44f8-8e30-faa246801350 None None] logging_user_identity_format = %(user)s %(project)s %(domain)s %(system_scope)s %(user_domain)s %(project_domain)s {{(pid=86617) log_opt_values /opt/stack/data/venv/lib/python3.12/site-packages/oslo_config/cfg.py:3245}}
May 25 06:58:36.390486 np0000001376 devstack@n-api.service[86617]: DEBUG nova.api.openstack.wsgi_app [None req-abcb794d-fa2d-44f8-8e30-faa246801350 None None] long_rpc_timeout = 1800 {{(pid=86617) log_opt_values /opt/stack/data/venv/lib/python3.12/site-packages/oslo_config/cfg.py:3245}}
May 25 06:58:36.390595 np0000001376 devstack@n-api.service[86617]: DEBUG nova.api.openstack.wsgi_app [None req-abcb794d-fa2d-44f8-8e30-faa246801350 None None] manager_shutdown_timeout = 160 {{(pid=86617) log_opt_values /opt/stack/data/venv/lib/python3.12/site-packages/oslo_config/cfg.py:3245}}
May 25 06:58:36.390716 np0000001376 devstack@n-api.service[86617]: DEBUG nova.api.openstack.wsgi_app [None req-abcb794d-fa2d-44f8-8e30-faa246801350 None None] max_concurrent_builds = 10 {{(pid=86617) log_opt_values /opt/stack/data/venv/lib/python3.12/site-packages/oslo_config/cfg.py:3245}}
May 25 06:58:36.390828 np0000001376 devstack@n-api.service[86617]: DEBUG nova.api.openstack.wsgi_app [None req-abcb794d-fa2d-44f8-8e30-faa246801350 None None] max_concurrent_live_migrations = 1 {{(pid=86617) log_opt_values /opt/stack/data/venv/lib/python3.12/site-packages/oslo_config/cfg.py:3245}}
May 25 06:58:36.390905 np0000001376 devstack@n-api.service[86619]: DEBUG nova.api.openstack.wsgi_app [None req-028fe12b-a9e1-4966-b426-7b76f4fef79f None None] ******************************************************************************** {{(pid=86619) log_opt_values /opt/stack/data/venv/lib/python3.12/site-packages/oslo_config/cfg.py:3229}}
May 25 06:58:36.391148 np0000001376 devstack@n-api.service[86617]: DEBUG nova.api.openstack.wsgi_app [None req-abcb794d-fa2d-44f8-8e30-faa246801350 None None] max_concurrent_snapshots = 5 {{(pid=86617) log_opt_values /opt/stack/data/venv/lib/python3.12/site-packages/oslo_config/cfg.py:3245}}
May 25 06:58:36.391178 np0000001376 devstack@n-api.service[86619]: DEBUG nova.api.openstack.wsgi_app [None req-028fe12b-a9e1-4966-b426-7b76f4fef79f None None] Configuration options gathered from: {{(pid=86619) log_opt_values /opt/stack/data/venv/lib/python3.12/site-packages/oslo_config/cfg.py:3230}}
May 25 06:58:36.391214 np0000001376 devstack@n-api.service[86617]: DEBUG nova.api.openstack.wsgi_app [None req-abcb794d-fa2d-44f8-8e30-faa246801350 None None] max_local_block_devices = 3 {{(pid=86617) log_opt_values /opt/stack/data/venv/lib/python3.12/site-packages/oslo_config/cfg.py:3245}}
May 25 06:58:36.391296 np0000001376 devstack@n-api.service[86617]: DEBUG nova.api.openstack.wsgi_app [None req-abcb794d-fa2d-44f8-8e30-faa246801350 None None] max_logfile_count = 30 {{(pid=86617) log_opt_values /opt/stack/data/venv/lib/python3.12/site-packages/oslo_config/cfg.py:3245}}
May 25 06:58:36.391358 np0000001376 devstack@n-api.service[86619]: DEBUG nova.api.openstack.wsgi_app [None req-028fe12b-a9e1-4966-b426-7b76f4fef79f None None] command line args: [] {{(pid=86619) log_opt_values /opt/stack/data/venv/lib/python3.12/site-packages/oslo_config/cfg.py:3231}}
May 25 06:58:36.391414 np0000001376 devstack@n-api.service[86617]: DEBUG nova.api.openstack.wsgi_app [None req-abcb794d-fa2d-44f8-8e30-faa246801350 None None] max_logfile_size_mb = 200 {{(pid=86617) log_opt_values /opt/stack/data/venv/lib/python3.12/site-packages/oslo_config/cfg.py:3245}}
May 25 06:58:36.391498 np0000001376 devstack@n-api.service[86619]: DEBUG nova.api.openstack.wsgi_app [None req-028fe12b-a9e1-4966-b426-7b76f4fef79f None None] config files: ['/etc/nova/api-paste.ini', '/etc/nova/nova.conf'] {{(pid=86619) log_opt_values /opt/stack/data/venv/lib/python3.12/site-packages/oslo_config/cfg.py:3232}}
May 25 06:58:36.391529 np0000001376 devstack@n-api.service[86617]: DEBUG nova.api.openstack.wsgi_app [None req-abcb794d-fa2d-44f8-8e30-faa246801350 None None] maximum_instance_delete_attempts = 5 {{(pid=86617) log_opt_values /opt/stack/data/venv/lib/python3.12/site-packages/oslo_config/cfg.py:3245}}
May 25 06:58:36.391611 np0000001376 devstack@n-api.service[86619]: DEBUG nova.api.openstack.wsgi_app [None req-028fe12b-a9e1-4966-b426-7b76f4fef79f None None] ================================================================================ {{(pid=86619) log_opt_values /opt/stack/data/venv/lib/python3.12/site-packages/oslo_config/cfg.py:3237}}
May 25 06:58:36.391647 np0000001376 devstack@n-api.service[86617]: DEBUG nova.api.openstack.wsgi_app [None req-abcb794d-fa2d-44f8-8e30-faa246801350 None None] migrate_max_retries = -1 {{(pid=86617) log_opt_values /opt/stack/data/venv/lib/python3.12/site-packages/oslo_config/cfg.py:3245}}
