May 25 06:59:20.479354 np0000001376 nova-scheduler[95574]: DEBUG cotyledon.oslo_config_glue [-] oslo_limit.endpoint_id = None {{(pid=95574) log_opt_values /opt/stack/data/venv/lib/python3.12/site-packages/oslo_config/cfg.py:3256}}
May 25 06:59:20.479441 np0000001376 nova-scheduler[95576]: INFO dbcounter [None req-11cdb6fe-38e2-486f-9f66-45b832b69116 None None] Registered counter for database nova_cell0
May 25 06:59:20.479468 np0000001376 nova-scheduler[95574]: DEBUG cotyledon.oslo_config_glue [-] oslo_limit.endpoint_interface = public {{(pid=95574) log_opt_values /opt/stack/data/venv/lib/python3.12/site-packages/oslo_config/cfg.py:3256}}
May 25 06:59:20.479468 np0000001376 nova-scheduler[95574]: DEBUG cotyledon.oslo_config_glue [-] oslo_limit.endpoint_override = None {{(pid=95574) log_opt_values /opt/stack/data/venv/lib/python3.12/site-packages/oslo_config/cfg.py:3256}}
May 25 06:59:20.479468 np0000001376 nova-scheduler[95574]: DEBUG cotyledon.oslo_config_glue [-] oslo_limit.endpoint_region_name = None {{(pid=95574) log_opt_values /opt/stack/data/venv/lib/python3.12/site-packages/oslo_config/cfg.py:3256}}
May 25 06:59:20.479468 np0000001376 nova-scheduler[95574]: DEBUG cotyledon.oslo_config_glue [-] oslo_limit.endpoint_service_name = None {{(pid=95574) log_opt_values /opt/stack/data/venv/lib/python3.12/site-packages/oslo_config/cfg.py:3256}}
May 25 06:59:20.479468 np0000001376 nova-scheduler[95574]: DEBUG cotyledon.oslo_config_glue [-] oslo_limit.endpoint_service_type = None {{(pid=95574) log_opt_values /opt/stack/data/venv/lib/python3.12/site-packages/oslo_config/cfg.py:3256}}
May 25 06:59:20.479468 np0000001376 nova-scheduler[95574]: DEBUG cotyledon.oslo_config_glue [-] oslo_limit.insecure = False {{(pid=95574) log_opt_values /opt/stack/data/venv/lib/python3.12/site-packages/oslo_config/cfg.py:3256}}
May 25 06:59:20.479468 np0000001376 nova-scheduler[95574]: DEBUG cotyledon.oslo_config_glue [-] oslo_limit.keyfile = None {{(pid=95574) log_opt_values /opt/stack/data/venv/lib/python3.12/site-packages/oslo_config/cfg.py:3256}}
May 25 06:59:20.479468 np0000001376 nova-scheduler[95574]: DEBUG cotyledon.oslo_config_glue [-] oslo_limit.max_version = None {{(pid=95574) log_opt_values /opt/stack/data/venv/lib/python3.12/site-packages/oslo_config/cfg.py:3256}}
May 25 06:59:20.479468 np0000001376 nova-scheduler[95574]: DEBUG cotyledon.oslo_config_glue [-] oslo_limit.min_version = None {{(pid=95574) log_opt_values /opt/stack/data/venv/lib/python3.12/site-packages/oslo_config/cfg.py:3256}}
May 25 06:59:20.479627 np0000001376 nova-scheduler[95574]: DEBUG cotyledon.oslo_config_glue [-] oslo_limit.region_name = None {{(pid=95574) log_opt_values /opt/stack/data/venv/lib/python3.12/site-packages/oslo_config/cfg.py:3256}}
May 25 06:59:20.479627 np0000001376 nova-scheduler[95574]: DEBUG cotyledon.oslo_config_glue [-] oslo_limit.retriable_status_codes = None {{(pid=95574) log_opt_values /opt/stack/data/venv/lib/python3.12/site-packages/oslo_config/cfg.py:3256}}
May 25 06:59:20.479627 np0000001376 nova-scheduler[95574]: DEBUG cotyledon.oslo_config_glue [-] oslo_limit.service_name = None {{(pid=95574) log_opt_values /opt/stack/data/venv/lib/python3.12/site-packages/oslo_config/cfg.py:3256}}
May 25 06:59:20.479627 np0000001376 nova-scheduler[95574]: DEBUG cotyledon.oslo_config_glue [-] oslo_limit.service_type = None {{(pid=95574) log_opt_values /opt/stack/data/venv/lib/python3.12/site-packages/oslo_config/cfg.py:3256}}
May 25 06:59:20.479627 np0000001376 nova-scheduler[95574]: DEBUG cotyledon.oslo_config_glue [-] oslo_limit.split_loggers = False {{(pid=95574) log_opt_values /opt/stack/data/venv/lib/python3.12/site-packages/oslo_config/cfg.py:3256}}
May 25 06:59:20.479627 np0000001376 nova-scheduler[95574]: DEBUG cotyledon.oslo_config_glue [-] oslo_limit.status_code_retries = None {{(pid=95574) log_opt_values /opt/stack/data/venv/lib/python3.12/site-packages/oslo_config/cfg.py:3256}}
May 25 06:59:20.479627 np0000001376 nova-scheduler[95574]: DEBUG cotyledon.oslo_config_glue [-] oslo_limit.status_code_retry_delay = None {{(pid=95574) log_opt_values /opt/stack/data/venv/lib/python3.12/site-packages/oslo_config/cfg.py:3256}}
May 25 06:59:20.479627 np0000001376 nova-scheduler[95574]: DEBUG cotyledon.oslo_config_glue [-] oslo_limit.timeout = None {{(pid=95574) log_opt_values /opt/stack/data/venv/lib/python3.12/site-packages/oslo_config/cfg.py:3256}}
May 25 06:59:20.479627 np0000001376 nova-scheduler[95574]: DEBUG cotyledon.oslo_config_glue [-] oslo_limit.valid_interfaces = None {{(pid=95574) log_opt_values /opt/stack/data/venv/lib/python3.12/site-packages/oslo_config/cfg.py:3256}}
May 25 06:59:20.479781 np0000001376 nova-scheduler[95574]: DEBUG cotyledon.oslo_config_glue [-] oslo_limit.version = None {{(pid=95574) log_opt_values /opt/stack/data/venv/lib/python3.12/site-packages/oslo_config/cfg.py:3256}}
May 25 06:59:20.479781 np0000001376 nova-scheduler[95574]: DEBUG cotyledon.oslo_config_glue [-] oslo_reports.file_event_handler = None {{(pid=95574) log_opt_values /opt/stack/data/venv/lib/python3.12/site-packages/oslo_config/cfg.py:3256}}
May 25 06:59:20.479781 np0000001376 nova-scheduler[95574]: DEBUG cotyledon.oslo_config_glue [-] oslo_reports.file_event_handler_interval = 1 {{(pid=95574) log_opt_values /opt/stack/data/venv/lib/python3.12/site-packages/oslo_config/cfg.py:3256}}
May 25 06:59:20.479781 np0000001376 nova-scheduler[95574]: DEBUG cotyledon.oslo_config_glue [-] oslo_reports.log_dir = None {{(pid=95574) log_opt_values /opt/stack/data/venv/lib/python3.12/site-packages/oslo_config/cfg.py:3256}}
May 25 06:59:20.479781 np0000001376 nova-scheduler[95574]: DEBUG cotyledon.oslo_config_glue [-] ******************************************************************************** {{(pid=95574) log_opt_values /opt/stack/data/venv/lib/python3.12/site-packages/oslo_config/cfg.py:3263}}
May 25 06:59:20.479781 np0000001376 nova-scheduler[95574]: DEBUG cotyledon._service_worker [-] Run service ServiceWrapper(1) [95574] {{(pid=95574) wait_forever /opt/stack/data/venv/lib/python3.12/site-packages/cotyledon/_service_worker.py:218}}
May 25 06:59:20.479781 np0000001376 nova-scheduler[95574]: INFO nova.service [-] Starting scheduler node (version 33.1.0)
May 25 06:59:20.479923 np0000001376 nova-scheduler[95572]: DEBUG dbcounter [-] [95572] Writer thread running {{(pid=95572) stat_writer /opt/stack/data/venv/lib/python3.12/site-packages/dbcounter.py:102}}
May 25 06:59:20.479947 np0000001376 nova-scheduler[95574]: INFO dbcounter [None req-a3ab22e3-2537-4b9d-a7b4-b9ba14019a8a None None] Registered counter for database nova_cell0
May 25 06:59:20.479970 np0000001376 nova-scheduler[95576]: DEBUG oslo_db.sqlalchemy.engines [None req-11cdb6fe-38e2-486f-9f66-45b832b69116 None None] MySQL server mode set to STRICT_TRANS_TABLES,STRICT_ALL_TABLES,NO_ZERO_IN_DATE,NO_ZERO_DATE,ERROR_FOR_DIVISION_BY_ZERO,TRADITIONAL,NO_ENGINE_SUBSTITUTION {{(pid=95576) _check_effective_sql_mode /opt/stack/data/venv/lib/python3.12/site-packages/oslo_db/sqlalchemy/engines.py:325}}
May 25 06:59:20.484100 np0000001376 nova-scheduler[95574]: DEBUG oslo_db.sqlalchemy.engines [None req-a3ab22e3-2537-4b9d-a7b4-b9ba14019a8a None None] MySQL server mode set to STRICT_TRANS_TABLES,STRICT_ALL_TABLES,NO_ZERO_IN_DATE,NO_ZERO_DATE,ERROR_FOR_DIVISION_BY_ZERO,TRADITIONAL,NO_ENGINE_SUBSTITUTION {{(pid=95574) _check_effective_sql_mode /opt/stack/data/venv/lib/python3.12/site-packages/oslo_db/sqlalchemy/engines.py:325}}
May 25 06:59:20.490538 np0000001376 nova-scheduler[95572]: DEBUG nova.service [None req-7615f6e2-f092-425a-9801-f6cdb187f7fe None None] Creating RPC server for service: nova-scheduler on topic: scheduler {{(pid=95572) start /opt/stack/nova/nova/service.py:195}}
May 25 06:59:20.496430 np0000001376 nova-scheduler[95576]: DEBUG dbcounter [-] [95576] Writer thread running {{(pid=95576) stat_writer /opt/stack/data/venv/lib/python3.12/site-packages/dbcounter.py:102}}
May 25 06:59:20.498021 np0000001376 nova-scheduler[95574]: DEBUG dbcounter [-] [95574] Writer thread running {{(pid=95574) stat_writer /opt/stack/data/venv/lib/python3.12/site-packages/dbcounter.py:102}}
May 25 06:59:20.501159 np0000001376 nova-scheduler[95576]: DEBUG nova.service [None req-11cdb6fe-38e2-486f-9f66-45b832b69116 None None] Creating RPC server for service: nova-scheduler on topic: scheduler {{(pid=95576) start /opt/stack/nova/nova/service.py:195}}
May 25 06:59:20.501399 np0000001376 nova-scheduler[95574]: DEBUG nova.service [None req-a3ab22e3-2537-4b9d-a7b4-b9ba14019a8a None None] Creating RPC server for service: nova-scheduler on topic: scheduler {{(pid=95574) start /opt/stack/nova/nova/service.py:195}}
May 25 06:59:20.538233 np0000001376 nova-scheduler[95574]: DEBUG nova.service [None req-a3ab22e3-2537-4b9d-a7b4-b9ba14019a8a None None] Join ServiceGroup membership for this service scheduler {{(pid=95574) start /opt/stack/nova/nova/service.py:221}}
May 25 06:59:20.538233 np0000001376 nova-scheduler[95574]: DEBUG nova.servicegroup.drivers.db [None req-a3ab22e3-2537-4b9d-a7b4-b9ba14019a8a None None] DB_Driver: join new ServiceGroup member np0000001376 to the scheduler group, service = {{(pid=95574) join /opt/stack/nova/nova/servicegroup/drivers/db.py:44}}
May 25 06:59:20.538415 np0000001376 nova-scheduler[95572]: DEBUG nova.service [None req-7615f6e2-f092-425a-9801-f6cdb187f7fe None None] Join ServiceGroup membership for this service scheduler {{(pid=95572) start /opt/stack/nova/nova/service.py:221}}
May 25 06:59:20.538658 np0000001376 nova-scheduler[95572]: DEBUG nova.servicegroup.drivers.db [None req-7615f6e2-f092-425a-9801-f6cdb187f7fe None None] DB_Driver: join new ServiceGroup member np0000001376 to the scheduler group, service = {{(pid=95572) join /opt/stack/nova/nova/servicegroup/drivers/db.py:44}}
May 25 06:59:20.541088 np0000001376 nova-scheduler[95576]: DEBUG nova.service [None req-11cdb6fe-38e2-486f-9f66-45b832b69116 None None] Join ServiceGroup membership for this service scheduler {{(pid=95576) start /opt/stack/nova/nova/service.py:221}}
May 25 06:59:20.541088 np0000001376 nova-scheduler[95576]: DEBUG nova.servicegroup.drivers.db [None req-11cdb6fe-38e2-486f-9f66-45b832b69116 None None] DB_Driver: join new ServiceGroup member np0000001376 to the scheduler group, service = {{(pid=95576) join /opt/stack/nova/nova/servicegroup/drivers/db.py:44}}
May 25 06:59:25.555421 np0000001376 nova-scheduler[95572]: DEBUG oslo.service.backend._threading.loopingcall [-] Fixed interval looping call 'nova.servicegroup.drivers.db.DbDriver._report_state' sleeping for 119.99 seconds {{(pid=95572) _run_loop /opt/stack/data/venv/lib/python3.12/site-packages/oslo_service/backend/_threading/loopingcall.py:125}}
May 25 06:59:25.556756 np0000001376 nova-scheduler[95574]: DEBUG oslo.service.backend._threading.loopingcall [-] Fixed interval looping call 'nova.servicegroup.drivers.db.DbDriver._report_state' sleeping for 119.98 seconds {{(pid=95574) _run_loop /opt/stack/data/venv/lib/python3.12/site-packages/oslo_service/backend/_threading/loopingcall.py:125}}
May 25 06:59:25.557246 np0000001376 nova-scheduler[95576]: DEBUG oslo.service.backend._threading.loopingcall [-] Fixed interval looping call 'nova.servicegroup.drivers.db.DbDriver._report_state' sleeping for 119.98 seconds {{(pid=95576) _run_loop /opt/stack/data/venv/lib/python3.12/site-packages/oslo_service/backend/_threading/loopingcall.py:125}}
May 25 06:59:29.103894 np0000001376 nova-scheduler[94367]: DEBUG dbcounter [-] [94367] Writing DB stats nova_api:SELECT=3 {{(pid=94367) stat_writer /opt/stack/data/venv/lib/python3.12/site-packages/dbcounter.py:115}}
May 25 06:59:29.215890 np0000001376 nova-scheduler[94367]: DEBUG dbcounter [-] [94367] Writing DB stats nova_cell0:SELECT=1 {{(pid=94367) stat_writer /opt/stack/data/venv/lib/python3.12/site-packages/dbcounter.py:115}}
May 25 06:59:29.219333 np0000001376 nova-scheduler[94367]: DEBUG dbcounter [-] [94367] Writing DB stats nova_cell1:SELECT=1 {{(pid=94367) stat_writer /opt/stack/data/venv/lib/python3.12/site-packages/dbcounter.py:115}}
May 25 06:59:32.542003 np0000001376 nova-scheduler[95572]: DEBUG oslo.service.backend._threading.loopingcall [None req-415067f8-6ee1-4ad7-aba0-9ad33062e544 None None] Dynamic interval looping call 'nova.service.Service.periodic_tasks' sleeping for 60.00 seconds {{(pid=95572) _run_loop /opt/stack/data/venv/lib/python3.12/site-packages/oslo_service/backend/_threading/loopingcall.py:125}}
May 25 06:59:35.550296 np0000001376 nova-scheduler[95572]: DEBUG dbcounter [-] [95572] Writing DB stats nova_cell0:SELECT=4,nova_cell0:INSERT=1,nova_cell0:UPDATE=1 {{(pid=95572) stat_writer /opt/stack/data/venv/lib/python3.12/site-packages/dbcounter.py:115}}
May 25 06:59:35.551439 np0000001376 nova-scheduler[95574]: DEBUG dbcounter [-] [95574] Writing DB stats nova_cell0:SELECT=3,nova_cell0:UPDATE=1 {{(pid=95574) stat_writer /opt/stack/data/venv/lib/python3.12/site-packages/dbcounter.py:115}}
May 25 06:59:35.552837 np0000001376 nova-scheduler[95576]: DEBUG dbcounter [-] [95576] Writing DB stats nova_cell0:SELECT=3,nova_cell0:UPDATE=1 {{(pid=95576) stat_writer /opt/stack/data/venv/lib/python3.12/site-packages/dbcounter.py:115}}
May 25 06:59:50.541034 np0000001376 nova-scheduler[95574]: DEBUG oslo.service.backend._threading.loopingcall [None req-307ffb6f-b139-478a-8342-899be33e63e8 None None] Dynamic interval looping call 'nova.service.Service.periodic_tasks' sleeping for 60.00 seconds {{(pid=95574) _run_loop /opt/stack/data/venv/lib/python3.12/site-packages/oslo_service/backend/_threading/loopingcall.py:125}}
May 25 07:00:13.542815 np0000001376 nova-scheduler[95576]: DEBUG oslo.service.backend._threading.loopingcall [None req-cb311af5-1726-4ea7-9ab3-11bfb4382a22 None None] Dynamic interval looping call 'nova.service.Service.periodic_tasks' sleeping for 60.00 seconds {{(pid=95576) _run_loop /opt/stack/data/venv/lib/python3.12/site-packages/oslo_service/backend/_threading/loopingcall.py:125}}
May 25 07:00:32.543169 np0000001376 nova-scheduler[95572]: DEBUG oslo.service.backend._threading.loopingcall [None req-415067f8-6ee1-4ad7-aba0-9ad33062e544 None None] Dynamic interval looping call 'nova.service.Service.periodic_tasks' sleeping for 60.00 seconds {{(pid=95572) _run_loop /opt/stack/data/venv/lib/python3.12/site-packages/oslo_service/backend/_threading/loopingcall.py:125}}
May 25 07:00:50.541757 np0000001376 nova-scheduler[95574]: DEBUG oslo.service.backend._threading.loopingcall [None req-307ffb6f-b139-478a-8342-899be33e63e8 None None] Dynamic interval looping call 'nova.service.Service.periodic_tasks' sleeping for 60.00 seconds {{(pid=95574) _run_loop /opt/stack/data/venv/lib/python3.12/site-packages/oslo_service/backend/_threading/loopingcall.py:125}}
May 25 07:01:13.543350 np0000001376 nova-scheduler[95576]: DEBUG oslo.service.backend._threading.loopingcall [None req-cb311af5-1726-4ea7-9ab3-11bfb4382a22 None None] Dynamic interval looping call 'nova.service.Service.periodic_tasks' sleeping for 60.00 seconds {{(pid=95576) _run_loop /opt/stack/data/venv/lib/python3.12/site-packages/oslo_service/backend/_threading/loopingcall.py:125}}
May 25 07:01:25.544793 np0000001376 nova-scheduler[95576]: DEBUG oslo.service.backend._threading.loopingcall [-] Fixed interval looping call 'nova.servicegroup.drivers.db.DbDriver._report_state' sleeping for 119.99 seconds {{(pid=95576) _run_loop /opt/stack/data/venv/lib/python3.12/site-packages/oslo_service/backend/_threading/loopingcall.py:125}}
May 25 07:01:25.545529 np0000001376 nova-scheduler[95574]: DEBUG oslo.service.backend._threading.loopingcall [-] Fixed interval looping call 'nova.servicegroup.drivers.db.DbDriver._report_state' sleeping for 119.99 seconds {{(pid=95574) _run_loop /opt/stack/data/venv/lib/python3.12/site-packages/oslo_service/backend/_threading/loopingcall.py:125}}
May 25 07:01:25.549834 np0000001376 nova-scheduler[95572]: DEBUG oslo.service.backend._threading.loopingcall [-] Fixed interval looping call 'nova.servicegroup.drivers.db.DbDriver._report_state' sleeping for 120.00 seconds {{(pid=95572) _run_loop /opt/stack/data/venv/lib/python3.12/site-packages/oslo_service/backend/_threading/loopingcall.py:125}}
May 25 07:01:32.543761 np0000001376 nova-scheduler[95572]: DEBUG oslo.service.backend._threading.loopingcall [None req-415067f8-6ee1-4ad7-aba0-9ad33062e544 None None] Dynamic interval looping call 'nova.service.Service.periodic_tasks' sleeping for 60.00 seconds {{(pid=95572) _run_loop /opt/stack/data/venv/lib/python3.12/site-packages/oslo_service/backend/_threading/loopingcall.py:125}}
May 25 07:01:35.540715 np0000001376 nova-scheduler[95576]: DEBUG dbcounter [-] [95576] Writing DB stats nova_cell0:SELECT=1,nova_cell0:UPDATE=1 {{(pid=95576) stat_writer /opt/stack/data/venv/lib/python3.12/site-packages/dbcounter.py:115}}
May 25 07:01:35.541172 np0000001376 nova-scheduler[95574]: DEBUG dbcounter [-] [95574] Writing DB stats nova_cell0:SELECT=1,nova_cell0:UPDATE=1 {{(pid=95574) stat_writer /opt/stack/data/venv/lib/python3.12/site-packages/dbcounter.py:115}}
May 25 07:01:35.547862 np0000001376 nova-scheduler[95572]: DEBUG dbcounter [-] [95572] Writing DB stats nova_cell0:SELECT=1 {{(pid=95572) stat_writer /opt/stack/data/venv/lib/python3.12/site-packages/dbcounter.py:115}}
May 25 07:01:50.542352 np0000001376 nova-scheduler[95574]: DEBUG oslo.service.backend._threading.loopingcall [None req-307ffb6f-b139-478a-8342-899be33e63e8 None None] Dynamic interval looping call 'nova.service.Service.periodic_tasks' sleeping for 60.00 seconds {{(pid=95574) _run_loop /opt/stack/data/venv/lib/python3.12/site-packages/oslo_service/backend/_threading/loopingcall.py:125}}
May 25 07:02:13.544309 np0000001376 nova-scheduler[95576]: DEBUG oslo.service.backend._threading.loopingcall [None req-cb311af5-1726-4ea7-9ab3-11bfb4382a22 None None] Dynamic interval looping call 'nova.service.Service.periodic_tasks' sleeping for 60.00 seconds {{(pid=95576) _run_loop /opt/stack/data/venv/lib/python3.12/site-packages/oslo_service/backend/_threading/loopingcall.py:125}}
May 25 07:02:15.894563 np0000001376 nova-scheduler[95574]: DEBUG nova.scheduler.manager [None req-18d7aabf-183b-4981-96ac-a8817856b080 tempest-DeleteServersTestJSON-1993217083 tempest-DeleteServersTestJSON-1993217083-project-member] Starting to schedule for instances: ['8c2ef46e-a363-4da7-8be1-799f9989fcdf'] {{(pid=95574) select_destinations /opt/stack/nova/nova/scheduler/manager.py:210}}
May 25 07:02:15.895413 np0000001376 nova-scheduler[95574]: DEBUG nova.scheduler.request_filter [None req-18d7aabf-183b-4981-96ac-a8817856b080 tempest-DeleteServersTestJSON-1993217083 tempest-DeleteServersTestJSON-1993217083-project-member] compute_status_filter request filter added forbidden trait COMPUTE_STATUS_DISABLED {{(pid=95574) compute_status_filter /opt/stack/nova/nova/scheduler/request_filter.py:253}}
May 25 07:02:15.895520 np0000001376 nova-scheduler[95574]: DEBUG nova.scheduler.request_filter [None req-18d7aabf-183b-4981-96ac-a8817856b080 tempest-DeleteServersTestJSON-1993217083 tempest-DeleteServersTestJSON-1993217083-project-member] Request filter 'compute_status_filter' took 0.0 seconds {{(pid=95574) wrapper /opt/stack/nova/nova/scheduler/request_filter.py:46}}
May 25 07:02:15.895709 np0000001376 nova-scheduler[95574]: DEBUG nova.scheduler.request_filter [None req-18d7aabf-183b-4981-96ac-a8817856b080 tempest-DeleteServersTestJSON-1993217083 tempest-DeleteServersTestJSON-1993217083-project-member] Request filter 'accelerators_filter' took 0.0 seconds {{(pid=95574) wrapper /opt/stack/nova/nova/scheduler/request_filter.py:46}}
May 25 07:02:15.895879 np0000001376 nova-scheduler[95574]: DEBUG nova.scheduler.request_filter [None req-18d7aabf-183b-4981-96ac-a8817856b080 tempest-DeleteServersTestJSON-1993217083 tempest-DeleteServersTestJSON-1993217083-project-member] Request filter 'packed_virtqueue_filter' took 0.0 seconds {{(pid=95574) wrapper /opt/stack/nova/nova/scheduler/request_filter.py:46}}
May 25 07:02:15.896229 np0000001376 nova-scheduler[95574]: DEBUG nova.scheduler.request_filter [None req-18d7aabf-183b-4981-96ac-a8817856b080 tempest-DeleteServersTestJSON-1993217083 tempest-DeleteServersTestJSON-1993217083-project-member] Request filter 'remote_managed_ports_filter' took 0.0 seconds {{(pid=95574) wrapper /opt/stack/nova/nova/scheduler/request_filter.py:46}}
May 25 07:02:15.896357 np0000001376 nova-scheduler[95574]: DEBUG nova.scheduler.request_filter [None req-18d7aabf-183b-4981-96ac-a8817856b080 tempest-DeleteServersTestJSON-1993217083 tempest-DeleteServersTestJSON-1993217083-project-member] ephemeral_encryption_filter skipped {{(pid=95574) ephemeral_encryption_filter /opt/stack/nova/nova/scheduler/request_filter.py:426}}
May 25 07:02:15.897249 np0000001376 nova-scheduler[95574]: DEBUG nova.scheduler.request_filter [None req-18d7aabf-183b-4981-96ac-a8817856b080 tempest-DeleteServersTestJSON-1993217083 tempest-DeleteServersTestJSON-1993217083-project-member] virtio_sound_filter skipped {{(pid=95574) virtio_sound_filter /opt/stack/nova/nova/scheduler/request_filter.py:460}}
May 25 07:02:15.897315 np0000001376 nova-scheduler[95574]: DEBUG nova.scheduler.request_filter [None req-18d7aabf-183b-4981-96ac-a8817856b080 tempest-DeleteServersTestJSON-1993217083 tempest-DeleteServersTestJSON-1993217083-project-member] tpm_secret_security_filter skipped {{(pid=95574) tpm_secret_security_filter /opt/stack/nova/nova/scheduler/request_filter.py:477}}
May 25 07:02:16.027278 np0000001376 nova-scheduler[95572]: DEBUG nova.scheduler.manager [None req-88867b77-93f3-4662-a43c-9878419d731b tempest-ServerActionsTestOtherA-1310045528 tempest-ServerActionsTestOtherA-1310045528-project-member] Starting to schedule for instances: ['a33f1378-a997-41aa-931e-7088305181f2'] {{(pid=95572) select_destinations /opt/stack/nova/nova/scheduler/manager.py:210}}
May 25 07:02:16.028188 np0000001376 nova-scheduler[95572]: DEBUG nova.scheduler.request_filter [None req-88867b77-93f3-4662-a43c-9878419d731b tempest-ServerActionsTestOtherA-1310045528 tempest-ServerActionsTestOtherA-1310045528-project-member] compute_status_filter request filter added forbidden trait COMPUTE_STATUS_DISABLED {{(pid=95572) compute_status_filter /opt/stack/nova/nova/scheduler/request_filter.py:253}}
May 25 07:02:16.028188 np0000001376 nova-scheduler[95572]: DEBUG nova.scheduler.request_filter [None req-88867b77-93f3-4662-a43c-9878419d731b tempest-ServerActionsTestOtherA-1310045528 tempest-ServerActionsTestOtherA-1310045528-project-member] Request filter 'compute_status_filter' took 0.0 seconds {{(pid=95572) wrapper /opt/stack/nova/nova/scheduler/request_filter.py:46}}
May 25 07:02:16.029695 np0000001376 nova-scheduler[95572]: DEBUG nova.scheduler.request_filter [None req-88867b77-93f3-4662-a43c-9878419d731b tempest-ServerActionsTestOtherA-1310045528 tempest-ServerActionsTestOtherA-1310045528-project-member] Request filter 'accelerators_filter' took 0.0 seconds {{(pid=95572) wrapper /opt/stack/nova/nova/scheduler/request_filter.py:46}}
May 25 07:02:16.030425 np0000001376 nova-scheduler[95572]: DEBUG nova.scheduler.request_filter [None req-88867b77-93f3-4662-a43c-9878419d731b tempest-ServerActionsTestOtherA-1310045528 tempest-ServerActionsTestOtherA-1310045528-project-member] Request filter 'packed_virtqueue_filter' took 0.0 seconds {{(pid=95572) wrapper /opt/stack/nova/nova/scheduler/request_filter.py:46}}
May 25 07:02:16.031426 np0000001376 nova-scheduler[95572]: DEBUG nova.scheduler.request_filter [None req-88867b77-93f3-4662-a43c-9878419d731b tempest-ServerActionsTestOtherA-1310045528 tempest-ServerActionsTestOtherA-1310045528-project-member] Request filter 'remote_managed_ports_filter' took 0.0 seconds {{(pid=95572) wrapper /opt/stack/nova/nova/scheduler/request_filter.py:46}}
May 25 07:02:16.031426 np0000001376 nova-scheduler[95572]: DEBUG nova.scheduler.request_filter [None req-88867b77-93f3-4662-a43c-9878419d731b tempest-ServerActionsTestOtherA-1310045528 tempest-ServerActionsTestOtherA-1310045528-project-member] ephemeral_encryption_filter skipped {{(pid=95572) ephemeral_encryption_filter /opt/stack/nova/nova/scheduler/request_filter.py:426}}
May 25 07:02:16.031426 np0000001376 nova-scheduler[95572]: DEBUG nova.scheduler.request_filter [None req-88867b77-93f3-4662-a43c-9878419d731b tempest-ServerActionsTestOtherA-1310045528 tempest-ServerActionsTestOtherA-1310045528-project-member] virtio_sound_filter skipped {{(pid=95572) virtio_sound_filter /opt/stack/nova/nova/scheduler/request_filter.py:460}}
May 25 07:02:16.031675 np0000001376 nova-scheduler[95572]: DEBUG nova.scheduler.request_filter [None req-88867b77-93f3-4662-a43c-9878419d731b tempest-ServerActionsTestOtherA-1310045528 tempest-ServerActionsTestOtherA-1310045528-project-member] tpm_secret_security_filter skipped {{(pid=95572) tpm_secret_security_filter /opt/stack/nova/nova/scheduler/request_filter.py:477}}
May 25 07:02:16.583654 np0000001376 nova-scheduler[95574]: INFO nova.utils [None req-18d7aabf-183b-4981-96ac-a8817856b080 tempest-DeleteServersTestJSON-1993217083 tempest-DeleteServersTestJSON-1993217083-project-member] The cell worker thread pool ForkProcess-2.cell_worker is initialized
May 25 07:02:16.584209 np0000001376 nova-scheduler[95574]: DEBUG oslo_concurrency.lockutils [None req-18d7aabf-183b-4981-96ac-a8817856b080 tempest-DeleteServersTestJSON-1993217083 tempest-DeleteServersTestJSON-1993217083-project-member] Acquiring lock "21fd8f51-1173-44a8-bb5d-732afc39bb61" by "nova.context.set_target_cell..get_or_set_cached_cell_and_set_connections" {{(pid=95574) inner /opt/stack/data/venv/lib/python3.12/site-packages/oslo_concurrency/lockutils.py:511}}
May 25 07:02:16.584496 np0000001376 nova-scheduler[95574]: DEBUG oslo_concurrency.lockutils [None req-18d7aabf-183b-4981-96ac-a8817856b080 tempest-DeleteServersTestJSON-1993217083 tempest-DeleteServersTestJSON-1993217083-project-member] Lock "21fd8f51-1173-44a8-bb5d-732afc39bb61" acquired by "nova.context.set_target_cell..get_or_set_cached_cell_and_set_connections" :: waited 0.000s {{(pid=95574) inner /opt/stack/data/venv/lib/python3.12/site-packages/oslo_concurrency/lockutils.py:524}}
May 25 07:02:16.586056 np0000001376 nova-scheduler[95574]: DEBUG oslo_concurrency.lockutils [None req-18d7aabf-183b-4981-96ac-a8817856b080 tempest-DeleteServersTestJSON-1993217083 tempest-DeleteServersTestJSON-1993217083-project-member] Lock "21fd8f51-1173-44a8-bb5d-732afc39bb61" "released" by "nova.context.set_target_cell..get_or_set_cached_cell_and_set_connections" :: held 0.001s {{(pid=95574) inner /opt/stack/data/venv/lib/python3.12/site-packages/oslo_concurrency/lockutils.py:543}}
May 25 07:02:16.589837 np0000001376 nova-scheduler[95574]: INFO dbcounter [None req-18d7aabf-183b-4981-96ac-a8817856b080 tempest-DeleteServersTestJSON-1993217083 tempest-DeleteServersTestJSON-1993217083-project-member] Registered counter for database nova_cell1
May 25 07:02:16.602582 np0000001376 nova-scheduler[95574]: DEBUG oslo_db.sqlalchemy.engines [None req-18d7aabf-183b-4981-96ac-a8817856b080 tempest-DeleteServersTestJSON-1993217083 tempest-DeleteServersTestJSON-1993217083-project-member] MySQL server mode set to STRICT_TRANS_TABLES,STRICT_ALL_TABLES,NO_ZERO_IN_DATE,NO_ZERO_DATE,ERROR_FOR_DIVISION_BY_ZERO,TRADITIONAL,NO_ENGINE_SUBSTITUTION {{(pid=95574) _check_effective_sql_mode /opt/stack/data/venv/lib/python3.12/site-packages/oslo_db/sqlalchemy/engines.py:325}}
May 25 07:02:16.614260 np0000001376 nova-scheduler[95574]: DEBUG dbcounter [-] [95574] Writer thread running {{(pid=95574) stat_writer /opt/stack/data/venv/lib/python3.12/site-packages/dbcounter.py:102}}
May 25 07:02:16.633491 np0000001376 nova-scheduler[95572]: INFO nova.utils [None req-88867b77-93f3-4662-a43c-9878419d731b tempest-ServerActionsTestOtherA-1310045528 tempest-ServerActionsTestOtherA-1310045528-project-member] The cell worker thread pool ForkProcess-1.cell_worker is initialized
May 25 07:02:16.633979 np0000001376 nova-scheduler[95572]: DEBUG oslo_concurrency.lockutils [None req-88867b77-93f3-4662-a43c-9878419d731b tempest-ServerActionsTestOtherA-1310045528 tempest-ServerActionsTestOtherA-1310045528-project-member] Acquiring lock "21fd8f51-1173-44a8-bb5d-732afc39bb61" by "nova.context.set_target_cell..get_or_set_cached_cell_and_set_connections" {{(pid=95572) inner /opt/stack/data/venv/lib/python3.12/site-packages/oslo_concurrency/lockutils.py:511}}
May 25 07:02:16.634300 np0000001376 nova-scheduler[95572]: DEBUG oslo_concurrency.lockutils [None req-88867b77-93f3-4662-a43c-9878419d731b tempest-ServerActionsTestOtherA-1310045528 tempest-ServerActionsTestOtherA-1310045528-project-member] Lock "21fd8f51-1173-44a8-bb5d-732afc39bb61" acquired by "nova.context.set_target_cell..get_or_set_cached_cell_and_set_connections" :: waited 0.000s {{(pid=95572) inner /opt/stack/data/venv/lib/python3.12/site-packages/oslo_concurrency/lockutils.py:524}}
May 25 07:02:16.635259 np0000001376 nova-scheduler[95574]: DEBUG oslo_db.sqlalchemy.engines [None req-18d7aabf-183b-4981-96ac-a8817856b080 tempest-DeleteServersTestJSON-1993217083 tempest-DeleteServersTestJSON-1993217083-project-member] Parent process 94367 forked (95574) with an open database connection, which is being discarded and recreated. {{(pid=95574) checkout /opt/stack/data/venv/lib/python3.12/site-packages/oslo_db/sqlalchemy/engines.py:402}}
May 25 07:02:16.636182 np0000001376 nova-scheduler[95572]: DEBUG oslo_concurrency.lockutils [None req-88867b77-93f3-4662-a43c-9878419d731b tempest-ServerActionsTestOtherA-1310045528 tempest-ServerActionsTestOtherA-1310045528-project-member] Lock "21fd8f51-1173-44a8-bb5d-732afc39bb61" "released" by "nova.context.set_target_cell..get_or_set_cached_cell_and_set_connections" :: held 0.002s {{(pid=95572) inner /opt/stack/data/venv/lib/python3.12/site-packages/oslo_concurrency/lockutils.py:543}}
May 25 07:02:16.639514 np0000001376 nova-scheduler[95572]: INFO dbcounter [None req-88867b77-93f3-4662-a43c-9878419d731b tempest-ServerActionsTestOtherA-1310045528 tempest-ServerActionsTestOtherA-1310045528-project-member] Registered counter for database nova_cell1
May 25 07:02:16.647006 np0000001376 nova-scheduler[95572]: DEBUG oslo_db.sqlalchemy.engines [None req-88867b77-93f3-4662-a43c-9878419d731b tempest-ServerActionsTestOtherA-1310045528 tempest-ServerActionsTestOtherA-1310045528-project-member] MySQL server mode set to STRICT_TRANS_TABLES,STRICT_ALL_TABLES,NO_ZERO_IN_DATE,NO_ZERO_DATE,ERROR_FOR_DIVISION_BY_ZERO,TRADITIONAL,NO_ENGINE_SUBSTITUTION {{(pid=95572) _check_effective_sql_mode /opt/stack/data/venv/lib/python3.12/site-packages/oslo_db/sqlalchemy/engines.py:325}}
May 25 07:02:16.650493 np0000001376 nova-scheduler[95574]: DEBUG dbcounter [-] [95574] Writer thread running {{(pid=95574) stat_writer /opt/stack/data/venv/lib/python3.12/site-packages/dbcounter.py:102}}
May 25 07:02:16.654170 np0000001376 nova-scheduler[95572]: DEBUG dbcounter [-] [95572] Writer thread running {{(pid=95572) stat_writer /opt/stack/data/venv/lib/python3.12/site-packages/dbcounter.py:102}}
May 25 07:02:16.655592 np0000001376 nova-scheduler[95574]: DEBUG oslo_concurrency.lockutils [None req-18d7aabf-183b-4981-96ac-a8817856b080 tempest-DeleteServersTestJSON-1993217083 tempest-DeleteServersTestJSON-1993217083-project-member] Acquiring lock "21fd8f51-1173-44a8-bb5d-732afc39bb61" by "nova.context.set_target_cell..get_or_set_cached_cell_and_set_connections" {{(pid=95574) inner /opt/stack/data/venv/lib/python3.12/site-packages/oslo_concurrency/lockutils.py:511}}
May 25 07:02:16.655684 np0000001376 nova-scheduler[95574]: DEBUG oslo_concurrency.lockutils [None req-18d7aabf-183b-4981-96ac-a8817856b080 tempest-DeleteServersTestJSON-1993217083 tempest-DeleteServersTestJSON-1993217083-project-member] Lock "21fd8f51-1173-44a8-bb5d-732afc39bb61" acquired by "nova.context.set_target_cell..get_or_set_cached_cell_and_set_connections" :: waited 0.000s {{(pid=95574) inner /opt/stack/data/venv/lib/python3.12/site-packages/oslo_concurrency/lockutils.py:524}}
May 25 07:02:16.655890 np0000001376 nova-scheduler[95574]: DEBUG oslo_concurrency.lockutils [None req-18d7aabf-183b-4981-96ac-a8817856b080 tempest-DeleteServersTestJSON-1993217083 tempest-DeleteServersTestJSON-1993217083-project-member] Lock "21fd8f51-1173-44a8-bb5d-732afc39bb61" "released" by "nova.context.set_target_cell..get_or_set_cached_cell_and_set_connections" :: held 0.000s {{(pid=95574) inner /opt/stack/data/venv/lib/python3.12/site-packages/oslo_concurrency/lockutils.py:543}}
May 25 07:02:16.661338 np0000001376 nova-scheduler[95574]: DEBUG oslo_concurrency.lockutils [None req-18d7aabf-183b-4981-96ac-a8817856b080 tempest-DeleteServersTestJSON-1993217083 tempest-DeleteServersTestJSON-1993217083-project-member] Acquiring lock "('np0000001376', 'np0000001376')" by "nova.scheduler.host_manager.HostState.update.._locked_update" {{(pid=95574) inner /opt/stack/data/venv/lib/python3.12/site-packages/oslo_concurrency/lockutils.py:511}}
May 25 07:02:16.661616 np0000001376 nova-scheduler[95574]: DEBUG oslo_concurrency.lockutils [None req-18d7aabf-183b-4981-96ac-a8817856b080 tempest-DeleteServersTestJSON-1993217083 tempest-DeleteServersTestJSON-1993217083-project-member] Lock "('np0000001376', 'np0000001376')" acquired by "nova.scheduler.host_manager.HostState.update.._locked_update" :: waited 0.000s {{(pid=95574) inner /opt/stack/data/venv/lib/python3.12/site-packages/oslo_concurrency/lockutils.py:524}}
May 25 07:02:16.663425 np0000001376 nova-scheduler[95574]: DEBUG nova.scheduler.host_manager [None req-18d7aabf-183b-4981-96ac-a8817856b080 tempest-DeleteServersTestJSON-1993217083 tempest-DeleteServersTestJSON-1993217083-project-member] Update host state from compute node: ComputeNode(cpu_allocation_ratio=4.0,cpu_info='{"arch": "x86_64", "model": "EPYC-Milan", "vendor": "AMD", "topology": {"cells": 1, "sockets": 12, "cores": 1, "threads": 1}, "maxphysaddr": {"mode": "emulate", "bits": 40}, "features": ["tsc", "vmcb-clean", "cx8", "svme-addr-chk", "umip", "sse", "clflush", "rdseed", "cr8legacy", "stibp", "fxsr_opt", "amd-psfd", "rdctl-no", "vaes", "xgetbv1", "lbrv", "xsavec", "sse4.1", "pge", "clwb", "v-vmsave-vmload", "sse4.2", "sse4a", "virt-ssbd", "de", "vme", "pae", "avx", "pfthreshold", "arat", "smep", "movbe", "flushbyasid", "stibp-always-on", "abm", "clflushopt", "ssbd", "tsc-scale", "nx", "npt", "fma", "topoext", "mca", "pdpe1gb", "pschange-mc-no", "xsaveopt", "svm", "nrip-save", "fpu", "skip-l1dfl-vmentry", "lahf_lm", "fsgsbase", "msr", "osvw", "sse2", "sha-ni", "spec-ctrl", "ibrs", "misalignsse", "xsave", "ssse3", "gds-no", "bmi1", "pcid", "wbnoinvd", "amd-stibp", "mtrr", "sep", "mmx", "arch-capabilities", "pse", "apic", "xsaveerptr", "cmp_legacy", "lm", "vgif", "hypervisor", "lfence-always-serializing", "adx", "bmi2", "mds-no", "perfctr_core", "aes", "fxsr", "mce", "rdrand", "mmxext", "no-nested-data-bp", "pause-filter", "pat", "smap", "fsrm", "avx2", "rdpid", "invpcid", "tsc-deadline", "3dnowprefetch", "rdtscp", "erms", "f16c", "ibpb", "tsc_adjust", "cx16", "null-sel-clr-base", "syscall", "xsaves", "pni", "popcnt", "cmov", "pku", "clzero", "pse36", "vpclmulqdq", "x2apic", "pclmuldq", "amd-ssbd"]}',created_at=2026-05-25T06:59:47Z,current_workload=0,deleted=False,deleted_at=None,disk_allocation_ratio=1.0,disk_available_least=74,free_disk_gb=95,free_ram_mb=23518,host='np0000001376',host_ip=10.4.3.112,hypervisor_hostname='np0000001376',hypervisor_type='QEMU',hypervisor_version=8002002,id=1,local_gb=95,local_gb_used=0,mapped=1,memory_mb=24030,memory_mb_used=512,metrics='[]',numa_topology='{"nova_object.name": "NUMATopology", "nova_object.namespace": "nova", "nova_object.version": "1.2", "nova_object.data": {"cells": [{"nova_object.name": "NUMACell", "nova_object.namespace": "nova", "nova_object.version": "1.5", "nova_object.data": {"id": 0, "cpuset": [0, 1, 2, 3, 4, 5, 6, 7, 8, 9, 10, 11], "pcpuset": [0, 1, 2, 3, 4, 5, 6, 7, 8, 9, 10, 11], "memory": 24030, "cpu_usage": 0, "memory_usage": 0, "pinned_cpus": [], "siblings": [[6], [2], [5], [11], [8], [4], [1], [7], [10], [0], [3], [9]], "mempages": [{"nova_object.name": "NUMAPagesTopology", "nova_object.namespace": "nova", "nova_object.version": "1.1", "nova_object.data": {"size_kb": 4, "total": 6151797, "used": 0, "reserved": 0}, "nova_object.changes": ["total", "used", "size_kb", "reserved"]}, {"nova_object.name": "NUMAPagesTopology", "nova_object.namespace": "nova", "nova_object.version": "1.1", "nova_object.data": {"size_kb": 2048, "total": 0, "used": 0, "reserved": 0}, "nova_object.changes": ["total", "used", "size_kb", "reserved"]}, {"nova_object.name": "NUMAPagesTopology", "nova_object.namespace": "nova", "nova_object.version": "1.1", "nova_object.data": {"size_kb": 1048576, "total": 0, "used": 0, "reserved": 0}, "nova_object.changes": ["total", "used", "size_kb", "reserved"]}], "network_metadata": {"nova_object.name": "NetworkMetadata", "nova_object.namespace": "nova", "nova_object.version": "1.0", "nova_object.data": {"physnets": [], "tunneled": false}, "nova_object.changes": ["physnets", "tunneled"]}, "socket": null}, "nova_object.changes": ["mempages", "siblings", "pcpuset", "memory", "network_metadata", "pinned_cpus", "id", "socket", "cpu_usage", "cpuset", "memory_usage"]}]}, "nova_object.changes": ["cells"]}',pci_device_pools=PciDevicePoolList,ram_allocation_ratio=1.0,running_vms=0,service_id=2,stats={failed_builds='0',uptime=' 07:01:32 up 23 min, 2 users, load average: 1.07, 1.35, 0.79
May 25 07:02:16.663425 np0000001376 nova-scheduler[95574]: '},supported_hv_specs=[HVSpec,HVSpec,HVSpec,HVSpec,HVSpec,HVSpec,HVSpec,HVSpec,HVSpec,HVSpec,HVSpec,HVSpec,HVSpec,HVSpec,HVSpec,HVSpec,HVSpec,HVSpec,HVSpec,HVSpec,HVSpec,HVSpec,HVSpec,HVSpec,HVSpec],updated_at=2026-05-25T07:01:34Z,uuid=081ddc9a-49c7-46d7-b90c-057e7adc7ea5,vcpus=12,vcpus_used=0) {{(pid=95574) _locked_update /opt/stack/nova/nova/scheduler/host_manager.py:168}}
May 25 07:02:16.664896 np0000001376 nova-scheduler[95574]: DEBUG nova.scheduler.host_manager [None req-18d7aabf-183b-4981-96ac-a8817856b080 tempest-DeleteServersTestJSON-1993217083 tempest-DeleteServersTestJSON-1993217083-project-member] Update host state with aggregates: [] {{(pid=95574) _locked_update /opt/stack/nova/nova/scheduler/host_manager.py:171}}
May 25 07:02:16.664896 np0000001376 nova-scheduler[95574]: DEBUG nova.scheduler.host_manager [None req-18d7aabf-183b-4981-96ac-a8817856b080 tempest-DeleteServersTestJSON-1993217083 tempest-DeleteServersTestJSON-1993217083-project-member] Update host state with service dict: {'id': 2, 'uuid': '3396d848-0b50-4651-8d75-93febb734013', 'host': 'np0000001376', 'binary': 'nova-compute', 'topic': 'compute', 'report_count': 2, 'disabled': False, 'disabled_reason': None, 'last_seen_up': datetime.datetime(2026, 5, 25, 7, 1, 56, tzinfo=datetime.timezone.utc), 'forced_down': False, 'version': 72, 'created_at': datetime.datetime(2026, 5, 25, 6, 59, 45, tzinfo=datetime.timezone.utc), 'updated_at': datetime.datetime(2026, 5, 25, 7, 1, 56, tzinfo=datetime.timezone.utc), 'deleted_at': None, 'deleted': False} {{(pid=95574) _locked_update /opt/stack/nova/nova/scheduler/host_manager.py:174}}
May 25 07:02:16.664896 np0000001376 nova-scheduler[95574]: DEBUG nova.scheduler.host_manager [None req-18d7aabf-183b-4981-96ac-a8817856b080 tempest-DeleteServersTestJSON-1993217083 tempest-DeleteServersTestJSON-1993217083-project-member] Update host state with instances: [] {{(pid=95574) _locked_update /opt/stack/nova/nova/scheduler/host_manager.py:177}}
May 25 07:02:16.665101 np0000001376 nova-scheduler[95574]: DEBUG oslo_concurrency.lockutils [None req-18d7aabf-183b-4981-96ac-a8817856b080 tempest-DeleteServersTestJSON-1993217083 tempest-DeleteServersTestJSON-1993217083-project-member] Lock "('np0000001376', 'np0000001376')" "released" by "nova.scheduler.host_manager.HostState.update.._locked_update" :: held 0.003s {{(pid=95574) inner /opt/stack/data/venv/lib/python3.12/site-packages/oslo_concurrency/lockutils.py:543}}
May 25 07:02:16.665644 np0000001376 nova-scheduler[95574]: DEBUG nova.filters [None req-18d7aabf-183b-4981-96ac-a8817856b080 tempest-DeleteServersTestJSON-1993217083 tempest-DeleteServersTestJSON-1993217083-project-member] Starting with 1 host(s) {{(pid=95574) get_filtered_objects /opt/stack/nova/nova/filters.py:70}}
May 25 07:02:16.665939 np0000001376 nova-scheduler[95574]: DEBUG nova.filters [None req-18d7aabf-183b-4981-96ac-a8817856b080 tempest-DeleteServersTestJSON-1993217083 tempest-DeleteServersTestJSON-1993217083-project-member] Filter ComputeFilter returned 1 host(s) {{(pid=95574) get_filtered_objects /opt/stack/nova/nova/filters.py:102}}
May 25 07:02:16.666325 np0000001376 nova-scheduler[95574]: DEBUG nova.filters [None req-18d7aabf-183b-4981-96ac-a8817856b080 tempest-DeleteServersTestJSON-1993217083 tempest-DeleteServersTestJSON-1993217083-project-member] Filter ComputeCapabilitiesFilter returned 1 host(s) {{(pid=95574) get_filtered_objects /opt/stack/nova/nova/filters.py:102}}
May 25 07:02:16.666470 np0000001376 nova-scheduler[95574]: DEBUG nova.filters [None req-18d7aabf-183b-4981-96ac-a8817856b080 tempest-DeleteServersTestJSON-1993217083 tempest-DeleteServersTestJSON-1993217083-project-member] Filter ImagePropertiesFilter returned 1 host(s) {{(pid=95574) get_filtered_objects /opt/stack/nova/nova/filters.py:102}}
May 25 07:02:16.666600 np0000001376 nova-scheduler[95574]: DEBUG nova.filters [None req-18d7aabf-183b-4981-96ac-a8817856b080 tempest-DeleteServersTestJSON-1993217083 tempest-DeleteServersTestJSON-1993217083-project-member] Filter ServerGroupAntiAffinityFilter returned 1 host(s) {{(pid=95574) get_filtered_objects /opt/stack/nova/nova/filters.py:102}}
May 25 07:02:16.666795 np0000001376 nova-scheduler[95574]: DEBUG nova.filters [None req-18d7aabf-183b-4981-96ac-a8817856b080 tempest-DeleteServersTestJSON-1993217083 tempest-DeleteServersTestJSON-1993217083-project-member] Filter ServerGroupAffinityFilter returned 1 host(s) {{(pid=95574) get_filtered_objects /opt/stack/nova/nova/filters.py:102}}
May 25 07:02:16.666970 np0000001376 nova-scheduler[95574]: DEBUG nova.filters [None req-18d7aabf-183b-4981-96ac-a8817856b080 tempest-DeleteServersTestJSON-1993217083 tempest-DeleteServersTestJSON-1993217083-project-member] Filter SameHostFilter returned 1 host(s) {{(pid=95574) get_filtered_objects /opt/stack/nova/nova/filters.py:102}}
May 25 07:02:16.667141 np0000001376 nova-scheduler[95574]: DEBUG nova.filters [None req-18d7aabf-183b-4981-96ac-a8817856b080 tempest-DeleteServersTestJSON-1993217083 tempest-DeleteServersTestJSON-1993217083-project-member] Filter DifferentHostFilter returned 1 host(s) {{(pid=95574) get_filtered_objects /opt/stack/nova/nova/filters.py:102}}
May 25 07:02:16.668241 np0000001376 nova-scheduler[95574]: DEBUG nova.scheduler.manager [None req-18d7aabf-183b-4981-96ac-a8817856b080 tempest-DeleteServersTestJSON-1993217083 tempest-DeleteServersTestJSON-1993217083-project-member] Filtered [(np0000001376, np0000001376) ram: 23518MB disk: 75776MB io_ops: 0 instances: 0, allocation_candidates: 1] {{(pid=95574) _get_sorted_hosts /opt/stack/nova/nova/scheduler/manager.py:743}}
May 25 07:02:16.672179 np0000001376 nova-scheduler[95574]: DEBUG nova.scheduler.manager [None req-18d7aabf-183b-4981-96ac-a8817856b080 tempest-DeleteServersTestJSON-1993217083 tempest-DeleteServersTestJSON-1993217083-project-member] Weighed [WeighedHost [host: (np0000001376, np0000001376) ram: 23518MB disk: 75776MB io_ops: 0 instances: 0, allocation_candidates: 1, weight: 0.0]] {{(pid=95574) _get_sorted_hosts /opt/stack/nova/nova/scheduler/manager.py:765}}
May 25 07:02:16.672179 np0000001376 nova-scheduler[95574]: DEBUG nova.scheduler.utils [None req-18d7aabf-183b-4981-96ac-a8817856b080 tempest-DeleteServersTestJSON-1993217083 tempest-DeleteServersTestJSON-1993217083-project-member] Attempting to claim resources in the placement API for instance 8c2ef46e-a363-4da7-8be1-799f9989fcdf {{(pid=95574) claim_resources /opt/stack/nova/nova/scheduler/utils.py:1304}}
May 25 07:02:16.680004 np0000001376 nova-scheduler[95572]: DEBUG dbcounter [-] [95572] Writer thread running {{(pid=95572) stat_writer /opt/stack/data/venv/lib/python3.12/site-packages/dbcounter.py:102}}
May 25 07:02:16.685593 np0000001376 nova-scheduler[95572]: DEBUG oslo_concurrency.lockutils [None req-88867b77-93f3-4662-a43c-9878419d731b tempest-ServerActionsTestOtherA-1310045528 tempest-ServerActionsTestOtherA-1310045528-project-member] Acquiring lock "21fd8f51-1173-44a8-bb5d-732afc39bb61" by "nova.context.set_target_cell..get_or_set_cached_cell_and_set_connections" {{(pid=95572) inner /opt/stack/data/venv/lib/python3.12/site-packages/oslo_concurrency/lockutils.py:511}}
May 25 07:02:16.685593 np0000001376 nova-scheduler[95572]: DEBUG oslo_concurrency.lockutils [None req-88867b77-93f3-4662-a43c-9878419d731b tempest-ServerActionsTestOtherA-1310045528 tempest-ServerActionsTestOtherA-1310045528-project-member] Lock "21fd8f51-1173-44a8-bb5d-732afc39bb61" acquired by "nova.context.set_target_cell..get_or_set_cached_cell_and_set_connections" :: waited 0.000s {{(pid=95572) inner /opt/stack/data/venv/lib/python3.12/site-packages/oslo_concurrency/lockutils.py:524}}
May 25 07:02:16.685944 np0000001376 nova-scheduler[95572]: DEBUG oslo_concurrency.lockutils [None req-88867b77-93f3-4662-a43c-9878419d731b tempest-ServerActionsTestOtherA-1310045528 tempest-ServerActionsTestOtherA-1310045528-project-member] Lock "21fd8f51-1173-44a8-bb5d-732afc39bb61" "released" by "nova.context.set_target_cell..get_or_set_cached_cell_and_set_connections" :: held 0.000s {{(pid=95572) inner /opt/stack/data/venv/lib/python3.12/site-packages/oslo_concurrency/lockutils.py:543}}
May 25 07:02:16.690689 np0000001376 nova-scheduler[95572]: DEBUG oslo_concurrency.lockutils [None req-88867b77-93f3-4662-a43c-9878419d731b tempest-ServerActionsTestOtherA-1310045528 tempest-ServerActionsTestOtherA-1310045528-project-member] Acquiring lock "('np0000001376', 'np0000001376')" by "nova.scheduler.host_manager.HostState.update.._locked_update" {{(pid=95572) inner /opt/stack/data/venv/lib/python3.12/site-packages/oslo_concurrency/lockutils.py:511}}
May 25 07:02:16.691443 np0000001376 nova-scheduler[95572]: DEBUG oslo_concurrency.lockutils [None req-88867b77-93f3-4662-a43c-9878419d731b tempest-ServerActionsTestOtherA-1310045528 tempest-ServerActionsTestOtherA-1310045528-project-member] Lock "('np0000001376', 'np0000001376')" acquired by "nova.scheduler.host_manager.HostState.update.._locked_update" :: waited 0.000s {{(pid=95572) inner /opt/stack/data/venv/lib/python3.12/site-packages/oslo_concurrency/lockutils.py:524}}
