Jun 19 21:47:34.997019 np0000003320 devstack@g-api.service[102074]: DEBUG glance.api.middleware.version_negotiation [None req-66647c26-f95b-4740-8efc-9ab0aac241cf tempest-ServerBootFromVolumeStableRescueTest-1466656524 tempest-ServerBootFromVolumeStableRescueTest-1466656524-project-member] Matched version: v2 {{(pid=102074) process_request /opt/stack/glance/glance/api/middleware/version_negotiation.py:69}}
Jun 19 21:47:34.997274 np0000003320 devstack@g-api.service[102074]: DEBUG glance.api.middleware.version_negotiation [None req-66647c26-f95b-4740-8efc-9ab0aac241cf tempest-ServerBootFromVolumeStableRescueTest-1466656524 tempest-ServerBootFromVolumeStableRescueTest-1466656524-project-member] new path /v2/images/fdb00da3-be60-4045-80ca-59029f8693a9 {{(pid=102074) process_request /opt/stack/glance/glance/api/middleware/version_negotiation.py:70}}
Jun 19 21:47:35.007656 np0000003320 devstack@g-api.service[102074]: [pid: 102074|app: 0|req: 65/197] 127.0.0.1 () {40 vars in 834 bytes} [Fri Jun 19 21:47:34 2026] GET /v2/images/fdb00da3-be60-4045-80ca-59029f8693a9 => generated 1359 bytes in 12 msecs (HTTP/1.1 200) 4 headers in 158 bytes (1 switches on core 0)
Jun 19 21:47:35.728666 np0000003320 devstack@g-api.service[102073]: DEBUG glance.api.middleware.version_negotiation [None req-66647c26-f95b-4740-8efc-9ab0aac241cf tempest-ServerBootFromVolumeStableRescueTest-1466656524 tempest-ServerBootFromVolumeStableRescueTest-1466656524-project-member] Determining version of request: GET /v2/schemas/image Accept: */* {{(pid=102073) process_request /opt/stack/glance/glance/api/middleware/version_negotiation.py:44}}
Jun 19 21:47:35.728666 np0000003320 devstack@g-api.service[102073]: DEBUG glance.api.middleware.version_negotiation [None req-66647c26-f95b-4740-8efc-9ab0aac241cf tempest-ServerBootFromVolumeStableRescueTest-1466656524 tempest-ServerBootFromVolumeStableRescueTest-1466656524-project-member] Using url versioning {{(pid=102073) process_request /opt/stack/glance/glance/api/middleware/version_negotiation.py:57}}
Jun 19 21:47:35.728975 np0000003320 devstack@g-api.service[102073]: DEBUG glance.api.middleware.version_negotiation [None req-66647c26-f95b-4740-8efc-9ab0aac241cf tempest-ServerBootFromVolumeStableRescueTest-1466656524 tempest-ServerBootFromVolumeStableRescueTest-1466656524-project-member] Matched version: v2 {{(pid=102073) process_request /opt/stack/glance/glance/api/middleware/version_negotiation.py:69}}
Jun 19 21:47:35.728975 np0000003320 devstack@g-api.service[102073]: DEBUG glance.api.middleware.version_negotiation [None req-66647c26-f95b-4740-8efc-9ab0aac241cf tempest-ServerBootFromVolumeStableRescueTest-1466656524 tempest-ServerBootFromVolumeStableRescueTest-1466656524-project-member] new path /v2/schemas/image {{(pid=102073) process_request /opt/stack/glance/glance/api/middleware/version_negotiation.py:70}}
Jun 19 21:47:35.733230 np0000003320 devstack@g-api.service[102073]: [pid: 102073|app: 0|req: 63/198] 127.0.0.1 () {44 vars in 1051 bytes} [Fri Jun 19 21:47:35 2026] GET /v2/schemas/image => generated 6083 bytes in 5 msecs (HTTP/1.1 200) 4 headers in 158 bytes (1 switches on core 0)
Jun 19 21:47:35.781569 np0000003320 devstack@g-api.service[102075]: DEBUG glance.api.middleware.version_negotiation [None req-049fc1e2-bd39-43c6-84a1-9cf03381a3c9 tempest-ServerBootFromVolumeStableRescueTest-1466656524 tempest-ServerBootFromVolumeStableRescueTest-1466656524-project-member] Determining version of request: POST /v2/images Accept: */* {{(pid=102075) process_request /opt/stack/glance/glance/api/middleware/version_negotiation.py:44}}
Jun 19 21:47:35.781983 np0000003320 devstack@g-api.service[102075]: DEBUG glance.api.middleware.version_negotiation [None req-049fc1e2-bd39-43c6-84a1-9cf03381a3c9 tempest-ServerBootFromVolumeStableRescueTest-1466656524 tempest-ServerBootFromVolumeStableRescueTest-1466656524-project-member] Using url versioning {{(pid=102075) process_request /opt/stack/glance/glance/api/middleware/version_negotiation.py:57}}
Jun 19 21:47:35.781983 np0000003320 devstack@g-api.service[102075]: DEBUG glance.api.middleware.version_negotiation [None req-049fc1e2-bd39-43c6-84a1-9cf03381a3c9 tempest-ServerBootFromVolumeStableRescueTest-1466656524 tempest-ServerBootFromVolumeStableRescueTest-1466656524-project-member] Matched version: v2 {{(pid=102075) process_request /opt/stack/glance/glance/api/middleware/version_negotiation.py:69}}
Jun 19 21:47:35.781983 np0000003320 devstack@g-api.service[102075]: DEBUG glance.api.middleware.version_negotiation [None req-049fc1e2-bd39-43c6-84a1-9cf03381a3c9 tempest-ServerBootFromVolumeStableRescueTest-1466656524 tempest-ServerBootFromVolumeStableRescueTest-1466656524-project-member] new path /v2/images {{(pid=102075) process_request /opt/stack/glance/glance/api/middleware/version_negotiation.py:70}}
Jun 19 21:47:36.022109 np0000003320 devstack@g-api.service[102074]: DEBUG glance.api.middleware.version_negotiation [None req-1ae9ed32-b621-4d54-a7bb-4a97d5ead110 tempest-ServerBootFromVolumeStableRescueTest-1466656524 tempest-ServerBootFromVolumeStableRescueTest-1466656524-project-member] Determining version of request: GET /v2/images/fdb00da3-be60-4045-80ca-59029f8693a9 Accept: application/json {{(pid=102074) process_request /opt/stack/glance/glance/api/middleware/version_negotiation.py:44}}
Jun 19 21:47:36.022563 np0000003320 devstack@g-api.service[102074]: DEBUG glance.api.middleware.version_negotiation [None req-1ae9ed32-b621-4d54-a7bb-4a97d5ead110 tempest-ServerBootFromVolumeStableRescueTest-1466656524 tempest-ServerBootFromVolumeStableRescueTest-1466656524-project-member] Using url versioning {{(pid=102074) process_request /opt/stack/glance/glance/api/middleware/version_negotiation.py:57}}
Jun 19 21:47:36.022563 np0000003320 devstack@g-api.service[102074]: DEBUG glance.api.middleware.version_negotiation [None req-1ae9ed32-b621-4d54-a7bb-4a97d5ead110 tempest-ServerBootFromVolumeStableRescueTest-1466656524 tempest-ServerBootFromVolumeStableRescueTest-1466656524-project-member] Matched version: v2 {{(pid=102074) process_request /opt/stack/glance/glance/api/middleware/version_negotiation.py:69}}
Jun 19 21:47:36.022563 np0000003320 devstack@g-api.service[102074]: DEBUG glance.api.middleware.version_negotiation [None req-1ae9ed32-b621-4d54-a7bb-4a97d5ead110 tempest-ServerBootFromVolumeStableRescueTest-1466656524 tempest-ServerBootFromVolumeStableRescueTest-1466656524-project-member] new path /v2/images/fdb00da3-be60-4045-80ca-59029f8693a9 {{(pid=102074) process_request /opt/stack/glance/glance/api/middleware/version_negotiation.py:70}}
Jun 19 21:47:36.032330 np0000003320 devstack@g-api.service[102074]: [pid: 102074|app: 0|req: 66/199] 127.0.0.1 () {40 vars in 834 bytes} [Fri Jun 19 21:47:36 2026] GET /v2/images/fdb00da3-be60-4045-80ca-59029f8693a9 => generated 1359 bytes in 9 msecs (HTTP/1.1 200) 4 headers in 158 bytes (1 switches on core 0)
Jun 19 21:47:36.526849 np0000003320 devstack@g-api.service[102073]: DEBUG glance.api.middleware.version_negotiation [None req-35106d49-41ad-4678-a088-463dba8ded55 tempest-AttachVolumeShelveTestJSON-807809134 tempest-AttachVolumeShelveTestJSON-807809134-project-member] Determining version of request: GET /v2/images/fdb00da3-be60-4045-80ca-59029f8693a9 Accept: */* {{(pid=102073) process_request /opt/stack/glance/glance/api/middleware/version_negotiation.py:44}}
Jun 19 21:47:36.527059 np0000003320 devstack@g-api.service[102073]: DEBUG glance.api.middleware.version_negotiation [None req-35106d49-41ad-4678-a088-463dba8ded55 tempest-AttachVolumeShelveTestJSON-807809134 tempest-AttachVolumeShelveTestJSON-807809134-project-member] Using url versioning {{(pid=102073) process_request /opt/stack/glance/glance/api/middleware/version_negotiation.py:57}}
Jun 19 21:47:36.527165 np0000003320 devstack@g-api.service[102073]: DEBUG glance.api.middleware.version_negotiation [None req-35106d49-41ad-4678-a088-463dba8ded55 tempest-AttachVolumeShelveTestJSON-807809134 tempest-AttachVolumeShelveTestJSON-807809134-project-member] Matched version: v2 {{(pid=102073) process_request /opt/stack/glance/glance/api/middleware/version_negotiation.py:69}}
Jun 19 21:47:36.527226 np0000003320 devstack@g-api.service[102073]: DEBUG glance.api.middleware.version_negotiation [None req-35106d49-41ad-4678-a088-463dba8ded55 tempest-AttachVolumeShelveTestJSON-807809134 tempest-AttachVolumeShelveTestJSON-807809134-project-member] new path /v2/images/fdb00da3-be60-4045-80ca-59029f8693a9 {{(pid=102073) process_request /opt/stack/glance/glance/api/middleware/version_negotiation.py:70}}
Jun 19 21:47:36.528170 np0000003320 devstack@g-api.service[102075]: [pid: 102075|app: 0|req: 71/200] 127.0.0.1 () {46 vars in 1051 bytes} [Fri Jun 19 21:47:35 2026] POST /v2/images => generated 1336 bytes in 746 msecs (HTTP/1.1 201) 6 headers in 316 bytes (1 switches on core 0)
Jun 19 21:47:36.545552 np0000003320 devstack@g-api.service[102073]: [pid: 102073|app: 0|req: 64/201] 127.0.0.1 () {44 vars in 1111 bytes} [Fri Jun 19 21:47:36 2026] GET /v2/images/fdb00da3-be60-4045-80ca-59029f8693a9 => generated 1359 bytes in 19 msecs (HTTP/1.1 200) 4 headers in 158 bytes (1 switches on core 0)
Jun 19 21:47:36.608473 np0000003320 devstack@g-api.service[102074]: DEBUG glance.api.middleware.version_negotiation [None req-d53c5549-90f5-4de1-ad70-d92c4538102f tempest-ServerBootFromVolumeStableRescueTest-1466656524 tempest-ServerBootFromVolumeStableRescueTest-1466656524-project-member] Determining version of request: GET /v2/schemas/image Accept: */* {{(pid=102074) process_request /opt/stack/glance/glance/api/middleware/version_negotiation.py:44}}
Jun 19 21:47:36.608610 np0000003320 devstack@g-api.service[102074]: DEBUG glance.api.middleware.version_negotiation [None req-d53c5549-90f5-4de1-ad70-d92c4538102f tempest-ServerBootFromVolumeStableRescueTest-1466656524 tempest-ServerBootFromVolumeStableRescueTest-1466656524-project-member] Using url versioning {{(pid=102074) process_request /opt/stack/glance/glance/api/middleware/version_negotiation.py:57}}
Jun 19 21:47:36.609074 np0000003320 devstack@g-api.service[102074]: DEBUG glance.api.middleware.version_negotiation [None req-d53c5549-90f5-4de1-ad70-d92c4538102f tempest-ServerBootFromVolumeStableRescueTest-1466656524 tempest-ServerBootFromVolumeStableRescueTest-1466656524-project-member] Matched version: v2 {{(pid=102074) process_request /opt/stack/glance/glance/api/middleware/version_negotiation.py:69}}
Jun 19 21:47:36.609482 np0000003320 devstack@g-api.service[102074]: DEBUG glance.api.middleware.version_negotiation [None req-d53c5549-90f5-4de1-ad70-d92c4538102f tempest-ServerBootFromVolumeStableRescueTest-1466656524 tempest-ServerBootFromVolumeStableRescueTest-1466656524-project-member] new path /v2/schemas/image {{(pid=102074) process_request /opt/stack/glance/glance/api/middleware/version_negotiation.py:70}}
Jun 19 21:47:36.612958 np0000003320 devstack@g-api.service[102074]: [pid: 102074|app: 0|req: 67/202] 127.0.0.1 () {44 vars in 1051 bytes} [Fri Jun 19 21:47:36 2026] GET /v2/schemas/image => generated 6083 bytes in 5 msecs (HTTP/1.1 200) 4 headers in 158 bytes (1 switches on core 0)
Jun 19 21:47:36.669199 np0000003320 devstack@g-api.service[102075]: DEBUG glance.api.middleware.version_negotiation [None req-35106d49-41ad-4678-a088-463dba8ded55 tempest-AttachVolumeShelveTestJSON-807809134 tempest-AttachVolumeShelveTestJSON-807809134-project-member] Determining version of request: GET /v2/schemas/image Accept: */* {{(pid=102075) process_request /opt/stack/glance/glance/api/middleware/version_negotiation.py:44}}
Jun 19 21:47:36.670191 np0000003320 devstack@g-api.service[102075]: DEBUG glance.api.middleware.version_negotiation [None req-35106d49-41ad-4678-a088-463dba8ded55 tempest-AttachVolumeShelveTestJSON-807809134 tempest-AttachVolumeShelveTestJSON-807809134-project-member] Using url versioning {{(pid=102075) process_request /opt/stack/glance/glance/api/middleware/version_negotiation.py:57}}
Jun 19 21:47:36.670191 np0000003320 devstack@g-api.service[102075]: DEBUG glance.api.middleware.version_negotiation [None req-35106d49-41ad-4678-a088-463dba8ded55 tempest-AttachVolumeShelveTestJSON-807809134 tempest-AttachVolumeShelveTestJSON-807809134-project-member] Matched version: v2 {{(pid=102075) process_request /opt/stack/glance/glance/api/middleware/version_negotiation.py:69}}
Jun 19 21:47:36.670191 np0000003320 devstack@g-api.service[102075]: DEBUG glance.api.middleware.version_negotiation [None req-35106d49-41ad-4678-a088-463dba8ded55 tempest-AttachVolumeShelveTestJSON-807809134 tempest-AttachVolumeShelveTestJSON-807809134-project-member] new path /v2/schemas/image {{(pid=102075) process_request /opt/stack/glance/glance/api/middleware/version_negotiation.py:70}}
Jun 19 21:47:36.673727 np0000003320 devstack@g-api.service[102075]: [pid: 102075|app: 0|req: 72/203] 127.0.0.1 () {44 vars in 1051 bytes} [Fri Jun 19 21:47:36 2026] GET /v2/schemas/image => generated 6083 bytes in 5 msecs (HTTP/1.1 200) 4 headers in 158 bytes (1 switches on core 0)
Jun 19 21:47:36.745340 np0000003320 devstack@g-api.service[102073]: DEBUG glance.api.middleware.version_negotiation [None req-66647c26-f95b-4740-8efc-9ab0aac241cf tempest-ServerBootFromVolumeStableRescueTest-1466656524 tempest-ServerBootFromVolumeStableRescueTest-1466656524-project-member] Determining version of request: PATCH /v2/images/fdb00da3-be60-4045-80ca-59029f8693a9 Accept: */* {{(pid=102073) process_request /opt/stack/glance/glance/api/middleware/version_negotiation.py:44}}
Jun 19 21:47:36.745340 np0000003320 devstack@g-api.service[102073]: DEBUG glance.api.middleware.version_negotiation [None req-66647c26-f95b-4740-8efc-9ab0aac241cf tempest-ServerBootFromVolumeStableRescueTest-1466656524 tempest-ServerBootFromVolumeStableRescueTest-1466656524-project-member] Using url versioning {{(pid=102073) process_request /opt/stack/glance/glance/api/middleware/version_negotiation.py:57}}
Jun 19 21:47:36.745340 np0000003320 devstack@g-api.service[102073]: DEBUG glance.api.middleware.version_negotiation [None req-66647c26-f95b-4740-8efc-9ab0aac241cf tempest-ServerBootFromVolumeStableRescueTest-1466656524 tempest-ServerBootFromVolumeStableRescueTest-1466656524-project-member] Matched version: v2 {{(pid=102073) process_request /opt/stack/glance/glance/api/middleware/version_negotiation.py:69}}
Jun 19 21:47:36.745340 np0000003320 devstack@g-api.service[102073]: DEBUG glance.api.middleware.version_negotiation [None req-66647c26-f95b-4740-8efc-9ab0aac241cf tempest-ServerBootFromVolumeStableRescueTest-1466656524 tempest-ServerBootFromVolumeStableRescueTest-1466656524-project-member] new path /v2/images/fdb00da3-be60-4045-80ca-59029f8693a9 {{(pid=102073) process_request /opt/stack/glance/glance/api/middleware/version_negotiation.py:70}}
Jun 19 21:47:36.915842 np0000003320 devstack@g-api.service[102073]: [pid: 102073|app: 0|req: 65/204] 127.0.0.1 () {46 vars in 1154 bytes} [Fri Jun 19 21:47:36 2026] PATCH /v2/images/fdb00da3-be60-4045-80ca-59029f8693a9 => generated 1470 bytes in 172 msecs (HTTP/1.1 200) 4 headers in 158 bytes (1 switches on core 0)
Jun 19 21:47:36.952728 np0000003320 devstack@g-api.service[102074]: DEBUG glance.api.middleware.version_negotiation [None req-66647c26-f95b-4740-8efc-9ab0aac241cf tempest-ServerBootFromVolumeStableRescueTest-1466656524 tempest-ServerBootFromVolumeStableRescueTest-1466656524-project-member] Determining version of request: GET /v2/images/fdb00da3-be60-4045-80ca-59029f8693a9 Accept: */* {{(pid=102074) process_request /opt/stack/glance/glance/api/middleware/version_negotiation.py:44}}
Jun 19 21:47:36.952971 np0000003320 devstack@g-api.service[102074]: DEBUG glance.api.middleware.version_negotiation [None req-66647c26-f95b-4740-8efc-9ab0aac241cf tempest-ServerBootFromVolumeStableRescueTest-1466656524 tempest-ServerBootFromVolumeStableRescueTest-1466656524-project-member] Using url versioning {{(pid=102074) process_request /opt/stack/glance/glance/api/middleware/version_negotiation.py:57}}
Jun 19 21:47:36.953029 np0000003320 devstack@g-api.service[102074]: DEBUG glance.api.middleware.version_negotiation [None req-66647c26-f95b-4740-8efc-9ab0aac241cf tempest-ServerBootFromVolumeStableRescueTest-1466656524 tempest-ServerBootFromVolumeStableRescueTest-1466656524-project-member] Matched version: v2 {{(pid=102074) process_request /opt/stack/glance/glance/api/middleware/version_negotiation.py:69}}
Jun 19 21:47:36.953126 np0000003320 devstack@g-api.service[102074]: DEBUG glance.api.middleware.version_negotiation [None req-66647c26-f95b-4740-8efc-9ab0aac241cf tempest-ServerBootFromVolumeStableRescueTest-1466656524 tempest-ServerBootFromVolumeStableRescueTest-1466656524-project-member] new path /v2/images/fdb00da3-be60-4045-80ca-59029f8693a9 {{(pid=102074) process_request /opt/stack/glance/glance/api/middleware/version_negotiation.py:70}}
Jun 19 21:47:36.981276 np0000003320 devstack@g-api.service[102074]: [pid: 102074|app: 0|req: 68/205] 127.0.0.1 () {44 vars in 1111 bytes} [Fri Jun 19 21:47:36 2026] GET /v2/images/fdb00da3-be60-4045-80ca-59029f8693a9 => generated 1470 bytes in 28 msecs (HTTP/1.1 200) 4 headers in 158 bytes (1 switches on core 0)
Jun 19 21:47:37.045455 np0000003320 devstack@g-api.service[102075]: DEBUG glance.api.middleware.version_negotiation [None req-66647c26-f95b-4740-8efc-9ab0aac241cf tempest-ServerBootFromVolumeStableRescueTest-1466656524 tempest-ServerBootFromVolumeStableRescueTest-1466656524-project-member] Determining version of request: PUT /v2/images/fdb00da3-be60-4045-80ca-59029f8693a9/file Accept: */* {{(pid=102075) process_request /opt/stack/glance/glance/api/middleware/version_negotiation.py:44}}
Jun 19 21:47:37.045892 np0000003320 devstack@g-api.service[102075]: DEBUG glance.api.middleware.version_negotiation [None req-66647c26-f95b-4740-8efc-9ab0aac241cf tempest-ServerBootFromVolumeStableRescueTest-1466656524 tempest-ServerBootFromVolumeStableRescueTest-1466656524-project-member] Using url versioning {{(pid=102075) process_request /opt/stack/glance/glance/api/middleware/version_negotiation.py:57}}
Jun 19 21:47:37.045892 np0000003320 devstack@g-api.service[102075]: DEBUG glance.api.middleware.version_negotiation [None req-66647c26-f95b-4740-8efc-9ab0aac241cf tempest-ServerBootFromVolumeStableRescueTest-1466656524 tempest-ServerBootFromVolumeStableRescueTest-1466656524-project-member] Matched version: v2 {{(pid=102075) process_request /opt/stack/glance/glance/api/middleware/version_negotiation.py:69}}
Jun 19 21:47:37.045892 np0000003320 devstack@g-api.service[102075]: DEBUG glance.api.middleware.version_negotiation [None req-66647c26-f95b-4740-8efc-9ab0aac241cf tempest-ServerBootFromVolumeStableRescueTest-1466656524 tempest-ServerBootFromVolumeStableRescueTest-1466656524-project-member] new path /v2/images/fdb00da3-be60-4045-80ca-59029f8693a9/file {{(pid=102075) process_request /opt/stack/glance/glance/api/middleware/version_negotiation.py:70}}
Jun 19 21:47:37.047404 np0000003320 devstack@g-api.service[102073]: DEBUG glance.api.middleware.version_negotiation [None req-66647c26-f95b-4740-8efc-9ab0aac241cf tempest-ServerBootFromVolumeStableRescueTest-1466656524 tempest-ServerBootFromVolumeStableRescueTest-1466656524-project-member] Determining version of request: GET /v2/images/fdb00da3-be60-4045-80ca-59029f8693a9 Accept: application/json {{(pid=102073) process_request /opt/stack/glance/glance/api/middleware/version_negotiation.py:44}}
Jun 19 21:47:37.047404 np0000003320 devstack@g-api.service[102073]: DEBUG glance.api.middleware.version_negotiation [None req-66647c26-f95b-4740-8efc-9ab0aac241cf tempest-ServerBootFromVolumeStableRescueTest-1466656524 tempest-ServerBootFromVolumeStableRescueTest-1466656524-project-member] Using url versioning {{(pid=102073) process_request /opt/stack/glance/glance/api/middleware/version_negotiation.py:57}}
Jun 19 21:47:37.047404 np0000003320 devstack@g-api.service[102073]: DEBUG glance.api.middleware.version_negotiation [None req-66647c26-f95b-4740-8efc-9ab0aac241cf tempest-ServerBootFromVolumeStableRescueTest-1466656524 tempest-ServerBootFromVolumeStableRescueTest-1466656524-project-member] Matched version: v2 {{(pid=102073) process_request /opt/stack/glance/glance/api/middleware/version_negotiation.py:69}}
Jun 19 21:47:37.047404 np0000003320 devstack@g-api.service[102073]: DEBUG glance.api.middleware.version_negotiation [None req-66647c26-f95b-4740-8efc-9ab0aac241cf tempest-ServerBootFromVolumeStableRescueTest-1466656524 tempest-ServerBootFromVolumeStableRescueTest-1466656524-project-member] new path /v2/images/fdb00da3-be60-4045-80ca-59029f8693a9 {{(pid=102073) process_request /opt/stack/glance/glance/api/middleware/version_negotiation.py:70}}
Jun 19 21:47:37.067402 np0000003320 devstack@g-api.service[102073]: [pid: 102073|app: 0|req: 66/206] 127.0.0.1 () {40 vars in 834 bytes} [Fri Jun 19 21:47:37 2026] GET /v2/images/fdb00da3-be60-4045-80ca-59029f8693a9 => generated 1470 bytes in 21 msecs (HTTP/1.1 200) 4 headers in 158 bytes (1 switches on core 0)
Jun 19 21:47:37.689089 np0000003320 devstack@g-api.service[102075]: INFO glance.api.v2.image_data [None req-66647c26-f95b-4740-8efc-9ab0aac241cf tempest-ServerBootFromVolumeStableRescueTest-1466656524 tempest-ServerBootFromVolumeStableRescueTest-1466656524-project-member] Unable to create trust: no such option collect_timing in group [keystone_authtoken] Use the existing user token.
Jun 19 21:47:38.079890 np0000003320 devstack@g-api.service[102074]: DEBUG glance.api.middleware.version_negotiation [None req-66647c26-f95b-4740-8efc-9ab0aac241cf tempest-ServerBootFromVolumeStableRescueTest-1466656524 tempest-ServerBootFromVolumeStableRescueTest-1466656524-project-member] Determining version of request: GET /v2/images/fdb00da3-be60-4045-80ca-59029f8693a9 Accept: application/json {{(pid=102074) process_request /opt/stack/glance/glance/api/middleware/version_negotiation.py:44}}
Jun 19 21:47:38.080373 np0000003320 devstack@g-api.service[102074]: DEBUG glance.api.middleware.version_negotiation [None req-66647c26-f95b-4740-8efc-9ab0aac241cf tempest-ServerBootFromVolumeStableRescueTest-1466656524 tempest-ServerBootFromVolumeStableRescueTest-1466656524-project-member] Using url versioning {{(pid=102074) process_request /opt/stack/glance/glance/api/middleware/version_negotiation.py:57}}
Jun 19 21:47:38.080420 np0000003320 devstack@g-api.service[102074]: DEBUG glance.api.middleware.version_negotiation [None req-66647c26-f95b-4740-8efc-9ab0aac241cf tempest-ServerBootFromVolumeStableRescueTest-1466656524 tempest-ServerBootFromVolumeStableRescueTest-1466656524-project-member] Matched version: v2 {{(pid=102074) process_request /opt/stack/glance/glance/api/middleware/version_negotiation.py:69}}
Jun 19 21:47:38.080563 np0000003320 devstack@g-api.service[102074]: DEBUG glance.api.middleware.version_negotiation [None req-66647c26-f95b-4740-8efc-9ab0aac241cf tempest-ServerBootFromVolumeStableRescueTest-1466656524 tempest-ServerBootFromVolumeStableRescueTest-1466656524-project-member] new path /v2/images/fdb00da3-be60-4045-80ca-59029f8693a9 {{(pid=102074) process_request /opt/stack/glance/glance/api/middleware/version_negotiation.py:70}}
Jun 19 21:47:38.099024 np0000003320 devstack@g-api.service[102074]: [pid: 102074|app: 0|req: 69/207] 127.0.0.1 () {40 vars in 834 bytes} [Fri Jun 19 21:47:38 2026] GET /v2/images/fdb00da3-be60-4045-80ca-59029f8693a9 => generated 1470 bytes in 19 msecs (HTTP/1.1 200) 4 headers in 158 bytes (1 switches on core 0)
Jun 19 21:47:38.363167 np0000003320 devstack@g-api.service[102075]: DEBUG glance.location [None req-66647c26-f95b-4740-8efc-9ab0aac241cf tempest-ServerBootFromVolumeStableRescueTest-1466656524 tempest-ServerBootFromVolumeStableRescueTest-1466656524-project-member] Enabling in-flight format inspection for qcow2 {{(pid=102075) set_data /opt/stack/glance/glance/location.py:616}}
Jun 19 21:47:38.363771 np0000003320 devstack@g-api.service[102075]: DEBUG glance_store.backend [None req-66647c26-f95b-4740-8efc-9ab0aac241cf tempest-ServerBootFromVolumeStableRescueTest-1466656524 tempest-ServerBootFromVolumeStableRescueTest-1466656524-project-member] Attempting to import store swift {{(pid=102075) _load_store /opt/stack/data/venv/lib/python3.12/site-packages/glance_store/backend.py:215}}
Jun 19 21:47:38.365745 np0000003320 devstack@g-api.service[102075]: DEBUG glance_store.capabilities [None req-66647c26-f95b-4740-8efc-9ab0aac241cf tempest-ServerBootFromVolumeStableRescueTest-1466656524 tempest-ServerBootFromVolumeStableRescueTest-1466656524-project-member] Store glance_store._drivers.swift.store.SingleTenantStore doesn't support updating dynamic storage capabilities. Please overwrite 'update_capabilities' method of the store to implement updating logics if needed. {{(pid=102075) update_capabilities /opt/stack/data/venv/lib/python3.12/site-packages/glance_store/capabilities.py:91}}
Jun 19 21:47:38.366011 np0000003320 devstack@g-api.service[102075]: DEBUG glance_store.driver [None req-66647c26-f95b-4740-8efc-9ab0aac241cf tempest-ServerBootFromVolumeStableRescueTest-1466656524 tempest-ServerBootFromVolumeStableRescueTest-1466656524-project-member] Late loading location class glance_store._drivers.swift.store.StoreLocation {{(pid=102075) get_store_location_class /opt/stack/data/venv/lib/python3.12/site-packages/glance_store/driver.py:134}}
Jun 19 21:47:38.366430 np0000003320 devstack@g-api.service[102075]: DEBUG glance_store.location [None req-66647c26-f95b-4740-8efc-9ab0aac241cf tempest-ServerBootFromVolumeStableRescueTest-1466656524 tempest-ServerBootFromVolumeStableRescueTest-1466656524-project-member] Registering scheme swift+https with {'store': , 'location_class': , 'store_entry': 'swift'} {{(pid=102075) register_scheme_map /opt/stack/data/venv/lib/python3.12/site-packages/glance_store/location.py:146}}
Jun 19 21:47:38.366649 np0000003320 devstack@g-api.service[102075]: DEBUG glance_store.location [None req-66647c26-f95b-4740-8efc-9ab0aac241cf tempest-ServerBootFromVolumeStableRescueTest-1466656524 tempest-ServerBootFromVolumeStableRescueTest-1466656524-project-member] Registering scheme swift+https with {'store': , 'location_class': , 'store_entry': 'swift'} {{(pid=102075) register_scheme_map /opt/stack/data/venv/lib/python3.12/site-packages/glance_store/location.py:146}}
Jun 19 21:47:38.366817 np0000003320 devstack@g-api.service[102075]: DEBUG glance_store.location [None req-66647c26-f95b-4740-8efc-9ab0aac241cf tempest-ServerBootFromVolumeStableRescueTest-1466656524 tempest-ServerBootFromVolumeStableRescueTest-1466656524-project-member] Registering scheme swift with {'store': , 'location_class': , 'store_entry': 'swift'} {{(pid=102075) register_scheme_map /opt/stack/data/venv/lib/python3.12/site-packages/glance_store/location.py:146}}
Jun 19 21:47:38.367326 np0000003320 devstack@g-api.service[102075]: DEBUG glance_store.location [None req-66647c26-f95b-4740-8efc-9ab0aac241cf tempest-ServerBootFromVolumeStableRescueTest-1466656524 tempest-ServerBootFromVolumeStableRescueTest-1466656524-project-member] Registering scheme swift+https with {'store': , 'location_class': , 'store_entry': 'swift'} {{(pid=102075) register_scheme_map /opt/stack/data/venv/lib/python3.12/site-packages/glance_store/location.py:146}}
Jun 19 21:47:38.367326 np0000003320 devstack@g-api.service[102075]: DEBUG glance_store.location [None req-66647c26-f95b-4740-8efc-9ab0aac241cf tempest-ServerBootFromVolumeStableRescueTest-1466656524 tempest-ServerBootFromVolumeStableRescueTest-1466656524-project-member] Registering scheme swift with {'store': , 'location_class': , 'store_entry': 'swift'} {{(pid=102075) register_scheme_map /opt/stack/data/venv/lib/python3.12/site-packages/glance_store/location.py:146}}
Jun 19 21:47:38.367326 np0000003320 devstack@g-api.service[102075]: DEBUG glance_store.location [None req-66647c26-f95b-4740-8efc-9ab0aac241cf tempest-ServerBootFromVolumeStableRescueTest-1466656524 tempest-ServerBootFromVolumeStableRescueTest-1466656524-project-member] Registering scheme swift+http with {'store': , 'location_class': , 'store_entry': 'swift'} {{(pid=102075) register_scheme_map /opt/stack/data/venv/lib/python3.12/site-packages/glance_store/location.py:146}}
Jun 19 21:47:38.367326 np0000003320 devstack@g-api.service[102075]: DEBUG glance_store.location [None req-66647c26-f95b-4740-8efc-9ab0aac241cf tempest-ServerBootFromVolumeStableRescueTest-1466656524 tempest-ServerBootFromVolumeStableRescueTest-1466656524-project-member] Registering scheme swift+https with {'store': , 'location_class': , 'store_entry': 'swift'} {{(pid=102075) register_scheme_map /opt/stack/data/venv/lib/python3.12/site-packages/glance_store/location.py:146}}
Jun 19 21:47:38.367326 np0000003320 devstack@g-api.service[102075]: DEBUG glance_store.location [None req-66647c26-f95b-4740-8efc-9ab0aac241cf tempest-ServerBootFromVolumeStableRescueTest-1466656524 tempest-ServerBootFromVolumeStableRescueTest-1466656524-project-member] Registering scheme swift with {'store': , 'location_class': , 'store_entry': 'swift'} {{(pid=102075) register_scheme_map /opt/stack/data/venv/lib/python3.12/site-packages/glance_store/location.py:146}}
Jun 19 21:47:38.368096 np0000003320 devstack@g-api.service[102075]: DEBUG glance_store.location [None req-66647c26-f95b-4740-8efc-9ab0aac241cf tempest-ServerBootFromVolumeStableRescueTest-1466656524 tempest-ServerBootFromVolumeStableRescueTest-1466656524-project-member] Registering scheme swift+http with {'store': , 'location_class': , 'store_entry': 'swift'} {{(pid=102075) register_scheme_map /opt/stack/data/venv/lib/python3.12/site-packages/glance_store/location.py:146}}
Jun 19 21:47:38.368096 np0000003320 devstack@g-api.service[102075]: DEBUG glance_store.location [None req-66647c26-f95b-4740-8efc-9ab0aac241cf tempest-ServerBootFromVolumeStableRescueTest-1466656524 tempest-ServerBootFromVolumeStableRescueTest-1466656524-project-member] Registering scheme swift+config with {'store': , 'location_class': , 'store_entry': 'swift'} {{(pid=102075) register_scheme_map /opt/stack/data/venv/lib/python3.12/site-packages/glance_store/location.py:146}}
Jun 19 21:47:38.647873 np0000003320 devstack@g-api.service[102075]: DEBUG swiftclient [None req-66647c26-f95b-4740-8efc-9ab0aac241cf tempest-ServerBootFromVolumeStableRescueTest-1466656524 tempest-ServerBootFromVolumeStableRescueTest-1466656524-project-member] REQ: curl -i https://10.4.3.35:8080/v1/AUTH_cc8ff8e6b3744bdc83dfe2a2ea95bb1c/glance -I -H "X-Auth-Token: gAAAAABqNbj6gKsn..." {{(pid=102075) http_log /opt/stack/data/venv/lib/python3.12/site-packages/swiftclient/client.py:160}}
Jun 19 21:47:38.648026 np0000003320 devstack@g-api.service[102075]: DEBUG swiftclient [None req-66647c26-f95b-4740-8efc-9ab0aac241cf tempest-ServerBootFromVolumeStableRescueTest-1466656524 tempest-ServerBootFromVolumeStableRescueTest-1466656524-project-member] RESP STATUS: 204 No Content {{(pid=102075) http_log /opt/stack/data/venv/lib/python3.12/site-packages/swiftclient/client.py:161}}
Jun 19 21:47:38.648963 np0000003320 devstack@g-api.service[102075]: DEBUG swiftclient [None req-66647c26-f95b-4740-8efc-9ab0aac241cf tempest-ServerBootFromVolumeStableRescueTest-1466656524 tempest-ServerBootFromVolumeStableRescueTest-1466656524-project-member] RESP HEADERS: {'Date': 'Fri, 19 Jun 2026 21:47:38 GMT', 'Server': 'Apache/2.4.58 (Ubuntu)', 'Content-Type': 'text/plain; charset=utf-8', 'X-Container-Object-Count': '3', 'X-Container-Bytes-Used': '64356352', 'X-Timestamp': '1781905308.88398', 'Last-Modified': 'Fri, 19 Jun 2026 21:41:49 GMT', 'Accept-Ranges': 'bytes', 'X-Storage-Policy': 'Policy-0', 'X-Container-Sharding': 'False', 'Vary': 'Accept', 'X-Trans-Id': 'tx29ac0b2b7ce9406aa5da9-006a35b8fa', 'X-Openstack-Request-Id': 'tx29ac0b2b7ce9406aa5da9-006a35b8fa', 'Connection': 'close'} {{(pid=102075) http_log /opt/stack/data/venv/lib/python3.12/site-packages/swiftclient/client.py:162}}
Jun 19 21:47:38.648963 np0000003320 devstack@g-api.service[102075]: DEBUG glance_store._drivers.swift.store [None req-66647c26-f95b-4740-8efc-9ab0aac241cf tempest-ServerBootFromVolumeStableRescueTest-1466656524 tempest-ServerBootFromVolumeStableRescueTest-1466656524-project-member] Adding image object 'fdb00da3-be60-4045-80ca-59029f8693a9' to Swift {{(pid=102075) add /opt/stack/data/venv/lib/python3.12/site-packages/glance_store/_drivers/swift/store.py:970}}
Jun 19 21:47:38.649730 np0000003320 devstack@g-api.service[102075]: DEBUG glance_store._drivers.swift.store [None req-66647c26-f95b-4740-8efc-9ab0aac241cf tempest-ServerBootFromVolumeStableRescueTest-1466656524 tempest-ServerBootFromVolumeStableRescueTest-1466656524-project-member] Cannot determine image size because it is either not provided in the request or chunked-transfer encoding is used. Adding image as a segmented object to Swift. {{(pid=102075) add /opt/stack/data/venv/lib/python3.12/site-packages/glance_store/_drivers/swift/store.py:994}}
Jun 19 21:47:38.660470 np0000003320 devstack@g-api.service[102075]: DEBUG oslo_utils.imageutils.format_inspector [None req-66647c26-f95b-4740-8efc-9ab0aac241cf tempest-ServerBootFromVolumeStableRescueTest-1466656524 tempest-ServerBootFromVolumeStableRescueTest-1466656524-project-member] Format inspector for vmdk does not match, excluding from consideration (Signature KDMV not found: b'QFI\xfb') {{(pid=102075) _process_chunk /opt/stack/data/venv/lib/python3.12/site-packages/oslo_utils/imageutils/format_inspector.py:1758}}
Jun 19 21:47:38.663365 np0000003320 devstack@g-api.service[102075]: DEBUG oslo_utils.imageutils.format_inspector [None req-66647c26-f95b-4740-8efc-9ab0aac241cf tempest-ServerBootFromVolumeStableRescueTest-1466656524 tempest-ServerBootFromVolumeStableRescueTest-1466656524-project-member] Format inspector for vhdx does not match, excluding from consideration (Region signature not found at 30000) {{(pid=102075) _process_chunk /opt/stack/data/venv/lib/python3.12/site-packages/oslo_utils/imageutils/format_inspector.py:1758}}
Jun 19 21:47:38.981096 np0000003320 devstack@g-api.service[102075]: DEBUG swiftclient [None req-66647c26-f95b-4740-8efc-9ab0aac241cf tempest-ServerBootFromVolumeStableRescueTest-1466656524 tempest-ServerBootFromVolumeStableRescueTest-1466656524-project-member] REQ: curl -i https://10.4.3.35:8080/v1/AUTH_cc8ff8e6b3744bdc83dfe2a2ea95bb1c/glance/fdb00da3-be60-4045-80ca-59029f8693a9-00001 -X PUT -H "X-Auth-Token: gAAAAABqNbj6gKsn..." {{(pid=102075) http_log /opt/stack/data/venv/lib/python3.12/site-packages/swiftclient/client.py:160}}
Jun 19 21:47:38.981096 np0000003320 devstack@g-api.service[102075]: DEBUG swiftclient [None req-66647c26-f95b-4740-8efc-9ab0aac241cf tempest-ServerBootFromVolumeStableRescueTest-1466656524 tempest-ServerBootFromVolumeStableRescueTest-1466656524-project-member] RESP STATUS: 201 Created {{(pid=102075) http_log /opt/stack/data/venv/lib/python3.12/site-packages/swiftclient/client.py:161}}
Jun 19 21:47:38.981873 np0000003320 devstack@g-api.service[102075]: DEBUG swiftclient [None req-66647c26-f95b-4740-8efc-9ab0aac241cf tempest-ServerBootFromVolumeStableRescueTest-1466656524 tempest-ServerBootFromVolumeStableRescueTest-1466656524-project-member] RESP HEADERS: {'Date': 'Fri, 19 Jun 2026 21:47:38 GMT', 'Server': 'Apache/2.4.58 (Ubuntu)', 'Content-Type': 'text/html; charset=UTF-8', 'Content-Length': '0', 'Etag': '4fa343ee581d8d2e78533191fd1ac3e1', 'Last-Modified': 'Fri, 19 Jun 2026 21:47:39 GMT', 'X-Trans-Id': 'txb9be4c5a8f914dc3840e2-006a35b8fa', 'X-Openstack-Request-Id': 'txb9be4c5a8f914dc3840e2-006a35b8fa', 'Connection': 'close'} {{(pid=102075) http_log /opt/stack/data/venv/lib/python3.12/site-packages/swiftclient/client.py:162}}
Jun 19 21:47:38.981873 np0000003320 devstack@g-api.service[102075]: DEBUG glance_store._drivers.swift.store [None req-66647c26-f95b-4740-8efc-9ab0aac241cf tempest-ServerBootFromVolumeStableRescueTest-1466656524 tempest-ServerBootFromVolumeStableRescueTest-1466656524-project-member] Wrote chunk fdb00da3-be60-4045-80ca-59029f8693a9-00001 (1/?) of length 23527424 to Swift returning MD5 of content: 4fa343ee581d8d2e78533191fd1ac3e1 {{(pid=102075) add /opt/stack/data/venv/lib/python3.12/site-packages/glance_store/_drivers/swift/store.py:1059}}
Jun 19 21:47:38.982665 np0000003320 devstack@g-api.service[102075]: DEBUG glance_store._drivers.swift.store [None req-66647c26-f95b-4740-8efc-9ab0aac241cf tempest-ServerBootFromVolumeStableRescueTest-1466656524 tempest-ServerBootFromVolumeStableRescueTest-1466656524-project-member] Not writing zero-length chunk. {{(pid=102075) add /opt/stack/data/venv/lib/python3.12/site-packages/glance_store/_drivers/swift/store.py:1028}}
Jun 19 21:47:38.991691 np0000003320 devstack@g-api.service[102073]: DEBUG glance.api.middleware.version_negotiation [None req-c835fb2d-4c91-4130-b5fc-ce054981afc3 tempest-ServerBootFromVolumeStableRescueTest-1466656524 tempest-ServerBootFromVolumeStableRescueTest-1466656524-project-member] Determining version of request: GET /v2/images/1590d9dc-da9a-4a6d-8178-e60314d2ac34 Accept: */* {{(pid=102073) process_request /opt/stack/glance/glance/api/middleware/version_negotiation.py:44}}
Jun 19 21:47:38.991691 np0000003320 devstack@g-api.service[102073]: DEBUG glance.api.middleware.version_negotiation [None req-c835fb2d-4c91-4130-b5fc-ce054981afc3 tempest-ServerBootFromVolumeStableRescueTest-1466656524 tempest-ServerBootFromVolumeStableRescueTest-1466656524-project-member] Using url versioning {{(pid=102073) process_request /opt/stack/glance/glance/api/middleware/version_negotiation.py:57}}
Jun 19 21:47:38.991691 np0000003320 devstack@g-api.service[102073]: DEBUG glance.api.middleware.version_negotiation [None req-c835fb2d-4c91-4130-b5fc-ce054981afc3 tempest-ServerBootFromVolumeStableRescueTest-1466656524 tempest-ServerBootFromVolumeStableRescueTest-1466656524-project-member] Matched version: v2 {{(pid=102073) process_request /opt/stack/glance/glance/api/middleware/version_negotiation.py:69}}
Jun 19 21:47:38.991691 np0000003320 devstack@g-api.service[102073]: DEBUG glance.api.middleware.version_negotiation [None req-c835fb2d-4c91-4130-b5fc-ce054981afc3 tempest-ServerBootFromVolumeStableRescueTest-1466656524 tempest-ServerBootFromVolumeStableRescueTest-1466656524-project-member] new path /v2/images/1590d9dc-da9a-4a6d-8178-e60314d2ac34 {{(pid=102073) process_request /opt/stack/glance/glance/api/middleware/version_negotiation.py:70}}
Jun 19 21:47:39.005845 np0000003320 devstack@g-api.service[102073]: [pid: 102073|app: 0|req: 67/208] 127.0.0.1 () {44 vars in 1111 bytes} [Fri Jun 19 21:47:38 2026] GET /v2/images/1590d9dc-da9a-4a6d-8178-e60314d2ac34 => generated 1336 bytes in 15 msecs (HTTP/1.1 200) 4 headers in 158 bytes (1 switches on core 0)
Jun 19 21:47:39.041815 np0000003320 devstack@g-api.service[102075]: DEBUG swiftclient [None req-66647c26-f95b-4740-8efc-9ab0aac241cf tempest-ServerBootFromVolumeStableRescueTest-1466656524 tempest-ServerBootFromVolumeStableRescueTest-1466656524-project-member] REQ: curl -i https://10.4.3.35:8080/v1/AUTH_cc8ff8e6b3744bdc83dfe2a2ea95bb1c/glance/fdb00da3-be60-4045-80ca-59029f8693a9 -X PUT -H "X-Object-Manifest: glance/fdb00da3-be60-4045-80ca-59029f8693a9-" -H "X-Auth-Token: gAAAAABqNbj6gKsn..." -H "Content-Length: 0" {{(pid=102075) http_log /opt/stack/data/venv/lib/python3.12/site-packages/swiftclient/client.py:160}}
Jun 19 21:47:39.041947 np0000003320 devstack@g-api.service[102075]: DEBUG swiftclient [None req-66647c26-f95b-4740-8efc-9ab0aac241cf tempest-ServerBootFromVolumeStableRescueTest-1466656524 tempest-ServerBootFromVolumeStableRescueTest-1466656524-project-member] RESP STATUS: 201 Created {{(pid=102075) http_log /opt/stack/data/venv/lib/python3.12/site-packages/swiftclient/client.py:161}}
Jun 19 21:47:39.042839 np0000003320 devstack@g-api.service[102075]: DEBUG swiftclient [None req-66647c26-f95b-4740-8efc-9ab0aac241cf tempest-ServerBootFromVolumeStableRescueTest-1466656524 tempest-ServerBootFromVolumeStableRescueTest-1466656524-project-member] RESP HEADERS: {'Date': 'Fri, 19 Jun 2026 21:47:39 GMT', 'Server': 'Apache/2.4.58 (Ubuntu)', 'Content-Type': 'text/html; charset=UTF-8', 'Content-Length': '0', 'Etag': 'd41d8cd98f00b204e9800998ecf8427e', 'Last-Modified': 'Fri, 19 Jun 2026 21:47:40 GMT', 'X-Trans-Id': 'tx6ef4c14013bb435d9cb4f-006a35b8fa', 'X-Openstack-Request-Id': 'tx6ef4c14013bb435d9cb4f-006a35b8fa', 'Connection': 'close'} {{(pid=102075) http_log /opt/stack/data/venv/lib/python3.12/site-packages/swiftclient/client.py:162}}
Jun 19 21:47:39.043132 np0000003320 devstack@g-api.service[102075]: INFO glance.location [None req-66647c26-f95b-4740-8efc-9ab0aac241cf tempest-ServerBootFromVolumeStableRescueTest-1466656524 tempest-ServerBootFromVolumeStableRescueTest-1466656524-project-member] Image format matched and virtual size computed: 1073741824
Jun 19 21:47:39.064479 np0000003320 devstack@g-api.service[102074]: DEBUG glance.api.middleware.version_negotiation [None req-30cc37e5-2bf3-402a-a6ad-2d161a929eb5 tempest-ServerBootFromVolumeStableRescueTest-1466656524 tempest-ServerBootFromVolumeStableRescueTest-1466656524-project-member] Determining version of request: GET /v2/schemas/image Accept: */* {{(pid=102074) process_request /opt/stack/glance/glance/api/middleware/version_negotiation.py:44}}
Jun 19 21:47:39.064757 np0000003320 devstack@g-api.service[102074]: DEBUG glance.api.middleware.version_negotiation [None req-30cc37e5-2bf3-402a-a6ad-2d161a929eb5 tempest-ServerBootFromVolumeStableRescueTest-1466656524 tempest-ServerBootFromVolumeStableRescueTest-1466656524-project-member] Using url versioning {{(pid=102074) process_request /opt/stack/glance/glance/api/middleware/version_negotiation.py:57}}
Jun 19 21:47:39.064857 np0000003320 devstack@g-api.service[102074]: DEBUG glance.api.middleware.version_negotiation [None req-30cc37e5-2bf3-402a-a6ad-2d161a929eb5 tempest-ServerBootFromVolumeStableRescueTest-1466656524 tempest-ServerBootFromVolumeStableRescueTest-1466656524-project-member] Matched version: v2 {{(pid=102074) process_request /opt/stack/glance/glance/api/middleware/version_negotiation.py:69}}
Jun 19 21:47:39.065009 np0000003320 devstack@g-api.service[102074]: DEBUG glance.api.middleware.version_negotiation [None req-30cc37e5-2bf3-402a-a6ad-2d161a929eb5 tempest-ServerBootFromVolumeStableRescueTest-1466656524 tempest-ServerBootFromVolumeStableRescueTest-1466656524-project-member] new path /v2/schemas/image {{(pid=102074) process_request /opt/stack/glance/glance/api/middleware/version_negotiation.py:70}}
Jun 19 21:47:39.069896 np0000003320 devstack@g-api.service[102074]: [pid: 102074|app: 0|req: 70/209] 127.0.0.1 () {44 vars in 1051 bytes} [Fri Jun 19 21:47:39 2026] GET /v2/schemas/image => generated 6083 bytes in 5 msecs (HTTP/1.1 200) 4 headers in 158 bytes (1 switches on core 0)
Jun 19 21:47:39.112105 np0000003320 devstack@g-api.service[102073]: DEBUG glance.api.middleware.version_negotiation [None req-35106d49-41ad-4678-a088-463dba8ded55 tempest-AttachVolumeShelveTestJSON-807809134 tempest-AttachVolumeShelveTestJSON-807809134-project-member] Determining version of request: GET /v2/images/fdb00da3-be60-4045-80ca-59029f8693a9 Accept: application/json {{(pid=102073) process_request /opt/stack/glance/glance/api/middleware/version_negotiation.py:44}}
Jun 19 21:47:39.112105 np0000003320 devstack@g-api.service[102073]: DEBUG glance.api.middleware.version_negotiation [None req-35106d49-41ad-4678-a088-463dba8ded55 tempest-AttachVolumeShelveTestJSON-807809134 tempest-AttachVolumeShelveTestJSON-807809134-project-member] Using url versioning {{(pid=102073) process_request /opt/stack/glance/glance/api/middleware/version_negotiation.py:57}}
Jun 19 21:47:39.112341 np0000003320 devstack@g-api.service[102075]: DEBUG glance_store.backend [None req-66647c26-f95b-4740-8efc-9ab0aac241cf tempest-ServerBootFromVolumeStableRescueTest-1466656524 tempest-ServerBootFromVolumeStableRescueTest-1466656524-project-member] Attempting to import store swift {{(pid=102075) _load_store /opt/stack/data/venv/lib/python3.12/site-packages/glance_store/backend.py:215}}
Jun 19 21:47:39.113113 np0000003320 devstack@g-api.service[102073]: DEBUG glance.api.middleware.version_negotiation [None req-35106d49-41ad-4678-a088-463dba8ded55 tempest-AttachVolumeShelveTestJSON-807809134 tempest-AttachVolumeShelveTestJSON-807809134-project-member] Matched version: v2 {{(pid=102073) process_request /opt/stack/glance/glance/api/middleware/version_negotiation.py:69}}
Jun 19 21:47:39.113113 np0000003320 devstack@g-api.service[102073]: DEBUG glance.api.middleware.version_negotiation [None req-35106d49-41ad-4678-a088-463dba8ded55 tempest-AttachVolumeShelveTestJSON-807809134 tempest-AttachVolumeShelveTestJSON-807809134-project-member] new path /v2/images/fdb00da3-be60-4045-80ca-59029f8693a9 {{(pid=102073) process_request /opt/stack/glance/glance/api/middleware/version_negotiation.py:70}}
Jun 19 21:47:39.114168 np0000003320 devstack@g-api.service[102075]: DEBUG glance_store.capabilities [None req-66647c26-f95b-4740-8efc-9ab0aac241cf tempest-ServerBootFromVolumeStableRescueTest-1466656524 tempest-ServerBootFromVolumeStableRescueTest-1466656524-project-member] Store glance_store._drivers.swift.store.SingleTenantStore doesn't support updating dynamic storage capabilities. Please overwrite 'update_capabilities' method of the store to implement updating logics if needed. {{(pid=102075) update_capabilities /opt/stack/data/venv/lib/python3.12/site-packages/glance_store/capabilities.py:91}}
Jun 19 21:47:39.114347 np0000003320 devstack@g-api.service[102075]: DEBUG glance_store.driver [None req-66647c26-f95b-4740-8efc-9ab0aac241cf tempest-ServerBootFromVolumeStableRescueTest-1466656524 tempest-ServerBootFromVolumeStableRescueTest-1466656524-project-member] Late loading location class glance_store._drivers.swift.store.StoreLocation {{(pid=102075) get_store_location_class /opt/stack/data/venv/lib/python3.12/site-packages/glance_store/driver.py:134}}
Jun 19 21:47:39.114502 np0000003320 devstack@g-api.service[102075]: DEBUG glance_store.location [None req-66647c26-f95b-4740-8efc-9ab0aac241cf tempest-ServerBootFromVolumeStableRescueTest-1466656524 tempest-ServerBootFromVolumeStableRescueTest-1466656524-project-member] Registering scheme swift+https with {'store': , 'location_class': , 'store_entry': 'swift'} {{(pid=102075) register_scheme_map /opt/stack/data/venv/lib/python3.12/site-packages/glance_store/location.py:146}}
Jun 19 21:47:39.114587 np0000003320 devstack@g-api.service[102075]: DEBUG glance_store.location [None req-66647c26-f95b-4740-8efc-9ab0aac241cf tempest-ServerBootFromVolumeStableRescueTest-1466656524 tempest-ServerBootFromVolumeStableRescueTest-1466656524-project-member] Registering scheme swift+https with {'store': , 'location_class': , 'store_entry': 'swift'} {{(pid=102075) register_scheme_map /opt/stack/data/venv/lib/python3.12/site-packages/glance_store/location.py:146}}
Jun 19 21:47:39.114683 np0000003320 devstack@g-api.service[102075]: DEBUG glance_store.location [None req-66647c26-f95b-4740-8efc-9ab0aac241cf tempest-ServerBootFromVolumeStableRescueTest-1466656524 tempest-ServerBootFromVolumeStableRescueTest-1466656524-project-member] Registering scheme swift with {'store': , 'location_class': , 'store_entry': 'swift'} {{(pid=102075) register_scheme_map /opt/stack/data/venv/lib/python3.12/site-packages/glance_store/location.py:146}}
Jun 19 21:47:39.114803 np0000003320 devstack@g-api.service[102075]: DEBUG glance_store.location [None req-66647c26-f95b-4740-8efc-9ab0aac241cf tempest-ServerBootFromVolumeStableRescueTest-1466656524 tempest-ServerBootFromVolumeStableRescueTest-1466656524-project-member] Registering scheme swift+https with {'store': , 'location_class': , 'store_entry': 'swift'} {{(pid=102075) register_scheme_map /opt/stack/data/venv/lib/python3.12/site-packages/glance_store/location.py:146}}
Jun 19 21:47:39.114899 np0000003320 devstack@g-api.service[102075]: DEBUG glance_store.location [None req-66647c26-f95b-4740-8efc-9ab0aac241cf tempest-ServerBootFromVolumeStableRescueTest-1466656524 tempest-ServerBootFromVolumeStableRescueTest-1466656524-project-member] Registering scheme swift with {'store': , 'location_class': , 'store_entry': 'swift'} {{(pid=102075) register_scheme_map /opt/stack/data/venv/lib/python3.12/site-packages/glance_store/location.py:146}}
Jun 19 21:47:39.114975 np0000003320 devstack@g-api.service[102075]: DEBUG glance_store.location [None req-66647c26-f95b-4740-8efc-9ab0aac241cf tempest-ServerBootFromVolumeStableRescueTest-1466656524 tempest-ServerBootFromVolumeStableRescueTest-1466656524-project-member] Registering scheme swift+http with {'store': , 'location_class': , 'store_entry': 'swift'} {{(pid=102075) register_scheme_map /opt/stack/data/venv/lib/python3.12/site-packages/glance_store/location.py:146}}
Jun 19 21:47:39.115422 np0000003320 devstack@g-api.service[102075]: DEBUG glance_store.location [None req-66647c26-f95b-4740-8efc-9ab0aac241cf tempest-ServerBootFromVolumeStableRescueTest-1466656524 tempest-ServerBootFromVolumeStableRescueTest-1466656524-project-member] Registering scheme swift+https with {'store': , 'location_class': , 'store_entry': 'swift'} {{(pid=102075) register_scheme_map /opt/stack/data/venv/lib/python3.12/site-packages/glance_store/location.py:146}}
Jun 19 21:47:39.115422 np0000003320 devstack@g-api.service[102075]: DEBUG glance_store.location [None req-66647c26-f95b-4740-8efc-9ab0aac241cf tempest-ServerBootFromVolumeStableRescueTest-1466656524 tempest-ServerBootFromVolumeStableRescueTest-1466656524-project-member] Registering scheme swift with {'store': , 'location_class': , 'store_entry': 'swift'} {{(pid=102075) register_scheme_map /opt/stack/data/venv/lib/python3.12/site-packages/glance_store/location.py:146}}
