Jun 19 21:41:41.324943 np0000003320 devstack@g-api.service[102073]: DEBUG glance_store.capabilities [-] Store glance_store._drivers.swift.store.SingleTenantStore doesn't support updating dynamic storage capabilities. Please overwrite 'update_capabilities' method of the store to implement updating logics if needed. {{(pid=102073) update_capabilities /opt/stack/data/venv/lib/python3.12/site-packages/glance_store/capabilities.py:91}}
Jun 19 21:41:41.325026 np0000003320 devstack@g-api.service[102073]: DEBUG glance_store.backend [-] Registering store swift with schemes ('swift+https', 'swift', 'swift+http', 'swift+config') {{(pid=102073) create_stores /opt/stack/data/venv/lib/python3.12/site-packages/glance_store/backend.py:261}}
Jun 19 21:41:41.325069 np0000003320 devstack@g-api.service[102073]: DEBUG glance_store.driver [-] Late loading location class glance_store._drivers.swift.store.StoreLocation {{(pid=102073) get_store_location_class /opt/stack/data/venv/lib/python3.12/site-packages/glance_store/driver.py:134}}
Jun 19 21:41:41.325157 np0000003320 devstack@g-api.service[102073]: DEBUG glance_store.location [-] Registering scheme swift+https with {'store': , 'location_class': , 'store_entry': 'swift'} {{(pid=102073) register_scheme_map /opt/stack/data/venv/lib/python3.12/site-packages/glance_store/location.py:146}}
Jun 19 21:41:41.325218 np0000003320 devstack@g-api.service[102073]: DEBUG glance_store.location [-] Registering scheme swift with {'store': , 'location_class': , 'store_entry': 'swift'} {{(pid=102073) register_scheme_map /opt/stack/data/venv/lib/python3.12/site-packages/glance_store/location.py:146}}
Jun 19 21:41:41.325273 np0000003320 devstack@g-api.service[102073]: DEBUG glance_store.location [-] Registering scheme swift+http with {'store': , 'location_class': , 'store_entry': 'swift'} {{(pid=102073) register_scheme_map /opt/stack/data/venv/lib/python3.12/site-packages/glance_store/location.py:146}}
Jun 19 21:41:41.325325 np0000003320 devstack@g-api.service[102073]: DEBUG glance_store.location [-] Registering scheme swift+config with {'store': , 'location_class': , 'store_entry': 'swift'} {{(pid=102073) register_scheme_map /opt/stack/data/venv/lib/python3.12/site-packages/glance_store/location.py:146}}
Jun 19 21:41:41.325377 np0000003320 devstack@g-api.service[102073]: DEBUG glance_store.backend [-] Attempting to import store file {{(pid=102073) _load_store /opt/stack/data/venv/lib/python3.12/site-packages/glance_store/backend.py:215}}
Jun 19 21:41:41.325812 np0000003320 devstack@g-api.service[102073]: DEBUG glance_store.capabilities [-] Store glance_store._drivers.filesystem.Store doesn't support updating dynamic storage capabilities. Please overwrite 'update_capabilities' method of the store to implement updating logics if needed. {{(pid=102073) update_capabilities /opt/stack/data/venv/lib/python3.12/site-packages/glance_store/capabilities.py:91}}
Jun 19 21:41:41.325857 np0000003320 devstack@g-api.service[102073]: DEBUG glance_store.backend [-] Registering store file with schemes ('file', 'filesystem') {{(pid=102073) create_stores /opt/stack/data/venv/lib/python3.12/site-packages/glance_store/backend.py:261}}
Jun 19 21:41:41.325924 np0000003320 devstack@g-api.service[102073]: DEBUG glance_store.driver [-] Late loading location class glance_store._drivers.filesystem.StoreLocation {{(pid=102073) get_store_location_class /opt/stack/data/venv/lib/python3.12/site-packages/glance_store/driver.py:134}}
Jun 19 21:41:41.325989 np0000003320 devstack@g-api.service[102073]: DEBUG glance_store.location [-] Registering scheme file with {'store': , 'location_class': , 'store_entry': 'file'} {{(pid=102073) register_scheme_map /opt/stack/data/venv/lib/python3.12/site-packages/glance_store/location.py:146}}
Jun 19 21:41:41.326046 np0000003320 devstack@g-api.service[102073]: DEBUG glance_store.location [-] Registering scheme filesystem with {'store': , 'location_class': , 'store_entry': 'file'} {{(pid=102073) register_scheme_map /opt/stack/data/venv/lib/python3.12/site-packages/glance_store/location.py:146}}
Jun 19 21:41:41.326156 np0000003320 devstack@g-api.service[102073]: DEBUG glance_store.backend [-] Attempting to import store swift {{(pid=102073) _load_store /opt/stack/data/venv/lib/python3.12/site-packages/glance_store/backend.py:215}}
Jun 19 21:41:41.327190 np0000003320 devstack@g-api.service[102073]: DEBUG glance_store.capabilities [-] Store glance_store._drivers.swift.store.SingleTenantStore doesn't support updating dynamic storage capabilities. Please overwrite 'update_capabilities' method of the store to implement updating logics if needed. {{(pid=102073) update_capabilities /opt/stack/data/venv/lib/python3.12/site-packages/glance_store/capabilities.py:91}}
Jun 19 21:41:41.327255 np0000003320 devstack@g-api.service[102073]: DEBUG glance_store.driver [-] Late loading location class glance_store._drivers.swift.store.StoreLocation {{(pid=102073) get_store_location_class /opt/stack/data/venv/lib/python3.12/site-packages/glance_store/driver.py:134}}
Jun 19 21:41:41.327324 np0000003320 devstack@g-api.service[102073]: DEBUG glance_store.location [-] Registering scheme swift+https with {'store': , 'location_class': , 'store_entry': 'swift'} {{(pid=102073) register_scheme_map /opt/stack/data/venv/lib/python3.12/site-packages/glance_store/location.py:146}}
Jun 19 21:41:41.327377 np0000003320 devstack@g-api.service[102073]: DEBUG glance_store.location [-] Registering scheme swift+https with {'store': , 'location_class': , 'store_entry': 'swift'} {{(pid=102073) register_scheme_map /opt/stack/data/venv/lib/python3.12/site-packages/glance_store/location.py:146}}
Jun 19 21:41:41.327430 np0000003320 devstack@g-api.service[102073]: DEBUG glance_store.location [-] Registering scheme swift with {'store': , 'location_class': , 'store_entry': 'swift'} {{(pid=102073) register_scheme_map /opt/stack/data/venv/lib/python3.12/site-packages/glance_store/location.py:146}}
Jun 19 21:41:41.327480 np0000003320 devstack@g-api.service[102073]: DEBUG glance_store.location [-] Registering scheme swift+https with {'store': , 'location_class': , 'store_entry': 'swift'} {{(pid=102073) register_scheme_map /opt/stack/data/venv/lib/python3.12/site-packages/glance_store/location.py:146}}
Jun 19 21:41:41.327532 np0000003320 devstack@g-api.service[102073]: DEBUG glance_store.location [-] Registering scheme swift with {'store': , 'location_class': , 'store_entry': 'swift'} {{(pid=102073) register_scheme_map /opt/stack/data/venv/lib/python3.12/site-packages/glance_store/location.py:146}}
Jun 19 21:41:41.327580 np0000003320 devstack@g-api.service[102073]: DEBUG glance_store.location [-] Registering scheme swift+http with {'store': , 'location_class': , 'store_entry': 'swift'} {{(pid=102073) register_scheme_map /opt/stack/data/venv/lib/python3.12/site-packages/glance_store/location.py:146}}
Jun 19 21:41:41.327656 np0000003320 devstack@g-api.service[102073]: DEBUG glance_store.location [-] Registering scheme swift+https with {'store': , 'location_class': , 'store_entry': 'swift'} {{(pid=102073) register_scheme_map /opt/stack/data/venv/lib/python3.12/site-packages/glance_store/location.py:146}}
Jun 19 21:41:41.327716 np0000003320 devstack@g-api.service[102073]: DEBUG glance_store.location [-] Registering scheme swift with {'store': , 'location_class': , 'store_entry': 'swift'} {{(pid=102073) register_scheme_map /opt/stack/data/venv/lib/python3.12/site-packages/glance_store/location.py:146}}
Jun 19 21:41:41.327771 np0000003320 devstack@g-api.service[102073]: DEBUG glance_store.location [-] Registering scheme swift+http with {'store': , 'location_class': , 'store_entry': 'swift'} {{(pid=102073) register_scheme_map /opt/stack/data/venv/lib/python3.12/site-packages/glance_store/location.py:146}}
Jun 19 21:41:41.327821 np0000003320 devstack@g-api.service[102073]: DEBUG glance_store.location [-] Registering scheme swift+config with {'store': , 'location_class': , 'store_entry': 'swift'} {{(pid=102073) register_scheme_map /opt/stack/data/venv/lib/python3.12/site-packages/glance_store/location.py:146}}
Jun 19 21:41:41.328082 np0000003320 devstack@g-api.service[102073]: DEBUG glance.sqlite_migration [-] SQLite caching database not located, skipping migration {{(pid=102073) get_db_path /opt/stack/glance/glance/sqlite_migration.py:68}}
Jun 19 21:41:41.328277 np0000003320 devstack@g-api.service[102073]: WARNING glance.common.wsgi_app [-] Import methods are enabled but staging directory /tmp/staging/ does not exist; Imports will fail!
Jun 19 21:41:41.562762 np0000003320 devstack@g-api.service[102074]: DEBUG glance.common.config [None req-7673305f-2520-4373-8560-87aed99ddc52 None None] Loading glance-api-keystone+cachemanagement from /etc/glance/glance-api-paste.ini {{(pid=102074) load_paste_app /opt/stack/glance/glance/common/config.py:758}}
Jun 19 21:41:41.576345 np0000003320 devstack@g-api.service[102075]: DEBUG glance.common.config [None req-f2b1a3e6-2d47-4f99-b3e3-d3b418e9adef None None] Loading glance-api-keystone+cachemanagement from /etc/glance/glance-api-paste.ini {{(pid=102075) load_paste_app /opt/stack/glance/glance/common/config.py:758}}
Jun 19 21:41:41.578801 np0000003320 devstack@g-api.service[102073]: DEBUG glance.common.config [None req-ac7d7960-481a-444b-9c23-3419e53af7af None None] Loading glance-api-keystone+cachemanagement from /etc/glance/glance-api-paste.ini {{(pid=102073) load_paste_app /opt/stack/glance/glance/common/config.py:758}}
Jun 19 21:41:42.139141 np0000003320 devstack@g-api.service[102074]: INFO glance.image_cache [None req-7673305f-2520-4373-8560-87aed99ddc52 None None] Image cache loaded driver 'centralized_db'.
Jun 19 21:41:42.139308 np0000003320 devstack@g-api.service[102073]: INFO glance.image_cache [None req-ac7d7960-481a-444b-9c23-3419e53af7af None None] Image cache loaded driver 'centralized_db'.
Jun 19 21:41:42.140310 np0000003320 devstack@g-api.service[102075]: INFO glance.image_cache [None req-f2b1a3e6-2d47-4f99-b3e3-d3b418e9adef None None] Image cache loaded driver 'centralized_db'.
Jun 19 21:41:42.181077 np0000003320 devstack@g-api.service[102074]: INFO dbcounter [None req-7673305f-2520-4373-8560-87aed99ddc52 None None] Registered counter for database glance
Jun 19 21:41:42.181608 np0000003320 devstack@g-api.service[102073]: INFO dbcounter [None req-ac7d7960-481a-444b-9c23-3419e53af7af None None] Registered counter for database glance
Jun 19 21:41:42.185113 np0000003320 devstack@g-api.service[102075]: INFO dbcounter [None req-f2b1a3e6-2d47-4f99-b3e3-d3b418e9adef None None] Registered counter for database glance
Jun 19 21:41:42.222285 np0000003320 devstack@g-api.service[102074]: DEBUG oslo_db.sqlalchemy.engines [None req-7673305f-2520-4373-8560-87aed99ddc52 None None] MySQL server mode set to STRICT_TRANS_TABLES,STRICT_ALL_TABLES,NO_ZERO_IN_DATE,NO_ZERO_DATE,ERROR_FOR_DIVISION_BY_ZERO,TRADITIONAL,NO_ENGINE_SUBSTITUTION {{(pid=102074) _check_effective_sql_mode /opt/stack/data/venv/lib/python3.12/site-packages/oslo_db/sqlalchemy/engines.py:325}}
Jun 19 21:41:42.224893 np0000003320 devstack@g-api.service[102073]: DEBUG oslo_db.sqlalchemy.engines [None req-ac7d7960-481a-444b-9c23-3419e53af7af None None] MySQL server mode set to STRICT_TRANS_TABLES,STRICT_ALL_TABLES,NO_ZERO_IN_DATE,NO_ZERO_DATE,ERROR_FOR_DIVISION_BY_ZERO,TRADITIONAL,NO_ENGINE_SUBSTITUTION {{(pid=102073) _check_effective_sql_mode /opt/stack/data/venv/lib/python3.12/site-packages/oslo_db/sqlalchemy/engines.py:325}}
Jun 19 21:41:42.229529 np0000003320 devstack@g-api.service[102075]: DEBUG oslo_db.sqlalchemy.engines [None req-f2b1a3e6-2d47-4f99-b3e3-d3b418e9adef None None] MySQL server mode set to STRICT_TRANS_TABLES,STRICT_ALL_TABLES,NO_ZERO_IN_DATE,NO_ZERO_DATE,ERROR_FOR_DIVISION_BY_ZERO,TRADITIONAL,NO_ENGINE_SUBSTITUTION {{(pid=102075) _check_effective_sql_mode /opt/stack/data/venv/lib/python3.12/site-packages/oslo_db/sqlalchemy/engines.py:325}}
Jun 19 21:41:42.244141 np0000003320 devstack@g-api.service[102074]: DEBUG dbcounter [-] [102074] Writer thread running {{(pid=102074) stat_writer /opt/stack/data/venv/lib/python3.12/site-packages/dbcounter.py:102}}
Jun 19 21:41:42.247051 np0000003320 devstack@g-api.service[102073]: DEBUG dbcounter [-] [102073] Writer thread running {{(pid=102073) stat_writer /opt/stack/data/venv/lib/python3.12/site-packages/dbcounter.py:102}}
Jun 19 21:41:42.251252 np0000003320 devstack@g-api.service[102075]: DEBUG dbcounter [-] [102075] Writer thread running {{(pid=102075) stat_writer /opt/stack/data/venv/lib/python3.12/site-packages/dbcounter.py:102}}
Jun 19 21:41:42.251872 np0000003320 devstack@g-api.service[102073]: DEBUG glance.image_cache.drivers.centralized_db [None req-ac7d7960-481a-444b-9c23-3419e53af7af None None] Node reference is already recorded, ignoring it {{(pid=102073) configure /opt/stack/glance/glance/image_cache/drivers/centralized_db.py:71}}
Jun 19 21:41:42.254959 np0000003320 devstack@g-api.service[102075]: DEBUG glance.image_cache.drivers.centralized_db [None req-f2b1a3e6-2d47-4f99-b3e3-d3b418e9adef None None] Node reference is already recorded, ignoring it {{(pid=102075) configure /opt/stack/glance/glance/image_cache/drivers/centralized_db.py:71}}
Jun 19 21:41:42.255333 np0000003320 devstack@g-api.service[102074]: INFO glance.image_cache [None req-7673305f-2520-4373-8560-87aed99ddc52 None None] Image cache loaded driver 'centralized_db'.
Jun 19 21:41:42.257031 np0000003320 devstack@g-api.service[102073]: INFO glance.image_cache [None req-ac7d7960-481a-444b-9c23-3419e53af7af None None] Image cache loaded driver 'centralized_db'.
Jun 19 21:41:42.259843 np0000003320 devstack@g-api.service[102075]: INFO glance.image_cache [None req-f2b1a3e6-2d47-4f99-b3e3-d3b418e9adef None None] Image cache loaded driver 'centralized_db'.
Jun 19 21:41:42.262228 np0000003320 devstack@g-api.service[102074]: DEBUG glance.image_cache.drivers.centralized_db [None req-7673305f-2520-4373-8560-87aed99ddc52 None None] Node reference is already recorded, ignoring it {{(pid=102074) configure /opt/stack/glance/glance/image_cache/drivers/centralized_db.py:71}}
Jun 19 21:41:42.265013 np0000003320 devstack@g-api.service[102073]: DEBUG glance.image_cache.drivers.centralized_db [None req-ac7d7960-481a-444b-9c23-3419e53af7af None None] Node reference is already recorded, ignoring it {{(pid=102073) configure /opt/stack/glance/glance/image_cache/drivers/centralized_db.py:71}}
Jun 19 21:41:42.267442 np0000003320 devstack@g-api.service[102075]: DEBUG glance.image_cache.drivers.centralized_db [None req-f2b1a3e6-2d47-4f99-b3e3-d3b418e9adef None None] Node reference is already recorded, ignoring it {{(pid=102075) configure /opt/stack/glance/glance/image_cache/drivers/centralized_db.py:71}}
Jun 19 21:41:42.359247 np0000003320 devstack@g-api.service[102075]: DEBUG glance.api.v2.cached_images [None req-f2b1a3e6-2d47-4f99-b3e3-d3b418e9adef None None] Started cache worker thread {{(pid=102075) __init__ /opt/stack/glance/glance/api/v2/cached_images.py:69}}
Jun 19 21:41:42.359886 np0000003320 devstack@g-api.service[102075]: INFO glance.image_cache [None req-f2b1a3e6-2d47-4f99-b3e3-d3b418e9adef None None] Image cache loaded driver 'centralized_db'.
Jun 19 21:41:42.362449 np0000003320 devstack@g-api.service[102074]: DEBUG glance.api.v2.cached_images [None req-7673305f-2520-4373-8560-87aed99ddc52 None None] Started cache worker thread {{(pid=102074) __init__ /opt/stack/glance/glance/api/v2/cached_images.py:69}}
Jun 19 21:41:42.363312 np0000003320 devstack@g-api.service[102074]: INFO glance.image_cache [None req-7673305f-2520-4373-8560-87aed99ddc52 None None] Image cache loaded driver 'centralized_db'.
Jun 19 21:41:42.363569 np0000003320 devstack@g-api.service[102073]: DEBUG glance.api.v2.cached_images [None req-ac7d7960-481a-444b-9c23-3419e53af7af None None] Started cache worker thread {{(pid=102073) __init__ /opt/stack/glance/glance/api/v2/cached_images.py:69}}
Jun 19 21:41:42.364364 np0000003320 devstack@g-api.service[102073]: INFO glance.image_cache [None req-ac7d7960-481a-444b-9c23-3419e53af7af None None] Image cache loaded driver 'centralized_db'.
Jun 19 21:41:42.367233 np0000003320 devstack@g-api.service[102075]: DEBUG glance.image_cache.drivers.centralized_db [None req-f2b1a3e6-2d47-4f99-b3e3-d3b418e9adef None None] Node reference is already recorded, ignoring it {{(pid=102075) configure /opt/stack/glance/glance/image_cache/drivers/centralized_db.py:71}}
Jun 19 21:41:42.371586 np0000003320 devstack@g-api.service[102075]: INFO glance.api.middleware.cache_manage [None req-f2b1a3e6-2d47-4f99-b3e3-d3b418e9adef None None] Initialized image cache management middleware
Jun 19 21:41:42.371714 np0000003320 devstack@g-api.service[102075]: INFO glance.image_cache [None req-f2b1a3e6-2d47-4f99-b3e3-d3b418e9adef None None] Image cache loaded driver 'centralized_db'.
Jun 19 21:41:42.377203 np0000003320 devstack@g-api.service[102073]: DEBUG glance.image_cache.drivers.centralized_db [None req-ac7d7960-481a-444b-9c23-3419e53af7af None None] Node reference is already recorded, ignoring it {{(pid=102073) configure /opt/stack/glance/glance/image_cache/drivers/centralized_db.py:71}}
Jun 19 21:41:42.378058 np0000003320 devstack@g-api.service[102075]: DEBUG glance.image_cache.drivers.centralized_db [None req-f2b1a3e6-2d47-4f99-b3e3-d3b418e9adef None None] Node reference is already recorded, ignoring it {{(pid=102075) configure /opt/stack/glance/glance/image_cache/drivers/centralized_db.py:71}}
Jun 19 21:41:42.378384 np0000003320 devstack@g-api.service[102074]: DEBUG glance.image_cache.drivers.centralized_db [None req-7673305f-2520-4373-8560-87aed99ddc52 None None] Node reference is already recorded, ignoring it {{(pid=102074) configure /opt/stack/glance/glance/image_cache/drivers/centralized_db.py:71}}
Jun 19 21:41:42.381379 np0000003320 devstack@g-api.service[102075]: INFO glance.api.middleware.cache [None req-f2b1a3e6-2d47-4f99-b3e3-d3b418e9adef None None] Initialized image cache middleware
Jun 19 21:41:42.381741 np0000003320 devstack@g-api.service[102073]: INFO glance.api.middleware.cache_manage [None req-ac7d7960-481a-444b-9c23-3419e53af7af None None] Initialized image cache management middleware
Jun 19 21:41:42.381900 np0000003320 devstack@g-api.service[102073]: INFO glance.image_cache [None req-ac7d7960-481a-444b-9c23-3419e53af7af None None] Image cache loaded driver 'centralized_db'.
Jun 19 21:41:42.382812 np0000003320 devstack@g-api.service[102074]: INFO glance.api.middleware.cache_manage [None req-7673305f-2520-4373-8560-87aed99ddc52 None None] Initialized image cache management middleware
Jun 19 21:41:42.382947 np0000003320 devstack@g-api.service[102074]: INFO glance.image_cache [None req-7673305f-2520-4373-8560-87aed99ddc52 None None] Image cache loaded driver 'centralized_db'.
Jun 19 21:41:42.388319 np0000003320 devstack@g-api.service[102073]: DEBUG glance.image_cache.drivers.centralized_db [None req-ac7d7960-481a-444b-9c23-3419e53af7af None None] Node reference is already recorded, ignoring it {{(pid=102073) configure /opt/stack/glance/glance/image_cache/drivers/centralized_db.py:71}}
Jun 19 21:41:42.390384 np0000003320 devstack@g-api.service[102074]: DEBUG glance.image_cache.drivers.centralized_db [None req-7673305f-2520-4373-8560-87aed99ddc52 None None] Node reference is already recorded, ignoring it {{(pid=102074) configure /opt/stack/glance/glance/image_cache/drivers/centralized_db.py:71}}
Jun 19 21:41:42.391517 np0000003320 devstack@g-api.service[102073]: INFO glance.api.middleware.cache [None req-ac7d7960-481a-444b-9c23-3419e53af7af None None] Initialized image cache middleware
Jun 19 21:41:42.391590 np0000003320 devstack@g-api.service[102075]: DEBUG glance.common.config [None req-f2b1a3e6-2d47-4f99-b3e3-d3b418e9adef None None] ******************************************************************************** {{(pid=102075) log_opt_values /opt/stack/data/venv/lib/python3.12/site-packages/oslo_config/cfg.py:3226}}
Jun 19 21:41:42.391646 np0000003320 devstack@g-api.service[102075]: DEBUG glance.common.config [None req-f2b1a3e6-2d47-4f99-b3e3-d3b418e9adef None None] Configuration options gathered from: {{(pid=102075) log_opt_values /opt/stack/data/venv/lib/python3.12/site-packages/oslo_config/cfg.py:3227}}
Jun 19 21:41:42.391895 np0000003320 devstack@g-api.service[102075]: DEBUG glance.common.config [None req-f2b1a3e6-2d47-4f99-b3e3-d3b418e9adef None None] command line args: [] {{(pid=102075) log_opt_values /opt/stack/data/venv/lib/python3.12/site-packages/oslo_config/cfg.py:3228}}
Jun 19 21:41:42.392022 np0000003320 devstack@g-api.service[102075]: DEBUG glance.common.config [None req-f2b1a3e6-2d47-4f99-b3e3-d3b418e9adef None None] config files: ['/etc/glance/glance-image-import.conf', '/etc/glance/glance-api.conf'] {{(pid=102075) log_opt_values /opt/stack/data/venv/lib/python3.12/site-packages/oslo_config/cfg.py:3229}}
Jun 19 21:41:42.392083 np0000003320 devstack@g-api.service[102075]: DEBUG glance.common.config [None req-f2b1a3e6-2d47-4f99-b3e3-d3b418e9adef None None] ================================================================================ {{(pid=102075) log_opt_values /opt/stack/data/venv/lib/python3.12/site-packages/oslo_config/cfg.py:3234}}
Jun 19 21:41:42.392222 np0000003320 devstack@g-api.service[102075]: DEBUG glance.common.config [None req-f2b1a3e6-2d47-4f99-b3e3-d3b418e9adef None None] allow_anonymous_access = False {{(pid=102075) log_opt_values /opt/stack/data/venv/lib/python3.12/site-packages/oslo_config/cfg.py:3242}}
Jun 19 21:41:42.392334 np0000003320 devstack@g-api.service[102075]: DEBUG glance.common.config [None req-f2b1a3e6-2d47-4f99-b3e3-d3b418e9adef None None] api_limit_max = 1000 {{(pid=102075) log_opt_values /opt/stack/data/venv/lib/python3.12/site-packages/oslo_config/cfg.py:3242}}
Jun 19 21:41:42.392465 np0000003320 devstack@g-api.service[102075]: DEBUG glance.common.config [None req-f2b1a3e6-2d47-4f99-b3e3-d3b418e9adef None None] backlog = 4096 {{(pid=102075) log_opt_values /opt/stack/data/venv/lib/python3.12/site-packages/oslo_config/cfg.py:3242}}
Jun 19 21:41:42.392543 np0000003320 devstack@g-api.service[102075]: DEBUG glance.common.config [None req-f2b1a3e6-2d47-4f99-b3e3-d3b418e9adef None None] bind_host = 0.0.0.0 {{(pid=102075) log_opt_values /opt/stack/data/venv/lib/python3.12/site-packages/oslo_config/cfg.py:3242}}
Jun 19 21:41:42.392648 np0000003320 devstack@g-api.service[102075]: DEBUG glance.common.config [None req-f2b1a3e6-2d47-4f99-b3e3-d3b418e9adef None None] bind_port = 19292 {{(pid=102075) log_opt_values /opt/stack/data/venv/lib/python3.12/site-packages/oslo_config/cfg.py:3242}}
Jun 19 21:41:42.392741 np0000003320 devstack@g-api.service[102075]: DEBUG glance.common.config [None req-f2b1a3e6-2d47-4f99-b3e3-d3b418e9adef None None] client_socket_timeout = 900 {{(pid=102075) log_opt_values /opt/stack/data/venv/lib/python3.12/site-packages/oslo_config/cfg.py:3242}}
Jun 19 21:41:42.392835 np0000003320 devstack@g-api.service[102075]: DEBUG glance.common.config [None req-f2b1a3e6-2d47-4f99-b3e3-d3b418e9adef None None] config_dir = [] {{(pid=102075) log_opt_values /opt/stack/data/venv/lib/python3.12/site-packages/oslo_config/cfg.py:3242}}
Jun 19 21:41:42.392907 np0000003320 devstack@g-api.service[102075]: DEBUG glance.common.config [None req-f2b1a3e6-2d47-4f99-b3e3-d3b418e9adef None None] config_file = ['/etc/glance/glance-image-import.conf', '/etc/glance/glance-api.conf'] {{(pid=102075) log_opt_values /opt/stack/data/venv/lib/python3.12/site-packages/oslo_config/cfg.py:3242}}
Jun 19 21:41:42.393016 np0000003320 devstack@g-api.service[102075]: DEBUG glance.common.config [None req-f2b1a3e6-2d47-4f99-b3e3-d3b418e9adef None None] config_source = [] {{(pid=102075) log_opt_values /opt/stack/data/venv/lib/python3.12/site-packages/oslo_config/cfg.py:3242}}
Jun 19 21:41:42.393179 np0000003320 devstack@g-api.service[102075]: DEBUG glance.common.config [None req-f2b1a3e6-2d47-4f99-b3e3-d3b418e9adef None None] control_exchange = glance {{(pid=102075) log_opt_values /opt/stack/data/venv/lib/python3.12/site-packages/oslo_config/cfg.py:3242}}
Jun 19 21:41:42.393252 np0000003320 devstack@g-api.service[102075]: DEBUG glance.common.config [None req-f2b1a3e6-2d47-4f99-b3e3-d3b418e9adef None None] debug = True {{(pid=102075) log_opt_values /opt/stack/data/venv/lib/python3.12/site-packages/oslo_config/cfg.py:3242}}
Jun 19 21:41:42.393406 np0000003320 devstack@g-api.service[102075]: DEBUG glance.common.config [None req-f2b1a3e6-2d47-4f99-b3e3-d3b418e9adef None None] default_log_levels = ['amqp=WARN', 'boto=WARN', 'sqlalchemy=WARN', 'suds=INFO', 'oslo.messaging=INFO', 'oslo_messaging=INFO', 'iso8601=WARN', 'requests.packages.urllib3.connectionpool=WARN', 'urllib3.connectionpool=WARN', 'websocket=WARN', 'requests.packages.urllib3.util.retry=WARN', 'urllib3.util.retry=WARN', 'keystonemiddleware=WARN', 'routes.middleware=WARN', 'stevedore=WARN', 'taskflow=WARN', 'keystoneauth=WARN', 'oslo.cache=INFO', 'oslo_policy=INFO', 'dogpile.core.dogpile=INFO'] {{(pid=102075) log_opt_values /opt/stack/data/venv/lib/python3.12/site-packages/oslo_config/cfg.py:3242}}
Jun 19 21:41:42.393499 np0000003320 devstack@g-api.service[102075]: DEBUG glance.common.config [None req-f2b1a3e6-2d47-4f99-b3e3-d3b418e9adef None None] default_publisher_id = image.localhost {{(pid=102075) log_opt_values /opt/stack/data/venv/lib/python3.12/site-packages/oslo_config/cfg.py:3242}}
Jun 19 21:41:42.393590 np0000003320 devstack@g-api.service[102075]: DEBUG glance.common.config [None req-f2b1a3e6-2d47-4f99-b3e3-d3b418e9adef None None] delayed_delete = False {{(pid=102075) log_opt_values /opt/stack/data/venv/lib/python3.12/site-packages/oslo_config/cfg.py:3242}}
Jun 19 21:41:42.393682 np0000003320 devstack@g-api.service[102075]: DEBUG glance.common.config [None req-f2b1a3e6-2d47-4f99-b3e3-d3b418e9adef None None] digest_algorithm = sha256 {{(pid=102075) log_opt_values /opt/stack/data/venv/lib/python3.12/site-packages/oslo_config/cfg.py:3242}}
Jun 19 21:41:42.393772 np0000003320 devstack@g-api.service[102075]: DEBUG glance.common.config [None req-f2b1a3e6-2d47-4f99-b3e3-d3b418e9adef None None] disabled_notifications = [] {{(pid=102075) log_opt_values /opt/stack/data/venv/lib/python3.12/site-packages/oslo_config/cfg.py:3242}}
Jun 19 21:41:42.393863 np0000003320 devstack@g-api.service[102075]: DEBUG glance.common.config [None req-f2b1a3e6-2d47-4f99-b3e3-d3b418e9adef None None] do_secure_hash = True {{(pid=102075) log_opt_values /opt/stack/data/venv/lib/python3.12/site-packages/oslo_config/cfg.py:3242}}
Jun 19 21:41:42.393951 np0000003320 devstack@g-api.service[102075]: DEBUG glance.common.config [None req-f2b1a3e6-2d47-4f99-b3e3-d3b418e9adef None None] enabled_backends = None {{(pid=102075) log_opt_values /opt/stack/data/venv/lib/python3.12/site-packages/oslo_config/cfg.py:3242}}
Jun 19 21:41:42.394052 np0000003320 devstack@g-api.service[102074]: INFO glance.api.middleware.cache [None req-7673305f-2520-4373-8560-87aed99ddc52 None None] Initialized image cache middleware
Jun 19 21:41:42.394095 np0000003320 devstack@g-api.service[102075]: DEBUG glance.common.config [None req-f2b1a3e6-2d47-4f99-b3e3-d3b418e9adef None None] enabled_import_methods = ['glance-direct', 'web-download', 'copy-image'] {{(pid=102075) log_opt_values /opt/stack/data/venv/lib/python3.12/site-packages/oslo_config/cfg.py:3242}}
Jun 19 21:41:42.394171 np0000003320 devstack@g-api.service[102075]: DEBUG glance.common.config [None req-f2b1a3e6-2d47-4f99-b3e3-d3b418e9adef None None] fatal_deprecations = False {{(pid=102075) log_opt_values /opt/stack/data/venv/lib/python3.12/site-packages/oslo_config/cfg.py:3242}}
Jun 19 21:41:42.394275 np0000003320 devstack@g-api.service[102075]: DEBUG glance.common.config [None req-f2b1a3e6-2d47-4f99-b3e3-d3b418e9adef None None] hashing_algorithm = sha512 {{(pid=102075) log_opt_values /opt/stack/data/venv/lib/python3.12/site-packages/oslo_config/cfg.py:3242}}
Jun 19 21:41:42.394364 np0000003320 devstack@g-api.service[102075]: DEBUG glance.common.config [None req-f2b1a3e6-2d47-4f99-b3e3-d3b418e9adef None None] http_keepalive = True {{(pid=102075) log_opt_values /opt/stack/data/venv/lib/python3.12/site-packages/oslo_config/cfg.py:3242}}
Jun 19 21:41:42.394451 np0000003320 devstack@g-api.service[102075]: DEBUG glance.common.config [None req-f2b1a3e6-2d47-4f99-b3e3-d3b418e9adef None None] http_retries = 3 {{(pid=102075) log_opt_values /opt/stack/data/venv/lib/python3.12/site-packages/oslo_config/cfg.py:3242}}
Jun 19 21:41:42.394545 np0000003320 devstack@g-api.service[102075]: DEBUG glance.common.config [None req-f2b1a3e6-2d47-4f99-b3e3-d3b418e9adef None None] image_cache_dir = /opt/stack/data/glance/cache/ {{(pid=102075) log_opt_values /opt/stack/data/venv/lib/python3.12/site-packages/oslo_config/cfg.py:3242}}
Jun 19 21:41:42.394641 np0000003320 devstack@g-api.service[102075]: DEBUG glance.common.config [None req-f2b1a3e6-2d47-4f99-b3e3-d3b418e9adef None None] image_cache_driver = centralized_db {{(pid=102075) log_opt_values /opt/stack/data/venv/lib/python3.12/site-packages/oslo_config/cfg.py:3242}}
Jun 19 21:41:42.394728 np0000003320 devstack@g-api.service[102075]: DEBUG glance.common.config [None req-f2b1a3e6-2d47-4f99-b3e3-d3b418e9adef None None] image_cache_max_size = 10737418240 {{(pid=102075) log_opt_values /opt/stack/data/venv/lib/python3.12/site-packages/oslo_config/cfg.py:3242}}
Jun 19 21:41:42.394822 np0000003320 devstack@g-api.service[102075]: DEBUG glance.common.config [None req-f2b1a3e6-2d47-4f99-b3e3-d3b418e9adef None None] image_cache_sqlite_db = cache.db {{(pid=102075) log_opt_values /opt/stack/data/venv/lib/python3.12/site-packages/oslo_config/cfg.py:3242}}
Jun 19 21:41:42.394915 np0000003320 devstack@g-api.service[102075]: DEBUG glance.common.config [None req-f2b1a3e6-2d47-4f99-b3e3-d3b418e9adef None None] image_cache_stall_time = 86400 {{(pid=102075) log_opt_values /opt/stack/data/venv/lib/python3.12/site-packages/oslo_config/cfg.py:3242}}
Jun 19 21:41:42.395017 np0000003320 devstack@g-api.service[102075]: DEBUG glance.common.config [None req-f2b1a3e6-2d47-4f99-b3e3-d3b418e9adef None None] image_location_quota = 10 {{(pid=102075) log_opt_values /opt/stack/data/venv/lib/python3.12/site-packages/oslo_config/cfg.py:3242}}
Jun 19 21:41:42.395109 np0000003320 devstack@g-api.service[102075]: DEBUG glance.common.config [None req-f2b1a3e6-2d47-4f99-b3e3-d3b418e9adef None None] image_member_quota = 128 {{(pid=102075) log_opt_values /opt/stack/data/venv/lib/python3.12/site-packages/oslo_config/cfg.py:3242}}
Jun 19 21:41:42.395215 np0000003320 devstack@g-api.service[102075]: DEBUG glance.common.config [None req-f2b1a3e6-2d47-4f99-b3e3-d3b418e9adef None None] image_property_quota = 128 {{(pid=102075) log_opt_values /opt/stack/data/venv/lib/python3.12/site-packages/oslo_config/cfg.py:3242}}
Jun 19 21:41:42.395306 np0000003320 devstack@g-api.service[102075]: DEBUG glance.common.config [None req-f2b1a3e6-2d47-4f99-b3e3-d3b418e9adef None None] image_size_cap = 1099511627776 {{(pid=102075) log_opt_values /opt/stack/data/venv/lib/python3.12/site-packages/oslo_config/cfg.py:3242}}
Jun 19 21:41:42.395394 np0000003320 devstack@g-api.service[102075]: DEBUG glance.common.config [None req-f2b1a3e6-2d47-4f99-b3e3-d3b418e9adef None None] image_tag_quota = 128 {{(pid=102075) log_opt_values /opt/stack/data/venv/lib/python3.12/site-packages/oslo_config/cfg.py:3242}}
Jun 19 21:41:42.395487 np0000003320 devstack@g-api.service[102075]: DEBUG glance.common.config [None req-f2b1a3e6-2d47-4f99-b3e3-d3b418e9adef None None] instance_format = [instance: %(uuid)s] {{(pid=102075) log_opt_values /opt/stack/data/venv/lib/python3.12/site-packages/oslo_config/cfg.py:3242}}
Jun 19 21:41:42.395588 np0000003320 devstack@g-api.service[102075]: DEBUG glance.common.config [None req-f2b1a3e6-2d47-4f99-b3e3-d3b418e9adef None None] instance_uuid_format = [instance: %(uuid)s] {{(pid=102075) log_opt_values /opt/stack/data/venv/lib/python3.12/site-packages/oslo_config/cfg.py:3242}}
Jun 19 21:41:42.395675 np0000003320 devstack@g-api.service[102075]: DEBUG glance.common.config [None req-f2b1a3e6-2d47-4f99-b3e3-d3b418e9adef None None] limit_param_default = 25 {{(pid=102075) log_opt_values /opt/stack/data/venv/lib/python3.12/site-packages/oslo_config/cfg.py:3242}}
Jun 19 21:41:42.395772 np0000003320 devstack@g-api.service[102075]: DEBUG glance.common.config [None req-f2b1a3e6-2d47-4f99-b3e3-d3b418e9adef None None] log_color = False {{(pid=102075) log_opt_values /opt/stack/data/venv/lib/python3.12/site-packages/oslo_config/cfg.py:3242}}
Jun 19 21:41:42.395873 np0000003320 devstack@g-api.service[102075]: DEBUG glance.common.config [None req-f2b1a3e6-2d47-4f99-b3e3-d3b418e9adef None None] log_config_append = None {{(pid=102075) log_opt_values /opt/stack/data/venv/lib/python3.12/site-packages/oslo_config/cfg.py:3242}}
Jun 19 21:41:42.395967 np0000003320 devstack@g-api.service[102075]: DEBUG glance.common.config [None req-f2b1a3e6-2d47-4f99-b3e3-d3b418e9adef None None] log_date_format = %Y-%m-%d %H:%M:%S {{(pid=102075) log_opt_values /opt/stack/data/venv/lib/python3.12/site-packages/oslo_config/cfg.py:3242}}
Jun 19 21:41:42.396072 np0000003320 devstack@g-api.service[102075]: DEBUG glance.common.config [None req-f2b1a3e6-2d47-4f99-b3e3-d3b418e9adef None None] log_dir = None {{(pid=102075) log_opt_values /opt/stack/data/venv/lib/python3.12/site-packages/oslo_config/cfg.py:3242}}
Jun 19 21:41:42.396172 np0000003320 devstack@g-api.service[102075]: DEBUG glance.common.config [None req-f2b1a3e6-2d47-4f99-b3e3-d3b418e9adef None None] log_file = None {{(pid=102075) log_opt_values /opt/stack/data/venv/lib/python3.12/site-packages/oslo_config/cfg.py:3242}}
Jun 19 21:41:42.396267 np0000003320 devstack@g-api.service[102075]: DEBUG glance.common.config [None req-f2b1a3e6-2d47-4f99-b3e3-d3b418e9adef None None] log_rotate_interval = 1 {{(pid=102075) log_opt_values /opt/stack/data/venv/lib/python3.12/site-packages/oslo_config/cfg.py:3242}}
Jun 19 21:41:42.396362 np0000003320 devstack@g-api.service[102075]: DEBUG glance.common.config [None req-f2b1a3e6-2d47-4f99-b3e3-d3b418e9adef None None] log_rotate_interval_type = days {{(pid=102075) log_opt_values /opt/stack/data/venv/lib/python3.12/site-packages/oslo_config/cfg.py:3242}}
Jun 19 21:41:42.396460 np0000003320 devstack@g-api.service[102075]: DEBUG glance.common.config [None req-f2b1a3e6-2d47-4f99-b3e3-d3b418e9adef None None] log_rotation_type = none {{(pid=102075) log_opt_values /opt/stack/data/venv/lib/python3.12/site-packages/oslo_config/cfg.py:3242}}
Jun 19 21:41:42.396535 np0000003320 devstack@g-api.service[102075]: DEBUG glance.common.config [None req-f2b1a3e6-2d47-4f99-b3e3-d3b418e9adef None None] logging_context_format_string = %(color)s%(levelname)s %(name)s [%(global_request_id)s %(request_id)s %(project_name)s %(user_name)s%(color)s] %(instance)s%(color)s%(message)s {{(pid=102075) log_opt_values /opt/stack/data/venv/lib/python3.12/site-packages/oslo_config/cfg.py:3242}}
Jun 19 21:41:42.396599 np0000003320 devstack@g-api.service[102075]: DEBUG glance.common.config [None req-f2b1a3e6-2d47-4f99-b3e3-d3b418e9adef None None] logging_debug_format_suffix = {{(pid=%(process)d) %(funcName)s %(pathname)s:%(lineno)d}} {{(pid=102075) log_opt_values /opt/stack/data/venv/lib/python3.12/site-packages/oslo_config/cfg.py:3242}}
Jun 19 21:41:42.396694 np0000003320 devstack@g-api.service[102075]: DEBUG glance.common.config [None req-f2b1a3e6-2d47-4f99-b3e3-d3b418e9adef None None] logging_default_format_string = %(color)s%(levelname)s %(name)s [-%(color)s] %(instance)s%(color)s%(message)s {{(pid=102075) log_opt_values /opt/stack/data/venv/lib/python3.12/site-packages/oslo_config/cfg.py:3242}}
Jun 19 21:41:42.396787 np0000003320 devstack@g-api.service[102075]: DEBUG glance.common.config [None req-f2b1a3e6-2d47-4f99-b3e3-d3b418e9adef None None] logging_exception_prefix = ERROR %(name)s %(instance)s {{(pid=102075) log_opt_values /opt/stack/data/venv/lib/python3.12/site-packages/oslo_config/cfg.py:3242}}
Jun 19 21:41:42.396870 np0000003320 devstack@g-api.service[102075]: DEBUG glance.common.config [None req-f2b1a3e6-2d47-4f99-b3e3-d3b418e9adef None None] logging_user_identity_format = %(user)s %(project)s %(domain)s %(system_scope)s %(user_domain)s %(project_domain)s {{(pid=102075) log_opt_values /opt/stack/data/venv/lib/python3.12/site-packages/oslo_config/cfg.py:3242}}
Jun 19 21:41:42.397012 np0000003320 devstack@g-api.service[102075]: DEBUG glance.common.config [None req-f2b1a3e6-2d47-4f99-b3e3-d3b418e9adef None None] max_header_line = 16384 {{(pid=102075) log_opt_values /opt/stack/data/venv/lib/python3.12/site-packages/oslo_config/cfg.py:3242}}
Jun 19 21:41:42.397160 np0000003320 devstack@g-api.service[102075]: DEBUG glance.common.config [None req-f2b1a3e6-2d47-4f99-b3e3-d3b418e9adef None None] max_logfile_count = 30 {{(pid=102075) log_opt_values /opt/stack/data/venv/lib/python3.12/site-packages/oslo_config/cfg.py:3242}}
Jun 19 21:41:42.397310 np0000003320 devstack@g-api.service[102075]: DEBUG glance.common.config [None req-f2b1a3e6-2d47-4f99-b3e3-d3b418e9adef None None] max_logfile_size_mb = 200 {{(pid=102075) log_opt_values /opt/stack/data/venv/lib/python3.12/site-packages/oslo_config/cfg.py:3242}}
Jun 19 21:41:42.397454 np0000003320 devstack@g-api.service[102075]: DEBUG glance.common.config [None req-f2b1a3e6-2d47-4f99-b3e3-d3b418e9adef None None] max_request_id_length = 64 {{(pid=102075) log_opt_values /opt/stack/data/venv/lib/python3.12/site-packages/oslo_config/cfg.py:3242}}
Jun 19 21:41:42.397598 np0000003320 devstack@g-api.service[102075]: DEBUG glance.common.config [None req-f2b1a3e6-2d47-4f99-b3e3-d3b418e9adef None None] metadata_encryption_key = **** {{(pid=102075) log_opt_values /opt/stack/data/venv/lib/python3.12/site-packages/oslo_config/cfg.py:3242}}
Jun 19 21:41:42.397752 np0000003320 devstack@g-api.service[102075]: DEBUG glance.common.config [None req-f2b1a3e6-2d47-4f99-b3e3-d3b418e9adef None None] node_staging_uri = file:///tmp/staging/ {{(pid=102075) log_opt_values /opt/stack/data/venv/lib/python3.12/site-packages/oslo_config/cfg.py:3242}}
Jun 19 21:41:42.397891 np0000003320 devstack@g-api.service[102075]: DEBUG glance.common.config [None req-f2b1a3e6-2d47-4f99-b3e3-d3b418e9adef None None] property_protection_file = None {{(pid=102075) log_opt_values /opt/stack/data/venv/lib/python3.12/site-packages/oslo_config/cfg.py:3242}}
Jun 19 21:41:42.398024 np0000003320 devstack@g-api.service[102075]: DEBUG glance.common.config [None req-f2b1a3e6-2d47-4f99-b3e3-d3b418e9adef None None] property_protection_rule_format = roles {{(pid=102075) log_opt_values /opt/stack/data/venv/lib/python3.12/site-packages/oslo_config/cfg.py:3242}}
Jun 19 21:41:42.398160 np0000003320 devstack@g-api.service[102075]: DEBUG glance.common.config [None req-f2b1a3e6-2d47-4f99-b3e3-d3b418e9adef None None] public_endpoint = https://10.4.3.35/image {{(pid=102075) log_opt_values /opt/stack/data/venv/lib/python3.12/site-packages/oslo_config/cfg.py:3242}}
Jun 19 21:41:42.398318 np0000003320 devstack@g-api.service[102075]: DEBUG glance.common.config [None req-f2b1a3e6-2d47-4f99-b3e3-d3b418e9adef None None] publish_errors = False {{(pid=102075) log_opt_values /opt/stack/data/venv/lib/python3.12/site-packages/oslo_config/cfg.py:3242}}
Jun 19 21:41:42.398456 np0000003320 devstack@g-api.service[102075]: DEBUG glance.common.config [None req-f2b1a3e6-2d47-4f99-b3e3-d3b418e9adef None None] pydev_worker_debug_host = None {{(pid=102075) log_opt_values /opt/stack/data/venv/lib/python3.12/site-packages/oslo_config/cfg.py:3242}}
Jun 19 21:41:42.398611 np0000003320 devstack@g-api.service[102075]: DEBUG glance.common.config [None req-f2b1a3e6-2d47-4f99-b3e3-d3b418e9adef None None] pydev_worker_debug_port = 5678 {{(pid=102075) log_opt_values /opt/stack/data/venv/lib/python3.12/site-packages/oslo_config/cfg.py:3242}}
Jun 19 21:41:42.398753 np0000003320 devstack@g-api.service[102075]: DEBUG glance.common.config [None req-f2b1a3e6-2d47-4f99-b3e3-d3b418e9adef None None] rate_limit_burst = 0 {{(pid=102075) log_opt_values /opt/stack/data/venv/lib/python3.12/site-packages/oslo_config/cfg.py:3242}}
Jun 19 21:41:42.398869 np0000003320 devstack@g-api.service[102075]: DEBUG glance.common.config [None req-f2b1a3e6-2d47-4f99-b3e3-d3b418e9adef None None] rate_limit_except_level = CRITICAL {{(pid=102075) log_opt_values /opt/stack/data/venv/lib/python3.12/site-packages/oslo_config/cfg.py:3242}}
Jun 19 21:41:42.398970 np0000003320 devstack@g-api.service[102075]: DEBUG glance.common.config [None req-f2b1a3e6-2d47-4f99-b3e3-d3b418e9adef None None] rate_limit_interval = 0 {{(pid=102075) log_opt_values /opt/stack/data/venv/lib/python3.12/site-packages/oslo_config/cfg.py:3242}}
Jun 19 21:41:42.399084 np0000003320 devstack@g-api.service[102075]: DEBUG glance.common.config [None req-f2b1a3e6-2d47-4f99-b3e3-d3b418e9adef None None] scrub_pool_size = 1 {{(pid=102075) log_opt_values /opt/stack/data/venv/lib/python3.12/site-packages/oslo_config/cfg.py:3242}}
Jun 19 21:41:42.399208 np0000003320 devstack@g-api.service[102075]: DEBUG glance.common.config [None req-f2b1a3e6-2d47-4f99-b3e3-d3b418e9adef None None] scrub_time = 0 {{(pid=102075) log_opt_values /opt/stack/data/venv/lib/python3.12/site-packages/oslo_config/cfg.py:3242}}
Jun 19 21:41:42.399307 np0000003320 devstack@g-api.service[102075]: DEBUG glance.common.config [None req-f2b1a3e6-2d47-4f99-b3e3-d3b418e9adef None None] shell_completion = None {{(pid=102075) log_opt_values /opt/stack/data/venv/lib/python3.12/site-packages/oslo_config/cfg.py:3242}}
Jun 19 21:41:42.399415 np0000003320 devstack@g-api.service[102075]: DEBUG glance.common.config [None req-f2b1a3e6-2d47-4f99-b3e3-d3b418e9adef None None] show_image_direct_url = False {{(pid=102075) log_opt_values /opt/stack/data/venv/lib/python3.12/site-packages/oslo_config/cfg.py:3242}}
Jun 19 21:41:42.399647 np0000003320 devstack@g-api.service[102075]: WARNING oslo_config.cfg [None req-f2b1a3e6-2d47-4f99-b3e3-d3b418e9adef None None] Deprecated: Option "show_multiple_locations" from group "DEFAULT" is deprecated for removal (Use of this option, deprecated since Newton, is a security risk and will be removed once we figure out a way to satisfy those use cases that currently require it. An earlier announcement that the same functionality can be achieved with greater granularity by using policies is incorrect. You cannot work around this option via policy configuration at the present time, though that is the direction we believe the fix will take. Please keep an eye on the Glance release notes to stay up to date on progress in addressing this issue.). Its value may be silently ignored in the future.
Jun 19 21:41:42.399759 np0000003320 devstack@g-api.service[102075]: DEBUG glance.common.config [None req-f2b1a3e6-2d47-4f99-b3e3-d3b418e9adef None None] show_multiple_locations = False {{(pid=102075) log_opt_values /opt/stack/data/venv/lib/python3.12/site-packages/oslo_config/cfg.py:3242}}
Jun 19 21:41:42.399873 np0000003320 devstack@g-api.service[102075]: DEBUG glance.common.config [None req-f2b1a3e6-2d47-4f99-b3e3-d3b418e9adef None None] syslog_log_facility = LOG_USER {{(pid=102075) log_opt_values /opt/stack/data/venv/lib/python3.12/site-packages/oslo_config/cfg.py:3242}}
Jun 19 21:41:42.399970 np0000003320 devstack@g-api.service[102075]: DEBUG glance.common.config [None req-f2b1a3e6-2d47-4f99-b3e3-d3b418e9adef None None] tcp_keepidle = 600 {{(pid=102075) log_opt_values /opt/stack/data/venv/lib/python3.12/site-packages/oslo_config/cfg.py:3242}}
Jun 19 21:41:42.400089 np0000003320 devstack@g-api.service[102075]: DEBUG glance.common.config [None req-f2b1a3e6-2d47-4f99-b3e3-d3b418e9adef None None] transport_url = **** {{(pid=102075) log_opt_values /opt/stack/data/venv/lib/python3.12/site-packages/oslo_config/cfg.py:3242}}
Jun 19 21:41:42.400218 np0000003320 devstack@g-api.service[102075]: DEBUG glance.common.config [None req-f2b1a3e6-2d47-4f99-b3e3-d3b418e9adef None None] use_journal = False {{(pid=102075) log_opt_values /opt/stack/data/venv/lib/python3.12/site-packages/oslo_config/cfg.py:3242}}
Jun 19 21:41:42.400322 np0000003320 devstack@g-api.service[102075]: DEBUG glance.common.config [None req-f2b1a3e6-2d47-4f99-b3e3-d3b418e9adef None None] use_json = False {{(pid=102075) log_opt_values /opt/stack/data/venv/lib/python3.12/site-packages/oslo_config/cfg.py:3242}}
Jun 19 21:41:42.400436 np0000003320 devstack@g-api.service[102075]: DEBUG glance.common.config [None req-f2b1a3e6-2d47-4f99-b3e3-d3b418e9adef None None] use_keystone_limits = True {{(pid=102075) log_opt_values /opt/stack/data/venv/lib/python3.12/site-packages/oslo_config/cfg.py:3242}}
Jun 19 21:41:42.400537 np0000003320 devstack@g-api.service[102075]: DEBUG glance.common.config [None req-f2b1a3e6-2d47-4f99-b3e3-d3b418e9adef None None] use_stderr = False {{(pid=102075) log_opt_values /opt/stack/data/venv/lib/python3.12/site-packages/oslo_config/cfg.py:3242}}
Jun 19 21:41:42.400639 np0000003320 devstack@g-api.service[102075]: DEBUG glance.common.config [None req-f2b1a3e6-2d47-4f99-b3e3-d3b418e9adef None None] use_syslog = False {{(pid=102075) log_opt_values /opt/stack/data/venv/lib/python3.12/site-packages/oslo_config/cfg.py:3242}}
Jun 19 21:41:42.400745 np0000003320 devstack@g-api.service[102075]: DEBUG glance.common.config [None req-f2b1a3e6-2d47-4f99-b3e3-d3b418e9adef None None] user_storage_quota = 0 {{(pid=102075) log_opt_values /opt/stack/data/venv/lib/python3.12/site-packages/oslo_config/cfg.py:3242}}
Jun 19 21:41:42.400855 np0000003320 devstack@g-api.service[102075]: DEBUG glance.common.config [None req-f2b1a3e6-2d47-4f99-b3e3-d3b418e9adef None None] worker_self_reference_url = http://127.0.0.1:60999 {{(pid=102075) log_opt_values /opt/stack/data/venv/lib/python3.12/site-packages/oslo_config/cfg.py:3242}}
Jun 19 21:41:42.400947 np0000003320 devstack@g-api.service[102075]: DEBUG glance.common.config [None req-f2b1a3e6-2d47-4f99-b3e3-d3b418e9adef None None] workers = None {{(pid=102075) log_opt_values /opt/stack/data/venv/lib/python3.12/site-packages/oslo_config/cfg.py:3242}}
Jun 19 21:41:42.401075 np0000003320 devstack@g-api.service[102075]: DEBUG glance.common.config [None req-f2b1a3e6-2d47-4f99-b3e3-d3b418e9adef None None] oslo_concurrency.disable_process_locking = False {{(pid=102075) log_opt_values /opt/stack/data/venv/lib/python3.12/site-packages/oslo_config/cfg.py:3253}}
Jun 19 21:41:42.401208 np0000003320 devstack@g-api.service[102075]: DEBUG glance.common.config [None req-f2b1a3e6-2d47-4f99-b3e3-d3b418e9adef None None] oslo_concurrency.lock_path = /opt/stack/data/glance/locks {{(pid=102075) log_opt_values /opt/stack/data/venv/lib/python3.12/site-packages/oslo_config/cfg.py:3253}}
Jun 19 21:41:42.401327 np0000003320 devstack@g-api.service[102075]: DEBUG glance.common.config [None req-f2b1a3e6-2d47-4f99-b3e3-d3b418e9adef None None] oslo_middleware.enable_proxy_headers_parsing = False {{(pid=102075) log_opt_values /opt/stack/data/venv/lib/python3.12/site-packages/oslo_config/cfg.py:3253}}
Jun 19 21:41:42.401487 np0000003320 devstack@g-api.service[102075]: DEBUG glance.common.config [None req-f2b1a3e6-2d47-4f99-b3e3-d3b418e9adef None None] oslo_middleware.http_basic_auth_user_file = /etc/htpasswd {{(pid=102075) log_opt_values /opt/stack/data/venv/lib/python3.12/site-packages/oslo_config/cfg.py:3253}}
Jun 19 21:41:42.401640 np0000003320 devstack@g-api.service[102075]: DEBUG glance.common.config [None req-f2b1a3e6-2d47-4f99-b3e3-d3b418e9adef None None] paste_deploy.config_file = None {{(pid=102075) log_opt_values /opt/stack/data/venv/lib/python3.12/site-packages/oslo_config/cfg.py:3253}}
Jun 19 21:41:42.401687 np0000003320 devstack@g-api.service[102073]: DEBUG glance.common.config [None req-ac7d7960-481a-444b-9c23-3419e53af7af None None] ******************************************************************************** {{(pid=102073) log_opt_values /opt/stack/data/venv/lib/python3.12/site-packages/oslo_config/cfg.py:3226}}
Jun 19 21:41:42.401726 np0000003320 devstack@g-api.service[102073]: DEBUG glance.common.config [None req-ac7d7960-481a-444b-9c23-3419e53af7af None None] Configuration options gathered from: {{(pid=102073) log_opt_values /opt/stack/data/venv/lib/python3.12/site-packages/oslo_config/cfg.py:3227}}
Jun 19 21:41:42.401794 np0000003320 devstack@g-api.service[102075]: DEBUG glance.common.config [None req-f2b1a3e6-2d47-4f99-b3e3-d3b418e9adef None None] paste_deploy.flavor = keystone+cachemanagement {{(pid=102075) log_opt_values /opt/stack/data/venv/lib/python3.12/site-packages/oslo_config/cfg.py:3253}}
Jun 19 21:41:42.402003 np0000003320 devstack@g-api.service[102073]: DEBUG glance.common.config [None req-ac7d7960-481a-444b-9c23-3419e53af7af None None] command line args: [] {{(pid=102073) log_opt_values /opt/stack/data/venv/lib/python3.12/site-packages/oslo_config/cfg.py:3228}}
Jun 19 21:41:42.402041 np0000003320 devstack@g-api.service[102075]: DEBUG glance.common.config [None req-f2b1a3e6-2d47-4f99-b3e3-d3b418e9adef None None] image_format.container_formats = ['ami', 'ari', 'aki', 'bare', 'ovf', 'ova', 'docker', 'compressed'] {{(pid=102075) log_opt_values /opt/stack/data/venv/lib/python3.12/site-packages/oslo_config/cfg.py:3253}}
Jun 19 21:41:42.402138 np0000003320 devstack@g-api.service[102073]: DEBUG glance.common.config [None req-ac7d7960-481a-444b-9c23-3419e53af7af None None] config files: ['/etc/glance/glance-image-import.conf', '/etc/glance/glance-api.conf'] {{(pid=102073) log_opt_values /opt/stack/data/venv/lib/python3.12/site-packages/oslo_config/cfg.py:3229}}
Jun 19 21:41:42.402231 np0000003320 devstack@g-api.service[102073]: DEBUG glance.common.config [None req-ac7d7960-481a-444b-9c23-3419e53af7af None None] ================================================================================ {{(pid=102073) log_opt_values /opt/stack/data/venv/lib/python3.12/site-packages/oslo_config/cfg.py:3234}}
