Jun 19 21:41:19.522901 np0000003320 nova-scheduler[95764]: DEBUG cotyledon.oslo_config_glue [-] oslo_limit.certfile = None {{(pid=95764) log_opt_values /opt/stack/data/venv/lib/python3.12/site-packages/oslo_config/cfg.py:3253}}
Jun 19 21:41:19.522901 np0000003320 nova-scheduler[95764]: DEBUG cotyledon.oslo_config_glue [-] oslo_limit.collect_timing = False {{(pid=95764) log_opt_values /opt/stack/data/venv/lib/python3.12/site-packages/oslo_config/cfg.py:3253}}
Jun 19 21:41:19.522901 np0000003320 nova-scheduler[95764]: DEBUG cotyledon.oslo_config_glue [-] oslo_limit.connect_retries = None {{(pid=95764) log_opt_values /opt/stack/data/venv/lib/python3.12/site-packages/oslo_config/cfg.py:3253}}
Jun 19 21:41:19.522901 np0000003320 nova-scheduler[95764]: DEBUG cotyledon.oslo_config_glue [-] oslo_limit.connect_retry_delay = None {{(pid=95764) log_opt_values /opt/stack/data/venv/lib/python3.12/site-packages/oslo_config/cfg.py:3253}}
Jun 19 21:41:19.523075 np0000003320 nova-scheduler[95764]: DEBUG cotyledon.oslo_config_glue [-] oslo_limit.endpoint_id = None {{(pid=95764) log_opt_values /opt/stack/data/venv/lib/python3.12/site-packages/oslo_config/cfg.py:3253}}
Jun 19 21:41:19.523075 np0000003320 nova-scheduler[95764]: DEBUG cotyledon.oslo_config_glue [-] oslo_limit.endpoint_interface = public {{(pid=95764) log_opt_values /opt/stack/data/venv/lib/python3.12/site-packages/oslo_config/cfg.py:3253}}
Jun 19 21:41:19.523075 np0000003320 nova-scheduler[95764]: DEBUG cotyledon.oslo_config_glue [-] oslo_limit.endpoint_override = None {{(pid=95764) log_opt_values /opt/stack/data/venv/lib/python3.12/site-packages/oslo_config/cfg.py:3253}}
Jun 19 21:41:19.523075 np0000003320 nova-scheduler[95764]: DEBUG cotyledon.oslo_config_glue [-] oslo_limit.endpoint_region_name = None {{(pid=95764) log_opt_values /opt/stack/data/venv/lib/python3.12/site-packages/oslo_config/cfg.py:3253}}
Jun 19 21:41:19.523075 np0000003320 nova-scheduler[95764]: DEBUG cotyledon.oslo_config_glue [-] oslo_limit.endpoint_service_name = None {{(pid=95764) log_opt_values /opt/stack/data/venv/lib/python3.12/site-packages/oslo_config/cfg.py:3253}}
Jun 19 21:41:19.523075 np0000003320 nova-scheduler[95764]: DEBUG cotyledon.oslo_config_glue [-] oslo_limit.endpoint_service_type = None {{(pid=95764) log_opt_values /opt/stack/data/venv/lib/python3.12/site-packages/oslo_config/cfg.py:3253}}
Jun 19 21:41:19.523075 np0000003320 nova-scheduler[95764]: DEBUG cotyledon.oslo_config_glue [-] oslo_limit.insecure = False {{(pid=95764) log_opt_values /opt/stack/data/venv/lib/python3.12/site-packages/oslo_config/cfg.py:3253}}
Jun 19 21:41:19.523075 np0000003320 nova-scheduler[95764]: DEBUG cotyledon.oslo_config_glue [-] oslo_limit.keyfile = None {{(pid=95764) log_opt_values /opt/stack/data/venv/lib/python3.12/site-packages/oslo_config/cfg.py:3253}}
Jun 19 21:41:19.523075 np0000003320 nova-scheduler[95764]: DEBUG cotyledon.oslo_config_glue [-] oslo_limit.max_version = None {{(pid=95764) log_opt_values /opt/stack/data/venv/lib/python3.12/site-packages/oslo_config/cfg.py:3253}}
Jun 19 21:41:19.523264 np0000003320 nova-scheduler[95764]: DEBUG cotyledon.oslo_config_glue [-] oslo_limit.min_version = None {{(pid=95764) log_opt_values /opt/stack/data/venv/lib/python3.12/site-packages/oslo_config/cfg.py:3253}}
Jun 19 21:41:19.523264 np0000003320 nova-scheduler[95764]: DEBUG cotyledon.oslo_config_glue [-] oslo_limit.region_name = None {{(pid=95764) log_opt_values /opt/stack/data/venv/lib/python3.12/site-packages/oslo_config/cfg.py:3253}}
Jun 19 21:41:19.523264 np0000003320 nova-scheduler[95764]: DEBUG cotyledon.oslo_config_glue [-] oslo_limit.retriable_status_codes = None {{(pid=95764) log_opt_values /opt/stack/data/venv/lib/python3.12/site-packages/oslo_config/cfg.py:3253}}
Jun 19 21:41:19.523264 np0000003320 nova-scheduler[95764]: DEBUG cotyledon.oslo_config_glue [-] oslo_limit.service_name = None {{(pid=95764) log_opt_values /opt/stack/data/venv/lib/python3.12/site-packages/oslo_config/cfg.py:3253}}
Jun 19 21:41:19.523264 np0000003320 nova-scheduler[95764]: DEBUG cotyledon.oslo_config_glue [-] oslo_limit.service_type = None {{(pid=95764) log_opt_values /opt/stack/data/venv/lib/python3.12/site-packages/oslo_config/cfg.py:3253}}
Jun 19 21:41:19.523264 np0000003320 nova-scheduler[95764]: DEBUG cotyledon.oslo_config_glue [-] oslo_limit.split_loggers = False {{(pid=95764) log_opt_values /opt/stack/data/venv/lib/python3.12/site-packages/oslo_config/cfg.py:3253}}
Jun 19 21:41:19.523264 np0000003320 nova-scheduler[95764]: DEBUG cotyledon.oslo_config_glue [-] oslo_limit.status_code_retries = None {{(pid=95764) log_opt_values /opt/stack/data/venv/lib/python3.12/site-packages/oslo_config/cfg.py:3253}}
Jun 19 21:41:19.523264 np0000003320 nova-scheduler[95764]: DEBUG cotyledon.oslo_config_glue [-] oslo_limit.status_code_retry_delay = None {{(pid=95764) log_opt_values /opt/stack/data/venv/lib/python3.12/site-packages/oslo_config/cfg.py:3253}}
Jun 19 21:41:19.523264 np0000003320 nova-scheduler[95764]: DEBUG cotyledon.oslo_config_glue [-] oslo_limit.timeout = None {{(pid=95764) log_opt_values /opt/stack/data/venv/lib/python3.12/site-packages/oslo_config/cfg.py:3253}}
Jun 19 21:41:19.523432 np0000003320 nova-scheduler[95764]: DEBUG cotyledon.oslo_config_glue [-] oslo_limit.valid_interfaces = None {{(pid=95764) log_opt_values /opt/stack/data/venv/lib/python3.12/site-packages/oslo_config/cfg.py:3253}}
Jun 19 21:41:19.523432 np0000003320 nova-scheduler[95764]: DEBUG cotyledon.oslo_config_glue [-] oslo_limit.version = None {{(pid=95764) log_opt_values /opt/stack/data/venv/lib/python3.12/site-packages/oslo_config/cfg.py:3253}}
Jun 19 21:41:19.523432 np0000003320 nova-scheduler[95764]: DEBUG cotyledon.oslo_config_glue [-] oslo_reports.file_event_handler = None {{(pid=95764) log_opt_values /opt/stack/data/venv/lib/python3.12/site-packages/oslo_config/cfg.py:3253}}
Jun 19 21:41:19.523432 np0000003320 nova-scheduler[95764]: DEBUG cotyledon.oslo_config_glue [-] oslo_reports.file_event_handler_interval = 1 {{(pid=95764) log_opt_values /opt/stack/data/venv/lib/python3.12/site-packages/oslo_config/cfg.py:3253}}
Jun 19 21:41:19.523432 np0000003320 nova-scheduler[95764]: DEBUG cotyledon.oslo_config_glue [-] oslo_reports.log_dir = None {{(pid=95764) log_opt_values /opt/stack/data/venv/lib/python3.12/site-packages/oslo_config/cfg.py:3253}}
Jun 19 21:41:19.523432 np0000003320 nova-scheduler[95764]: DEBUG cotyledon.oslo_config_glue [-] ******************************************************************************** {{(pid=95764) log_opt_values /opt/stack/data/venv/lib/python3.12/site-packages/oslo_config/cfg.py:3260}}
Jun 19 21:41:19.523432 np0000003320 nova-scheduler[95764]: DEBUG cotyledon._service_worker [-] Run service ServiceWrapper(2) [95764] {{(pid=95764) wait_forever /opt/stack/data/venv/lib/python3.12/site-packages/cotyledon/_service_worker.py:218}}
Jun 19 21:41:19.523432 np0000003320 nova-scheduler[95764]: INFO nova.service [-] Starting scheduler node (version 33.1.0)
Jun 19 21:41:19.523432 np0000003320 nova-scheduler[95764]: INFO dbcounter [None req-11daec71-c7b7-4b0d-8242-cb0bafa338a1 None None] Registered counter for database nova_cell0
Jun 19 21:41:19.523595 np0000003320 nova-scheduler[95760]: DEBUG oslo_db.sqlalchemy.engines [None req-6f235b26-8957-4225-ae3c-32751fd3da81 None None] MySQL server mode set to STRICT_TRANS_TABLES,STRICT_ALL_TABLES,NO_ZERO_IN_DATE,NO_ZERO_DATE,ERROR_FOR_DIVISION_BY_ZERO,TRADITIONAL,NO_ENGINE_SUBSTITUTION {{(pid=95760) _check_effective_sql_mode /opt/stack/data/venv/lib/python3.12/site-packages/oslo_db/sqlalchemy/engines.py:325}}
Jun 19 21:41:19.523625 np0000003320 nova-scheduler[95762]: DEBUG oslo_db.sqlalchemy.engines [None req-91be9aac-f688-492b-9397-7e3f1e361a71 None None] MySQL server mode set to STRICT_TRANS_TABLES,STRICT_ALL_TABLES,NO_ZERO_IN_DATE,NO_ZERO_DATE,ERROR_FOR_DIVISION_BY_ZERO,TRADITIONAL,NO_ENGINE_SUBSTITUTION {{(pid=95762) _check_effective_sql_mode /opt/stack/data/venv/lib/python3.12/site-packages/oslo_db/sqlalchemy/engines.py:325}}
Jun 19 21:41:19.524013 np0000003320 nova-scheduler[95764]: DEBUG oslo_db.sqlalchemy.engines [None req-11daec71-c7b7-4b0d-8242-cb0bafa338a1 None None] MySQL server mode set to STRICT_TRANS_TABLES,STRICT_ALL_TABLES,NO_ZERO_IN_DATE,NO_ZERO_DATE,ERROR_FOR_DIVISION_BY_ZERO,TRADITIONAL,NO_ENGINE_SUBSTITUTION {{(pid=95764) _check_effective_sql_mode /opt/stack/data/venv/lib/python3.12/site-packages/oslo_db/sqlalchemy/engines.py:325}}
Jun 19 21:41:19.524593 np0000003320 nova-scheduler[95760]: DEBUG dbcounter [-] [95760] Writer thread running {{(pid=95760) stat_writer /opt/stack/data/venv/lib/python3.12/site-packages/dbcounter.py:102}}
Jun 19 21:41:19.530963 np0000003320 nova-scheduler[95762]: DEBUG dbcounter [-] [95762] Writer thread running {{(pid=95762) stat_writer /opt/stack/data/venv/lib/python3.12/site-packages/dbcounter.py:102}}
Jun 19 21:41:19.533341 np0000003320 nova-scheduler[95764]: DEBUG dbcounter [-] [95764] Writer thread running {{(pid=95764) stat_writer /opt/stack/data/venv/lib/python3.12/site-packages/dbcounter.py:102}}
Jun 19 21:41:19.546410 np0000003320 nova-scheduler[95760]: DEBUG nova.service [None req-6f235b26-8957-4225-ae3c-32751fd3da81 None None] Creating RPC server for service: nova-scheduler on topic: scheduler {{(pid=95760) start /opt/stack/nova/nova/service.py:196}}
Jun 19 21:41:19.550636 np0000003320 nova-scheduler[95762]: DEBUG nova.service [None req-91be9aac-f688-492b-9397-7e3f1e361a71 None None] Creating RPC server for service: nova-scheduler on topic: scheduler {{(pid=95762) start /opt/stack/nova/nova/service.py:196}}
Jun 19 21:41:19.551261 np0000003320 nova-scheduler[95764]: DEBUG nova.service [None req-11daec71-c7b7-4b0d-8242-cb0bafa338a1 None None] Creating RPC server for service: nova-scheduler on topic: scheduler {{(pid=95764) start /opt/stack/nova/nova/service.py:196}}
Jun 19 21:41:19.576103 np0000003320 nova-scheduler[95762]: DEBUG nova.service [None req-91be9aac-f688-492b-9397-7e3f1e361a71 None None] Join ServiceGroup membership for this service scheduler {{(pid=95762) start /opt/stack/nova/nova/service.py:222}}
Jun 19 21:41:19.576275 np0000003320 nova-scheduler[95762]: DEBUG nova.servicegroup.drivers.db [None req-91be9aac-f688-492b-9397-7e3f1e361a71 None None] DB_Driver: join new ServiceGroup member np0000003320 to the scheduler group, service = {{(pid=95762) join /opt/stack/nova/nova/servicegroup/drivers/db.py:44}}
Jun 19 21:41:19.581202 np0000003320 nova-scheduler[95760]: DEBUG nova.service [None req-6f235b26-8957-4225-ae3c-32751fd3da81 None None] Join ServiceGroup membership for this service scheduler {{(pid=95760) start /opt/stack/nova/nova/service.py:222}}
Jun 19 21:41:19.581564 np0000003320 nova-scheduler[95760]: DEBUG nova.servicegroup.drivers.db [None req-6f235b26-8957-4225-ae3c-32751fd3da81 None None] DB_Driver: join new ServiceGroup member np0000003320 to the scheduler group, service = {{(pid=95760) join /opt/stack/nova/nova/servicegroup/drivers/db.py:44}}
Jun 19 21:41:19.588561 np0000003320 nova-scheduler[95764]: DEBUG nova.service [None req-11daec71-c7b7-4b0d-8242-cb0bafa338a1 None None] Join ServiceGroup membership for this service scheduler {{(pid=95764) start /opt/stack/nova/nova/service.py:222}}
Jun 19 21:41:19.588759 np0000003320 nova-scheduler[95764]: DEBUG nova.servicegroup.drivers.db [None req-11daec71-c7b7-4b0d-8242-cb0bafa338a1 None None] DB_Driver: join new ServiceGroup member np0000003320 to the scheduler group, service = {{(pid=95764) join /opt/stack/nova/nova/servicegroup/drivers/db.py:44}}
Jun 19 21:41:20.582368 np0000003320 nova-scheduler[95762]: DEBUG oslo.service.backend._threading.loopingcall [None req-426b563c-5670-4c1c-9fd3-7cb043f8387f None None] Dynamic interval looping call 'nova.service.Service.periodic_tasks' sleeping for 60.00 seconds {{(pid=95762) _run_loop /opt/stack/data/venv/lib/python3.12/site-packages/oslo_service/backend/_threading/loopingcall.py:125}}
Jun 19 21:41:24.598501 np0000003320 nova-scheduler[95762]: DEBUG oslo.service.backend._threading.loopingcall [-] Fixed interval looping call 'nova.servicegroup.drivers.db.DbDriver._report_state' sleeping for 119.98 seconds {{(pid=95762) _run_loop /opt/stack/data/venv/lib/python3.12/site-packages/oslo_service/backend/_threading/loopingcall.py:125}}
Jun 19 21:41:24.598831 np0000003320 nova-scheduler[95760]: DEBUG oslo.service.backend._threading.loopingcall [-] Fixed interval looping call 'nova.servicegroup.drivers.db.DbDriver._report_state' sleeping for 119.99 seconds {{(pid=95760) _run_loop /opt/stack/data/venv/lib/python3.12/site-packages/oslo_service/backend/_threading/loopingcall.py:125}}
Jun 19 21:41:24.607764 np0000003320 nova-scheduler[95764]: DEBUG oslo.service.backend._threading.loopingcall [-] Fixed interval looping call 'nova.servicegroup.drivers.db.DbDriver._report_state' sleeping for 119.98 seconds {{(pid=95764) _run_loop /opt/stack/data/venv/lib/python3.12/site-packages/oslo_service/backend/_threading/loopingcall.py:125}}
Jun 19 21:41:28.142629 np0000003320 nova-scheduler[94547]: DEBUG dbcounter [-] [94547] Writing DB stats nova_api:SELECT=3 {{(pid=94547) stat_writer /opt/stack/data/venv/lib/python3.12/site-packages/dbcounter.py:115}}
Jun 19 21:41:28.269405 np0000003320 nova-scheduler[94547]: DEBUG dbcounter [-] [94547] Writing DB stats nova_cell1:SELECT=1 {{(pid=94547) stat_writer /opt/stack/data/venv/lib/python3.12/site-packages/dbcounter.py:115}}
Jun 19 21:41:28.273391 np0000003320 nova-scheduler[94547]: DEBUG dbcounter [-] [94547] Writing DB stats nova_cell0:SELECT=1 {{(pid=94547) stat_writer /opt/stack/data/venv/lib/python3.12/site-packages/dbcounter.py:115}}
Jun 19 21:41:34.590591 np0000003320 nova-scheduler[95762]: DEBUG dbcounter [-] [95762] Writing DB stats nova_cell0:SELECT=5,nova_cell0:INSERT=1,nova_cell0:UPDATE=1 {{(pid=95762) stat_writer /opt/stack/data/venv/lib/python3.12/site-packages/dbcounter.py:115}}
Jun 19 21:41:34.592115 np0000003320 nova-scheduler[95760]: DEBUG dbcounter [-] [95760] Writing DB stats nova_cell0:SELECT=4,nova_cell0:INSERT=1,nova_cell0:UPDATE=1 {{(pid=95760) stat_writer /opt/stack/data/venv/lib/python3.12/site-packages/dbcounter.py:115}}
Jun 19 21:41:34.602664 np0000003320 nova-scheduler[95764]: DEBUG dbcounter [-] [95764] Writing DB stats nova_cell0:SELECT=5,nova_cell0:INSERT=1 {{(pid=95764) stat_writer /opt/stack/data/venv/lib/python3.12/site-packages/dbcounter.py:115}}
Jun 19 21:41:39.583562 np0000003320 nova-scheduler[95760]: DEBUG oslo.service.backend._threading.loopingcall [None req-ae1226ab-0b1f-4a5f-9037-3a5bfdef8376 None None] Dynamic interval looping call 'nova.service.Service.periodic_tasks' sleeping for 60.00 seconds {{(pid=95760) _run_loop /opt/stack/data/venv/lib/python3.12/site-packages/oslo_service/backend/_threading/loopingcall.py:125}}
Jun 19 21:42:01.590489 np0000003320 nova-scheduler[95764]: DEBUG oslo.service.backend._threading.loopingcall [None req-1770925d-f11f-4582-a890-cf5480758606 None None] Dynamic interval looping call 'nova.service.Service.periodic_tasks' sleeping for 60.00 seconds {{(pid=95764) _run_loop /opt/stack/data/venv/lib/python3.12/site-packages/oslo_service/backend/_threading/loopingcall.py:125}}
Jun 19 21:42:20.582962 np0000003320 nova-scheduler[95762]: DEBUG oslo.service.backend._threading.loopingcall [None req-426b563c-5670-4c1c-9fd3-7cb043f8387f None None] Dynamic interval looping call 'nova.service.Service.periodic_tasks' sleeping for 60.00 seconds {{(pid=95762) _run_loop /opt/stack/data/venv/lib/python3.12/site-packages/oslo_service/backend/_threading/loopingcall.py:125}}
Jun 19 21:42:39.584324 np0000003320 nova-scheduler[95760]: DEBUG oslo.service.backend._threading.loopingcall [None req-ae1226ab-0b1f-4a5f-9037-3a5bfdef8376 None None] Dynamic interval looping call 'nova.service.Service.periodic_tasks' sleeping for 60.00 seconds {{(pid=95760) _run_loop /opt/stack/data/venv/lib/python3.12/site-packages/oslo_service/backend/_threading/loopingcall.py:125}}
Jun 19 21:43:01.590935 np0000003320 nova-scheduler[95764]: DEBUG oslo.service.backend._threading.loopingcall [None req-1770925d-f11f-4582-a890-cf5480758606 None None] Dynamic interval looping call 'nova.service.Service.periodic_tasks' sleeping for 60.00 seconds {{(pid=95764) _run_loop /opt/stack/data/venv/lib/python3.12/site-packages/oslo_service/backend/_threading/loopingcall.py:125}}
Jun 19 21:43:20.583471 np0000003320 nova-scheduler[95762]: DEBUG oslo.service.backend._threading.loopingcall [None req-426b563c-5670-4c1c-9fd3-7cb043f8387f None None] Dynamic interval looping call 'nova.service.Service.periodic_tasks' sleeping for 60.00 seconds {{(pid=95762) _run_loop /opt/stack/data/venv/lib/python3.12/site-packages/oslo_service/backend/_threading/loopingcall.py:125}}
Jun 19 21:43:24.588110 np0000003320 nova-scheduler[95762]: DEBUG oslo.service.backend._threading.loopingcall [-] Fixed interval looping call 'nova.servicegroup.drivers.db.DbDriver._report_state' sleeping for 119.99 seconds {{(pid=95762) _run_loop /opt/stack/data/venv/lib/python3.12/site-packages/oslo_service/backend/_threading/loopingcall.py:125}}
Jun 19 21:43:24.592271 np0000003320 nova-scheduler[95764]: DEBUG oslo.service.backend._threading.loopingcall [-] Fixed interval looping call 'nova.servicegroup.drivers.db.DbDriver._report_state' sleeping for 120.00 seconds {{(pid=95764) _run_loop /opt/stack/data/venv/lib/python3.12/site-packages/oslo_service/backend/_threading/loopingcall.py:125}}
Jun 19 21:43:24.592756 np0000003320 nova-scheduler[95760]: DEBUG oslo.service.backend._threading.loopingcall [-] Fixed interval looping call 'nova.servicegroup.drivers.db.DbDriver._report_state' sleeping for 120.00 seconds {{(pid=95760) _run_loop /opt/stack/data/venv/lib/python3.12/site-packages/oslo_service/backend/_threading/loopingcall.py:125}}
Jun 19 21:43:34.582971 np0000003320 nova-scheduler[95762]: DEBUG dbcounter [-] [95762] Writing DB stats nova_cell0:SELECT=1,nova_cell0:UPDATE=1 {{(pid=95762) stat_writer /opt/stack/data/venv/lib/python3.12/site-packages/dbcounter.py:115}}
Jun 19 21:43:34.590489 np0000003320 nova-scheduler[95764]: DEBUG dbcounter [-] [95764] Writing DB stats nova_cell0:SELECT=1 {{(pid=95764) stat_writer /opt/stack/data/venv/lib/python3.12/site-packages/dbcounter.py:115}}
Jun 19 21:43:34.591011 np0000003320 nova-scheduler[95760]: DEBUG dbcounter [-] [95760] Writing DB stats nova_cell0:SELECT=1 {{(pid=95760) stat_writer /opt/stack/data/venv/lib/python3.12/site-packages/dbcounter.py:115}}
Jun 19 21:43:39.585025 np0000003320 nova-scheduler[95760]: DEBUG oslo.service.backend._threading.loopingcall [None req-ae1226ab-0b1f-4a5f-9037-3a5bfdef8376 None None] Dynamic interval looping call 'nova.service.Service.periodic_tasks' sleeping for 60.00 seconds {{(pid=95760) _run_loop /opt/stack/data/venv/lib/python3.12/site-packages/oslo_service/backend/_threading/loopingcall.py:125}}
Jun 19 21:44:01.591705 np0000003320 nova-scheduler[95764]: DEBUG oslo.service.backend._threading.loopingcall [None req-1770925d-f11f-4582-a890-cf5480758606 None None] Dynamic interval looping call 'nova.service.Service.periodic_tasks' sleeping for 60.00 seconds {{(pid=95764) _run_loop /opt/stack/data/venv/lib/python3.12/site-packages/oslo_service/backend/_threading/loopingcall.py:125}}
Jun 19 21:44:06.241058 np0000003320 nova-scheduler[95762]: DEBUG nova.scheduler.manager [None req-30067458-b7cd-455f-9c5e-5efc763afd36 tempest-ServerStableDeviceRescueTest-986123135 tempest-ServerStableDeviceRescueTest-986123135-project-member] Starting to schedule for instances: ['e5acb009-73ec-446f-a5a7-609d493c7a89'] {{(pid=95762) select_destinations /opt/stack/nova/nova/scheduler/manager.py:210}}
Jun 19 21:44:06.241058 np0000003320 nova-scheduler[95762]: DEBUG nova.scheduler.request_filter [None req-30067458-b7cd-455f-9c5e-5efc763afd36 tempest-ServerStableDeviceRescueTest-986123135 tempest-ServerStableDeviceRescueTest-986123135-project-member] compute_status_filter request filter added forbidden trait COMPUTE_STATUS_DISABLED {{(pid=95762) compute_status_filter /opt/stack/nova/nova/scheduler/request_filter.py:253}}
Jun 19 21:44:06.241058 np0000003320 nova-scheduler[95762]: DEBUG nova.scheduler.request_filter [None req-30067458-b7cd-455f-9c5e-5efc763afd36 tempest-ServerStableDeviceRescueTest-986123135 tempest-ServerStableDeviceRescueTest-986123135-project-member] Request filter 'compute_status_filter' took 0.0 seconds {{(pid=95762) wrapper /opt/stack/nova/nova/scheduler/request_filter.py:46}}
Jun 19 21:44:06.241058 np0000003320 nova-scheduler[95762]: DEBUG nova.scheduler.request_filter [None req-30067458-b7cd-455f-9c5e-5efc763afd36 tempest-ServerStableDeviceRescueTest-986123135 tempest-ServerStableDeviceRescueTest-986123135-project-member] Request filter 'accelerators_filter' took 0.0 seconds {{(pid=95762) wrapper /opt/stack/nova/nova/scheduler/request_filter.py:46}}
Jun 19 21:44:06.241058 np0000003320 nova-scheduler[95762]: DEBUG nova.scheduler.request_filter [None req-30067458-b7cd-455f-9c5e-5efc763afd36 tempest-ServerStableDeviceRescueTest-986123135 tempest-ServerStableDeviceRescueTest-986123135-project-member] Request filter 'packed_virtqueue_filter' took 0.0 seconds {{(pid=95762) wrapper /opt/stack/nova/nova/scheduler/request_filter.py:46}}
Jun 19 21:44:06.250076 np0000003320 nova-scheduler[95762]: DEBUG nova.scheduler.request_filter [None req-30067458-b7cd-455f-9c5e-5efc763afd36 tempest-ServerStableDeviceRescueTest-986123135 tempest-ServerStableDeviceRescueTest-986123135-project-member] Request filter 'remote_managed_ports_filter' took 0.0 seconds {{(pid=95762) wrapper /opt/stack/nova/nova/scheduler/request_filter.py:46}}
Jun 19 21:44:06.250076 np0000003320 nova-scheduler[95762]: DEBUG nova.scheduler.request_filter [None req-30067458-b7cd-455f-9c5e-5efc763afd36 tempest-ServerStableDeviceRescueTest-986123135 tempest-ServerStableDeviceRescueTest-986123135-project-member] ephemeral_encryption_filter skipped {{(pid=95762) ephemeral_encryption_filter /opt/stack/nova/nova/scheduler/request_filter.py:426}}
Jun 19 21:44:06.250076 np0000003320 nova-scheduler[95762]: DEBUG nova.scheduler.request_filter [None req-30067458-b7cd-455f-9c5e-5efc763afd36 tempest-ServerStableDeviceRescueTest-986123135 tempest-ServerStableDeviceRescueTest-986123135-project-member] virtio_sound_filter skipped {{(pid=95762) virtio_sound_filter /opt/stack/nova/nova/scheduler/request_filter.py:460}}
Jun 19 21:44:06.250076 np0000003320 nova-scheduler[95762]: DEBUG nova.scheduler.request_filter [None req-30067458-b7cd-455f-9c5e-5efc763afd36 tempest-ServerStableDeviceRescueTest-986123135 tempest-ServerStableDeviceRescueTest-986123135-project-member] tpm_secret_security_filter skipped {{(pid=95762) tpm_secret_security_filter /opt/stack/nova/nova/scheduler/request_filter.py:477}}
Jun 19 21:44:06.492564 np0000003320 nova-scheduler[95762]: INFO nova.utils [None req-30067458-b7cd-455f-9c5e-5efc763afd36 tempest-ServerStableDeviceRescueTest-986123135 tempest-ServerStableDeviceRescueTest-986123135-project-member] The cell worker thread pool ForkProcess-2.cell_worker is initialized
Jun 19 21:44:06.492949 np0000003320 nova-scheduler[95762]: DEBUG oslo_concurrency.lockutils [None req-30067458-b7cd-455f-9c5e-5efc763afd36 tempest-ServerStableDeviceRescueTest-986123135 tempest-ServerStableDeviceRescueTest-986123135-project-member] Acquiring lock "aecd7b56-2e33-4df3-83db-7eda99fd5f13" by "nova.context.set_target_cell..get_or_set_cached_cell_and_set_connections" {{(pid=95762) inner /opt/stack/data/venv/lib/python3.12/site-packages/oslo_concurrency/lockutils.py:511}}
Jun 19 21:44:06.493142 np0000003320 nova-scheduler[95762]: DEBUG oslo_concurrency.lockutils [None req-30067458-b7cd-455f-9c5e-5efc763afd36 tempest-ServerStableDeviceRescueTest-986123135 tempest-ServerStableDeviceRescueTest-986123135-project-member] Lock "aecd7b56-2e33-4df3-83db-7eda99fd5f13" acquired by "nova.context.set_target_cell..get_or_set_cached_cell_and_set_connections" :: waited 0.000s {{(pid=95762) inner /opt/stack/data/venv/lib/python3.12/site-packages/oslo_concurrency/lockutils.py:524}}
Jun 19 21:44:06.494783 np0000003320 nova-scheduler[95762]: DEBUG oslo_concurrency.lockutils [None req-30067458-b7cd-455f-9c5e-5efc763afd36 tempest-ServerStableDeviceRescueTest-986123135 tempest-ServerStableDeviceRescueTest-986123135-project-member] Lock "aecd7b56-2e33-4df3-83db-7eda99fd5f13" "released" by "nova.context.set_target_cell..get_or_set_cached_cell_and_set_connections" :: held 0.002s {{(pid=95762) inner /opt/stack/data/venv/lib/python3.12/site-packages/oslo_concurrency/lockutils.py:543}}
Jun 19 21:44:06.498053 np0000003320 nova-scheduler[95762]: INFO dbcounter [None req-30067458-b7cd-455f-9c5e-5efc763afd36 tempest-ServerStableDeviceRescueTest-986123135 tempest-ServerStableDeviceRescueTest-986123135-project-member] Registered counter for database nova_cell1
Jun 19 21:44:06.553296 np0000003320 nova-scheduler[95762]: DEBUG oslo_db.sqlalchemy.engines [None req-30067458-b7cd-455f-9c5e-5efc763afd36 tempest-ServerStableDeviceRescueTest-986123135 tempest-ServerStableDeviceRescueTest-986123135-project-member] MySQL server mode set to STRICT_TRANS_TABLES,STRICT_ALL_TABLES,NO_ZERO_IN_DATE,NO_ZERO_DATE,ERROR_FOR_DIVISION_BY_ZERO,TRADITIONAL,NO_ENGINE_SUBSTITUTION {{(pid=95762) _check_effective_sql_mode /opt/stack/data/venv/lib/python3.12/site-packages/oslo_db/sqlalchemy/engines.py:325}}
Jun 19 21:44:06.561204 np0000003320 nova-scheduler[95762]: DEBUG dbcounter [-] [95762] Writer thread running {{(pid=95762) stat_writer /opt/stack/data/venv/lib/python3.12/site-packages/dbcounter.py:102}}
Jun 19 21:44:06.577360 np0000003320 nova-scheduler[95762]: DEBUG oslo_db.sqlalchemy.engines [None req-30067458-b7cd-455f-9c5e-5efc763afd36 tempest-ServerStableDeviceRescueTest-986123135 tempest-ServerStableDeviceRescueTest-986123135-project-member] Parent process 94547 forked (95762) with an open database connection, which is being discarded and recreated. {{(pid=95762) checkout /opt/stack/data/venv/lib/python3.12/site-packages/oslo_db/sqlalchemy/engines.py:402}}
Jun 19 21:44:06.638108 np0000003320 nova-scheduler[95762]: DEBUG dbcounter [-] [95762] Writer thread running {{(pid=95762) stat_writer /opt/stack/data/venv/lib/python3.12/site-packages/dbcounter.py:102}}
Jun 19 21:44:06.643712 np0000003320 nova-scheduler[95762]: DEBUG oslo_concurrency.lockutils [None req-30067458-b7cd-455f-9c5e-5efc763afd36 tempest-ServerStableDeviceRescueTest-986123135 tempest-ServerStableDeviceRescueTest-986123135-project-member] Acquiring lock "aecd7b56-2e33-4df3-83db-7eda99fd5f13" by "nova.context.set_target_cell..get_or_set_cached_cell_and_set_connections" {{(pid=95762) inner /opt/stack/data/venv/lib/python3.12/site-packages/oslo_concurrency/lockutils.py:511}}
Jun 19 21:44:06.643927 np0000003320 nova-scheduler[95762]: DEBUG oslo_concurrency.lockutils [None req-30067458-b7cd-455f-9c5e-5efc763afd36 tempest-ServerStableDeviceRescueTest-986123135 tempest-ServerStableDeviceRescueTest-986123135-project-member] Lock "aecd7b56-2e33-4df3-83db-7eda99fd5f13" acquired by "nova.context.set_target_cell..get_or_set_cached_cell_and_set_connections" :: waited 0.000s {{(pid=95762) inner /opt/stack/data/venv/lib/python3.12/site-packages/oslo_concurrency/lockutils.py:524}}
Jun 19 21:44:06.644077 np0000003320 nova-scheduler[95762]: DEBUG oslo_concurrency.lockutils [None req-30067458-b7cd-455f-9c5e-5efc763afd36 tempest-ServerStableDeviceRescueTest-986123135 tempest-ServerStableDeviceRescueTest-986123135-project-member] Lock "aecd7b56-2e33-4df3-83db-7eda99fd5f13" "released" by "nova.context.set_target_cell..get_or_set_cached_cell_and_set_connections" :: held 0.000s {{(pid=95762) inner /opt/stack/data/venv/lib/python3.12/site-packages/oslo_concurrency/lockutils.py:543}}
Jun 19 21:44:06.652903 np0000003320 nova-scheduler[95762]: DEBUG oslo_concurrency.lockutils [None req-30067458-b7cd-455f-9c5e-5efc763afd36 tempest-ServerStableDeviceRescueTest-986123135 tempest-ServerStableDeviceRescueTest-986123135-project-member] Acquiring lock "('np0000003320', 'np0000003320')" by "nova.scheduler.host_manager.HostState.update.._locked_update" {{(pid=95762) inner /opt/stack/data/venv/lib/python3.12/site-packages/oslo_concurrency/lockutils.py:511}}
Jun 19 21:44:06.653105 np0000003320 nova-scheduler[95762]: DEBUG oslo_concurrency.lockutils [None req-30067458-b7cd-455f-9c5e-5efc763afd36 tempest-ServerStableDeviceRescueTest-986123135 tempest-ServerStableDeviceRescueTest-986123135-project-member] Lock "('np0000003320', 'np0000003320')" acquired by "nova.scheduler.host_manager.HostState.update.._locked_update" :: waited 0.000s {{(pid=95762) inner /opt/stack/data/venv/lib/python3.12/site-packages/oslo_concurrency/lockutils.py:524}}
Jun 19 21:44:06.654583 np0000003320 nova-scheduler[95762]: DEBUG nova.scheduler.host_manager [None req-30067458-b7cd-455f-9c5e-5efc763afd36 tempest-ServerStableDeviceRescueTest-986123135 tempest-ServerStableDeviceRescueTest-986123135-project-member] Update host state from compute node: ComputeNode(cpu_allocation_ratio=4.0,cpu_info='{"arch": "x86_64", "model": "EPYC-Milan", "vendor": "AMD", "topology": {"cells": 1, "sockets": 12, "cores": 1, "threads": 1}, "maxphysaddr": {"mode": "emulate", "bits": 40}, "features": ["lahf_lm", "topoext", "syscall", "vaes", "smep", "tsc-scale", "fxsr", "vmcb-clean", "xsaveerptr", "sse2", "pni", "gds-no", "mce", "rdctl-no", "svm", "sep", "rdpid", "cr8legacy", "popcnt", "spec-ctrl", "ibpb", "x2apic", "cx16", "fxsr_opt", "pfthreshold", "flushbyasid", "xsaves", "cmp_legacy", "de", "tsc-deadline", "lm", "amd-ssbd", "tsc_adjust", "cmov", "fpu", "mds-no", "amd-stibp", "fsrm", "null-sel-clr-base", "sha-ni", "rdseed", "wbnoinvd", "sse4.1", "nrip-save", "xsave", "avx2", "xgetbv1", "f16c", "amd-psfd", "smap", "nx", "stibp-always-on", "bmi1", "mmxext", "npt", "hypervisor", "rdtscp", "vme", "avx", "msr", "lbrv", "no-nested-data-bp", "sse", "stibp", "ibrs", "xsaveopt", "umip", "apic", "vpclmulqdq", "pae", "skip-l1dfl-vmentry", "v-vmsave-vmload", "mca", "clzero", "aes", "sse4a", "svme-addr-chk", "pschange-mc-no", "invpcid", "cx8", "pat", "vgif", "clwb", "movbe", "bmi2", "xsavec", "abm", "sse4.2", "mtrr", "ssse3", "erms", "pse", "misalignsse", "clflush", "3dnowprefetch", "perfctr_core", "arat", "ssbd", "fsgsbase", "lfence-always-serializing", "pdpe1gb", "pse36", "virt-ssbd", "clflushopt", "arch-capabilities", "pge", "rdrand", "pause-filter", "pku", "tsc", "pcid", "adx", "osvw", "pclmuldq", "mmx", "fma"]}',created_at=2026-06-19T21:41:44Z,current_workload=0,deleted=False,deleted_at=None,disk_allocation_ratio=1.0,disk_available_least=74,free_disk_gb=95,free_ram_mb=23518,host='np0000003320',host_ip=10.4.3.35,hypervisor_hostname='np0000003320',hypervisor_type='QEMU',hypervisor_version=8002002,id=1,local_gb=95,local_gb_used=0,mapped=1,memory_mb=24030,memory_mb_used=512,metrics='[]',numa_topology='{"nova_object.name": "NUMATopology", "nova_object.namespace": "nova", "nova_object.version": "1.2", "nova_object.data": {"cells": [{"nova_object.name": "NUMACell", "nova_object.namespace": "nova", "nova_object.version": "1.5", "nova_object.data": {"id": 0, "cpuset": [0, 1, 2, 3, 4, 5, 6, 7, 8, 9, 10, 11], "pcpuset": [0, 1, 2, 3, 4, 5, 6, 7, 8, 9, 10, 11], "memory": 24030, "cpu_usage": 0, "memory_usage": 0, "pinned_cpus": [], "siblings": [[6], [2], [5], [11], [8], [4], [1], [7], [10], [0], [3], [9]], "mempages": [{"nova_object.name": "NUMAPagesTopology", "nova_object.namespace": "nova", "nova_object.version": "1.1", "nova_object.data": {"size_kb": 4, "total": 6151798, "used": 0, "reserved": 0}, "nova_object.changes": ["reserved", "size_kb", "total", "used"]}, {"nova_object.name": "NUMAPagesTopology", "nova_object.namespace": "nova", "nova_object.version": "1.1", "nova_object.data": {"size_kb": 2048, "total": 0, "used": 0, "reserved": 0}, "nova_object.changes": ["reserved", "size_kb", "total", "used"]}, {"nova_object.name": "NUMAPagesTopology", "nova_object.namespace": "nova", "nova_object.version": "1.1", "nova_object.data": {"size_kb": 1048576, "total": 0, "used": 0, "reserved": 0}, "nova_object.changes": ["reserved", "size_kb", "total", "used"]}], "network_metadata": {"nova_object.name": "NetworkMetadata", "nova_object.namespace": "nova", "nova_object.version": "1.0", "nova_object.data": {"physnets": [], "tunneled": false}, "nova_object.changes": ["physnets", "tunneled"]}, "socket": null}, "nova_object.changes": ["siblings", "memory", "id", "network_metadata", "pinned_cpus", "mempages", "cpuset", "socket", "pcpuset", "memory_usage", "cpu_usage"]}]}, "nova_object.changes": ["cells"]}',pci_device_pools=PciDevicePoolList,ram_allocation_ratio=1.0,running_vms=0,service_id=2,stats={failed_builds='0',uptime=' 21:43:30 up 26 min, 2 users, load average: 1.49, 1.52, 0.89
Jun 19 21:44:06.654583 np0000003320 nova-scheduler[95762]: '},supported_hv_specs=[HVSpec,HVSpec,HVSpec,HVSpec,HVSpec,HVSpec,HVSpec,HVSpec,HVSpec,HVSpec,HVSpec,HVSpec,HVSpec,HVSpec,HVSpec,HVSpec,HVSpec,HVSpec,HVSpec,HVSpec,HVSpec,HVSpec,HVSpec,HVSpec,HVSpec],updated_at=2026-06-19T21:43:32Z,uuid=150ffbaa-f69c-4541-a49e-9b8270b0f148,vcpus=12,vcpus_used=0) {{(pid=95762) _locked_update /opt/stack/nova/nova/scheduler/host_manager.py:168}}
Jun 19 21:44:06.654833 np0000003320 nova-scheduler[95762]: DEBUG nova.scheduler.host_manager [None req-30067458-b7cd-455f-9c5e-5efc763afd36 tempest-ServerStableDeviceRescueTest-986123135 tempest-ServerStableDeviceRescueTest-986123135-project-member] Update host state with aggregates: [] {{(pid=95762) _locked_update /opt/stack/nova/nova/scheduler/host_manager.py:171}}
Jun 19 21:44:06.654962 np0000003320 nova-scheduler[95762]: DEBUG nova.scheduler.host_manager [None req-30067458-b7cd-455f-9c5e-5efc763afd36 tempest-ServerStableDeviceRescueTest-986123135 tempest-ServerStableDeviceRescueTest-986123135-project-member] Update host state with service dict: {'id': 2, 'uuid': 'ea4e81e4-0a77-4680-8ad2-2e194ce32b55', 'host': 'np0000003320', 'binary': 'nova-compute', 'topic': 'compute', 'report_count': 2, 'disabled': False, 'disabled_reason': None, 'last_seen_up': datetime.datetime(2026, 6, 19, 21, 43, 53, tzinfo=datetime.timezone.utc), 'forced_down': False, 'version': 72, 'created_at': datetime.datetime(2026, 6, 19, 21, 41, 43, tzinfo=datetime.timezone.utc), 'updated_at': datetime.datetime(2026, 6, 19, 21, 43, 53, tzinfo=datetime.timezone.utc), 'deleted_at': None, 'deleted': False} {{(pid=95762) _locked_update /opt/stack/nova/nova/scheduler/host_manager.py:174}}
Jun 19 21:44:06.655032 np0000003320 nova-scheduler[95762]: DEBUG nova.scheduler.host_manager [None req-30067458-b7cd-455f-9c5e-5efc763afd36 tempest-ServerStableDeviceRescueTest-986123135 tempest-ServerStableDeviceRescueTest-986123135-project-member] Update host state with instances: [] {{(pid=95762) _locked_update /opt/stack/nova/nova/scheduler/host_manager.py:177}}
Jun 19 21:44:06.655127 np0000003320 nova-scheduler[95762]: DEBUG oslo_concurrency.lockutils [None req-30067458-b7cd-455f-9c5e-5efc763afd36 tempest-ServerStableDeviceRescueTest-986123135 tempest-ServerStableDeviceRescueTest-986123135-project-member] Lock "('np0000003320', 'np0000003320')" "released" by "nova.scheduler.host_manager.HostState.update.._locked_update" :: held 0.002s {{(pid=95762) inner /opt/stack/data/venv/lib/python3.12/site-packages/oslo_concurrency/lockutils.py:543}}
Jun 19 21:44:06.656838 np0000003320 nova-scheduler[95762]: DEBUG nova.filters [None req-30067458-b7cd-455f-9c5e-5efc763afd36 tempest-ServerStableDeviceRescueTest-986123135 tempest-ServerStableDeviceRescueTest-986123135-project-member] Starting with 1 host(s) {{(pid=95762) get_filtered_objects /opt/stack/nova/nova/filters.py:70}}
Jun 19 21:44:06.656838 np0000003320 nova-scheduler[95762]: DEBUG nova.filters [None req-30067458-b7cd-455f-9c5e-5efc763afd36 tempest-ServerStableDeviceRescueTest-986123135 tempest-ServerStableDeviceRescueTest-986123135-project-member] Filter ComputeFilter returned 1 host(s) {{(pid=95762) get_filtered_objects /opt/stack/nova/nova/filters.py:102}}
Jun 19 21:44:06.656838 np0000003320 nova-scheduler[95762]: DEBUG nova.filters [None req-30067458-b7cd-455f-9c5e-5efc763afd36 tempest-ServerStableDeviceRescueTest-986123135 tempest-ServerStableDeviceRescueTest-986123135-project-member] Filter ComputeCapabilitiesFilter returned 1 host(s) {{(pid=95762) get_filtered_objects /opt/stack/nova/nova/filters.py:102}}
Jun 19 21:44:06.656838 np0000003320 nova-scheduler[95762]: DEBUG nova.filters [None req-30067458-b7cd-455f-9c5e-5efc763afd36 tempest-ServerStableDeviceRescueTest-986123135 tempest-ServerStableDeviceRescueTest-986123135-project-member] Filter ImagePropertiesFilter returned 1 host(s) {{(pid=95762) get_filtered_objects /opt/stack/nova/nova/filters.py:102}}
Jun 19 21:44:06.657183 np0000003320 nova-scheduler[95762]: DEBUG nova.filters [None req-30067458-b7cd-455f-9c5e-5efc763afd36 tempest-ServerStableDeviceRescueTest-986123135 tempest-ServerStableDeviceRescueTest-986123135-project-member] Filter ServerGroupAntiAffinityFilter returned 1 host(s) {{(pid=95762) get_filtered_objects /opt/stack/nova/nova/filters.py:102}}
Jun 19 21:44:06.657183 np0000003320 nova-scheduler[95762]: DEBUG nova.filters [None req-30067458-b7cd-455f-9c5e-5efc763afd36 tempest-ServerStableDeviceRescueTest-986123135 tempest-ServerStableDeviceRescueTest-986123135-project-member] Filter ServerGroupAffinityFilter returned 1 host(s) {{(pid=95762) get_filtered_objects /opt/stack/nova/nova/filters.py:102}}
Jun 19 21:44:06.657183 np0000003320 nova-scheduler[95762]: DEBUG nova.filters [None req-30067458-b7cd-455f-9c5e-5efc763afd36 tempest-ServerStableDeviceRescueTest-986123135 tempest-ServerStableDeviceRescueTest-986123135-project-member] Filter SameHostFilter returned 1 host(s) {{(pid=95762) get_filtered_objects /opt/stack/nova/nova/filters.py:102}}
Jun 19 21:44:06.657298 np0000003320 nova-scheduler[95762]: DEBUG nova.filters [None req-30067458-b7cd-455f-9c5e-5efc763afd36 tempest-ServerStableDeviceRescueTest-986123135 tempest-ServerStableDeviceRescueTest-986123135-project-member] Filter DifferentHostFilter returned 1 host(s) {{(pid=95762) get_filtered_objects /opt/stack/nova/nova/filters.py:102}}
Jun 19 21:44:06.658667 np0000003320 nova-scheduler[95762]: DEBUG nova.scheduler.manager [None req-30067458-b7cd-455f-9c5e-5efc763afd36 tempest-ServerStableDeviceRescueTest-986123135 tempest-ServerStableDeviceRescueTest-986123135-project-member] Filtered [(np0000003320, np0000003320) ram: 23518MB disk: 75776MB io_ops: 0 instances: 0, allocation_candidates: 1] {{(pid=95762) _get_sorted_hosts /opt/stack/nova/nova/scheduler/manager.py:743}}
Jun 19 21:44:06.658667 np0000003320 nova-scheduler[95762]: DEBUG nova.scheduler.manager [None req-30067458-b7cd-455f-9c5e-5efc763afd36 tempest-ServerStableDeviceRescueTest-986123135 tempest-ServerStableDeviceRescueTest-986123135-project-member] Weighed [WeighedHost [host: (np0000003320, np0000003320) ram: 23518MB disk: 75776MB io_ops: 0 instances: 0, allocation_candidates: 1, weight: 0.0]] {{(pid=95762) _get_sorted_hosts /opt/stack/nova/nova/scheduler/manager.py:765}}
Jun 19 21:44:06.658667 np0000003320 nova-scheduler[95762]: DEBUG nova.scheduler.utils [None req-30067458-b7cd-455f-9c5e-5efc763afd36 tempest-ServerStableDeviceRescueTest-986123135 tempest-ServerStableDeviceRescueTest-986123135-project-member] Attempting to claim resources in the placement API for instance e5acb009-73ec-446f-a5a7-609d493c7a89 {{(pid=95762) claim_resources /opt/stack/nova/nova/scheduler/utils.py:1345}}
Jun 19 21:44:06.839845 np0000003320 nova-scheduler[95762]: DEBUG nova.scheduler.manager [None req-30067458-b7cd-455f-9c5e-5efc763afd36 tempest-ServerStableDeviceRescueTest-986123135 tempest-ServerStableDeviceRescueTest-986123135-project-member] [instance: e5acb009-73ec-446f-a5a7-609d493c7a89] Selected host: (np0000003320, np0000003320) ram: 23518MB disk: 75776MB io_ops: 0 instances: 0, allocation_candidates: 1 {{(pid=95762) _consume_selected_host /opt/stack/nova/nova/scheduler/manager.py:625}}
Jun 19 21:44:06.840660 np0000003320 nova-scheduler[95762]: DEBUG oslo_concurrency.lockutils [None req-30067458-b7cd-455f-9c5e-5efc763afd36 tempest-ServerStableDeviceRescueTest-986123135 tempest-ServerStableDeviceRescueTest-986123135-project-member] Acquiring lock "('np0000003320', 'np0000003320')" by "nova.scheduler.host_manager.HostState.consume_from_request.._locked" {{(pid=95762) inner /opt/stack/data/venv/lib/python3.12/site-packages/oslo_concurrency/lockutils.py:511}}
Jun 19 21:44:06.840660 np0000003320 nova-scheduler[95762]: DEBUG oslo_concurrency.lockutils [None req-30067458-b7cd-455f-9c5e-5efc763afd36 tempest-ServerStableDeviceRescueTest-986123135 tempest-ServerStableDeviceRescueTest-986123135-project-member] Lock "('np0000003320', 'np0000003320')" acquired by "nova.scheduler.host_manager.HostState.consume_from_request.._locked" :: waited 0.000s {{(pid=95762) inner /opt/stack/data/venv/lib/python3.12/site-packages/oslo_concurrency/lockutils.py:524}}
Jun 19 21:44:06.840660 np0000003320 nova-scheduler[95762]: DEBUG oslo_concurrency.lockutils [None req-30067458-b7cd-455f-9c5e-5efc763afd36 tempest-ServerStableDeviceRescueTest-986123135 tempest-ServerStableDeviceRescueTest-986123135-project-member] Lock "('np0000003320', 'np0000003320')" "released" by "nova.scheduler.host_manager.HostState.consume_from_request.._locked" :: held 0.000s {{(pid=95762) inner /opt/stack/data/venv/lib/python3.12/site-packages/oslo_concurrency/lockutils.py:543}}
Jun 19 21:44:16.649557 np0000003320 nova-scheduler[95762]: DEBUG dbcounter [-] [95762] Writing DB stats nova_cell1:SELECT=3 {{(pid=95762) stat_writer /opt/stack/data/venv/lib/python3.12/site-packages/dbcounter.py:115}}
Jun 19 21:44:17.755552 np0000003320 nova-scheduler[95760]: DEBUG nova.scheduler.manager [None req-a563e432-9bb2-49e2-974a-75b50d7dadf6 tempest-TestMultiAttachVolumeSwap-306966649 tempest-TestMultiAttachVolumeSwap-306966649-project-member] Starting to schedule for instances: ['9de473a4-58b6-4577-ae30-f3ea04a34383', '4d79e9f1-c2a7-4fcd-9b6b-62780b7a6ef9'] {{(pid=95760) select_destinations /opt/stack/nova/nova/scheduler/manager.py:210}}
Jun 19 21:44:17.756209 np0000003320 nova-scheduler[95760]: DEBUG nova.scheduler.request_filter [None req-a563e432-9bb2-49e2-974a-75b50d7dadf6 tempest-TestMultiAttachVolumeSwap-306966649 tempest-TestMultiAttachVolumeSwap-306966649-project-member] compute_status_filter request filter added forbidden trait COMPUTE_STATUS_DISABLED {{(pid=95760) compute_status_filter /opt/stack/nova/nova/scheduler/request_filter.py:253}}
Jun 19 21:44:17.756650 np0000003320 nova-scheduler[95760]: DEBUG nova.scheduler.request_filter [None req-a563e432-9bb2-49e2-974a-75b50d7dadf6 tempest-TestMultiAttachVolumeSwap-306966649 tempest-TestMultiAttachVolumeSwap-306966649-project-member] Request filter 'compute_status_filter' took 0.0 seconds {{(pid=95760) wrapper /opt/stack/nova/nova/scheduler/request_filter.py:46}}
Jun 19 21:44:17.756650 np0000003320 nova-scheduler[95760]: DEBUG nova.scheduler.request_filter [None req-a563e432-9bb2-49e2-974a-75b50d7dadf6 tempest-TestMultiAttachVolumeSwap-306966649 tempest-TestMultiAttachVolumeSwap-306966649-project-member] Request filter 'accelerators_filter' took 0.0 seconds {{(pid=95760) wrapper /opt/stack/nova/nova/scheduler/request_filter.py:46}}
Jun 19 21:44:17.756848 np0000003320 nova-scheduler[95760]: DEBUG nova.scheduler.request_filter [None req-a563e432-9bb2-49e2-974a-75b50d7dadf6 tempest-TestMultiAttachVolumeSwap-306966649 tempest-TestMultiAttachVolumeSwap-306966649-project-member] Request filter 'packed_virtqueue_filter' took 0.0 seconds {{(pid=95760) wrapper /opt/stack/nova/nova/scheduler/request_filter.py:46}}
Jun 19 21:44:17.757132 np0000003320 nova-scheduler[95760]: DEBUG nova.scheduler.request_filter [None req-a563e432-9bb2-49e2-974a-75b50d7dadf6 tempest-TestMultiAttachVolumeSwap-306966649 tempest-TestMultiAttachVolumeSwap-306966649-project-member] Request filter 'remote_managed_ports_filter' took 0.0 seconds {{(pid=95760) wrapper /opt/stack/nova/nova/scheduler/request_filter.py:46}}
Jun 19 21:44:17.757342 np0000003320 nova-scheduler[95760]: DEBUG nova.scheduler.request_filter [None req-a563e432-9bb2-49e2-974a-75b50d7dadf6 tempest-TestMultiAttachVolumeSwap-306966649 tempest-TestMultiAttachVolumeSwap-306966649-project-member] ephemeral_encryption_filter skipped {{(pid=95760) ephemeral_encryption_filter /opt/stack/nova/nova/scheduler/request_filter.py:426}}
Jun 19 21:44:17.757516 np0000003320 nova-scheduler[95760]: DEBUG nova.scheduler.request_filter [None req-a563e432-9bb2-49e2-974a-75b50d7dadf6 tempest-TestMultiAttachVolumeSwap-306966649 tempest-TestMultiAttachVolumeSwap-306966649-project-member] virtio_sound_filter skipped {{(pid=95760) virtio_sound_filter /opt/stack/nova/nova/scheduler/request_filter.py:460}}
Jun 19 21:44:17.757591 np0000003320 nova-scheduler[95760]: DEBUG nova.scheduler.request_filter [None req-a563e432-9bb2-49e2-974a-75b50d7dadf6 tempest-TestMultiAttachVolumeSwap-306966649 tempest-TestMultiAttachVolumeSwap-306966649-project-member] tpm_secret_security_filter skipped {{(pid=95760) tpm_secret_security_filter /opt/stack/nova/nova/scheduler/request_filter.py:477}}
Jun 19 21:44:17.863395 np0000003320 nova-scheduler[95760]: INFO nova.utils [None req-a563e432-9bb2-49e2-974a-75b50d7dadf6 tempest-TestMultiAttachVolumeSwap-306966649 tempest-TestMultiAttachVolumeSwap-306966649-project-member] The cell worker thread pool ForkProcess-1.cell_worker is initialized
Jun 19 21:44:17.863780 np0000003320 nova-scheduler[95760]: DEBUG oslo_concurrency.lockutils [None req-a563e432-9bb2-49e2-974a-75b50d7dadf6 tempest-TestMultiAttachVolumeSwap-306966649 tempest-TestMultiAttachVolumeSwap-306966649-project-member] Acquiring lock "aecd7b56-2e33-4df3-83db-7eda99fd5f13" by "nova.context.set_target_cell..get_or_set_cached_cell_and_set_connections" {{(pid=95760) inner /opt/stack/data/venv/lib/python3.12/site-packages/oslo_concurrency/lockutils.py:511}}
Jun 19 21:44:17.864038 np0000003320 nova-scheduler[95760]: DEBUG oslo_concurrency.lockutils [None req-a563e432-9bb2-49e2-974a-75b50d7dadf6 tempest-TestMultiAttachVolumeSwap-306966649 tempest-TestMultiAttachVolumeSwap-306966649-project-member] Lock "aecd7b56-2e33-4df3-83db-7eda99fd5f13" acquired by "nova.context.set_target_cell..get_or_set_cached_cell_and_set_connections" :: waited 0.000s {{(pid=95760) inner /opt/stack/data/venv/lib/python3.12/site-packages/oslo_concurrency/lockutils.py:524}}
Jun 19 21:44:17.866004 np0000003320 nova-scheduler[95760]: DEBUG oslo_concurrency.lockutils [None req-a563e432-9bb2-49e2-974a-75b50d7dadf6 tempest-TestMultiAttachVolumeSwap-306966649 tempest-TestMultiAttachVolumeSwap-306966649-project-member] Lock "aecd7b56-2e33-4df3-83db-7eda99fd5f13" "released" by "nova.context.set_target_cell..get_or_set_cached_cell_and_set_connections" :: held 0.002s {{(pid=95760) inner /opt/stack/data/venv/lib/python3.12/site-packages/oslo_concurrency/lockutils.py:543}}
Jun 19 21:44:17.869972 np0000003320 nova-scheduler[95760]: INFO dbcounter [None req-a563e432-9bb2-49e2-974a-75b50d7dadf6 tempest-TestMultiAttachVolumeSwap-306966649 tempest-TestMultiAttachVolumeSwap-306966649-project-member] Registered counter for database nova_cell1
Jun 19 21:44:17.931564 np0000003320 nova-scheduler[95764]: DEBUG nova.scheduler.manager [None req-f9228942-b789-404e-ba8d-ad99ecde343f tempest-AttachSCSIVolumeTestJSON-248126350 tempest-AttachSCSIVolumeTestJSON-248126350-project-member] Starting to schedule for instances: ['18c406d2-76de-47f4-8f03-3a1e20e292eb'] {{(pid=95764) select_destinations /opt/stack/nova/nova/scheduler/manager.py:210}}
Jun 19 21:44:17.933224 np0000003320 nova-scheduler[95764]: DEBUG nova.scheduler.request_filter [None req-f9228942-b789-404e-ba8d-ad99ecde343f tempest-AttachSCSIVolumeTestJSON-248126350 tempest-AttachSCSIVolumeTestJSON-248126350-project-member] compute_status_filter request filter added forbidden trait COMPUTE_STATUS_DISABLED {{(pid=95764) compute_status_filter /opt/stack/nova/nova/scheduler/request_filter.py:253}}
Jun 19 21:44:17.933360 np0000003320 nova-scheduler[95764]: DEBUG nova.scheduler.request_filter [None req-f9228942-b789-404e-ba8d-ad99ecde343f tempest-AttachSCSIVolumeTestJSON-248126350 tempest-AttachSCSIVolumeTestJSON-248126350-project-member] Request filter 'compute_status_filter' took 0.0 seconds {{(pid=95764) wrapper /opt/stack/nova/nova/scheduler/request_filter.py:46}}
Jun 19 21:44:17.933527 np0000003320 nova-scheduler[95764]: DEBUG nova.scheduler.request_filter [None req-f9228942-b789-404e-ba8d-ad99ecde343f tempest-AttachSCSIVolumeTestJSON-248126350 tempest-AttachSCSIVolumeTestJSON-248126350-project-member] Request filter 'accelerators_filter' took 0.0 seconds {{(pid=95764) wrapper /opt/stack/nova/nova/scheduler/request_filter.py:46}}
Jun 19 21:44:17.935541 np0000003320 nova-scheduler[95760]: DEBUG oslo_db.sqlalchemy.engines [None req-a563e432-9bb2-49e2-974a-75b50d7dadf6 tempest-TestMultiAttachVolumeSwap-306966649 tempest-TestMultiAttachVolumeSwap-306966649-project-member] MySQL server mode set to STRICT_TRANS_TABLES,STRICT_ALL_TABLES,NO_ZERO_IN_DATE,NO_ZERO_DATE,ERROR_FOR_DIVISION_BY_ZERO,TRADITIONAL,NO_ENGINE_SUBSTITUTION {{(pid=95760) _check_effective_sql_mode /opt/stack/data/venv/lib/python3.12/site-packages/oslo_db/sqlalchemy/engines.py:325}}
Jun 19 21:44:17.935669 np0000003320 nova-scheduler[95764]: DEBUG nova.scheduler.request_filter [None req-f9228942-b789-404e-ba8d-ad99ecde343f tempest-AttachSCSIVolumeTestJSON-248126350 tempest-AttachSCSIVolumeTestJSON-248126350-project-member] Request filter 'packed_virtqueue_filter' took 0.0 seconds {{(pid=95764) wrapper /opt/stack/nova/nova/scheduler/request_filter.py:46}}
Jun 19 21:44:17.935669 np0000003320 nova-scheduler[95764]: DEBUG nova.scheduler.request_filter [None req-f9228942-b789-404e-ba8d-ad99ecde343f tempest-AttachSCSIVolumeTestJSON-248126350 tempest-AttachSCSIVolumeTestJSON-248126350-project-member] Request filter 'remote_managed_ports_filter' took 0.0 seconds {{(pid=95764) wrapper /opt/stack/nova/nova/scheduler/request_filter.py:46}}
