Jun 19 21:41:24.786687 np0000003320 nova-conductor[98243]: DEBUG cotyledon.oslo_config_glue [-] oslo_limit.collect_timing = False {{(pid=98243) log_opt_values /opt/stack/data/venv/lib/python3.12/site-packages/oslo_config/cfg.py:3253}}
Jun 19 21:41:24.786687 np0000003320 nova-conductor[98243]: DEBUG cotyledon.oslo_config_glue [-] oslo_limit.connect_retries = None {{(pid=98243) log_opt_values /opt/stack/data/venv/lib/python3.12/site-packages/oslo_config/cfg.py:3253}}
Jun 19 21:41:24.786687 np0000003320 nova-conductor[98243]: DEBUG cotyledon.oslo_config_glue [-] oslo_limit.connect_retry_delay = None {{(pid=98243) log_opt_values /opt/stack/data/venv/lib/python3.12/site-packages/oslo_config/cfg.py:3253}}
Jun 19 21:41:24.786889 np0000003320 nova-conductor[98243]: DEBUG cotyledon.oslo_config_glue [-] oslo_limit.endpoint_id = None {{(pid=98243) log_opt_values /opt/stack/data/venv/lib/python3.12/site-packages/oslo_config/cfg.py:3253}}
Jun 19 21:41:24.786889 np0000003320 nova-conductor[98243]: DEBUG cotyledon.oslo_config_glue [-] oslo_limit.endpoint_interface = public {{(pid=98243) log_opt_values /opt/stack/data/venv/lib/python3.12/site-packages/oslo_config/cfg.py:3253}}
Jun 19 21:41:24.786889 np0000003320 nova-conductor[98243]: DEBUG cotyledon.oslo_config_glue [-] oslo_limit.endpoint_override = None {{(pid=98243) log_opt_values /opt/stack/data/venv/lib/python3.12/site-packages/oslo_config/cfg.py:3253}}
Jun 19 21:41:24.786889 np0000003320 nova-conductor[98243]: DEBUG cotyledon.oslo_config_glue [-] oslo_limit.endpoint_region_name = None {{(pid=98243) log_opt_values /opt/stack/data/venv/lib/python3.12/site-packages/oslo_config/cfg.py:3253}}
Jun 19 21:41:24.786889 np0000003320 nova-conductor[98243]: DEBUG cotyledon.oslo_config_glue [-] oslo_limit.endpoint_service_name = None {{(pid=98243) log_opt_values /opt/stack/data/venv/lib/python3.12/site-packages/oslo_config/cfg.py:3253}}
Jun 19 21:41:24.786889 np0000003320 nova-conductor[98243]: DEBUG cotyledon.oslo_config_glue [-] oslo_limit.endpoint_service_type = None {{(pid=98243) log_opt_values /opt/stack/data/venv/lib/python3.12/site-packages/oslo_config/cfg.py:3253}}
Jun 19 21:41:24.786889 np0000003320 nova-conductor[98243]: DEBUG cotyledon.oslo_config_glue [-] oslo_limit.insecure = False {{(pid=98243) log_opt_values /opt/stack/data/venv/lib/python3.12/site-packages/oslo_config/cfg.py:3253}}
Jun 19 21:41:24.786889 np0000003320 nova-conductor[98243]: DEBUG cotyledon.oslo_config_glue [-] oslo_limit.keyfile = None {{(pid=98243) log_opt_values /opt/stack/data/venv/lib/python3.12/site-packages/oslo_config/cfg.py:3253}}
Jun 19 21:41:24.786889 np0000003320 nova-conductor[98243]: DEBUG cotyledon.oslo_config_glue [-] oslo_limit.max_version = None {{(pid=98243) log_opt_values /opt/stack/data/venv/lib/python3.12/site-packages/oslo_config/cfg.py:3253}}
Jun 19 21:41:24.787179 np0000003320 nova-conductor[98243]: DEBUG cotyledon.oslo_config_glue [-] oslo_limit.min_version = None {{(pid=98243) log_opt_values /opt/stack/data/venv/lib/python3.12/site-packages/oslo_config/cfg.py:3253}}
Jun 19 21:41:24.787179 np0000003320 nova-conductor[98243]: DEBUG cotyledon.oslo_config_glue [-] oslo_limit.region_name = None {{(pid=98243) log_opt_values /opt/stack/data/venv/lib/python3.12/site-packages/oslo_config/cfg.py:3253}}
Jun 19 21:41:24.787179 np0000003320 nova-conductor[98243]: DEBUG cotyledon.oslo_config_glue [-] oslo_limit.retriable_status_codes = None {{(pid=98243) log_opt_values /opt/stack/data/venv/lib/python3.12/site-packages/oslo_config/cfg.py:3253}}
Jun 19 21:41:24.787179 np0000003320 nova-conductor[98243]: DEBUG cotyledon.oslo_config_glue [-] oslo_limit.service_name = None {{(pid=98243) log_opt_values /opt/stack/data/venv/lib/python3.12/site-packages/oslo_config/cfg.py:3253}}
Jun 19 21:41:24.787179 np0000003320 nova-conductor[98243]: DEBUG cotyledon.oslo_config_glue [-] oslo_limit.service_type = None {{(pid=98243) log_opt_values /opt/stack/data/venv/lib/python3.12/site-packages/oslo_config/cfg.py:3253}}
Jun 19 21:41:24.787179 np0000003320 nova-conductor[98243]: DEBUG cotyledon.oslo_config_glue [-] oslo_limit.split_loggers = False {{(pid=98243) log_opt_values /opt/stack/data/venv/lib/python3.12/site-packages/oslo_config/cfg.py:3253}}
Jun 19 21:41:24.787179 np0000003320 nova-conductor[98243]: DEBUG cotyledon.oslo_config_glue [-] oslo_limit.status_code_retries = None {{(pid=98243) log_opt_values /opt/stack/data/venv/lib/python3.12/site-packages/oslo_config/cfg.py:3253}}
Jun 19 21:41:24.787179 np0000003320 nova-conductor[98243]: DEBUG cotyledon.oslo_config_glue [-] oslo_limit.status_code_retry_delay = None {{(pid=98243) log_opt_values /opt/stack/data/venv/lib/python3.12/site-packages/oslo_config/cfg.py:3253}}
Jun 19 21:41:24.787179 np0000003320 nova-conductor[98243]: DEBUG cotyledon.oslo_config_glue [-] oslo_limit.timeout = None {{(pid=98243) log_opt_values /opt/stack/data/venv/lib/python3.12/site-packages/oslo_config/cfg.py:3253}}
Jun 19 21:41:24.787413 np0000003320 nova-conductor[98243]: DEBUG cotyledon.oslo_config_glue [-] oslo_limit.valid_interfaces = None {{(pid=98243) log_opt_values /opt/stack/data/venv/lib/python3.12/site-packages/oslo_config/cfg.py:3253}}
Jun 19 21:41:24.787413 np0000003320 nova-conductor[98243]: DEBUG cotyledon.oslo_config_glue [-] oslo_limit.version = None {{(pid=98243) log_opt_values /opt/stack/data/venv/lib/python3.12/site-packages/oslo_config/cfg.py:3253}}
Jun 19 21:41:24.787413 np0000003320 nova-conductor[98243]: DEBUG cotyledon.oslo_config_glue [-] oslo_reports.file_event_handler = None {{(pid=98243) log_opt_values /opt/stack/data/venv/lib/python3.12/site-packages/oslo_config/cfg.py:3253}}
Jun 19 21:41:24.787413 np0000003320 nova-conductor[98243]: DEBUG cotyledon.oslo_config_glue [-] oslo_reports.file_event_handler_interval = 1 {{(pid=98243) log_opt_values /opt/stack/data/venv/lib/python3.12/site-packages/oslo_config/cfg.py:3253}}
Jun 19 21:41:24.787413 np0000003320 nova-conductor[98243]: DEBUG cotyledon.oslo_config_glue [-] oslo_reports.log_dir = None {{(pid=98243) log_opt_values /opt/stack/data/venv/lib/python3.12/site-packages/oslo_config/cfg.py:3253}}
Jun 19 21:41:24.787413 np0000003320 nova-conductor[98243]: DEBUG cotyledon.oslo_config_glue [-] ******************************************************************************** {{(pid=98243) log_opt_values /opt/stack/data/venv/lib/python3.12/site-packages/oslo_config/cfg.py:3260}}
Jun 19 21:41:24.787413 np0000003320 nova-conductor[98243]: DEBUG cotyledon._service_worker [-] Run service ServiceWrapper(2) [98243] {{(pid=98243) wait_forever /opt/stack/data/venv/lib/python3.12/site-packages/cotyledon/_service_worker.py:218}}
Jun 19 21:41:24.787413 np0000003320 nova-conductor[98243]: INFO nova.service [-] Starting conductor node (version 33.1.0)
Jun 19 21:41:24.787413 np0000003320 nova-conductor[98243]: INFO dbcounter [None req-42458c52-d895-4ed9-abd7-ed4da633e268 None None] Registered counter for database nova_cell0
Jun 19 21:41:24.820086 np0000003320 nova-conductor[98213]: DEBUG oslo_db.sqlalchemy.engines [None req-9d16cb06-2504-424b-b7d1-cb6cc2833714 None None] MySQL server mode set to STRICT_TRANS_TABLES,STRICT_ALL_TABLES,NO_ZERO_IN_DATE,NO_ZERO_DATE,ERROR_FOR_DIVISION_BY_ZERO,TRADITIONAL,NO_ENGINE_SUBSTITUTION {{(pid=98213) _check_effective_sql_mode /opt/stack/data/venv/lib/python3.12/site-packages/oslo_db/sqlalchemy/engines.py:325}}
Jun 19 21:41:24.822215 np0000003320 nova-conductor[98243]: DEBUG oslo_db.sqlalchemy.engines [None req-42458c52-d895-4ed9-abd7-ed4da633e268 None None] MySQL server mode set to STRICT_TRANS_TABLES,STRICT_ALL_TABLES,NO_ZERO_IN_DATE,NO_ZERO_DATE,ERROR_FOR_DIVISION_BY_ZERO,TRADITIONAL,NO_ENGINE_SUBSTITUTION {{(pid=98243) _check_effective_sql_mode /opt/stack/data/venv/lib/python3.12/site-packages/oslo_db/sqlalchemy/engines.py:325}}
Jun 19 21:41:24.824635 np0000003320 nova-conductor[98194]: DEBUG oslo_db.sqlalchemy.engines [None req-c9ff9329-dc35-4750-87d6-23cb64a3ee14 None None] MySQL server mode set to STRICT_TRANS_TABLES,STRICT_ALL_TABLES,NO_ZERO_IN_DATE,NO_ZERO_DATE,ERROR_FOR_DIVISION_BY_ZERO,TRADITIONAL,NO_ENGINE_SUBSTITUTION {{(pid=98194) _check_effective_sql_mode /opt/stack/data/venv/lib/python3.12/site-packages/oslo_db/sqlalchemy/engines.py:325}}
Jun 19 21:41:24.830068 np0000003320 nova-conductor[98213]: DEBUG dbcounter [-] [98213] Writer thread running {{(pid=98213) stat_writer /opt/stack/data/venv/lib/python3.12/site-packages/dbcounter.py:102}}
Jun 19 21:41:24.830869 np0000003320 nova-conductor[98243]: DEBUG dbcounter [-] [98243] Writer thread running {{(pid=98243) stat_writer /opt/stack/data/venv/lib/python3.12/site-packages/dbcounter.py:102}}
Jun 19 21:41:24.834986 np0000003320 nova-conductor[98194]: DEBUG dbcounter [-] [98194] Writer thread running {{(pid=98194) stat_writer /opt/stack/data/venv/lib/python3.12/site-packages/dbcounter.py:102}}
Jun 19 21:41:24.844132 np0000003320 nova-conductor[98243]: DEBUG nova.service [None req-42458c52-d895-4ed9-abd7-ed4da633e268 None None] Creating RPC server for service: nova-conductor on topic: conductor {{(pid=98243) start /opt/stack/nova/nova/service.py:196}}
Jun 19 21:41:24.850911 np0000003320 nova-conductor[98213]: DEBUG nova.service [None req-9d16cb06-2504-424b-b7d1-cb6cc2833714 None None] Creating RPC server for service: nova-conductor on topic: conductor {{(pid=98213) start /opt/stack/nova/nova/service.py:196}}
Jun 19 21:41:24.851602 np0000003320 nova-conductor[98194]: DEBUG nova.service [None req-c9ff9329-dc35-4750-87d6-23cb64a3ee14 None None] Creating RPC server for service: nova-conductor on topic: conductor {{(pid=98194) start /opt/stack/nova/nova/service.py:196}}
Jun 19 21:41:24.873854 np0000003320 nova-conductor[98213]: DEBUG nova.service [None req-9d16cb06-2504-424b-b7d1-cb6cc2833714 None None] Join ServiceGroup membership for this service conductor {{(pid=98213) start /opt/stack/nova/nova/service.py:222}}
Jun 19 21:41:24.874011 np0000003320 nova-conductor[98213]: DEBUG nova.servicegroup.drivers.db [None req-9d16cb06-2504-424b-b7d1-cb6cc2833714 None None] DB_Driver: join new ServiceGroup member np0000003320 to the conductor group, service = {{(pid=98213) join /opt/stack/nova/nova/servicegroup/drivers/db.py:44}}
Jun 19 21:41:24.877540 np0000003320 nova-conductor[98243]: DEBUG nova.service [None req-42458c52-d895-4ed9-abd7-ed4da633e268 None None] Join ServiceGroup membership for this service conductor {{(pid=98243) start /opt/stack/nova/nova/service.py:222}}
Jun 19 21:41:24.877752 np0000003320 nova-conductor[98243]: DEBUG nova.servicegroup.drivers.db [None req-42458c52-d895-4ed9-abd7-ed4da633e268 None None] DB_Driver: join new ServiceGroup member np0000003320 to the conductor group, service = {{(pid=98243) join /opt/stack/nova/nova/servicegroup/drivers/db.py:44}}
Jun 19 21:41:24.884525 np0000003320 nova-conductor[98194]: DEBUG nova.service [None req-c9ff9329-dc35-4750-87d6-23cb64a3ee14 None None] Join ServiceGroup membership for this service conductor {{(pid=98194) start /opt/stack/nova/nova/service.py:222}}
Jun 19 21:41:24.884804 np0000003320 nova-conductor[98194]: DEBUG nova.servicegroup.drivers.db [None req-c9ff9329-dc35-4750-87d6-23cb64a3ee14 None None] DB_Driver: join new ServiceGroup member np0000003320 to the conductor group, service = {{(pid=98194) join /opt/stack/nova/nova/servicegroup/drivers/db.py:44}}
Jun 19 21:41:29.902583 np0000003320 nova-conductor[98194]: DEBUG oslo.service.backend._threading.loopingcall [-] Fixed interval looping call 'nova.servicegroup.drivers.db.DbDriver._report_state' sleeping for 119.98 seconds {{(pid=98194) _run_loop /opt/stack/data/venv/lib/python3.12/site-packages/oslo_service/backend/_threading/loopingcall.py:125}}
Jun 19 21:41:29.903439 np0000003320 nova-conductor[98243]: DEBUG oslo.service.backend._threading.loopingcall [-] Fixed interval looping call 'nova.servicegroup.drivers.db.DbDriver._report_state' sleeping for 119.98 seconds {{(pid=98243) _run_loop /opt/stack/data/venv/lib/python3.12/site-packages/oslo_service/backend/_threading/loopingcall.py:125}}
Jun 19 21:41:29.903655 np0000003320 nova-conductor[98213]: DEBUG oslo.service.backend._threading.loopingcall [-] Fixed interval looping call 'nova.servicegroup.drivers.db.DbDriver._report_state' sleeping for 119.97 seconds {{(pid=98213) _run_loop /opt/stack/data/venv/lib/python3.12/site-packages/oslo_service/backend/_threading/loopingcall.py:125}}
Jun 19 21:41:33.410447 np0000003320 nova-conductor[96685]: DEBUG dbcounter [-] [96685] Writing DB stats nova_api:SELECT=1 {{(pid=96685) stat_writer /opt/stack/data/venv/lib/python3.12/site-packages/dbcounter.py:115}}
Jun 19 21:41:33.551289 np0000003320 nova-conductor[96685]: DEBUG dbcounter [-] [96685] Writing DB stats nova_cell1:SELECT=1 {{(pid=96685) stat_writer /opt/stack/data/venv/lib/python3.12/site-packages/dbcounter.py:115}}
Jun 19 21:41:33.559597 np0000003320 nova-conductor[96685]: DEBUG dbcounter [-] [96685] Writing DB stats nova_cell0:SELECT=1 {{(pid=96685) stat_writer /opt/stack/data/venv/lib/python3.12/site-packages/dbcounter.py:115}}
Jun 19 21:41:37.875732 np0000003320 nova-conductor[98213]: DEBUG oslo.service.backend._threading.loopingcall [None req-bd5de4bf-b28a-437b-9bf3-7f06ca802f54 None None] Dynamic interval looping call 'nova.service.Service.periodic_tasks' sleeping for 60.00 seconds {{(pid=98213) _run_loop /opt/stack/data/venv/lib/python3.12/site-packages/oslo_service/backend/_threading/loopingcall.py:125}}
Jun 19 21:41:39.891905 np0000003320 nova-conductor[98213]: DEBUG dbcounter [-] [98213] Writing DB stats nova_cell0:SELECT=5,nova_cell0:INSERT=1,nova_cell0:UPDATE=1 {{(pid=98213) stat_writer /opt/stack/data/venv/lib/python3.12/site-packages/dbcounter.py:115}}
Jun 19 21:41:39.893708 np0000003320 nova-conductor[98194]: DEBUG dbcounter [-] [98194] Writing DB stats nova_cell0:SELECT=5,nova_cell0:INSERT=1,nova_cell0:UPDATE=1 {{(pid=98194) stat_writer /opt/stack/data/venv/lib/python3.12/site-packages/dbcounter.py:115}}
Jun 19 21:41:39.898005 np0000003320 nova-conductor[98243]: DEBUG dbcounter [-] [98243] Writing DB stats nova_cell0:SELECT=4,nova_cell0:INSERT=1,nova_cell0:UPDATE=1 {{(pid=98243) stat_writer /opt/stack/data/venv/lib/python3.12/site-packages/dbcounter.py:115}}
Jun 19 21:41:50.879897 np0000003320 nova-conductor[98243]: DEBUG oslo.service.backend._threading.loopingcall [None req-1dac271d-6d79-4247-8795-63191956c146 None None] Dynamic interval looping call 'nova.service.Service.periodic_tasks' sleeping for 60.00 seconds {{(pid=98243) _run_loop /opt/stack/data/venv/lib/python3.12/site-packages/oslo_service/backend/_threading/loopingcall.py:125}}
Jun 19 21:41:50.886637 np0000003320 nova-conductor[98194]: DEBUG oslo.service.backend._threading.loopingcall [None req-8645c3a9-7505-41b2-ba6c-8c3a9ac68016 None None] Dynamic interval looping call 'nova.service.Service.periodic_tasks' sleeping for 60.00 seconds {{(pid=98194) _run_loop /opt/stack/data/venv/lib/python3.12/site-packages/oslo_service/backend/_threading/loopingcall.py:125}}
Jun 19 21:42:37.876246 np0000003320 nova-conductor[98213]: DEBUG oslo.service.backend._threading.loopingcall [None req-bd5de4bf-b28a-437b-9bf3-7f06ca802f54 None None] Dynamic interval looping call 'nova.service.Service.periodic_tasks' sleeping for 60.00 seconds {{(pid=98213) _run_loop /opt/stack/data/venv/lib/python3.12/site-packages/oslo_service/backend/_threading/loopingcall.py:125}}
Jun 19 21:42:50.880344 np0000003320 nova-conductor[98243]: DEBUG oslo.service.backend._threading.loopingcall [None req-1dac271d-6d79-4247-8795-63191956c146 None None] Dynamic interval looping call 'nova.service.Service.periodic_tasks' sleeping for 60.00 seconds {{(pid=98243) _run_loop /opt/stack/data/venv/lib/python3.12/site-packages/oslo_service/backend/_threading/loopingcall.py:125}}
Jun 19 21:42:50.887158 np0000003320 nova-conductor[98194]: DEBUG oslo.service.backend._threading.loopingcall [None req-8645c3a9-7505-41b2-ba6c-8c3a9ac68016 None None] Dynamic interval looping call 'nova.service.Service.periodic_tasks' sleeping for 60.00 seconds {{(pid=98194) _run_loop /opt/stack/data/venv/lib/python3.12/site-packages/oslo_service/backend/_threading/loopingcall.py:125}}
Jun 19 21:43:29.879716 np0000003320 nova-conductor[98213]: DEBUG oslo.service.backend._threading.loopingcall [-] Fixed interval looping call 'nova.servicegroup.drivers.db.DbDriver._report_state' sleeping for 119.99 seconds {{(pid=98213) _run_loop /opt/stack/data/venv/lib/python3.12/site-packages/oslo_service/backend/_threading/loopingcall.py:125}}
Jun 19 21:43:29.886184 np0000003320 nova-conductor[98243]: DEBUG oslo.service.backend._threading.loopingcall [-] Fixed interval looping call 'nova.servicegroup.drivers.db.DbDriver._report_state' sleeping for 120.00 seconds {{(pid=98243) _run_loop /opt/stack/data/venv/lib/python3.12/site-packages/oslo_service/backend/_threading/loopingcall.py:125}}
Jun 19 21:43:29.886645 np0000003320 nova-conductor[98194]: DEBUG oslo.service.backend._threading.loopingcall [-] Fixed interval looping call 'nova.servicegroup.drivers.db.DbDriver._report_state' sleeping for 120.00 seconds {{(pid=98194) _run_loop /opt/stack/data/venv/lib/python3.12/site-packages/oslo_service/backend/_threading/loopingcall.py:125}}
Jun 19 21:43:37.877164 np0000003320 nova-conductor[98213]: DEBUG oslo.service.backend._threading.loopingcall [None req-bd5de4bf-b28a-437b-9bf3-7f06ca802f54 None None] Dynamic interval looping call 'nova.service.Service.periodic_tasks' sleeping for 60.00 seconds {{(pid=98213) _run_loop /opt/stack/data/venv/lib/python3.12/site-packages/oslo_service/backend/_threading/loopingcall.py:125}}
Jun 19 21:43:39.876695 np0000003320 nova-conductor[98213]: DEBUG dbcounter [-] [98213] Writing DB stats nova_cell0:SELECT=1,nova_cell0:UPDATE=1 {{(pid=98213) stat_writer /opt/stack/data/venv/lib/python3.12/site-packages/dbcounter.py:115}}
Jun 19 21:43:39.884388 np0000003320 nova-conductor[98194]: DEBUG dbcounter [-] [98194] Writing DB stats nova_cell0:SELECT=1 {{(pid=98194) stat_writer /opt/stack/data/venv/lib/python3.12/site-packages/dbcounter.py:115}}
Jun 19 21:43:39.884990 np0000003320 nova-conductor[98243]: DEBUG dbcounter [-] [98243] Writing DB stats nova_cell0:SELECT=1 {{(pid=98243) stat_writer /opt/stack/data/venv/lib/python3.12/site-packages/dbcounter.py:115}}
Jun 19 21:43:50.880873 np0000003320 nova-conductor[98243]: DEBUG oslo.service.backend._threading.loopingcall [None req-1dac271d-6d79-4247-8795-63191956c146 None None] Dynamic interval looping call 'nova.service.Service.periodic_tasks' sleeping for 60.00 seconds {{(pid=98243) _run_loop /opt/stack/data/venv/lib/python3.12/site-packages/oslo_service/backend/_threading/loopingcall.py:125}}
Jun 19 21:43:50.888563 np0000003320 nova-conductor[98194]: DEBUG oslo.service.backend._threading.loopingcall [None req-8645c3a9-7505-41b2-ba6c-8c3a9ac68016 None None] Dynamic interval looping call 'nova.service.Service.periodic_tasks' sleeping for 60.00 seconds {{(pid=98194) _run_loop /opt/stack/data/venv/lib/python3.12/site-packages/oslo_service/backend/_threading/loopingcall.py:125}}
Jun 19 21:44:06.245420 np0000003320 nova-conductor[98213]: DEBUG oslo_db.sqlalchemy.engines [None req-30067458-b7cd-455f-9c5e-5efc763afd36 tempest-ServerStableDeviceRescueTest-986123135 tempest-ServerStableDeviceRescueTest-986123135-project-member] Parent process 96685 forked (98213) with an open database connection, which is being discarded and recreated. {{(pid=98213) checkout /opt/stack/data/venv/lib/python3.12/site-packages/oslo_db/sqlalchemy/engines.py:402}}
Jun 19 21:44:06.245420 np0000003320 nova-conductor[98213]: DEBUG dbcounter [-] [98213] Writer thread running {{(pid=98213) stat_writer /opt/stack/data/venv/lib/python3.12/site-packages/dbcounter.py:102}}
Jun 19 21:44:06.955322 np0000003320 nova-conductor[98213]: DEBUG nova.conductor.manager [None req-30067458-b7cd-455f-9c5e-5efc763afd36 tempest-ServerStableDeviceRescueTest-986123135 tempest-ServerStableDeviceRescueTest-986123135-project-member] Took 1.03 seconds to select destinations for 1 instance(s). {{(pid=98213) _schedule_instances /opt/stack/nova/nova/conductor/manager.py:968}}
Jun 19 21:44:06.993022 np0000003320 nova-conductor[98213]: DEBUG oslo_concurrency.lockutils [None req-30067458-b7cd-455f-9c5e-5efc763afd36 tempest-ServerStableDeviceRescueTest-986123135 tempest-ServerStableDeviceRescueTest-986123135-project-member] Acquiring lock "aecd7b56-2e33-4df3-83db-7eda99fd5f13" by "nova.context.set_target_cell..get_or_set_cached_cell_and_set_connections" {{(pid=98213) inner /opt/stack/data/venv/lib/python3.12/site-packages/oslo_concurrency/lockutils.py:511}}
Jun 19 21:44:06.993022 np0000003320 nova-conductor[98213]: DEBUG oslo_concurrency.lockutils [None req-30067458-b7cd-455f-9c5e-5efc763afd36 tempest-ServerStableDeviceRescueTest-986123135 tempest-ServerStableDeviceRescueTest-986123135-project-member] Lock "aecd7b56-2e33-4df3-83db-7eda99fd5f13" acquired by "nova.context.set_target_cell..get_or_set_cached_cell_and_set_connections" :: waited 0.000s {{(pid=98213) inner /opt/stack/data/venv/lib/python3.12/site-packages/oslo_concurrency/lockutils.py:524}}
Jun 19 21:44:06.993969 np0000003320 nova-conductor[98213]: DEBUG oslo_concurrency.lockutils [None req-30067458-b7cd-455f-9c5e-5efc763afd36 tempest-ServerStableDeviceRescueTest-986123135 tempest-ServerStableDeviceRescueTest-986123135-project-member] Lock "aecd7b56-2e33-4df3-83db-7eda99fd5f13" "released" by "nova.context.set_target_cell..get_or_set_cached_cell_and_set_connections" :: held 0.001s {{(pid=98213) inner /opt/stack/data/venv/lib/python3.12/site-packages/oslo_concurrency/lockutils.py:543}}
Jun 19 21:44:06.995828 np0000003320 nova-conductor[98213]: INFO dbcounter [None req-30067458-b7cd-455f-9c5e-5efc763afd36 tempest-ServerStableDeviceRescueTest-986123135 tempest-ServerStableDeviceRescueTest-986123135-project-member] Registered counter for database nova_cell1
Jun 19 21:44:07.034035 np0000003320 nova-conductor[98213]: DEBUG oslo_db.sqlalchemy.engines [None req-30067458-b7cd-455f-9c5e-5efc763afd36 tempest-ServerStableDeviceRescueTest-986123135 tempest-ServerStableDeviceRescueTest-986123135-project-member] MySQL server mode set to STRICT_TRANS_TABLES,STRICT_ALL_TABLES,NO_ZERO_IN_DATE,NO_ZERO_DATE,ERROR_FOR_DIVISION_BY_ZERO,TRADITIONAL,NO_ENGINE_SUBSTITUTION {{(pid=98213) _check_effective_sql_mode /opt/stack/data/venv/lib/python3.12/site-packages/oslo_db/sqlalchemy/engines.py:325}}
Jun 19 21:44:07.039671 np0000003320 nova-conductor[98213]: DEBUG dbcounter [-] [98213] Writer thread running {{(pid=98213) stat_writer /opt/stack/data/venv/lib/python3.12/site-packages/dbcounter.py:102}}
Jun 19 21:44:07.107025 np0000003320 nova-conductor[98213]: INFO nova.utils [None req-30067458-b7cd-455f-9c5e-5efc763afd36 tempest-ServerStableDeviceRescueTest-986123135 tempest-ServerStableDeviceRescueTest-986123135-project-member] The cell worker thread pool ForkProcess-2.cell_worker is initialized
Jun 19 21:44:07.107484 np0000003320 nova-conductor[98213]: DEBUG oslo_concurrency.lockutils [None req-30067458-b7cd-455f-9c5e-5efc763afd36 tempest-ServerStableDeviceRescueTest-986123135 tempest-ServerStableDeviceRescueTest-986123135-project-member] Acquiring lock "00000000-0000-0000-0000-000000000000" by "nova.context.set_target_cell..get_or_set_cached_cell_and_set_connections" {{(pid=98213) inner /opt/stack/data/venv/lib/python3.12/site-packages/oslo_concurrency/lockutils.py:511}}
Jun 19 21:44:07.107538 np0000003320 nova-conductor[98213]: DEBUG oslo_concurrency.lockutils [None req-30067458-b7cd-455f-9c5e-5efc763afd36 tempest-ServerStableDeviceRescueTest-986123135 tempest-ServerStableDeviceRescueTest-986123135-project-member] Lock "00000000-0000-0000-0000-000000000000" acquired by "nova.context.set_target_cell..get_or_set_cached_cell_and_set_connections" :: waited 0.000s {{(pid=98213) inner /opt/stack/data/venv/lib/python3.12/site-packages/oslo_concurrency/lockutils.py:524}}
Jun 19 21:44:07.107817 np0000003320 nova-conductor[98213]: DEBUG oslo_concurrency.lockutils [None req-30067458-b7cd-455f-9c5e-5efc763afd36 tempest-ServerStableDeviceRescueTest-986123135 tempest-ServerStableDeviceRescueTest-986123135-project-member] Lock "00000000-0000-0000-0000-000000000000" "released" by "nova.context.set_target_cell..get_or_set_cached_cell_and_set_connections" :: held 0.000s {{(pid=98213) inner /opt/stack/data/venv/lib/python3.12/site-packages/oslo_concurrency/lockutils.py:543}}
Jun 19 21:44:07.108507 np0000003320 nova-conductor[98213]: DEBUG oslo_concurrency.lockutils [None req-30067458-b7cd-455f-9c5e-5efc763afd36 tempest-ServerStableDeviceRescueTest-986123135 tempest-ServerStableDeviceRescueTest-986123135-project-member] Acquiring lock "aecd7b56-2e33-4df3-83db-7eda99fd5f13" by "nova.context.set_target_cell..get_or_set_cached_cell_and_set_connections" {{(pid=98213) inner /opt/stack/data/venv/lib/python3.12/site-packages/oslo_concurrency/lockutils.py:511}}
Jun 19 21:44:07.108575 np0000003320 nova-conductor[98213]: DEBUG oslo_concurrency.lockutils [None req-30067458-b7cd-455f-9c5e-5efc763afd36 tempest-ServerStableDeviceRescueTest-986123135 tempest-ServerStableDeviceRescueTest-986123135-project-member] Lock "aecd7b56-2e33-4df3-83db-7eda99fd5f13" acquired by "nova.context.set_target_cell..get_or_set_cached_cell_and_set_connections" :: waited 0.000s {{(pid=98213) inner /opt/stack/data/venv/lib/python3.12/site-packages/oslo_concurrency/lockutils.py:524}}
Jun 19 21:44:07.113169 np0000003320 nova-conductor[98213]: INFO dbcounter [None req-30067458-b7cd-455f-9c5e-5efc763afd36 tempest-ServerStableDeviceRescueTest-986123135 tempest-ServerStableDeviceRescueTest-986123135-project-member] Registered counter for database nova_cell0
Jun 19 21:44:07.113169 np0000003320 nova-conductor[98213]: DEBUG oslo_concurrency.lockutils [None req-30067458-b7cd-455f-9c5e-5efc763afd36 tempest-ServerStableDeviceRescueTest-986123135 tempest-ServerStableDeviceRescueTest-986123135-project-member] Lock "aecd7b56-2e33-4df3-83db-7eda99fd5f13" "released" by "nova.context.set_target_cell..get_or_set_cached_cell_and_set_connections" :: held 0.002s {{(pid=98213) inner /opt/stack/data/venv/lib/python3.12/site-packages/oslo_concurrency/lockutils.py:543}}
Jun 19 21:44:07.153427 np0000003320 nova-conductor[98213]: DEBUG oslo_db.sqlalchemy.engines [None req-30067458-b7cd-455f-9c5e-5efc763afd36 tempest-ServerStableDeviceRescueTest-986123135 tempest-ServerStableDeviceRescueTest-986123135-project-member] MySQL server mode set to STRICT_TRANS_TABLES,STRICT_ALL_TABLES,NO_ZERO_IN_DATE,NO_ZERO_DATE,ERROR_FOR_DIVISION_BY_ZERO,TRADITIONAL,NO_ENGINE_SUBSTITUTION {{(pid=98213) _check_effective_sql_mode /opt/stack/data/venv/lib/python3.12/site-packages/oslo_db/sqlalchemy/engines.py:325}}
Jun 19 21:44:07.160647 np0000003320 nova-conductor[98213]: DEBUG dbcounter [-] [98213] Writer thread running {{(pid=98213) stat_writer /opt/stack/data/venv/lib/python3.12/site-packages/dbcounter.py:102}}
Jun 19 21:44:07.180179 np0000003320 nova-conductor[98213]: DEBUG nova.quota [None req-30067458-b7cd-455f-9c5e-5efc763afd36 tempest-ServerStableDeviceRescueTest-986123135 tempest-ServerStableDeviceRescueTest-986123135-project-member] Getting quotas for project 324e01aee4a74d7dbb40d12b871fc48f. Resources: {'ram', 'instances', 'cores'} {{(pid=98213) _get_quotas /opt/stack/nova/nova/quota.py:392}}
Jun 19 21:44:07.186263 np0000003320 nova-conductor[98213]: DEBUG nova.quota [None req-30067458-b7cd-455f-9c5e-5efc763afd36 tempest-ServerStableDeviceRescueTest-986123135 tempest-ServerStableDeviceRescueTest-986123135-project-member] Getting quotas for user 7cf2ea6d68af4e09a4b28b7255faf785 and project 324e01aee4a74d7dbb40d12b871fc48f. Resources: {'ram', 'instances', 'cores'} {{(pid=98213) _get_quotas /opt/stack/nova/nova/quota.py:382}}
Jun 19 21:44:07.191625 np0000003320 nova-conductor[98213]: DEBUG nova.conductor.manager [None req-30067458-b7cd-455f-9c5e-5efc763afd36 tempest-ServerStableDeviceRescueTest-986123135 tempest-ServerStableDeviceRescueTest-986123135-project-member] [instance: e5acb009-73ec-446f-a5a7-609d493c7a89] Selected host: np0000003320; Selected node: np0000003320; Alternates: [] {{(pid=98213) schedule_and_build_instances /opt/stack/nova/nova/conductor/manager.py:1784}}
Jun 19 21:44:07.192024 np0000003320 nova-conductor[98213]: DEBUG oslo_concurrency.lockutils [None req-30067458-b7cd-455f-9c5e-5efc763afd36 tempest-ServerStableDeviceRescueTest-986123135 tempest-ServerStableDeviceRescueTest-986123135-project-member] Acquiring lock "aecd7b56-2e33-4df3-83db-7eda99fd5f13" by "nova.context.set_target_cell..get_or_set_cached_cell_and_set_connections" {{(pid=98213) inner /opt/stack/data/venv/lib/python3.12/site-packages/oslo_concurrency/lockutils.py:511}}
Jun 19 21:44:07.192238 np0000003320 nova-conductor[98213]: DEBUG oslo_concurrency.lockutils [None req-30067458-b7cd-455f-9c5e-5efc763afd36 tempest-ServerStableDeviceRescueTest-986123135 tempest-ServerStableDeviceRescueTest-986123135-project-member] Lock "aecd7b56-2e33-4df3-83db-7eda99fd5f13" acquired by "nova.context.set_target_cell..get_or_set_cached_cell_and_set_connections" :: waited 0.000s {{(pid=98213) inner /opt/stack/data/venv/lib/python3.12/site-packages/oslo_concurrency/lockutils.py:524}}
Jun 19 21:44:07.192404 np0000003320 nova-conductor[98213]: DEBUG oslo_concurrency.lockutils [None req-30067458-b7cd-455f-9c5e-5efc763afd36 tempest-ServerStableDeviceRescueTest-986123135 tempest-ServerStableDeviceRescueTest-986123135-project-member] Lock "aecd7b56-2e33-4df3-83db-7eda99fd5f13" "released" by "nova.context.set_target_cell..get_or_set_cached_cell_and_set_connections" :: held 0.000s {{(pid=98213) inner /opt/stack/data/venv/lib/python3.12/site-packages/oslo_concurrency/lockutils.py:543}}
Jun 19 21:44:07.209966 np0000003320 nova-conductor[98213]: DEBUG nova.conductor.manager [None req-30067458-b7cd-455f-9c5e-5efc763afd36 tempest-ServerStableDeviceRescueTest-986123135 tempest-ServerStableDeviceRescueTest-986123135-project-member] [instance: e5acb009-73ec-446f-a5a7-609d493c7a89] block_device_mapping [BlockDeviceMapping(attachment_id=,boot_index=0,connection_info=None,created_at=,delete_on_termination=True,deleted=,deleted_at=,destination_type='local',device_name=None,device_type='disk',disk_bus=None,encrypted=False,encryption_format=None,encryption_options=None,encryption_secret_uuid=None,guest_format=None,id=,image_id='9554eac7-1556-4cf0-83d2-04b3cb07b790',instance=,instance_uuid=,no_device=False,snapshot_id=None,source_type='image',tag=None,updated_at=,uuid=,volume_id=None,volume_size=None,volume_type=None)] {{(pid=98213) _create_block_device_mapping /opt/stack/nova/nova/conductor/manager.py:1529}}
Jun 19 21:44:07.209966 np0000003320 nova-conductor[98213]: DEBUG oslo_concurrency.lockutils [None req-30067458-b7cd-455f-9c5e-5efc763afd36 tempest-ServerStableDeviceRescueTest-986123135 tempest-ServerStableDeviceRescueTest-986123135-project-member] Acquiring lock "aecd7b56-2e33-4df3-83db-7eda99fd5f13" by "nova.context.set_target_cell..get_or_set_cached_cell_and_set_connections" {{(pid=98213) inner /opt/stack/data/venv/lib/python3.12/site-packages/oslo_concurrency/lockutils.py:511}}
Jun 19 21:44:07.209966 np0000003320 nova-conductor[98213]: DEBUG oslo_concurrency.lockutils [None req-30067458-b7cd-455f-9c5e-5efc763afd36 tempest-ServerStableDeviceRescueTest-986123135 tempest-ServerStableDeviceRescueTest-986123135-project-member] Lock "aecd7b56-2e33-4df3-83db-7eda99fd5f13" acquired by "nova.context.set_target_cell..get_or_set_cached_cell_and_set_connections" :: waited 0.000s {{(pid=98213) inner /opt/stack/data/venv/lib/python3.12/site-packages/oslo_concurrency/lockutils.py:524}}
Jun 19 21:44:07.210361 np0000003320 nova-conductor[98213]: DEBUG oslo_concurrency.lockutils [None req-30067458-b7cd-455f-9c5e-5efc763afd36 tempest-ServerStableDeviceRescueTest-986123135 tempest-ServerStableDeviceRescueTest-986123135-project-member] Lock "aecd7b56-2e33-4df3-83db-7eda99fd5f13" "released" by "nova.context.set_target_cell..get_or_set_cached_cell_and_set_connections" :: held 0.000s {{(pid=98213) inner /opt/stack/data/venv/lib/python3.12/site-packages/oslo_concurrency/lockutils.py:543}}
Jun 19 21:44:07.270923 np0000003320 nova-conductor[98213]: DEBUG oslo_concurrency.lockutils [None req-30067458-b7cd-455f-9c5e-5efc763afd36 tempest-ServerStableDeviceRescueTest-986123135 tempest-ServerStableDeviceRescueTest-986123135-project-member] Acquiring lock "aecd7b56-2e33-4df3-83db-7eda99fd5f13" by "nova.context.set_target_cell..get_or_set_cached_cell_and_set_connections" {{(pid=98213) inner /opt/stack/data/venv/lib/python3.12/site-packages/oslo_concurrency/lockutils.py:511}}
Jun 19 21:44:07.271339 np0000003320 nova-conductor[98213]: DEBUG oslo_concurrency.lockutils [None req-30067458-b7cd-455f-9c5e-5efc763afd36 tempest-ServerStableDeviceRescueTest-986123135 tempest-ServerStableDeviceRescueTest-986123135-project-member] Lock "aecd7b56-2e33-4df3-83db-7eda99fd5f13" acquired by "nova.context.set_target_cell..get_or_set_cached_cell_and_set_connections" :: waited 0.000s {{(pid=98213) inner /opt/stack/data/venv/lib/python3.12/site-packages/oslo_concurrency/lockutils.py:524}}
Jun 19 21:44:07.274650 np0000003320 nova-conductor[98213]: DEBUG oslo_concurrency.lockutils [None req-30067458-b7cd-455f-9c5e-5efc763afd36 tempest-ServerStableDeviceRescueTest-986123135 tempest-ServerStableDeviceRescueTest-986123135-project-member] Lock "aecd7b56-2e33-4df3-83db-7eda99fd5f13" "released" by "nova.context.set_target_cell..get_or_set_cached_cell_and_set_connections" :: held 0.003s {{(pid=98213) inner /opt/stack/data/venv/lib/python3.12/site-packages/oslo_concurrency/lockutils.py:543}}
Jun 19 21:44:07.276567 np0000003320 nova-conductor[98213]: DEBUG oslo_concurrency.lockutils [None req-30067458-b7cd-455f-9c5e-5efc763afd36 tempest-ServerStableDeviceRescueTest-986123135 tempest-ServerStableDeviceRescueTest-986123135-project-member] Acquiring lock "compute-rpcapi-router" {{(pid=98213) lock /opt/stack/data/venv/lib/python3.12/site-packages/oslo_concurrency/lockutils.py:395}}
Jun 19 21:44:07.276567 np0000003320 nova-conductor[98213]: DEBUG oslo_concurrency.lockutils [None req-30067458-b7cd-455f-9c5e-5efc763afd36 tempest-ServerStableDeviceRescueTest-986123135 tempest-ServerStableDeviceRescueTest-986123135-project-member] Acquired lock "compute-rpcapi-router" {{(pid=98213) lock /opt/stack/data/venv/lib/python3.12/site-packages/oslo_concurrency/lockutils.py:398}}
Jun 19 21:44:07.276567 np0000003320 nova-conductor[98213]: DEBUG oslo_concurrency.lockutils [None req-f6aacdc3-d7c1-44ab-b41c-307f7faa35d8 None None] Acquiring lock "00000000-0000-0000-0000-000000000000" by "nova.context.set_target_cell..get_or_set_cached_cell_and_set_connections" {{(pid=98213) inner /opt/stack/data/venv/lib/python3.12/site-packages/oslo_concurrency/lockutils.py:511}}
Jun 19 21:44:07.276567 np0000003320 nova-conductor[98213]: DEBUG oslo_concurrency.lockutils [None req-f6aacdc3-d7c1-44ab-b41c-307f7faa35d8 None None] Lock "00000000-0000-0000-0000-000000000000" acquired by "nova.context.set_target_cell..get_or_set_cached_cell_and_set_connections" :: waited 0.000s {{(pid=98213) inner /opt/stack/data/venv/lib/python3.12/site-packages/oslo_concurrency/lockutils.py:524}}
Jun 19 21:44:07.276567 np0000003320 nova-conductor[98213]: DEBUG oslo_concurrency.lockutils [None req-f6aacdc3-d7c1-44ab-b41c-307f7faa35d8 None None] Lock "00000000-0000-0000-0000-000000000000" "released" by "nova.context.set_target_cell..get_or_set_cached_cell_and_set_connections" :: held 0.000s {{(pid=98213) inner /opt/stack/data/venv/lib/python3.12/site-packages/oslo_concurrency/lockutils.py:543}}
Jun 19 21:44:07.277030 np0000003320 nova-conductor[98213]: DEBUG oslo_concurrency.lockutils [None req-f6aacdc3-d7c1-44ab-b41c-307f7faa35d8 None None] Acquiring lock "aecd7b56-2e33-4df3-83db-7eda99fd5f13" by "nova.context.set_target_cell..get_or_set_cached_cell_and_set_connections" {{(pid=98213) inner /opt/stack/data/venv/lib/python3.12/site-packages/oslo_concurrency/lockutils.py:511}}
Jun 19 21:44:07.277300 np0000003320 nova-conductor[98213]: DEBUG oslo_concurrency.lockutils [None req-f6aacdc3-d7c1-44ab-b41c-307f7faa35d8 None None] Lock "aecd7b56-2e33-4df3-83db-7eda99fd5f13" acquired by "nova.context.set_target_cell..get_or_set_cached_cell_and_set_connections" :: waited 0.000s {{(pid=98213) inner /opt/stack/data/venv/lib/python3.12/site-packages/oslo_concurrency/lockutils.py:524}}
Jun 19 21:44:07.277387 np0000003320 nova-conductor[98213]: DEBUG oslo_concurrency.lockutils [None req-f6aacdc3-d7c1-44ab-b41c-307f7faa35d8 None None] Lock "aecd7b56-2e33-4df3-83db-7eda99fd5f13" "released" by "nova.context.set_target_cell..get_or_set_cached_cell_and_set_connections" :: held 0.000s {{(pid=98213) inner /opt/stack/data/venv/lib/python3.12/site-packages/oslo_concurrency/lockutils.py:543}}
Jun 19 21:44:07.285024 np0000003320 nova-conductor[98213]: INFO nova.compute.rpcapi [None req-f6aacdc3-d7c1-44ab-b41c-307f7faa35d8 None None] Automatically selected compute RPC version 6.5 from minimum service version 72
Jun 19 21:44:07.285484 np0000003320 nova-conductor[98213]: DEBUG oslo_concurrency.lockutils [None req-f6aacdc3-d7c1-44ab-b41c-307f7faa35d8 None None] Releasing lock "compute-rpcapi-router" {{(pid=98213) lock /opt/stack/data/venv/lib/python3.12/site-packages/oslo_concurrency/lockutils.py:418}}
Jun 19 21:44:17.188241 np0000003320 nova-conductor[98213]: DEBUG dbcounter [-] [98213] Writing DB stats nova_cell0:SELECT=3 {{(pid=98213) stat_writer /opt/stack/data/venv/lib/python3.12/site-packages/dbcounter.py:115}}
Jun 19 21:44:17.256009 np0000003320 nova-conductor[98213]: DEBUG dbcounter [-] [98213] Writing DB stats nova_api:SELECT=12,nova_api:UPDATE=1,nova_api:DELETE=1 {{(pid=98213) stat_writer /opt/stack/data/venv/lib/python3.12/site-packages/dbcounter.py:115}}
Jun 19 21:44:17.282315 np0000003320 nova-conductor[98213]: DEBUG dbcounter [-] [98213] Writing DB stats nova_cell1:SELECT=5,nova_cell1:SAVEPOINT=1,nova_cell1:INSERT=21,nova_cell1:RELEASE=1 {{(pid=98213) stat_writer /opt/stack/data/venv/lib/python3.12/site-packages/dbcounter.py:115}}
Jun 19 21:44:17.282992 np0000003320 nova-conductor[98213]: DEBUG dbcounter [-] [98213] Writing DB stats nova_cell0:SELECT=2 {{(pid=98213) stat_writer /opt/stack/data/venv/lib/python3.12/site-packages/dbcounter.py:115}}
Jun 19 21:44:17.723229 np0000003320 nova-conductor[98243]: DEBUG dbcounter [-] [98243] Writer thread running {{(pid=98243) stat_writer /opt/stack/data/venv/lib/python3.12/site-packages/dbcounter.py:102}}
Jun 19 21:44:17.896809 np0000003320 nova-conductor[98194]: DEBUG dbcounter [-] [98194] Writer thread running {{(pid=98194) stat_writer /opt/stack/data/venv/lib/python3.12/site-packages/dbcounter.py:102}}
Jun 19 21:44:18.653022 np0000003320 nova-conductor[98213]: DEBUG nova.conductor.manager [None req-b7fdf401-c422-47cd-b83f-4e6028b726ac tempest-TaggedAttachmentsTest-1885892038 tempest-TaggedAttachmentsTest-1885892038-project-member] Took 0.50 seconds to select destinations for 1 instance(s). {{(pid=98213) _schedule_instances /opt/stack/nova/nova/conductor/manager.py:968}}
Jun 19 21:44:18.669530 np0000003320 nova-conductor[98213]: DEBUG oslo_concurrency.lockutils [None req-b7fdf401-c422-47cd-b83f-4e6028b726ac tempest-TaggedAttachmentsTest-1885892038 tempest-TaggedAttachmentsTest-1885892038-project-member] Acquiring lock "aecd7b56-2e33-4df3-83db-7eda99fd5f13" by "nova.context.set_target_cell..get_or_set_cached_cell_and_set_connections" {{(pid=98213) inner /opt/stack/data/venv/lib/python3.12/site-packages/oslo_concurrency/lockutils.py:511}}
Jun 19 21:44:18.669879 np0000003320 nova-conductor[98213]: DEBUG oslo_concurrency.lockutils [None req-b7fdf401-c422-47cd-b83f-4e6028b726ac tempest-TaggedAttachmentsTest-1885892038 tempest-TaggedAttachmentsTest-1885892038-project-member] Lock "aecd7b56-2e33-4df3-83db-7eda99fd5f13" acquired by "nova.context.set_target_cell..get_or_set_cached_cell_and_set_connections" :: waited 0.000s {{(pid=98213) inner /opt/stack/data/venv/lib/python3.12/site-packages/oslo_concurrency/lockutils.py:524}}
Jun 19 21:44:18.670083 np0000003320 nova-conductor[98213]: DEBUG oslo_concurrency.lockutils [None req-b7fdf401-c422-47cd-b83f-4e6028b726ac tempest-TaggedAttachmentsTest-1885892038 tempest-TaggedAttachmentsTest-1885892038-project-member] Lock "aecd7b56-2e33-4df3-83db-7eda99fd5f13" "released" by "nova.context.set_target_cell..get_or_set_cached_cell_and_set_connections" :: held 0.000s {{(pid=98213) inner /opt/stack/data/venv/lib/python3.12/site-packages/oslo_concurrency/lockutils.py:543}}
Jun 19 21:44:18.717805 np0000003320 nova-conductor[98213]: DEBUG oslo_concurrency.lockutils [None req-b7fdf401-c422-47cd-b83f-4e6028b726ac tempest-TaggedAttachmentsTest-1885892038 tempest-TaggedAttachmentsTest-1885892038-project-member] Acquiring lock "00000000-0000-0000-0000-000000000000" by "nova.context.set_target_cell..get_or_set_cached_cell_and_set_connections" {{(pid=98213) inner /opt/stack/data/venv/lib/python3.12/site-packages/oslo_concurrency/lockutils.py:511}}
Jun 19 21:44:18.717957 np0000003320 nova-conductor[98213]: DEBUG oslo_concurrency.lockutils [None req-b7fdf401-c422-47cd-b83f-4e6028b726ac tempest-TaggedAttachmentsTest-1885892038 tempest-TaggedAttachmentsTest-1885892038-project-member] Lock "00000000-0000-0000-0000-000000000000" acquired by "nova.context.set_target_cell..get_or_set_cached_cell_and_set_connections" :: waited 0.000s {{(pid=98213) inner /opt/stack/data/venv/lib/python3.12/site-packages/oslo_concurrency/lockutils.py:524}}
Jun 19 21:44:18.718086 np0000003320 nova-conductor[98213]: DEBUG oslo_concurrency.lockutils [None req-b7fdf401-c422-47cd-b83f-4e6028b726ac tempest-TaggedAttachmentsTest-1885892038 tempest-TaggedAttachmentsTest-1885892038-project-member] Lock "00000000-0000-0000-0000-000000000000" "released" by "nova.context.set_target_cell..get_or_set_cached_cell_and_set_connections" :: held 0.000s {{(pid=98213) inner /opt/stack/data/venv/lib/python3.12/site-packages/oslo_concurrency/lockutils.py:543}}
Jun 19 21:44:18.718805 np0000003320 nova-conductor[98213]: DEBUG oslo_concurrency.lockutils [None req-b7fdf401-c422-47cd-b83f-4e6028b726ac tempest-TaggedAttachmentsTest-1885892038 tempest-TaggedAttachmentsTest-1885892038-project-member] Acquiring lock "aecd7b56-2e33-4df3-83db-7eda99fd5f13" by "nova.context.set_target_cell..get_or_set_cached_cell_and_set_connections" {{(pid=98213) inner /opt/stack/data/venv/lib/python3.12/site-packages/oslo_concurrency/lockutils.py:511}}
Jun 19 21:44:18.718955 np0000003320 nova-conductor[98213]: DEBUG oslo_concurrency.lockutils [None req-b7fdf401-c422-47cd-b83f-4e6028b726ac tempest-TaggedAttachmentsTest-1885892038 tempest-TaggedAttachmentsTest-1885892038-project-member] Lock "aecd7b56-2e33-4df3-83db-7eda99fd5f13" acquired by "nova.context.set_target_cell..get_or_set_cached_cell_and_set_connections" :: waited 0.000s {{(pid=98213) inner /opt/stack/data/venv/lib/python3.12/site-packages/oslo_concurrency/lockutils.py:524}}
Jun 19 21:44:18.719410 np0000003320 nova-conductor[98213]: DEBUG oslo_concurrency.lockutils [None req-b7fdf401-c422-47cd-b83f-4e6028b726ac tempest-TaggedAttachmentsTest-1885892038 tempest-TaggedAttachmentsTest-1885892038-project-member] Lock "aecd7b56-2e33-4df3-83db-7eda99fd5f13" "released" by "nova.context.set_target_cell..get_or_set_cached_cell_and_set_connections" :: held 0.000s {{(pid=98213) inner /opt/stack/data/venv/lib/python3.12/site-packages/oslo_concurrency/lockutils.py:543}}
Jun 19 21:44:18.732364 np0000003320 nova-conductor[98213]: DEBUG nova.quota [None req-b7fdf401-c422-47cd-b83f-4e6028b726ac tempest-TaggedAttachmentsTest-1885892038 tempest-TaggedAttachmentsTest-1885892038-project-member] Getting quotas for project 1ba91773dfd84ea29123d0b1fa4bc825. Resources: {'ram', 'instances', 'cores'} {{(pid=98213) _get_quotas /opt/stack/nova/nova/quota.py:392}}
Jun 19 21:44:18.735213 np0000003320 nova-conductor[98213]: DEBUG nova.quota [None req-b7fdf401-c422-47cd-b83f-4e6028b726ac tempest-TaggedAttachmentsTest-1885892038 tempest-TaggedAttachmentsTest-1885892038-project-member] Getting quotas for user cfe8a996588a4a4aa06d6ea36b2d3ba1 and project 1ba91773dfd84ea29123d0b1fa4bc825. Resources: {'ram', 'instances', 'cores'} {{(pid=98213) _get_quotas /opt/stack/nova/nova/quota.py:382}}
Jun 19 21:44:18.743517 np0000003320 nova-conductor[98213]: DEBUG nova.conductor.manager [None req-b7fdf401-c422-47cd-b83f-4e6028b726ac tempest-TaggedAttachmentsTest-1885892038 tempest-TaggedAttachmentsTest-1885892038-project-member] [instance: e7024755-704b-4b8b-bcf1-bd1de628ce3a] Selected host: np0000003320; Selected node: np0000003320; Alternates: [] {{(pid=98213) schedule_and_build_instances /opt/stack/nova/nova/conductor/manager.py:1784}}
Jun 19 21:44:18.744081 np0000003320 nova-conductor[98213]: DEBUG oslo_concurrency.lockutils [None req-b7fdf401-c422-47cd-b83f-4e6028b726ac tempest-TaggedAttachmentsTest-1885892038 tempest-TaggedAttachmentsTest-1885892038-project-member] Acquiring lock "aecd7b56-2e33-4df3-83db-7eda99fd5f13" by "nova.context.set_target_cell..get_or_set_cached_cell_and_set_connections" {{(pid=98213) inner /opt/stack/data/venv/lib/python3.12/site-packages/oslo_concurrency/lockutils.py:511}}
Jun 19 21:44:18.744222 np0000003320 nova-conductor[98213]: DEBUG oslo_concurrency.lockutils [None req-b7fdf401-c422-47cd-b83f-4e6028b726ac tempest-TaggedAttachmentsTest-1885892038 tempest-TaggedAttachmentsTest-1885892038-project-member] Lock "aecd7b56-2e33-4df3-83db-7eda99fd5f13" acquired by "nova.context.set_target_cell..get_or_set_cached_cell_and_set_connections" :: waited 0.000s {{(pid=98213) inner /opt/stack/data/venv/lib/python3.12/site-packages/oslo_concurrency/lockutils.py:524}}
Jun 19 21:44:18.744384 np0000003320 nova-conductor[98213]: DEBUG oslo_concurrency.lockutils [None req-b7fdf401-c422-47cd-b83f-4e6028b726ac tempest-TaggedAttachmentsTest-1885892038 tempest-TaggedAttachmentsTest-1885892038-project-member] Lock "aecd7b56-2e33-4df3-83db-7eda99fd5f13" "released" by "nova.context.set_target_cell..get_or_set_cached_cell_and_set_connections" :: held 0.000s {{(pid=98213) inner /opt/stack/data/venv/lib/python3.12/site-packages/oslo_concurrency/lockutils.py:543}}
Jun 19 21:44:18.753747 np0000003320 nova-conductor[98243]: DEBUG nova.conductor.manager [None req-a563e432-9bb2-49e2-974a-75b50d7dadf6 tempest-TestMultiAttachVolumeSwap-306966649 tempest-TestMultiAttachVolumeSwap-306966649-project-member] Took 1.03 seconds to select destinations for 2 instance(s). {{(pid=98243) _schedule_instances /opt/stack/nova/nova/conductor/manager.py:968}}
Jun 19 21:44:18.755086 np0000003320 nova-conductor[98213]: DEBUG nova.conductor.manager [None req-b7fdf401-c422-47cd-b83f-4e6028b726ac tempest-TaggedAttachmentsTest-1885892038 tempest-TaggedAttachmentsTest-1885892038-project-member] [instance: e7024755-704b-4b8b-bcf1-bd1de628ce3a] block_device_mapping [BlockDeviceMapping(attachment_id=,boot_index=0,connection_info=None,created_at=,delete_on_termination=True,deleted=,deleted_at=,destination_type='local',device_name=None,device_type='disk',disk_bus=None,encrypted=False,encryption_format=None,encryption_options=None,encryption_secret_uuid=None,guest_format=None,id=,image_id='9554eac7-1556-4cf0-83d2-04b3cb07b790',instance=,instance_uuid=,no_device=False,snapshot_id=None,source_type='image',tag=None,updated_at=,uuid=,volume_id=None,volume_size=None,volume_type=None)] {{(pid=98213) _create_block_device_mapping /opt/stack/nova/nova/conductor/manager.py:1529}}
Jun 19 21:44:18.755782 np0000003320 nova-conductor[98213]: DEBUG oslo_concurrency.lockutils [None req-b7fdf401-c422-47cd-b83f-4e6028b726ac tempest-TaggedAttachmentsTest-1885892038 tempest-TaggedAttachmentsTest-1885892038-project-member] Acquiring lock "aecd7b56-2e33-4df3-83db-7eda99fd5f13" by "nova.context.set_target_cell..get_or_set_cached_cell_and_set_connections" {{(pid=98213) inner /opt/stack/data/venv/lib/python3.12/site-packages/oslo_concurrency/lockutils.py:511}}
Jun 19 21:44:18.756227 np0000003320 nova-conductor[98213]: DEBUG oslo_concurrency.lockutils [None req-b7fdf401-c422-47cd-b83f-4e6028b726ac tempest-TaggedAttachmentsTest-1885892038 tempest-TaggedAttachmentsTest-1885892038-project-member] Lock "aecd7b56-2e33-4df3-83db-7eda99fd5f13" acquired by "nova.context.set_target_cell..get_or_set_cached_cell_and_set_connections" :: waited 0.000s {{(pid=98213) inner /opt/stack/data/venv/lib/python3.12/site-packages/oslo_concurrency/lockutils.py:524}}
Jun 19 21:44:18.756227 np0000003320 nova-conductor[98213]: DEBUG oslo_concurrency.lockutils [None req-b7fdf401-c422-47cd-b83f-4e6028b726ac tempest-TaggedAttachmentsTest-1885892038 tempest-TaggedAttachmentsTest-1885892038-project-member] Lock "aecd7b56-2e33-4df3-83db-7eda99fd5f13" "released" by "nova.context.set_target_cell..get_or_set_cached_cell_and_set_connections" :: held 0.000s {{(pid=98213) inner /opt/stack/data/venv/lib/python3.12/site-packages/oslo_concurrency/lockutils.py:543}}
Jun 19 21:44:18.788209 np0000003320 nova-conductor[98243]: DEBUG oslo_concurrency.lockutils [None req-a563e432-9bb2-49e2-974a-75b50d7dadf6 tempest-TestMultiAttachVolumeSwap-306966649 tempest-TestMultiAttachVolumeSwap-306966649-project-member] Acquiring lock "aecd7b56-2e33-4df3-83db-7eda99fd5f13" by "nova.context.set_target_cell..get_or_set_cached_cell_and_set_connections" {{(pid=98243) inner /opt/stack/data/venv/lib/python3.12/site-packages/oslo_concurrency/lockutils.py:511}}
Jun 19 21:44:18.788209 np0000003320 nova-conductor[98243]: DEBUG oslo_concurrency.lockutils [None req-a563e432-9bb2-49e2-974a-75b50d7dadf6 tempest-TestMultiAttachVolumeSwap-306966649 tempest-TestMultiAttachVolumeSwap-306966649-project-member] Lock "aecd7b56-2e33-4df3-83db-7eda99fd5f13" acquired by "nova.context.set_target_cell..get_or_set_cached_cell_and_set_connections" :: waited 0.000s {{(pid=98243) inner /opt/stack/data/venv/lib/python3.12/site-packages/oslo_concurrency/lockutils.py:524}}
