Jul 29 14:36:17.973081 np0000006086 devstack@g-api.service[99865]: DEBUG glance.api.middleware.version_negotiation [None req-14b17089-bc8e-461e-9a8c-742e14f67b94 tempest-VolumeAndVolumeTypeFromImageTest-1345323966 tempest-VolumeAndVolumeTypeFromImageTest-1345323966-project-member] Determining version of request: GET /v2/schemas/image Accept: */* {{(pid=99865) process_request /opt/stack/glance/glance/api/middleware/version_negotiation.py:44}}
Jul 29 14:36:17.973434 np0000006086 devstack@g-api.service[99865]: DEBUG glance.api.middleware.version_negotiation [None req-14b17089-bc8e-461e-9a8c-742e14f67b94 tempest-VolumeAndVolumeTypeFromImageTest-1345323966 tempest-VolumeAndVolumeTypeFromImageTest-1345323966-project-member] Using url versioning {{(pid=99865) process_request /opt/stack/glance/glance/api/middleware/version_negotiation.py:57}}
Jul 29 14:36:17.973434 np0000006086 devstack@g-api.service[99865]: DEBUG glance.api.middleware.version_negotiation [None req-14b17089-bc8e-461e-9a8c-742e14f67b94 tempest-VolumeAndVolumeTypeFromImageTest-1345323966 tempest-VolumeAndVolumeTypeFromImageTest-1345323966-project-member] Matched version: v2 {{(pid=99865) process_request /opt/stack/glance/glance/api/middleware/version_negotiation.py:69}}
Jul 29 14:36:17.973434 np0000006086 devstack@g-api.service[99865]: DEBUG glance.api.middleware.version_negotiation [None req-14b17089-bc8e-461e-9a8c-742e14f67b94 tempest-VolumeAndVolumeTypeFromImageTest-1345323966 tempest-VolumeAndVolumeTypeFromImageTest-1345323966-project-member] new path /v2/schemas/image {{(pid=99865) process_request /opt/stack/glance/glance/api/middleware/version_negotiation.py:70}}
Jul 29 14:36:17.975556 np0000006086 devstack@g-api.service[99865]: [pid: 99865|app: 0|req: 131/380] 127.0.0.1 () {44 vars in 1051 bytes} [Wed Jul 29 14:36:17 2026] GET /v2/schemas/image => generated 6083 bytes in 2 msecs (HTTP/1.1 200) 4 headers in 158 bytes (1 switches on core 0)
Jul 29 14:36:17.981821 np0000006086 devstack@g-api.service[99864]: DEBUG glance.api.middleware.version_negotiation [None req-609345cb-14dc-4e6d-b604-e1aedfafc83c tempest-VolumeAndVolumeTypeFromImageTest-1345323966 tempest-VolumeAndVolumeTypeFromImageTest-1345323966-project-member] Determining version of request: GET /v2/schemas/image Accept: */* {{(pid=99864) process_request /opt/stack/glance/glance/api/middleware/version_negotiation.py:44}}
Jul 29 14:36:17.982104 np0000006086 devstack@g-api.service[99864]: DEBUG glance.api.middleware.version_negotiation [None req-609345cb-14dc-4e6d-b604-e1aedfafc83c tempest-VolumeAndVolumeTypeFromImageTest-1345323966 tempest-VolumeAndVolumeTypeFromImageTest-1345323966-project-member] Using url versioning {{(pid=99864) process_request /opt/stack/glance/glance/api/middleware/version_negotiation.py:57}}
Jul 29 14:36:17.982104 np0000006086 devstack@g-api.service[99864]: DEBUG glance.api.middleware.version_negotiation [None req-609345cb-14dc-4e6d-b604-e1aedfafc83c tempest-VolumeAndVolumeTypeFromImageTest-1345323966 tempest-VolumeAndVolumeTypeFromImageTest-1345323966-project-member] Matched version: v2 {{(pid=99864) process_request /opt/stack/glance/glance/api/middleware/version_negotiation.py:69}}
Jul 29 14:36:17.982191 np0000006086 devstack@g-api.service[99864]: DEBUG glance.api.middleware.version_negotiation [None req-609345cb-14dc-4e6d-b604-e1aedfafc83c tempest-VolumeAndVolumeTypeFromImageTest-1345323966 tempest-VolumeAndVolumeTypeFromImageTest-1345323966-project-member] new path /v2/schemas/image {{(pid=99864) process_request /opt/stack/glance/glance/api/middleware/version_negotiation.py:70}}
Jul 29 14:36:17.989070 np0000006086 devstack@g-api.service[99864]: [pid: 99864|app: 0|req: 123/381] 127.0.0.1 () {44 vars in 1051 bytes} [Wed Jul 29 14:36:17 2026] GET /v2/schemas/image => generated 6083 bytes in 7 msecs (HTTP/1.1 200) 4 headers in 158 bytes (1 switches on core 0)
Jul 29 14:36:17.995228 np0000006086 devstack@g-api.service[99866]: DEBUG glance.api.middleware.version_negotiation [None req-5754cca2-58d2-423f-864c-5fbc76f19dd9 tempest-TestShelveInstance-1931451438 tempest-TestShelveInstance-1931451438-project-member] Determining version of request: GET /v2/images/527d7629-69a9-40a8-8219-c2efd53ca5e7 Accept: */* {{(pid=99866) process_request /opt/stack/glance/glance/api/middleware/version_negotiation.py:44}}
Jul 29 14:36:17.995435 np0000006086 devstack@g-api.service[99866]: DEBUG glance.api.middleware.version_negotiation [None req-5754cca2-58d2-423f-864c-5fbc76f19dd9 tempest-TestShelveInstance-1931451438 tempest-TestShelveInstance-1931451438-project-member] Using url versioning {{(pid=99866) process_request /opt/stack/glance/glance/api/middleware/version_negotiation.py:57}}
Jul 29 14:36:17.995565 np0000006086 devstack@g-api.service[99866]: DEBUG glance.api.middleware.version_negotiation [None req-5754cca2-58d2-423f-864c-5fbc76f19dd9 tempest-TestShelveInstance-1931451438 tempest-TestShelveInstance-1931451438-project-member] Matched version: v2 {{(pid=99866) process_request /opt/stack/glance/glance/api/middleware/version_negotiation.py:69}}
Jul 29 14:36:17.995658 np0000006086 devstack@g-api.service[99866]: DEBUG glance.api.middleware.version_negotiation [None req-5754cca2-58d2-423f-864c-5fbc76f19dd9 tempest-TestShelveInstance-1931451438 tempest-TestShelveInstance-1931451438-project-member] new path /v2/images/527d7629-69a9-40a8-8219-c2efd53ca5e7 {{(pid=99866) process_request /opt/stack/glance/glance/api/middleware/version_negotiation.py:70}}
Jul 29 14:36:18.003555 np0000006086 devstack@g-api.service[99866]: [pid: 99866|app: 0|req: 128/382] 127.0.0.1 () {44 vars in 1111 bytes} [Wed Jul 29 14:36:17 2026] GET /v2/images/527d7629-69a9-40a8-8219-c2efd53ca5e7 => generated 1044 bytes in 8 msecs (HTTP/1.1 200) 4 headers in 158 bytes (1 switches on core 0)
Jul 29 14:36:18.008967 np0000006086 devstack@g-api.service[99865]: DEBUG glance.api.middleware.version_negotiation [None req-5754cca2-58d2-423f-864c-5fbc76f19dd9 tempest-TestShelveInstance-1931451438 tempest-TestShelveInstance-1931451438-project-member] Determining version of request: GET /v2/schemas/image Accept: */* {{(pid=99865) process_request /opt/stack/glance/glance/api/middleware/version_negotiation.py:44}}
Jul 29 14:36:18.009119 np0000006086 devstack@g-api.service[99865]: DEBUG glance.api.middleware.version_negotiation [None req-5754cca2-58d2-423f-864c-5fbc76f19dd9 tempest-TestShelveInstance-1931451438 tempest-TestShelveInstance-1931451438-project-member] Using url versioning {{(pid=99865) process_request /opt/stack/glance/glance/api/middleware/version_negotiation.py:57}}
Jul 29 14:36:18.009266 np0000006086 devstack@g-api.service[99865]: DEBUG glance.api.middleware.version_negotiation [None req-5754cca2-58d2-423f-864c-5fbc76f19dd9 tempest-TestShelveInstance-1931451438 tempest-TestShelveInstance-1931451438-project-member] Matched version: v2 {{(pid=99865) process_request /opt/stack/glance/glance/api/middleware/version_negotiation.py:69}}
Jul 29 14:36:18.009386 np0000006086 devstack@g-api.service[99865]: DEBUG glance.api.middleware.version_negotiation [None req-5754cca2-58d2-423f-864c-5fbc76f19dd9 tempest-TestShelveInstance-1931451438 tempest-TestShelveInstance-1931451438-project-member] new path /v2/schemas/image {{(pid=99865) process_request /opt/stack/glance/glance/api/middleware/version_negotiation.py:70}}
Jul 29 14:36:18.011365 np0000006086 devstack@g-api.service[99865]: [pid: 99865|app: 0|req: 132/383] 127.0.0.1 () {44 vars in 1051 bytes} [Wed Jul 29 14:36:18 2026] GET /v2/schemas/image => generated 6083 bytes in 2 msecs (HTTP/1.1 200) 4 headers in 158 bytes (1 switches on core 0)
Jul 29 14:36:18.017664 np0000006086 devstack@g-api.service[99864]: DEBUG glance.api.middleware.version_negotiation [None req-5754cca2-58d2-423f-864c-5fbc76f19dd9 tempest-TestShelveInstance-1931451438 tempest-TestShelveInstance-1931451438-project-member] Determining version of request: GET /v2/schemas/image Accept: */* {{(pid=99864) process_request /opt/stack/glance/glance/api/middleware/version_negotiation.py:44}}
Jul 29 14:36:18.017863 np0000006086 devstack@g-api.service[99864]: DEBUG glance.api.middleware.version_negotiation [None req-5754cca2-58d2-423f-864c-5fbc76f19dd9 tempest-TestShelveInstance-1931451438 tempest-TestShelveInstance-1931451438-project-member] Using url versioning {{(pid=99864) process_request /opt/stack/glance/glance/api/middleware/version_negotiation.py:57}}
Jul 29 14:36:18.018005 np0000006086 devstack@g-api.service[99864]: DEBUG glance.api.middleware.version_negotiation [None req-5754cca2-58d2-423f-864c-5fbc76f19dd9 tempest-TestShelveInstance-1931451438 tempest-TestShelveInstance-1931451438-project-member] Matched version: v2 {{(pid=99864) process_request /opt/stack/glance/glance/api/middleware/version_negotiation.py:69}}
Jul 29 14:36:18.018129 np0000006086 devstack@g-api.service[99864]: DEBUG glance.api.middleware.version_negotiation [None req-5754cca2-58d2-423f-864c-5fbc76f19dd9 tempest-TestShelveInstance-1931451438 tempest-TestShelveInstance-1931451438-project-member] new path /v2/schemas/image {{(pid=99864) process_request /opt/stack/glance/glance/api/middleware/version_negotiation.py:70}}
Jul 29 14:36:18.020199 np0000006086 devstack@g-api.service[99864]: [pid: 99864|app: 0|req: 124/384] 127.0.0.1 () {44 vars in 1051 bytes} [Wed Jul 29 14:36:18 2026] GET /v2/schemas/image => generated 6083 bytes in 2 msecs (HTTP/1.1 200) 4 headers in 158 bytes (1 switches on core 0)
Jul 29 14:36:18.039294 np0000006086 devstack@g-api.service[99866]: DEBUG glance.api.middleware.version_negotiation [None req-5754cca2-58d2-423f-864c-5fbc76f19dd9 tempest-TestShelveInstance-1931451438 tempest-TestShelveInstance-1931451438-project-member] Determining version of request: GET /v2/images/527d7629-69a9-40a8-8219-c2efd53ca5e7 Accept: */* {{(pid=99866) process_request /opt/stack/glance/glance/api/middleware/version_negotiation.py:44}}
Jul 29 14:36:18.039493 np0000006086 devstack@g-api.service[99866]: DEBUG glance.api.middleware.version_negotiation [None req-5754cca2-58d2-423f-864c-5fbc76f19dd9 tempest-TestShelveInstance-1931451438 tempest-TestShelveInstance-1931451438-project-member] Using url versioning {{(pid=99866) process_request /opt/stack/glance/glance/api/middleware/version_negotiation.py:57}}
Jul 29 14:36:18.039667 np0000006086 devstack@g-api.service[99866]: DEBUG glance.api.middleware.version_negotiation [None req-5754cca2-58d2-423f-864c-5fbc76f19dd9 tempest-TestShelveInstance-1931451438 tempest-TestShelveInstance-1931451438-project-member] Matched version: v2 {{(pid=99866) process_request /opt/stack/glance/glance/api/middleware/version_negotiation.py:69}}
Jul 29 14:36:18.039826 np0000006086 devstack@g-api.service[99866]: DEBUG glance.api.middleware.version_negotiation [None req-5754cca2-58d2-423f-864c-5fbc76f19dd9 tempest-TestShelveInstance-1931451438 tempest-TestShelveInstance-1931451438-project-member] new path /v2/images/527d7629-69a9-40a8-8219-c2efd53ca5e7 {{(pid=99866) process_request /opt/stack/glance/glance/api/middleware/version_negotiation.py:70}}
Jul 29 14:36:18.047838 np0000006086 devstack@g-api.service[99866]: [pid: 99866|app: 0|req: 129/385] 127.0.0.1 () {44 vars in 1111 bytes} [Wed Jul 29 14:36:18 2026] GET /v2/images/527d7629-69a9-40a8-8219-c2efd53ca5e7 => generated 1044 bytes in 9 msecs (HTTP/1.1 200) 4 headers in 158 bytes (1 switches on core 0)
Jul 29 14:36:18.054523 np0000006086 devstack@g-api.service[99865]: DEBUG glance.api.middleware.version_negotiation [None req-5754cca2-58d2-423f-864c-5fbc76f19dd9 tempest-TestShelveInstance-1931451438 tempest-TestShelveInstance-1931451438-project-member] Determining version of request: GET /v2/schemas/image Accept: */* {{(pid=99865) process_request /opt/stack/glance/glance/api/middleware/version_negotiation.py:44}}
Jul 29 14:36:18.054700 np0000006086 devstack@g-api.service[99865]: DEBUG glance.api.middleware.version_negotiation [None req-5754cca2-58d2-423f-864c-5fbc76f19dd9 tempest-TestShelveInstance-1931451438 tempest-TestShelveInstance-1931451438-project-member] Using url versioning {{(pid=99865) process_request /opt/stack/glance/glance/api/middleware/version_negotiation.py:57}}
Jul 29 14:36:18.054886 np0000006086 devstack@g-api.service[99865]: DEBUG glance.api.middleware.version_negotiation [None req-5754cca2-58d2-423f-864c-5fbc76f19dd9 tempest-TestShelveInstance-1931451438 tempest-TestShelveInstance-1931451438-project-member] Matched version: v2 {{(pid=99865) process_request /opt/stack/glance/glance/api/middleware/version_negotiation.py:69}}
Jul 29 14:36:18.054997 np0000006086 devstack@g-api.service[99865]: DEBUG glance.api.middleware.version_negotiation [None req-5754cca2-58d2-423f-864c-5fbc76f19dd9 tempest-TestShelveInstance-1931451438 tempest-TestShelveInstance-1931451438-project-member] new path /v2/schemas/image {{(pid=99865) process_request /opt/stack/glance/glance/api/middleware/version_negotiation.py:70}}
Jul 29 14:36:18.057418 np0000006086 devstack@g-api.service[99865]: [pid: 99865|app: 0|req: 133/386] 127.0.0.1 () {44 vars in 1051 bytes} [Wed Jul 29 14:36:18 2026] GET /v2/schemas/image => generated 6083 bytes in 3 msecs (HTTP/1.1 200) 4 headers in 158 bytes (1 switches on core 0)
Jul 29 14:36:18.357714 np0000006086 devstack@g-api.service[99864]: DEBUG glance.api.middleware.version_negotiation [None req-5754cca2-58d2-423f-864c-5fbc76f19dd9 tempest-TestShelveInstance-1931451438 tempest-TestShelveInstance-1931451438-project-member] Determining version of request: GET /versions Accept: */* {{(pid=99864) process_request /opt/stack/glance/glance/api/middleware/version_negotiation.py:44}}
Jul 29 14:36:18.358376 np0000006086 devstack@g-api.service[99864]: [pid: 99864|app: 0|req: 125/387] 127.0.0.1 () {44 vars in 1035 bytes} [Wed Jul 29 14:36:18 2026] GET /versions => generated 1501 bytes in 1 msecs (HTTP/1.1 200) 3 headers in 92 bytes (1 switches on core 0)
Jul 29 14:36:18.367073 np0000006086 devstack@g-api.service[99866]: DEBUG glance.api.middleware.version_negotiation [None req-5754cca2-58d2-423f-864c-5fbc76f19dd9 tempest-TestShelveInstance-1931451438 tempest-TestShelveInstance-1931451438-project-member] Determining version of request: GET /v2/images/527d7629-69a9-40a8-8219-c2efd53ca5e7/locations Accept: */* {{(pid=99866) process_request /opt/stack/glance/glance/api/middleware/version_negotiation.py:44}}
Jul 29 14:36:18.367265 np0000006086 devstack@g-api.service[99866]: DEBUG glance.api.middleware.version_negotiation [None req-5754cca2-58d2-423f-864c-5fbc76f19dd9 tempest-TestShelveInstance-1931451438 tempest-TestShelveInstance-1931451438-project-member] Using url versioning {{(pid=99866) process_request /opt/stack/glance/glance/api/middleware/version_negotiation.py:57}}
Jul 29 14:36:18.367428 np0000006086 devstack@g-api.service[99866]: DEBUG glance.api.middleware.version_negotiation [None req-5754cca2-58d2-423f-864c-5fbc76f19dd9 tempest-TestShelveInstance-1931451438 tempest-TestShelveInstance-1931451438-project-member] Matched version: v2 {{(pid=99866) process_request /opt/stack/glance/glance/api/middleware/version_negotiation.py:69}}
Jul 29 14:36:18.367550 np0000006086 devstack@g-api.service[99866]: DEBUG glance.api.middleware.version_negotiation [None req-5754cca2-58d2-423f-864c-5fbc76f19dd9 tempest-TestShelveInstance-1931451438 tempest-TestShelveInstance-1931451438-project-member] new path /v2/images/527d7629-69a9-40a8-8219-c2efd53ca5e7/locations {{(pid=99866) process_request /opt/stack/glance/glance/api/middleware/version_negotiation.py:70}}
Jul 29 14:36:18.407287 np0000006086 devstack@g-api.service[99866]: [pid: 99866|app: 0|req: 130/388] 127.0.0.1 () {44 vars in 1131 bytes} [Wed Jul 29 14:36:18 2026] GET /v2/images/527d7629-69a9-40a8-8219-c2efd53ca5e7/locations => generated 92 bytes in 40 msecs (HTTP/1.1 200) 4 headers in 156 bytes (1 switches on core 0)
Jul 29 14:36:18.414451 np0000006086 devstack@g-api.service[99865]: DEBUG glance.api.middleware.version_negotiation [None req-5754cca2-58d2-423f-864c-5fbc76f19dd9 tempest-TestShelveInstance-1931451438 tempest-TestShelveInstance-1931451438-project-member] Determining version of request: GET /v2/images/527d7629-69a9-40a8-8219-c2efd53ca5e7 Accept: */* {{(pid=99865) process_request /opt/stack/glance/glance/api/middleware/version_negotiation.py:44}}
Jul 29 14:36:18.414635 np0000006086 devstack@g-api.service[99865]: DEBUG glance.api.middleware.version_negotiation [None req-5754cca2-58d2-423f-864c-5fbc76f19dd9 tempest-TestShelveInstance-1931451438 tempest-TestShelveInstance-1931451438-project-member] Using url versioning {{(pid=99865) process_request /opt/stack/glance/glance/api/middleware/version_negotiation.py:57}}
Jul 29 14:36:18.414825 np0000006086 devstack@g-api.service[99865]: DEBUG glance.api.middleware.version_negotiation [None req-5754cca2-58d2-423f-864c-5fbc76f19dd9 tempest-TestShelveInstance-1931451438 tempest-TestShelveInstance-1931451438-project-member] Matched version: v2 {{(pid=99865) process_request /opt/stack/glance/glance/api/middleware/version_negotiation.py:69}}
Jul 29 14:36:18.414972 np0000006086 devstack@g-api.service[99865]: DEBUG glance.api.middleware.version_negotiation [None req-5754cca2-58d2-423f-864c-5fbc76f19dd9 tempest-TestShelveInstance-1931451438 tempest-TestShelveInstance-1931451438-project-member] new path /v2/images/527d7629-69a9-40a8-8219-c2efd53ca5e7 {{(pid=99865) process_request /opt/stack/glance/glance/api/middleware/version_negotiation.py:70}}
Jul 29 14:36:18.426061 np0000006086 devstack@g-api.service[99865]: [pid: 99865|app: 0|req: 134/389] 127.0.0.1 () {44 vars in 1111 bytes} [Wed Jul 29 14:36:18 2026] GET /v2/images/527d7629-69a9-40a8-8219-c2efd53ca5e7 => generated 1044 bytes in 12 msecs (HTTP/1.1 200) 4 headers in 158 bytes (1 switches on core 0)
Jul 29 14:36:18.432259 np0000006086 devstack@g-api.service[99864]: DEBUG glance.api.middleware.version_negotiation [None req-5754cca2-58d2-423f-864c-5fbc76f19dd9 tempest-TestShelveInstance-1931451438 tempest-TestShelveInstance-1931451438-project-member] Determining version of request: GET /v2/schemas/image Accept: */* {{(pid=99864) process_request /opt/stack/glance/glance/api/middleware/version_negotiation.py:44}}
Jul 29 14:36:18.432433 np0000006086 devstack@g-api.service[99864]: DEBUG glance.api.middleware.version_negotiation [None req-5754cca2-58d2-423f-864c-5fbc76f19dd9 tempest-TestShelveInstance-1931451438 tempest-TestShelveInstance-1931451438-project-member] Using url versioning {{(pid=99864) process_request /opt/stack/glance/glance/api/middleware/version_negotiation.py:57}}
Jul 29 14:36:18.432564 np0000006086 devstack@g-api.service[99864]: DEBUG glance.api.middleware.version_negotiation [None req-5754cca2-58d2-423f-864c-5fbc76f19dd9 tempest-TestShelveInstance-1931451438 tempest-TestShelveInstance-1931451438-project-member] Matched version: v2 {{(pid=99864) process_request /opt/stack/glance/glance/api/middleware/version_negotiation.py:69}}
Jul 29 14:36:18.432673 np0000006086 devstack@g-api.service[99864]: DEBUG glance.api.middleware.version_negotiation [None req-5754cca2-58d2-423f-864c-5fbc76f19dd9 tempest-TestShelveInstance-1931451438 tempest-TestShelveInstance-1931451438-project-member] new path /v2/schemas/image {{(pid=99864) process_request /opt/stack/glance/glance/api/middleware/version_negotiation.py:70}}
Jul 29 14:36:18.435198 np0000006086 devstack@g-api.service[99864]: [pid: 99864|app: 0|req: 126/390] 127.0.0.1 () {44 vars in 1051 bytes} [Wed Jul 29 14:36:18 2026] GET /v2/schemas/image => generated 6083 bytes in 3 msecs (HTTP/1.1 200) 4 headers in 158 bytes (1 switches on core 0)
Jul 29 14:36:18.442767 np0000006086 devstack@g-api.service[99866]: DEBUG glance.api.middleware.version_negotiation [None req-5754cca2-58d2-423f-864c-5fbc76f19dd9 service glance] Determining version of request: GET /v2/schemas/image Accept: */* {{(pid=99866) process_request /opt/stack/glance/glance/api/middleware/version_negotiation.py:44}}
Jul 29 14:36:18.442960 np0000006086 devstack@g-api.service[99866]: DEBUG glance.api.middleware.version_negotiation [None req-5754cca2-58d2-423f-864c-5fbc76f19dd9 service glance] Using url versioning {{(pid=99866) process_request /opt/stack/glance/glance/api/middleware/version_negotiation.py:57}}
Jul 29 14:36:18.443123 np0000006086 devstack@g-api.service[99866]: DEBUG glance.api.middleware.version_negotiation [None req-5754cca2-58d2-423f-864c-5fbc76f19dd9 service glance] Matched version: v2 {{(pid=99866) process_request /opt/stack/glance/glance/api/middleware/version_negotiation.py:69}}
Jul 29 14:36:18.443243 np0000006086 devstack@g-api.service[99866]: DEBUG glance.api.middleware.version_negotiation [None req-5754cca2-58d2-423f-864c-5fbc76f19dd9 service glance] new path /v2/schemas/image {{(pid=99866) process_request /opt/stack/glance/glance/api/middleware/version_negotiation.py:70}}
Jul 29 14:36:18.445573 np0000006086 devstack@g-api.service[99866]: [pid: 99866|app: 0|req: 131/391] 127.0.0.1 () {44 vars in 1051 bytes} [Wed Jul 29 14:36:18 2026] GET /v2/schemas/image => generated 6083 bytes in 3 msecs (HTTP/1.1 200) 4 headers in 158 bytes (1 switches on core 0)
Jul 29 14:36:24.578391 np0000006086 devstack@g-api.service[99864]: DEBUG dbcounter [-] [99864] Writing DB stats glance:SELECT=13,glance:INSERT=2 {{(pid=99864) stat_writer /opt/stack/data/venv/lib/python3.12/site-packages/dbcounter.py:115}}
Jul 29 14:36:27.526598 np0000006086 devstack@g-api.service[99865]: DEBUG glance.api.middleware.version_negotiation [None req-5754cca2-58d2-423f-864c-5fbc76f19dd9 tempest-TestShelveInstance-1931451438 tempest-TestShelveInstance-1931451438-project-member] Determining version of request: DELETE /v2/images/d5f05d1f-c939-42fa-9c27-dc2c2cf7c7a1 Accept: application/json {{(pid=99865) process_request /opt/stack/glance/glance/api/middleware/version_negotiation.py:44}}
Jul 29 14:36:27.527120 np0000006086 devstack@g-api.service[99865]: DEBUG glance.api.middleware.version_negotiation [None req-5754cca2-58d2-423f-864c-5fbc76f19dd9 tempest-TestShelveInstance-1931451438 tempest-TestShelveInstance-1931451438-project-member] Using url versioning {{(pid=99865) process_request /opt/stack/glance/glance/api/middleware/version_negotiation.py:57}}
Jul 29 14:36:27.527120 np0000006086 devstack@g-api.service[99865]: DEBUG glance.api.middleware.version_negotiation [None req-5754cca2-58d2-423f-864c-5fbc76f19dd9 tempest-TestShelveInstance-1931451438 tempest-TestShelveInstance-1931451438-project-member] Matched version: v2 {{(pid=99865) process_request /opt/stack/glance/glance/api/middleware/version_negotiation.py:69}}
Jul 29 14:36:27.527250 np0000006086 devstack@g-api.service[99865]: DEBUG glance.api.middleware.version_negotiation [None req-5754cca2-58d2-423f-864c-5fbc76f19dd9 tempest-TestShelveInstance-1931451438 tempest-TestShelveInstance-1931451438-project-member] new path /v2/images/d5f05d1f-c939-42fa-9c27-dc2c2cf7c7a1 {{(pid=99865) process_request /opt/stack/glance/glance/api/middleware/version_negotiation.py:70}}
Jul 29 14:36:27.534960 np0000006086 devstack@g-api.service[99864]: DEBUG glance.api.middleware.version_negotiation [None req-5754cca2-58d2-423f-864c-5fbc76f19dd9 tempest-TestShelveInstance-1931451438 tempest-TestShelveInstance-1931451438-project-member] Determining version of request: GET /v2/images/527d7629-69a9-40a8-8219-c2efd53ca5e7 Accept: */* {{(pid=99864) process_request /opt/stack/glance/glance/api/middleware/version_negotiation.py:44}}
Jul 29 14:36:27.535318 np0000006086 devstack@g-api.service[99864]: DEBUG glance.api.middleware.version_negotiation [None req-5754cca2-58d2-423f-864c-5fbc76f19dd9 tempest-TestShelveInstance-1931451438 tempest-TestShelveInstance-1931451438-project-member] Using url versioning {{(pid=99864) process_request /opt/stack/glance/glance/api/middleware/version_negotiation.py:57}}
Jul 29 14:36:27.535318 np0000006086 devstack@g-api.service[99864]: DEBUG glance.api.middleware.version_negotiation [None req-5754cca2-58d2-423f-864c-5fbc76f19dd9 tempest-TestShelveInstance-1931451438 tempest-TestShelveInstance-1931451438-project-member] Matched version: v2 {{(pid=99864) process_request /opt/stack/glance/glance/api/middleware/version_negotiation.py:69}}
Jul 29 14:36:27.536779 np0000006086 devstack@g-api.service[99864]: DEBUG glance.api.middleware.version_negotiation [None req-5754cca2-58d2-423f-864c-5fbc76f19dd9 tempest-TestShelveInstance-1931451438 tempest-TestShelveInstance-1931451438-project-member] new path /v2/images/527d7629-69a9-40a8-8219-c2efd53ca5e7 {{(pid=99864) process_request /opt/stack/glance/glance/api/middleware/version_negotiation.py:70}}
Jul 29 14:36:27.540117 np0000006086 devstack@g-api.service[99865]: WARNING glance.api.v2.images [None req-434fac03-9480-45cd-9702-521d05e32531 tempest-TestMinimumBasicScenario-1043624745 tempest-TestMinimumBasicScenario-1043624745-project-member] After upload to backend, deletion of staged image data has failed because it cannot be found at /tmp/staging//d5f05d1f-c939-42fa-9c27-dc2c2cf7c7a1
Jul 29 14:36:27.540413 np0000006086 devstack@g-api.service[99865]: DEBUG glance_store.backend [None req-434fac03-9480-45cd-9702-521d05e32531 tempest-TestMinimumBasicScenario-1043624745 tempest-TestMinimumBasicScenario-1043624745-project-member] Attempting to import store swift {{(pid=99865) _load_store /opt/stack/data/venv/lib/python3.12/site-packages/glance_store/backend.py:215}}
Jul 29 14:36:27.542309 np0000006086 devstack@g-api.service[99865]: DEBUG glance_store.capabilities [None req-434fac03-9480-45cd-9702-521d05e32531 tempest-TestMinimumBasicScenario-1043624745 tempest-TestMinimumBasicScenario-1043624745-project-member] Store glance_store._drivers.swift.store.SingleTenantStore doesn't support updating dynamic storage capabilities. Please overwrite 'update_capabilities' method of the store to implement updating logics if needed. {{(pid=99865) update_capabilities /opt/stack/data/venv/lib/python3.12/site-packages/glance_store/capabilities.py:91}}
Jul 29 14:36:27.542465 np0000006086 devstack@g-api.service[99865]: DEBUG glance_store.driver [None req-434fac03-9480-45cd-9702-521d05e32531 tempest-TestMinimumBasicScenario-1043624745 tempest-TestMinimumBasicScenario-1043624745-project-member] Late loading location class glance_store._drivers.swift.store.StoreLocation {{(pid=99865) get_store_location_class /opt/stack/data/venv/lib/python3.12/site-packages/glance_store/driver.py:134}}
Jul 29 14:36:27.542627 np0000006086 devstack@g-api.service[99865]: DEBUG glance_store.location [None req-434fac03-9480-45cd-9702-521d05e32531 tempest-TestMinimumBasicScenario-1043624745 tempest-TestMinimumBasicScenario-1043624745-project-member] Registering scheme swift+https with {'store': , 'location_class': , 'store_entry': 'swift'} {{(pid=99865) register_scheme_map /opt/stack/data/venv/lib/python3.12/site-packages/glance_store/location.py:146}}
Jul 29 14:36:27.542766 np0000006086 devstack@g-api.service[99865]: DEBUG glance_store.location [None req-434fac03-9480-45cd-9702-521d05e32531 tempest-TestMinimumBasicScenario-1043624745 tempest-TestMinimumBasicScenario-1043624745-project-member] Registering scheme swift+https with {'store': , 'location_class': , 'store_entry': 'swift'} {{(pid=99865) register_scheme_map /opt/stack/data/venv/lib/python3.12/site-packages/glance_store/location.py:146}}
Jul 29 14:36:27.542906 np0000006086 devstack@g-api.service[99865]: DEBUG glance_store.location [None req-434fac03-9480-45cd-9702-521d05e32531 tempest-TestMinimumBasicScenario-1043624745 tempest-TestMinimumBasicScenario-1043624745-project-member] Registering scheme swift with {'store': , 'location_class': , 'store_entry': 'swift'} {{(pid=99865) register_scheme_map /opt/stack/data/venv/lib/python3.12/site-packages/glance_store/location.py:146}}
Jul 29 14:36:27.543029 np0000006086 devstack@g-api.service[99865]: DEBUG glance_store.location [None req-434fac03-9480-45cd-9702-521d05e32531 tempest-TestMinimumBasicScenario-1043624745 tempest-TestMinimumBasicScenario-1043624745-project-member] Registering scheme swift+https with {'store': , 'location_class': , 'store_entry': 'swift'} {{(pid=99865) register_scheme_map /opt/stack/data/venv/lib/python3.12/site-packages/glance_store/location.py:146}}
Jul 29 14:36:27.543155 np0000006086 devstack@g-api.service[99865]: DEBUG glance_store.location [None req-434fac03-9480-45cd-9702-521d05e32531 tempest-TestMinimumBasicScenario-1043624745 tempest-TestMinimumBasicScenario-1043624745-project-member] Registering scheme swift with {'store': , 'location_class': , 'store_entry': 'swift'} {{(pid=99865) register_scheme_map /opt/stack/data/venv/lib/python3.12/site-packages/glance_store/location.py:146}}
Jul 29 14:36:27.543274 np0000006086 devstack@g-api.service[99865]: DEBUG glance_store.location [None req-434fac03-9480-45cd-9702-521d05e32531 tempest-TestMinimumBasicScenario-1043624745 tempest-TestMinimumBasicScenario-1043624745-project-member] Registering scheme swift+http with {'store': , 'location_class': , 'store_entry': 'swift'} {{(pid=99865) register_scheme_map /opt/stack/data/venv/lib/python3.12/site-packages/glance_store/location.py:146}}
Jul 29 14:36:27.543393 np0000006086 devstack@g-api.service[99865]: DEBUG glance_store.location [None req-434fac03-9480-45cd-9702-521d05e32531 tempest-TestMinimumBasicScenario-1043624745 tempest-TestMinimumBasicScenario-1043624745-project-member] Registering scheme swift+https with {'store': , 'location_class': , 'store_entry': 'swift'} {{(pid=99865) register_scheme_map /opt/stack/data/venv/lib/python3.12/site-packages/glance_store/location.py:146}}
Jul 29 14:36:27.543513 np0000006086 devstack@g-api.service[99865]: DEBUG glance_store.location [None req-434fac03-9480-45cd-9702-521d05e32531 tempest-TestMinimumBasicScenario-1043624745 tempest-TestMinimumBasicScenario-1043624745-project-member] Registering scheme swift with {'store': , 'location_class': , 'store_entry': 'swift'} {{(pid=99865) register_scheme_map /opt/stack/data/venv/lib/python3.12/site-packages/glance_store/location.py:146}}
Jul 29 14:36:27.543637 np0000006086 devstack@g-api.service[99865]: DEBUG glance_store.location [None req-434fac03-9480-45cd-9702-521d05e32531 tempest-TestMinimumBasicScenario-1043624745 tempest-TestMinimumBasicScenario-1043624745-project-member] Registering scheme swift+http with {'store': , 'location_class': , 'store_entry': 'swift'} {{(pid=99865) register_scheme_map /opt/stack/data/venv/lib/python3.12/site-packages/glance_store/location.py:146}}
Jul 29 14:36:27.543776 np0000006086 devstack@g-api.service[99865]: DEBUG glance_store.location [None req-434fac03-9480-45cd-9702-521d05e32531 tempest-TestMinimumBasicScenario-1043624745 tempest-TestMinimumBasicScenario-1043624745-project-member] Registering scheme swift+config with {'store': , 'location_class': , 'store_entry': 'swift'} {{(pid=99865) register_scheme_map /opt/stack/data/venv/lib/python3.12/site-packages/glance_store/location.py:146}}
Jul 29 14:36:27.544596 np0000006086 devstack@g-api.service[99865]: DEBUG keystoneclient.auth.identity.v3.base [None req-434fac03-9480-45cd-9702-521d05e32531 tempest-TestMinimumBasicScenario-1043624745 tempest-TestMinimumBasicScenario-1043624745-project-member] Making authentication request to https://10.4.3.91/identity/v3/auth/tokens {{(pid=99865) get_auth_ref /opt/stack/data/venv/lib/python3.12/site-packages/keystoneclient/auth/identity/v3/base.py:185}}
Jul 29 14:36:27.558353 np0000006086 devstack@g-api.service[99864]: [pid: 99864|app: 0|req: 127/392] 127.0.0.1 () {44 vars in 1111 bytes} [Wed Jul 29 14:36:27 2026] GET /v2/images/527d7629-69a9-40a8-8219-c2efd53ca5e7 => generated 1044 bytes in 23 msecs (HTTP/1.1 200) 4 headers in 158 bytes (1 switches on core 0)
Jul 29 14:36:27.594215 np0000006086 devstack@g-api.service[99866]: DEBUG glance.api.middleware.version_negotiation [None req-5754cca2-58d2-423f-864c-5fbc76f19dd9 tempest-TestShelveInstance-1931451438 tempest-TestShelveInstance-1931451438-project-member] Determining version of request: GET /v2/schemas/image Accept: */* {{(pid=99866) process_request /opt/stack/glance/glance/api/middleware/version_negotiation.py:44}}
Jul 29 14:36:27.594727 np0000006086 devstack@g-api.service[99866]: DEBUG glance.api.middleware.version_negotiation [None req-5754cca2-58d2-423f-864c-5fbc76f19dd9 tempest-TestShelveInstance-1931451438 tempest-TestShelveInstance-1931451438-project-member] Using url versioning {{(pid=99866) process_request /opt/stack/glance/glance/api/middleware/version_negotiation.py:57}}
Jul 29 14:36:27.594727 np0000006086 devstack@g-api.service[99866]: DEBUG glance.api.middleware.version_negotiation [None req-5754cca2-58d2-423f-864c-5fbc76f19dd9 tempest-TestShelveInstance-1931451438 tempest-TestShelveInstance-1931451438-project-member] Matched version: v2 {{(pid=99866) process_request /opt/stack/glance/glance/api/middleware/version_negotiation.py:69}}
Jul 29 14:36:27.594727 np0000006086 devstack@g-api.service[99866]: DEBUG glance.api.middleware.version_negotiation [None req-5754cca2-58d2-423f-864c-5fbc76f19dd9 tempest-TestShelveInstance-1931451438 tempest-TestShelveInstance-1931451438-project-member] new path /v2/schemas/image {{(pid=99866) process_request /opt/stack/glance/glance/api/middleware/version_negotiation.py:70}}
Jul 29 14:36:27.596744 np0000006086 devstack@g-api.service[99866]: [pid: 99866|app: 0|req: 132/393] 127.0.0.1 () {44 vars in 1051 bytes} [Wed Jul 29 14:36:27 2026] GET /v2/schemas/image => generated 6083 bytes in 2 msecs (HTTP/1.1 200) 4 headers in 158 bytes (1 switches on core 0)
Jul 29 14:36:27.609547 np0000006086 devstack@g-api.service[99865]: DEBUG keystoneclient.auth.identity.v3.base [None req-434fac03-9480-45cd-9702-521d05e32531 tempest-TestMinimumBasicScenario-1043624745 tempest-TestMinimumBasicScenario-1043624745-project-member] {"token": {"methods": ["password"], "user": {"domain": {"id": "default", "name": "Default"}, "id": "f1017955fe3842f1bac91864cb48912b", "name": "glance-swift", "password_expires_at": null}, "audit_ids": ["KkgGcdYMThyr4lC18f71oA"], "expires_at": "2026-07-29T15:36:27.000000Z", "issued_at": "2026-07-29T14:36:27.000000Z", "project": {"domain": {"id": "default", "name": "Default"}, "id": "d8f77b5d8d454cd7916aa205d33ee7ba", "name": "service"}, "is_domain": false, "roles": [{"id": "e49a7b609f834122910816c23b484b9e", "name": "ResellerAdmin"}, {"id": "c19d3f9d0c6f439b8616f39b7b6a6cc9", "name": "service"}], "catalog": [{"endpoints": [{"id": "a54178c0675a4530bc1ef3dc6eaae50e", "interface": "public", "region_id": "RegionOne", "url": "https://10.4.3.91/volume/v3", "region": "RegionOne"}], "id": "2721a00b06a045d490273ed01f6ec887", "type": "block-storage", "name": "cinder"}, {"endpoints": [{"id": "c0e113d3c90d485bb2b4347e35c3f176", "interface": "public", "region_id": "RegionOne", "url": "https://10.4.3.91/networking", "region": "RegionOne"}], "id": "37affa28ea9f476aaa7fe711f1c413f6", "type": "network", "name": "neutron"}, {"endpoints": [{"id": "117726b50576457fa682ee82feae9e8d", "interface": "admin", "region_id": "RegionOne", "url": "https://10.4.3.91:8080", "region": "RegionOne"}, {"id": "6d9e5343a4e84199ac801d70a07d18da", "interface": "public", "region_id": "RegionOne", "url": "https://10.4.3.91:8080/v1/AUTH_d8f77b5d8d454cd7916aa205d33ee7ba", "region": "RegionOne"}], "id": "43ed460caf7d4a0c882563b3cb020d15", "type": "object-store", "name": "swift"}, {"endpoints": [{"id": "eaceb4ecfa974ec59620b61943aedb13", "interface": "public", "region_id": "RegionOne", "url": "https://10.4.3.91/identity", "region": "RegionOne"}], "id": "547c3fae32cd4027bc3f149475509924", "type": "identity", "name": "keystone"}, {"endpoints": [{"id": "57d69c3d9ecd46639d72bb6608e3681b", "interface": "public", "region_id": "RegionOne", "url": "https://10.4.3.91/image", "region": "RegionOne"}], "id": "7e0c56540596428a80cebe1f36a0e1c3", "type": "image", "name": "glance"}, {"endpoints": [{"id": "b8d082c746c44e4cb292b7312cd8c53d", "interface": "public", "region_id": "RegionOne", "url": "https://10.4.3.91/placement", "region": "RegionOne"}], "id": "bbf2a39778bf43ddbace2a4991ff524a", "type": "placement", "name": "placement"}, {"endpoints": [{"id": "2a545bb8f3b542a6811665d446563fee", "interface": "public", "region_id": "RegionOne", "url": "https://10.4.3.91/compute/v2/d8f77b5d8d454cd7916aa205d33ee7ba", "region": "RegionOne"}], "id": "dbd80bf8d3a64865bc2abda6c3d59eb3", "type": "compute_legacy", "name": "nova_legacy"}, {"endpoints": [{"id": "5642e737f0324050825023db4b1d3039", "interface": "public", "region_id": "RegionOne", "url": "https://10.4.3.91/compute/v2.1", "region": "RegionOne"}], "id": "fe69fedee3b84329b007ac65f97f5dc2", "type": "compute", "name": "nova"}]}} {{(pid=99865) get_auth_ref /opt/stack/data/venv/lib/python3.12/site-packages/keystoneclient/auth/identity/v3/base.py:190}}
Jul 29 14:36:27.610016 np0000006086 devstack@g-api.service[99865]: DEBUG keystoneclient.httpclient [None req-434fac03-9480-45cd-9702-521d05e32531 tempest-TestMinimumBasicScenario-1043624745 tempest-TestMinimumBasicScenario-1043624745-project-member] Failed to find endpoint for management url admin endpoint for identity service not found {{(pid=99865) _process_management_url /opt/stack/data/venv/lib/python3.12/site-packages/keystoneclient/httpclient.py:670}}
Jul 29 14:36:27.762886 np0000006086 devstack@g-api.service[99865]: DEBUG swiftclient [None req-434fac03-9480-45cd-9702-521d05e32531 tempest-TestMinimumBasicScenario-1043624745 tempest-TestMinimumBasicScenario-1043624745-project-member] REQ: curl -i https://10.4.3.91:8080/v1/AUTH_d8f77b5d8d454cd7916aa205d33ee7ba/glance/d5f05d1f-c939-42fa-9c27-dc2c2cf7c7a1 -I -H "X-Auth-Token: gAAAAABqag_rywyb..." {{(pid=99865) http_log /opt/stack/data/venv/lib/python3.12/site-packages/swiftclient/client.py:160}}
Jul 29 14:36:27.763000 np0000006086 devstack@g-api.service[99865]: DEBUG swiftclient [None req-434fac03-9480-45cd-9702-521d05e32531 tempest-TestMinimumBasicScenario-1043624745 tempest-TestMinimumBasicScenario-1043624745-project-member] RESP STATUS: 200 OK {{(pid=99865) http_log /opt/stack/data/venv/lib/python3.12/site-packages/swiftclient/client.py:161}}
Jul 29 14:36:27.763166 np0000006086 devstack@g-api.service[99865]: DEBUG swiftclient [None req-434fac03-9480-45cd-9702-521d05e32531 tempest-TestMinimumBasicScenario-1043624745 tempest-TestMinimumBasicScenario-1043624745-project-member] RESP HEADERS: {'Date': 'Wed, 29 Jul 2026 14:36:27 GMT', 'Server': 'Apache/2.4.58 (Ubuntu)', 'Content-Type': 'application/octet-stream', 'Content-Length': '21692416', 'X-Object-Manifest': 'glance/d5f05d1f-c939-42fa-9c27-dc2c2cf7c7a1-', 'Last-Modified': 'Wed, 29 Jul 2026 14:34:59 GMT', 'X-Timestamp': '1785335698.84786', 'Accept-Ranges': 'bytes', 'Etag': '"737c2a37dd3f91e374c48cad70137398"', 'X-Trans-Id': 'tx872e84f702d944308468f-006a6a0feb', 'X-Openstack-Request-Id': 'tx872e84f702d944308468f-006a6a0feb', 'Connection': 'close'} {{(pid=99865) http_log /opt/stack/data/venv/lib/python3.12/site-packages/swiftclient/client.py:162}}
Jul 29 14:36:27.783341 np0000006086 devstack@g-api.service[99865]: DEBUG swiftclient [None req-434fac03-9480-45cd-9702-521d05e32531 tempest-TestMinimumBasicScenario-1043624745 tempest-TestMinimumBasicScenario-1043624745-project-member] REQ: curl -i https://10.4.3.91:8080/v1/AUTH_d8f77b5d8d454cd7916aa205d33ee7ba/glance?format=json&prefix=d5f05d1f-c939-42fa-9c27-dc2c2cf7c7a1- -X GET -H "X-Auth-Token: gAAAAABqag_rywyb..." -H "Accept-Encoding: gzip" {{(pid=99865) http_log /opt/stack/data/venv/lib/python3.12/site-packages/swiftclient/client.py:160}}
Jul 29 14:36:27.783477 np0000006086 devstack@g-api.service[99865]: DEBUG swiftclient [None req-434fac03-9480-45cd-9702-521d05e32531 tempest-TestMinimumBasicScenario-1043624745 tempest-TestMinimumBasicScenario-1043624745-project-member] RESP STATUS: 200 OK {{(pid=99865) http_log /opt/stack/data/venv/lib/python3.12/site-packages/swiftclient/client.py:161}}
Jul 29 14:36:27.783681 np0000006086 devstack@g-api.service[99865]: DEBUG swiftclient [None req-434fac03-9480-45cd-9702-521d05e32531 tempest-TestMinimumBasicScenario-1043624745 tempest-TestMinimumBasicScenario-1043624745-project-member] RESP HEADERS: {'Date': 'Wed, 29 Jul 2026 14:36:27 GMT', 'Server': 'Apache/2.4.58 (Ubuntu)', 'Content-Type': 'application/json; charset=utf-8', 'Content-Length': '210', 'X-Container-Object-Count': '5', 'X-Container-Bytes-Used': '86048768', 'X-Timestamp': '1785335420.32566', 'Last-Modified': 'Wed, 29 Jul 2026 14:30:21 GMT', 'Accept-Ranges': 'bytes', 'X-Storage-Policy': 'Policy-0', 'X-Container-Sharding': 'False', 'X-Trans-Id': 'tx004982b5fb1942a7bd0a8-006a6a0feb', 'X-Openstack-Request-Id': 'tx004982b5fb1942a7bd0a8-006a6a0feb', 'Connection': 'close'} {{(pid=99865) http_log /opt/stack/data/venv/lib/python3.12/site-packages/swiftclient/client.py:162}}
Jul 29 14:36:27.783900 np0000006086 devstack@g-api.service[99865]: DEBUG swiftclient [None req-434fac03-9480-45cd-9702-521d05e32531 tempest-TestMinimumBasicScenario-1043624745 tempest-TestMinimumBasicScenario-1043624745-project-member] RESP BODY: b'[{"bytes": 21692416, "hash": "87617e24a5e30cb3b87fda8c0764838f", "name": "d5f05d1f-c939-42fa-9c27-dc2c2cf7c7a1-00001", "content_type": "application/octet-stream", "last_modified": "2026-07-29T14:34:58.604660"}]' {{(pid=99865) http_log /opt/stack/data/venv/lib/python3.12/site-packages/swiftclient/client.py:166}}
Jul 29 14:36:27.809361 np0000006086 devstack@g-api.service[99865]: DEBUG swiftclient [None req-434fac03-9480-45cd-9702-521d05e32531 tempest-TestMinimumBasicScenario-1043624745 tempest-TestMinimumBasicScenario-1043624745-project-member] REQ: curl -i https://10.4.3.91:8080/v1/AUTH_d8f77b5d8d454cd7916aa205d33ee7ba/glance/d5f05d1f-c939-42fa-9c27-dc2c2cf7c7a1-00001 DELETE -H "X-Auth-Token: gAAAAABqag_rywyb..." {{(pid=99865) http_log /opt/stack/data/venv/lib/python3.12/site-packages/swiftclient/client.py:160}}
Jul 29 14:36:27.809467 np0000006086 devstack@g-api.service[99865]: DEBUG swiftclient [None req-434fac03-9480-45cd-9702-521d05e32531 tempest-TestMinimumBasicScenario-1043624745 tempest-TestMinimumBasicScenario-1043624745-project-member] RESP STATUS: 204 No Content {{(pid=99865) http_log /opt/stack/data/venv/lib/python3.12/site-packages/swiftclient/client.py:161}}
Jul 29 14:36:27.809587 np0000006086 devstack@g-api.service[99865]: DEBUG swiftclient [None req-434fac03-9480-45cd-9702-521d05e32531 tempest-TestMinimumBasicScenario-1043624745 tempest-TestMinimumBasicScenario-1043624745-project-member] RESP HEADERS: {'Date': 'Wed, 29 Jul 2026 14:36:27 GMT', 'Server': 'Apache/2.4.58 (Ubuntu)', 'Content-Type': 'text/html; charset=UTF-8', 'X-Trans-Id': 'txa5c3189547724924bfddd-006a6a0feb', 'X-Openstack-Request-Id': 'txa5c3189547724924bfddd-006a6a0feb', 'Connection': 'close'} {{(pid=99865) http_log /opt/stack/data/venv/lib/python3.12/site-packages/swiftclient/client.py:162}}
Jul 29 14:36:27.829811 np0000006086 devstack@g-api.service[99865]: DEBUG swiftclient [None req-434fac03-9480-45cd-9702-521d05e32531 tempest-TestMinimumBasicScenario-1043624745 tempest-TestMinimumBasicScenario-1043624745-project-member] REQ: curl -i https://10.4.3.91:8080/v1/AUTH_d8f77b5d8d454cd7916aa205d33ee7ba/glance/d5f05d1f-c939-42fa-9c27-dc2c2cf7c7a1 DELETE -H "X-Auth-Token: gAAAAABqag_rywyb..." {{(pid=99865) http_log /opt/stack/data/venv/lib/python3.12/site-packages/swiftclient/client.py:160}}
Jul 29 14:36:27.829908 np0000006086 devstack@g-api.service[99865]: DEBUG swiftclient [None req-434fac03-9480-45cd-9702-521d05e32531 tempest-TestMinimumBasicScenario-1043624745 tempest-TestMinimumBasicScenario-1043624745-project-member] RESP STATUS: 204 No Content {{(pid=99865) http_log /opt/stack/data/venv/lib/python3.12/site-packages/swiftclient/client.py:161}}
Jul 29 14:36:27.830057 np0000006086 devstack@g-api.service[99865]: DEBUG swiftclient [None req-434fac03-9480-45cd-9702-521d05e32531 tempest-TestMinimumBasicScenario-1043624745 tempest-TestMinimumBasicScenario-1043624745-project-member] RESP HEADERS: {'Date': 'Wed, 29 Jul 2026 14:36:27 GMT', 'Server': 'Apache/2.4.58 (Ubuntu)', 'Content-Type': 'text/html; charset=UTF-8', 'X-Trans-Id': 'tx2273c9e472f347e0a0337-006a6a0feb', 'X-Openstack-Request-Id': 'tx2273c9e472f347e0a0337-006a6a0feb', 'Connection': 'close'} {{(pid=99865) http_log /opt/stack/data/venv/lib/python3.12/site-packages/swiftclient/client.py:162}}
Jul 29 14:36:27.867635 np0000006086 devstack@g-api.service[99865]: DEBUG glance.api.middleware.cache [None req-434fac03-9480-45cd-9702-521d05e32531 tempest-TestMinimumBasicScenario-1043624745 tempest-TestMinimumBasicScenario-1043624745-project-member] Removing image d5f05d1f-c939-42fa-9c27-dc2c2cf7c7a1 from cache {{(pid=99865) _process_DELETE_response /opt/stack/glance/glance/api/middleware/cache.py:264}}
Jul 29 14:36:27.867907 np0000006086 devstack@g-api.service[99865]: DEBUG glance.image_cache.drivers.centralized_db [None req-434fac03-9480-45cd-9702-521d05e32531 tempest-TestMinimumBasicScenario-1043624745 tempest-TestMinimumBasicScenario-1043624745-project-member] Deleting image cache file '/opt/stack/data/glance/cache/d5f05d1f-c939-42fa-9c27-dc2c2cf7c7a1' {{(pid=99865) delete_cached_file /opt/stack/glance/glance/image_cache/drivers/centralized_db.py:400}}
Jul 29 14:36:27.879434 np0000006086 devstack@g-api.service[99865]: [pid: 99865|app: 0|req: 135/394] 127.0.0.1 () {40 vars in 837 bytes} [Wed Jul 29 14:36:27 2026] DELETE /v2/images/d5f05d1f-c939-42fa-9c27-dc2c2cf7c7a1 => generated 0 bytes in 353 msecs (HTTP/1.1 204) 4 headers in 171 bytes (1 switches on core 0)
Jul 29 14:36:27.897421 np0000006086 devstack@g-api.service[99864]: DEBUG glance.api.middleware.version_negotiation [None req-540eff53-f346-46b1-a1cb-746c1e59859f tempest-AttachVolumeTestJSON-489148732 tempest-AttachVolumeTestJSON-489148732-project-member] Determining version of request: POST /v2/images Accept: application/json {{(pid=99864) process_request /opt/stack/glance/glance/api/middleware/version_negotiation.py:44}}
Jul 29 14:36:27.897421 np0000006086 devstack@g-api.service[99864]: DEBUG glance.api.middleware.version_negotiation [None req-540eff53-f346-46b1-a1cb-746c1e59859f tempest-AttachVolumeTestJSON-489148732 tempest-AttachVolumeTestJSON-489148732-project-member] Using url versioning {{(pid=99864) process_request /opt/stack/glance/glance/api/middleware/version_negotiation.py:57}}
Jul 29 14:36:27.897421 np0000006086 devstack@g-api.service[99864]: DEBUG glance.api.middleware.version_negotiation [None req-540eff53-f346-46b1-a1cb-746c1e59859f tempest-AttachVolumeTestJSON-489148732 tempest-AttachVolumeTestJSON-489148732-project-member] Matched version: v2 {{(pid=99864) process_request /opt/stack/glance/glance/api/middleware/version_negotiation.py:69}}
Jul 29 14:36:27.897421 np0000006086 devstack@g-api.service[99864]: DEBUG glance.api.middleware.version_negotiation [None req-540eff53-f346-46b1-a1cb-746c1e59859f tempest-AttachVolumeTestJSON-489148732 tempest-AttachVolumeTestJSON-489148732-project-member] new path /v2/images {{(pid=99864) process_request /opt/stack/glance/glance/api/middleware/version_negotiation.py:70}}
Jul 29 14:36:28.388913 np0000006086 devstack@g-api.service[99864]: [pid: 99864|app: 0|req: 128/395] 127.0.0.1 () {42 vars in 782 bytes} [Wed Jul 29 14:36:27 2026] POST /v2/images => generated 641 bytes in 492 msecs (HTTP/1.1 201) 6 headers in 315 bytes (1 switches on core 0)
Jul 29 14:36:28.399796 np0000006086 devstack@g-api.service[99866]: DEBUG glance.api.middleware.version_negotiation [None req-540eff53-f346-46b1-a1cb-746c1e59859f tempest-AttachVolumeTestJSON-489148732 tempest-AttachVolumeTestJSON-489148732-project-member] Determining version of request: PUT /v2/images/0af59b70-9aae-42ee-a0ff-9be8aac5ce92/file Accept: {{(pid=99866) process_request /opt/stack/glance/glance/api/middleware/version_negotiation.py:44}}
Jul 29 14:36:28.399796 np0000006086 devstack@g-api.service[99866]: DEBUG glance.api.middleware.version_negotiation [None req-540eff53-f346-46b1-a1cb-746c1e59859f tempest-AttachVolumeTestJSON-489148732 tempest-AttachVolumeTestJSON-489148732-project-member] Using url versioning {{(pid=99866) process_request /opt/stack/glance/glance/api/middleware/version_negotiation.py:57}}
Jul 29 14:36:28.399796 np0000006086 devstack@g-api.service[99866]: DEBUG glance.api.middleware.version_negotiation [None req-540eff53-f346-46b1-a1cb-746c1e59859f tempest-AttachVolumeTestJSON-489148732 tempest-AttachVolumeTestJSON-489148732-project-member] Matched version: v2 {{(pid=99866) process_request /opt/stack/glance/glance/api/middleware/version_negotiation.py:69}}
Jul 29 14:36:28.399796 np0000006086 devstack@g-api.service[99866]: DEBUG glance.api.middleware.version_negotiation [None req-540eff53-f346-46b1-a1cb-746c1e59859f tempest-AttachVolumeTestJSON-489148732 tempest-AttachVolumeTestJSON-489148732-project-member] new path /v2/images/0af59b70-9aae-42ee-a0ff-9be8aac5ce92/file {{(pid=99866) process_request /opt/stack/glance/glance/api/middleware/version_negotiation.py:70}}
Jul 29 14:36:28.404208 np0000006086 devstack@g-api.service[99866]: DEBUG dbcounter [-] [99866] Writing DB stats glance:SELECT=40,glance:UPDATE=2,glance:INSERT=2 {{(pid=99866) stat_writer /opt/stack/data/venv/lib/python3.12/site-packages/dbcounter.py:115}}
Jul 29 14:36:28.824730 np0000006086 devstack@g-api.service[99866]: INFO glance.api.v2.image_data [None req-855efc60-c524-44fc-8c79-3bb92bcd68cc tempest-TestMinimumBasicScenario-1043624745 tempest-TestMinimumBasicScenario-1043624745-project-member] Unable to create trust: no such option collect_timing in group [keystone_authtoken] Use the existing user token.
Jul 29 14:36:29.291991 np0000006086 devstack@g-api.service[99866]: DEBUG glance.location [None req-855efc60-c524-44fc-8c79-3bb92bcd68cc tempest-TestMinimumBasicScenario-1043624745 tempest-TestMinimumBasicScenario-1043624745-project-member] Enabling in-flight format inspection for qcow2 {{(pid=99866) set_data /opt/stack/glance/glance/location.py:596}}
