Aug 19 03:58:51.800934 np0000007739 nova-scheduler[97044]: DEBUG cotyledon.oslo_config_glue [-] workarounds.ensure_libvirt_rbd_instance_dir_cleanup = False {{(pid=97044) log_opt_values /opt/stack/data/venv/lib/python3.12/site-packages/oslo_config/cfg.py:3560}}
Aug 19 03:58:51.800934 np0000007739 nova-scheduler[97044]: DEBUG cotyledon.oslo_config_glue [-] workarounds.handle_virt_lifecycle_events = True {{(pid=97044) log_opt_values /opt/stack/data/venv/lib/python3.12/site-packages/oslo_config/cfg.py:3560}}
Aug 19 03:58:51.800934 np0000007739 nova-scheduler[97044]: DEBUG cotyledon.oslo_config_glue [-] workarounds.libvirt_disable_apic = False {{(pid=97044) log_opt_values /opt/stack/data/venv/lib/python3.12/site-packages/oslo_config/cfg.py:3560}}
Aug 19 03:58:51.800934 np0000007739 nova-scheduler[97044]: DEBUG cotyledon.oslo_config_glue [-] workarounds.never_download_image_if_on_rbd = False {{(pid=97044) log_opt_values /opt/stack/data/venv/lib/python3.12/site-packages/oslo_config/cfg.py:3560}}
Aug 19 03:58:51.800934 np0000007739 nova-scheduler[97044]: DEBUG cotyledon.oslo_config_glue [-] workarounds.qemu_monitor_announce_self_count = 3 {{(pid=97044) log_opt_values /opt/stack/data/venv/lib/python3.12/site-packages/oslo_config/cfg.py:3560}}
Aug 19 03:58:51.800934 np0000007739 nova-scheduler[97044]: DEBUG cotyledon.oslo_config_glue [-] workarounds.qemu_monitor_announce_self_interval = 1 {{(pid=97044) log_opt_values /opt/stack/data/venv/lib/python3.12/site-packages/oslo_config/cfg.py:3560}}
Aug 19 03:58:51.800934 np0000007739 nova-scheduler[97044]: DEBUG cotyledon.oslo_config_glue [-] workarounds.reserve_disk_resource_for_image_cache = False {{(pid=97044) log_opt_values /opt/stack/data/venv/lib/python3.12/site-packages/oslo_config/cfg.py:3560}}
Aug 19 03:58:51.801189 np0000007739 nova-scheduler[97044]: DEBUG cotyledon.oslo_config_glue [-] workarounds.skip_cpu_compare_at_startup = False {{(pid=97044) log_opt_values /opt/stack/data/venv/lib/python3.12/site-packages/oslo_config/cfg.py:3560}}
Aug 19 03:58:51.801189 np0000007739 nova-scheduler[97044]: DEBUG cotyledon.oslo_config_glue [-] workarounds.skip_cpu_compare_on_dest = False {{(pid=97044) log_opt_values /opt/stack/data/venv/lib/python3.12/site-packages/oslo_config/cfg.py:3560}}
Aug 19 03:58:51.801189 np0000007739 nova-scheduler[97044]: DEBUG cotyledon.oslo_config_glue [-] workarounds.skip_hypervisor_version_check_on_lm = False {{(pid=97044) log_opt_values /opt/stack/data/venv/lib/python3.12/site-packages/oslo_config/cfg.py:3560}}
Aug 19 03:58:51.801189 np0000007739 nova-scheduler[97044]: DEBUG cotyledon.oslo_config_glue [-] workarounds.skip_reserve_in_use_ironic_nodes = False {{(pid=97044) log_opt_values /opt/stack/data/venv/lib/python3.12/site-packages/oslo_config/cfg.py:3560}}
Aug 19 03:58:51.801189 np0000007739 nova-scheduler[97044]: DEBUG cotyledon.oslo_config_glue [-] workarounds.unified_limits_count_pcpu_as_vcpu = False {{(pid=97044) log_opt_values /opt/stack/data/venv/lib/python3.12/site-packages/oslo_config/cfg.py:3560}}
Aug 19 03:58:51.801189 np0000007739 nova-scheduler[97044]: DEBUG cotyledon.oslo_config_glue [-] workarounds.wait_for_vif_plugged_event_during_hard_reboot = [] {{(pid=97044) log_opt_values /opt/stack/data/venv/lib/python3.12/site-packages/oslo_config/cfg.py:3560}}
Aug 19 03:58:51.801189 np0000007739 nova-scheduler[97044]: DEBUG cotyledon.oslo_config_glue [-] wsgi.api_paste_config = /etc/nova/api-paste.ini {{(pid=97044) log_opt_values /opt/stack/data/venv/lib/python3.12/site-packages/oslo_config/cfg.py:3560}}
Aug 19 03:58:51.801189 np0000007739 nova-scheduler[97044]: DEBUG cotyledon.oslo_config_glue [-] wsgi.secure_proxy_ssl_header = None {{(pid=97044) log_opt_values /opt/stack/data/venv/lib/python3.12/site-packages/oslo_config/cfg.py:3560}}
Aug 19 03:58:51.801189 np0000007739 nova-scheduler[97044]: DEBUG cotyledon.oslo_config_glue [-] zvm.ca_file = None {{(pid=97044) log_opt_values /opt/stack/data/venv/lib/python3.12/site-packages/oslo_config/cfg.py:3560}}
Aug 19 03:58:51.801389 np0000007739 nova-scheduler[97044]: DEBUG cotyledon.oslo_config_glue [-] zvm.cloud_connector_url = None {{(pid=97044) log_opt_values /opt/stack/data/venv/lib/python3.12/site-packages/oslo_config/cfg.py:3560}}
Aug 19 03:58:51.801389 np0000007739 nova-scheduler[97044]: DEBUG cotyledon.oslo_config_glue [-] zvm.image_tmp_path = /opt/stack/data/nova/images {{(pid=97044) log_opt_values /opt/stack/data/venv/lib/python3.12/site-packages/oslo_config/cfg.py:3560}}
Aug 19 03:58:51.801389 np0000007739 nova-scheduler[97044]: DEBUG cotyledon.oslo_config_glue [-] zvm.reachable_timeout = 300 {{(pid=97044) log_opt_values /opt/stack/data/venv/lib/python3.12/site-packages/oslo_config/cfg.py:3560}}
Aug 19 03:58:51.801389 np0000007739 nova-scheduler[97044]: DEBUG cotyledon.oslo_config_glue [-] oslo_versionedobjects.fatal_exception_format_errors = False {{(pid=97044) log_opt_values /opt/stack/data/venv/lib/python3.12/site-packages/oslo_config/cfg.py:3560}}
Aug 19 03:58:51.801389 np0000007739 nova-scheduler[97044]: DEBUG cotyledon.oslo_config_glue [-] oslo_middleware.http_basic_auth_user_file = /etc/htpasswd {{(pid=97044) log_opt_values /opt/stack/data/venv/lib/python3.12/site-packages/oslo_config/cfg.py:3560}}
Aug 19 03:58:51.801389 np0000007739 nova-scheduler[97044]: DEBUG cotyledon.oslo_config_glue [-] oslo_messaging_metrics.metrics_buffer_size = 1000 {{(pid=97044) log_opt_values /opt/stack/data/venv/lib/python3.12/site-packages/oslo_config/cfg.py:3560}}
Aug 19 03:58:51.801389 np0000007739 nova-scheduler[97044]: DEBUG cotyledon.oslo_config_glue [-] oslo_messaging_metrics.metrics_enabled = False {{(pid=97044) log_opt_values /opt/stack/data/venv/lib/python3.12/site-packages/oslo_config/cfg.py:3560}}
Aug 19 03:58:51.801389 np0000007739 nova-scheduler[97044]: DEBUG cotyledon.oslo_config_glue [-] oslo_messaging_metrics.metrics_process_name = {{(pid=97044) log_opt_values /opt/stack/data/venv/lib/python3.12/site-packages/oslo_config/cfg.py:3560}}
Aug 19 03:58:51.801541 np0000007739 nova-scheduler[97044]: DEBUG cotyledon.oslo_config_glue [-] oslo_messaging_metrics.metrics_socket_file = /var/tmp/metrics_collector.sock {{(pid=97044) log_opt_values /opt/stack/data/venv/lib/python3.12/site-packages/oslo_config/cfg.py:3560}}
Aug 19 03:58:51.801541 np0000007739 nova-scheduler[97044]: DEBUG cotyledon.oslo_config_glue [-] oslo_messaging_metrics.metrics_thread_stop_timeout = 10 {{(pid=97044) log_opt_values /opt/stack/data/venv/lib/python3.12/site-packages/oslo_config/cfg.py:3560}}
Aug 19 03:58:51.801541 np0000007739 nova-scheduler[97044]: DEBUG cotyledon.oslo_config_glue [-] profiler.connection_string = messaging:// {{(pid=97044) log_opt_values /opt/stack/data/venv/lib/python3.12/site-packages/oslo_config/cfg.py:3560}}
Aug 19 03:58:51.801541 np0000007739 nova-scheduler[97044]: DEBUG cotyledon.oslo_config_glue [-] profiler.enabled = False {{(pid=97044) log_opt_values /opt/stack/data/venv/lib/python3.12/site-packages/oslo_config/cfg.py:3560}}
Aug 19 03:58:51.801541 np0000007739 nova-scheduler[97044]: DEBUG cotyledon.oslo_config_glue [-] profiler.es_doc_type = notification {{(pid=97044) log_opt_values /opt/stack/data/venv/lib/python3.12/site-packages/oslo_config/cfg.py:3560}}
Aug 19 03:58:51.801541 np0000007739 nova-scheduler[97044]: DEBUG cotyledon.oslo_config_glue [-] profiler.es_scroll_size = 10000 {{(pid=97044) log_opt_values /opt/stack/data/venv/lib/python3.12/site-packages/oslo_config/cfg.py:3560}}
Aug 19 03:58:51.801541 np0000007739 nova-scheduler[97044]: DEBUG cotyledon.oslo_config_glue [-] profiler.es_scroll_time = 2m {{(pid=97044) log_opt_values /opt/stack/data/venv/lib/python3.12/site-packages/oslo_config/cfg.py:3560}}
Aug 19 03:58:51.801541 np0000007739 nova-scheduler[97044]: DEBUG cotyledon.oslo_config_glue [-] profiler.filter_error_trace = False {{(pid=97044) log_opt_values /opt/stack/data/venv/lib/python3.12/site-packages/oslo_config/cfg.py:3560}}
Aug 19 03:58:51.801541 np0000007739 nova-scheduler[97044]: DEBUG cotyledon.oslo_config_glue [-] profiler.hmac_keys = **** {{(pid=97044) log_opt_values /opt/stack/data/venv/lib/python3.12/site-packages/oslo_config/cfg.py:3560}}
Aug 19 03:58:51.801721 np0000007739 nova-scheduler[97044]: DEBUG cotyledon.oslo_config_glue [-] profiler.sentinel_service_name = mymaster {{(pid=97044) log_opt_values /opt/stack/data/venv/lib/python3.12/site-packages/oslo_config/cfg.py:3560}}
Aug 19 03:58:51.801721 np0000007739 nova-scheduler[97044]: DEBUG cotyledon.oslo_config_glue [-] profiler.socket_timeout = 0.1 {{(pid=97044) log_opt_values /opt/stack/data/venv/lib/python3.12/site-packages/oslo_config/cfg.py:3560}}
Aug 19 03:58:51.801721 np0000007739 nova-scheduler[97044]: DEBUG cotyledon.oslo_config_glue [-] profiler.trace_requests = False {{(pid=97044) log_opt_values /opt/stack/data/venv/lib/python3.12/site-packages/oslo_config/cfg.py:3560}}
Aug 19 03:58:51.801721 np0000007739 nova-scheduler[97044]: DEBUG cotyledon.oslo_config_glue [-] profiler.trace_sqlalchemy = False {{(pid=97044) log_opt_values /opt/stack/data/venv/lib/python3.12/site-packages/oslo_config/cfg.py:3560}}
Aug 19 03:58:51.801721 np0000007739 nova-scheduler[97044]: DEBUG cotyledon.oslo_config_glue [-] profiler_jaeger.process_tags = {} {{(pid=97044) log_opt_values /opt/stack/data/venv/lib/python3.12/site-packages/oslo_config/cfg.py:3560}}
Aug 19 03:58:51.801721 np0000007739 nova-scheduler[97044]: DEBUG cotyledon.oslo_config_glue [-] profiler_jaeger.service_name_prefix = None {{(pid=97044) log_opt_values /opt/stack/data/venv/lib/python3.12/site-packages/oslo_config/cfg.py:3560}}
Aug 19 03:58:51.801721 np0000007739 nova-scheduler[97044]: DEBUG cotyledon.oslo_config_glue [-] profiler_otlp.service_name_prefix = None {{(pid=97044) log_opt_values /opt/stack/data/venv/lib/python3.12/site-packages/oslo_config/cfg.py:3560}}
Aug 19 03:58:51.801721 np0000007739 nova-scheduler[97044]: DEBUG cotyledon.oslo_config_glue [-] oslo_messaging_rabbit.amqp_auto_delete = False {{(pid=97044) log_opt_values /opt/stack/data/venv/lib/python3.12/site-packages/oslo_config/cfg.py:3560}}
Aug 19 03:58:51.801721 np0000007739 nova-scheduler[97044]: DEBUG cotyledon.oslo_config_glue [-] oslo_messaging_rabbit.amqp_durable_queues = False {{(pid=97044) log_opt_values /opt/stack/data/venv/lib/python3.12/site-packages/oslo_config/cfg.py:3560}}
Aug 19 03:58:51.801920 np0000007739 nova-scheduler[97044]: DEBUG cotyledon.oslo_config_glue [-] oslo_messaging_rabbit.conn_pool_min_size = 2 {{(pid=97044) log_opt_values /opt/stack/data/venv/lib/python3.12/site-packages/oslo_config/cfg.py:3560}}
Aug 19 03:58:51.801920 np0000007739 nova-scheduler[97044]: DEBUG cotyledon.oslo_config_glue [-] oslo_messaging_rabbit.conn_pool_ttl = 1200 {{(pid=97044) log_opt_values /opt/stack/data/venv/lib/python3.12/site-packages/oslo_config/cfg.py:3560}}
Aug 19 03:58:51.801920 np0000007739 nova-scheduler[97044]: DEBUG cotyledon.oslo_config_glue [-] oslo_messaging_rabbit.direct_mandatory_flag = True {{(pid=97044) log_opt_values /opt/stack/data/venv/lib/python3.12/site-packages/oslo_config/cfg.py:3560}}
Aug 19 03:58:51.801920 np0000007739 nova-scheduler[97044]: DEBUG cotyledon.oslo_config_glue [-] oslo_messaging_rabbit.enable_cancel_on_failover = False {{(pid=97044) log_opt_values /opt/stack/data/venv/lib/python3.12/site-packages/oslo_config/cfg.py:3560}}
Aug 19 03:58:51.801920 np0000007739 nova-scheduler[97044]: DEBUG cotyledon.oslo_config_glue [-] oslo_messaging_rabbit.heartbeat_rate = 3 {{(pid=97044) log_opt_values /opt/stack/data/venv/lib/python3.12/site-packages/oslo_config/cfg.py:3560}}
Aug 19 03:58:51.801920 np0000007739 nova-scheduler[97044]: DEBUG cotyledon.oslo_config_glue [-] oslo_messaging_rabbit.heartbeat_timeout_threshold = 60 {{(pid=97044) log_opt_values /opt/stack/data/venv/lib/python3.12/site-packages/oslo_config/cfg.py:3560}}
Aug 19 03:58:51.801920 np0000007739 nova-scheduler[97044]: DEBUG cotyledon.oslo_config_glue [-] oslo_messaging_rabbit.hostname = np0000007739 {{(pid=97044) log_opt_values /opt/stack/data/venv/lib/python3.12/site-packages/oslo_config/cfg.py:3560}}
Aug 19 03:58:51.802151 np0000007739 nova-scheduler[96996]: DEBUG dbcounter [-] [96996] Writer thread running {{(pid=96996) stat_writer /opt/stack/data/venv/lib/python3.12/site-packages/dbcounter.py:102}}
Aug 19 03:58:51.802186 np0000007739 nova-scheduler[97044]: DEBUG cotyledon.oslo_config_glue [-] oslo_messaging_rabbit.kombu_compression = None {{(pid=97044) log_opt_values /opt/stack/data/venv/lib/python3.12/site-packages/oslo_config/cfg.py:3560}}
Aug 19 03:58:51.802186 np0000007739 nova-scheduler[97044]: DEBUG cotyledon.oslo_config_glue [-] oslo_messaging_rabbit.kombu_failover_strategy = round-robin {{(pid=97044) log_opt_values /opt/stack/data/venv/lib/python3.12/site-packages/oslo_config/cfg.py:3560}}
Aug 19 03:58:51.802186 np0000007739 nova-scheduler[97044]: DEBUG cotyledon.oslo_config_glue [-] oslo_messaging_rabbit.kombu_missing_consumer_retry_timeout = 60 {{(pid=97044) log_opt_values /opt/stack/data/venv/lib/python3.12/site-packages/oslo_config/cfg.py:3560}}
Aug 19 03:58:51.802186 np0000007739 nova-scheduler[97044]: DEBUG cotyledon.oslo_config_glue [-] oslo_messaging_rabbit.kombu_reconnect_delay = 1.0 {{(pid=97044) log_opt_values /opt/stack/data/venv/lib/python3.12/site-packages/oslo_config/cfg.py:3560}}
Aug 19 03:58:51.802186 np0000007739 nova-scheduler[97044]: DEBUG cotyledon.oslo_config_glue [-] oslo_messaging_rabbit.kombu_reconnect_splay = 0.0 {{(pid=97044) log_opt_values /opt/stack/data/venv/lib/python3.12/site-packages/oslo_config/cfg.py:3560}}
Aug 19 03:58:51.802186 np0000007739 nova-scheduler[97044]: DEBUG cotyledon.oslo_config_glue [-] oslo_messaging_rabbit.processname = nova-scheduler {{(pid=97044) log_opt_values /opt/stack/data/venv/lib/python3.12/site-packages/oslo_config/cfg.py:3560}}
Aug 19 03:58:51.802186 np0000007739 nova-scheduler[97044]: DEBUG cotyledon.oslo_config_glue [-] oslo_messaging_rabbit.rabbit_ha_queues = False {{(pid=97044) log_opt_values /opt/stack/data/venv/lib/python3.12/site-packages/oslo_config/cfg.py:3560}}
Aug 19 03:58:51.802186 np0000007739 nova-scheduler[97044]: DEBUG cotyledon.oslo_config_glue [-] oslo_messaging_rabbit.rabbit_interval_max = 30 {{(pid=97044) log_opt_values /opt/stack/data/venv/lib/python3.12/site-packages/oslo_config/cfg.py:3560}}
Aug 19 03:58:51.802186 np0000007739 nova-scheduler[97044]: DEBUG cotyledon.oslo_config_glue [-] oslo_messaging_rabbit.rabbit_login_method = AMQPLAIN {{(pid=97044) log_opt_values /opt/stack/data/venv/lib/python3.12/site-packages/oslo_config/cfg.py:3560}}
Aug 19 03:58:51.802377 np0000007739 nova-scheduler[97044]: DEBUG cotyledon.oslo_config_glue [-] oslo_messaging_rabbit.rabbit_qos_prefetch_count = 0 {{(pid=97044) log_opt_values /opt/stack/data/venv/lib/python3.12/site-packages/oslo_config/cfg.py:3560}}
Aug 19 03:58:51.802377 np0000007739 nova-scheduler[97044]: DEBUG cotyledon.oslo_config_glue [-] oslo_messaging_rabbit.rabbit_quorum_delivery_limit = 0 {{(pid=97044) log_opt_values /opt/stack/data/venv/lib/python3.12/site-packages/oslo_config/cfg.py:3560}}
Aug 19 03:58:51.802377 np0000007739 nova-scheduler[97044]: DEBUG cotyledon.oslo_config_glue [-] oslo_messaging_rabbit.rabbit_quorum_max_memory_bytes = 0 {{(pid=97044) log_opt_values /opt/stack/data/venv/lib/python3.12/site-packages/oslo_config/cfg.py:3560}}
Aug 19 03:58:51.802377 np0000007739 nova-scheduler[97044]: DEBUG cotyledon.oslo_config_glue [-] oslo_messaging_rabbit.rabbit_quorum_max_memory_length = 0 {{(pid=97044) log_opt_values /opt/stack/data/venv/lib/python3.12/site-packages/oslo_config/cfg.py:3560}}
Aug 19 03:58:51.802377 np0000007739 nova-scheduler[97044]: DEBUG cotyledon.oslo_config_glue [-] oslo_messaging_rabbit.rabbit_quorum_queue = False {{(pid=97044) log_opt_values /opt/stack/data/venv/lib/python3.12/site-packages/oslo_config/cfg.py:3560}}
Aug 19 03:58:51.802377 np0000007739 nova-scheduler[97044]: DEBUG cotyledon.oslo_config_glue [-] oslo_messaging_rabbit.rabbit_retry_backoff = 2 {{(pid=97044) log_opt_values /opt/stack/data/venv/lib/python3.12/site-packages/oslo_config/cfg.py:3560}}
Aug 19 03:58:51.802377 np0000007739 nova-scheduler[97044]: DEBUG cotyledon.oslo_config_glue [-] oslo_messaging_rabbit.rabbit_retry_interval = 1 {{(pid=97044) log_opt_values /opt/stack/data/venv/lib/python3.12/site-packages/oslo_config/cfg.py:3560}}
Aug 19 03:58:51.802377 np0000007739 nova-scheduler[97044]: DEBUG cotyledon.oslo_config_glue [-] oslo_messaging_rabbit.rabbit_stream_fanout = False {{(pid=97044) log_opt_values /opt/stack/data/venv/lib/python3.12/site-packages/oslo_config/cfg.py:3560}}
Aug 19 03:58:51.802540 np0000007739 nova-scheduler[97044]: DEBUG cotyledon.oslo_config_glue [-] oslo_messaging_rabbit.rabbit_transient_queues_ttl = 1800 {{(pid=97044) log_opt_values /opt/stack/data/venv/lib/python3.12/site-packages/oslo_config/cfg.py:3560}}
Aug 19 03:58:51.802540 np0000007739 nova-scheduler[97044]: DEBUG cotyledon.oslo_config_glue [-] oslo_messaging_rabbit.rabbit_transient_quorum_queue = False {{(pid=97044) log_opt_values /opt/stack/data/venv/lib/python3.12/site-packages/oslo_config/cfg.py:3560}}
Aug 19 03:58:51.802540 np0000007739 nova-scheduler[97044]: DEBUG cotyledon.oslo_config_glue [-] oslo_messaging_rabbit.rpc_conn_pool_size = 30 {{(pid=97044) log_opt_values /opt/stack/data/venv/lib/python3.12/site-packages/oslo_config/cfg.py:3560}}
Aug 19 03:58:51.802540 np0000007739 nova-scheduler[97044]: DEBUG cotyledon.oslo_config_glue [-] oslo_messaging_rabbit.ssl = False {{(pid=97044) log_opt_values /opt/stack/data/venv/lib/python3.12/site-packages/oslo_config/cfg.py:3560}}
Aug 19 03:58:51.802540 np0000007739 nova-scheduler[97044]: DEBUG cotyledon.oslo_config_glue [-] oslo_messaging_rabbit.ssl_ca_file = {{(pid=97044) log_opt_values /opt/stack/data/venv/lib/python3.12/site-packages/oslo_config/cfg.py:3560}}
Aug 19 03:58:51.802540 np0000007739 nova-scheduler[97044]: DEBUG cotyledon.oslo_config_glue [-] oslo_messaging_rabbit.ssl_cert_file = {{(pid=97044) log_opt_values /opt/stack/data/venv/lib/python3.12/site-packages/oslo_config/cfg.py:3560}}
Aug 19 03:58:51.802540 np0000007739 nova-scheduler[97044]: DEBUG cotyledon.oslo_config_glue [-] oslo_messaging_rabbit.ssl_enforce_fips_mode = False {{(pid=97044) log_opt_values /opt/stack/data/venv/lib/python3.12/site-packages/oslo_config/cfg.py:3560}}
Aug 19 03:58:51.802540 np0000007739 nova-scheduler[97044]: DEBUG cotyledon.oslo_config_glue [-] oslo_messaging_rabbit.ssl_enforce_hostname_verification = True {{(pid=97044) log_opt_values /opt/stack/data/venv/lib/python3.12/site-packages/oslo_config/cfg.py:3560}}
Aug 19 03:58:51.802540 np0000007739 nova-scheduler[97044]: DEBUG cotyledon.oslo_config_glue [-] oslo_messaging_rabbit.ssl_key_file = {{(pid=97044) log_opt_values /opt/stack/data/venv/lib/python3.12/site-packages/oslo_config/cfg.py:3560}}
Aug 19 03:58:51.802777 np0000007739 nova-scheduler[97044]: DEBUG cotyledon.oslo_config_glue [-] oslo_messaging_rabbit.ssl_version = {{(pid=97044) log_opt_values /opt/stack/data/venv/lib/python3.12/site-packages/oslo_config/cfg.py:3560}}
Aug 19 03:58:51.802777 np0000007739 nova-scheduler[97044]: DEBUG cotyledon.oslo_config_glue [-] oslo_messaging_rabbit.use_queue_manager = False {{(pid=97044) log_opt_values /opt/stack/data/venv/lib/python3.12/site-packages/oslo_config/cfg.py:3560}}
Aug 19 03:58:51.802777 np0000007739 nova-scheduler[97044]: DEBUG cotyledon.oslo_config_glue [-] oslo_messaging_notifications.driver = ['messagingv2'] {{(pid=97044) log_opt_values /opt/stack/data/venv/lib/python3.12/site-packages/oslo_config/cfg.py:3560}}
Aug 19 03:58:51.802777 np0000007739 nova-scheduler[97044]: DEBUG cotyledon.oslo_config_glue [-] oslo_messaging_notifications.retry = -1 {{(pid=97044) log_opt_values /opt/stack/data/venv/lib/python3.12/site-packages/oslo_config/cfg.py:3560}}
Aug 19 03:58:51.802777 np0000007739 nova-scheduler[97044]: DEBUG cotyledon.oslo_config_glue [-] oslo_messaging_notifications.topics = ['notifications'] {{(pid=97044) log_opt_values /opt/stack/data/venv/lib/python3.12/site-packages/oslo_config/cfg.py:3560}}
Aug 19 03:58:51.802777 np0000007739 nova-scheduler[97044]: DEBUG cotyledon.oslo_config_glue [-] oslo_messaging_notifications.transport_url = **** {{(pid=97044) log_opt_values /opt/stack/data/venv/lib/python3.12/site-packages/oslo_config/cfg.py:3560}}
Aug 19 03:58:51.802777 np0000007739 nova-scheduler[97044]: DEBUG cotyledon.oslo_config_glue [-] oslo_limit.auth_section = None {{(pid=97044) log_opt_values /opt/stack/data/venv/lib/python3.12/site-packages/oslo_config/cfg.py:3560}}
Aug 19 03:58:51.802777 np0000007739 nova-scheduler[97044]: DEBUG cotyledon.oslo_config_glue [-] oslo_limit.auth_type = None {{(pid=97044) log_opt_values /opt/stack/data/venv/lib/python3.12/site-packages/oslo_config/cfg.py:3560}}
Aug 19 03:58:51.802777 np0000007739 nova-scheduler[97044]: DEBUG cotyledon.oslo_config_glue [-] oslo_limit.cafile = None {{(pid=97044) log_opt_values /opt/stack/data/venv/lib/python3.12/site-packages/oslo_config/cfg.py:3560}}
Aug 19 03:58:51.802976 np0000007739 nova-scheduler[97044]: DEBUG cotyledon.oslo_config_glue [-] oslo_limit.certfile = None {{(pid=97044) log_opt_values /opt/stack/data/venv/lib/python3.12/site-packages/oslo_config/cfg.py:3560}}
Aug 19 03:58:51.802976 np0000007739 nova-scheduler[97044]: DEBUG cotyledon.oslo_config_glue [-] oslo_limit.collect_timing = False {{(pid=97044) log_opt_values /opt/stack/data/venv/lib/python3.12/site-packages/oslo_config/cfg.py:3560}}
Aug 19 03:58:51.802976 np0000007739 nova-scheduler[97044]: DEBUG cotyledon.oslo_config_glue [-] oslo_limit.connect_retries = None {{(pid=97044) log_opt_values /opt/stack/data/venv/lib/python3.12/site-packages/oslo_config/cfg.py:3560}}
Aug 19 03:58:51.802976 np0000007739 nova-scheduler[97044]: DEBUG cotyledon.oslo_config_glue [-] oslo_limit.connect_retry_delay = None {{(pid=97044) log_opt_values /opt/stack/data/venv/lib/python3.12/site-packages/oslo_config/cfg.py:3560}}
Aug 19 03:58:51.802976 np0000007739 nova-scheduler[97044]: DEBUG cotyledon.oslo_config_glue [-] oslo_limit.endpoint_id = None {{(pid=97044) log_opt_values /opt/stack/data/venv/lib/python3.12/site-packages/oslo_config/cfg.py:3560}}
Aug 19 03:58:51.802976 np0000007739 nova-scheduler[97044]: DEBUG cotyledon.oslo_config_glue [-] oslo_limit.endpoint_interface = public {{(pid=97044) log_opt_values /opt/stack/data/venv/lib/python3.12/site-packages/oslo_config/cfg.py:3560}}
Aug 19 03:58:51.802976 np0000007739 nova-scheduler[97044]: DEBUG cotyledon.oslo_config_glue [-] oslo_limit.endpoint_override = None {{(pid=97044) log_opt_values /opt/stack/data/venv/lib/python3.12/site-packages/oslo_config/cfg.py:3560}}
Aug 19 03:58:51.802976 np0000007739 nova-scheduler[97044]: DEBUG cotyledon.oslo_config_glue [-] oslo_limit.endpoint_region_name = None {{(pid=97044) log_opt_values /opt/stack/data/venv/lib/python3.12/site-packages/oslo_config/cfg.py:3560}}
Aug 19 03:58:51.802976 np0000007739 nova-scheduler[97044]: DEBUG cotyledon.oslo_config_glue [-] oslo_limit.endpoint_service_name = None {{(pid=97044) log_opt_values /opt/stack/data/venv/lib/python3.12/site-packages/oslo_config/cfg.py:3560}}
Aug 19 03:58:51.803183 np0000007739 nova-scheduler[97044]: DEBUG cotyledon.oslo_config_glue [-] oslo_limit.endpoint_service_type = None {{(pid=97044) log_opt_values /opt/stack/data/venv/lib/python3.12/site-packages/oslo_config/cfg.py:3560}}
Aug 19 03:58:51.803183 np0000007739 nova-scheduler[97044]: DEBUG cotyledon.oslo_config_glue [-] oslo_limit.insecure = False {{(pid=97044) log_opt_values /opt/stack/data/venv/lib/python3.12/site-packages/oslo_config/cfg.py:3560}}
Aug 19 03:58:51.803183 np0000007739 nova-scheduler[97044]: DEBUG cotyledon.oslo_config_glue [-] oslo_limit.keyfile = None {{(pid=97044) log_opt_values /opt/stack/data/venv/lib/python3.12/site-packages/oslo_config/cfg.py:3560}}
Aug 19 03:58:51.803183 np0000007739 nova-scheduler[97044]: DEBUG cotyledon.oslo_config_glue [-] oslo_limit.max_version = None {{(pid=97044) log_opt_values /opt/stack/data/venv/lib/python3.12/site-packages/oslo_config/cfg.py:3560}}
Aug 19 03:58:51.803183 np0000007739 nova-scheduler[97044]: DEBUG cotyledon.oslo_config_glue [-] oslo_limit.min_version = None {{(pid=97044) log_opt_values /opt/stack/data/venv/lib/python3.12/site-packages/oslo_config/cfg.py:3560}}
Aug 19 03:58:51.803183 np0000007739 nova-scheduler[97044]: DEBUG cotyledon.oslo_config_glue [-] oslo_limit.region_name = None {{(pid=97044) log_opt_values /opt/stack/data/venv/lib/python3.12/site-packages/oslo_config/cfg.py:3560}}
Aug 19 03:58:51.803183 np0000007739 nova-scheduler[97044]: DEBUG cotyledon.oslo_config_glue [-] oslo_limit.retriable_status_codes = None {{(pid=97044) log_opt_values /opt/stack/data/venv/lib/python3.12/site-packages/oslo_config/cfg.py:3560}}
Aug 19 03:58:51.803183 np0000007739 nova-scheduler[97044]: DEBUG cotyledon.oslo_config_glue [-] oslo_limit.service_name = None {{(pid=97044) log_opt_values /opt/stack/data/venv/lib/python3.12/site-packages/oslo_config/cfg.py:3560}}
Aug 19 03:58:51.803183 np0000007739 nova-scheduler[97044]: DEBUG cotyledon.oslo_config_glue [-] oslo_limit.service_type = None {{(pid=97044) log_opt_values /opt/stack/data/venv/lib/python3.12/site-packages/oslo_config/cfg.py:3560}}
Aug 19 03:58:51.803366 np0000007739 nova-scheduler[97044]: DEBUG cotyledon.oslo_config_glue [-] oslo_limit.split_loggers = False {{(pid=97044) log_opt_values /opt/stack/data/venv/lib/python3.12/site-packages/oslo_config/cfg.py:3560}}
Aug 19 03:58:51.803366 np0000007739 nova-scheduler[97044]: DEBUG cotyledon.oslo_config_glue [-] oslo_limit.status_code_retries = None {{(pid=97044) log_opt_values /opt/stack/data/venv/lib/python3.12/site-packages/oslo_config/cfg.py:3560}}
Aug 19 03:58:51.803366 np0000007739 nova-scheduler[97044]: DEBUG cotyledon.oslo_config_glue [-] oslo_limit.status_code_retry_delay = None {{(pid=97044) log_opt_values /opt/stack/data/venv/lib/python3.12/site-packages/oslo_config/cfg.py:3560}}
Aug 19 03:58:51.803366 np0000007739 nova-scheduler[97044]: DEBUG cotyledon.oslo_config_glue [-] oslo_limit.timeout = None {{(pid=97044) log_opt_values /opt/stack/data/venv/lib/python3.12/site-packages/oslo_config/cfg.py:3560}}
Aug 19 03:58:51.803366 np0000007739 nova-scheduler[97044]: DEBUG cotyledon.oslo_config_glue [-] oslo_limit.valid_interfaces = None {{(pid=97044) log_opt_values /opt/stack/data/venv/lib/python3.12/site-packages/oslo_config/cfg.py:3560}}
Aug 19 03:58:51.803366 np0000007739 nova-scheduler[97044]: DEBUG cotyledon.oslo_config_glue [-] oslo_limit.version = None {{(pid=97044) log_opt_values /opt/stack/data/venv/lib/python3.12/site-packages/oslo_config/cfg.py:3560}}
Aug 19 03:58:51.803366 np0000007739 nova-scheduler[97044]: DEBUG cotyledon.oslo_config_glue [-] oslo_reports.file_event_handler = None {{(pid=97044) log_opt_values /opt/stack/data/venv/lib/python3.12/site-packages/oslo_config/cfg.py:3560}}
Aug 19 03:58:51.803366 np0000007739 nova-scheduler[97044]: DEBUG cotyledon.oslo_config_glue [-] oslo_reports.file_event_handler_interval = 1 {{(pid=97044) log_opt_values /opt/stack/data/venv/lib/python3.12/site-packages/oslo_config/cfg.py:3560}}
Aug 19 03:58:51.803366 np0000007739 nova-scheduler[97044]: DEBUG cotyledon.oslo_config_glue [-] oslo_reports.log_dir = None {{(pid=97044) log_opt_values /opt/stack/data/venv/lib/python3.12/site-packages/oslo_config/cfg.py:3560}}
Aug 19 03:58:51.803577 np0000007739 nova-scheduler[97044]: DEBUG cotyledon.oslo_config_glue [-] ******************************************************************************** {{(pid=97044) log_opt_values /opt/stack/data/venv/lib/python3.12/site-packages/oslo_config/cfg.py:3567}}
Aug 19 03:58:51.803577 np0000007739 nova-scheduler[97044]: DEBUG cotyledon._service_worker [-] Run service ServiceWrapper(3) [97044] {{(pid=97044) wait_forever /opt/stack/data/venv/lib/python3.12/site-packages/cotyledon/_service_worker.py:218}}
Aug 19 03:58:51.803577 np0000007739 nova-scheduler[97044]: INFO nova.service [-] Starting scheduler node (version 33.1.0)
Aug 19 03:58:51.803642 np0000007739 nova-scheduler[97042]: DEBUG oslo_db.sqlalchemy.engines [None req-1b662f38-2b01-4cb6-869d-388656a245c1 None None] MySQL server mode set to STRICT_TRANS_TABLES,STRICT_ALL_TABLES,NO_ZERO_IN_DATE,NO_ZERO_DATE,ERROR_FOR_DIVISION_BY_ZERO,TRADITIONAL,NO_ENGINE_SUBSTITUTION {{(pid=97042) _check_effective_sql_mode /opt/stack/data/venv/lib/python3.12/site-packages/oslo_db/sqlalchemy/engines.py:325}}
Aug 19 03:58:51.803679 np0000007739 nova-scheduler[97044]: INFO dbcounter [None req-8887a964-b4a6-4293-b7b1-ebf34760e97d None None] Registered counter for database nova_cell0
Aug 19 03:58:51.803704 np0000007739 nova-scheduler[97016]: DEBUG oslo_db.sqlalchemy.engines [None req-447106e9-4729-496c-bf0a-2b0c13e0102f None None] MySQL server mode set to STRICT_TRANS_TABLES,STRICT_ALL_TABLES,NO_ZERO_IN_DATE,NO_ZERO_DATE,ERROR_FOR_DIVISION_BY_ZERO,TRADITIONAL,NO_ENGINE_SUBSTITUTION {{(pid=97016) _check_effective_sql_mode /opt/stack/data/venv/lib/python3.12/site-packages/oslo_db/sqlalchemy/engines.py:325}}
Aug 19 03:58:51.803738 np0000007739 nova-scheduler[97042]: DEBUG dbcounter [-] [97042] Writer thread running {{(pid=97042) stat_writer /opt/stack/data/venv/lib/python3.12/site-packages/dbcounter.py:102}}
Aug 19 03:58:51.803766 np0000007739 nova-scheduler[97016]: DEBUG dbcounter [-] [97016] Writer thread running {{(pid=97016) stat_writer /opt/stack/data/venv/lib/python3.12/site-packages/dbcounter.py:102}}
Aug 19 03:58:51.804657 np0000007739 nova-scheduler[96996]: DEBUG nova.service [None req-62413c2c-915f-4b8e-8104-5a8d934e5cc9 None None] Creating RPC server for service: nova-scheduler on topic: scheduler {{(pid=96996) start /opt/stack/nova/nova/service.py:262}}
Aug 19 03:58:51.806205 np0000007739 nova-scheduler[97016]: DEBUG nova.service [None req-447106e9-4729-496c-bf0a-2b0c13e0102f None None] Creating RPC server for service: nova-scheduler on topic: scheduler {{(pid=97016) start /opt/stack/nova/nova/service.py:262}}
Aug 19 03:58:51.818096 np0000007739 nova-scheduler[97042]: DEBUG nova.service [None req-1b662f38-2b01-4cb6-869d-388656a245c1 None None] Creating RPC server for service: nova-scheduler on topic: scheduler {{(pid=97042) start /opt/stack/nova/nova/service.py:262}}
Aug 19 03:58:51.841333 np0000007739 nova-scheduler[97044]: DEBUG oslo_db.sqlalchemy.engines [None req-8887a964-b4a6-4293-b7b1-ebf34760e97d None None] MySQL server mode set to STRICT_TRANS_TABLES,STRICT_ALL_TABLES,NO_ZERO_IN_DATE,NO_ZERO_DATE,ERROR_FOR_DIVISION_BY_ZERO,TRADITIONAL,NO_ENGINE_SUBSTITUTION {{(pid=97044) _check_effective_sql_mode /opt/stack/data/venv/lib/python3.12/site-packages/oslo_db/sqlalchemy/engines.py:325}}
Aug 19 03:58:51.841461 np0000007739 nova-scheduler[97042]: DEBUG nova.service [None req-1b662f38-2b01-4cb6-869d-388656a245c1 None None] Join ServiceGroup membership for this service scheduler {{(pid=97042) start /opt/stack/nova/nova/service.py:288}}
Aug 19 03:58:51.841689 np0000007739 nova-scheduler[97042]: DEBUG nova.servicegroup.drivers.db [None req-1b662f38-2b01-4cb6-869d-388656a245c1 None None] DB_Driver: join new ServiceGroup member np0000007739 to the scheduler group, service = {{(pid=97042) join /opt/stack/nova/nova/servicegroup/drivers/db.py:44}}
Aug 19 03:58:51.842246 np0000007739 nova-scheduler[97016]: DEBUG nova.service [None req-447106e9-4729-496c-bf0a-2b0c13e0102f None None] Join ServiceGroup membership for this service scheduler {{(pid=97016) start /opt/stack/nova/nova/service.py:288}}
Aug 19 03:58:51.842423 np0000007739 nova-scheduler[97016]: DEBUG nova.servicegroup.drivers.db [None req-447106e9-4729-496c-bf0a-2b0c13e0102f None None] DB_Driver: join new ServiceGroup member np0000007739 to the scheduler group, service = {{(pid=97016) join /opt/stack/nova/nova/servicegroup/drivers/db.py:44}}
Aug 19 03:58:51.845287 np0000007739 nova-scheduler[96996]: DEBUG nova.service [None req-62413c2c-915f-4b8e-8104-5a8d934e5cc9 None None] Join ServiceGroup membership for this service scheduler {{(pid=96996) start /opt/stack/nova/nova/service.py:288}}
Aug 19 03:58:51.845519 np0000007739 nova-scheduler[96996]: DEBUG nova.servicegroup.drivers.db [None req-62413c2c-915f-4b8e-8104-5a8d934e5cc9 None None] DB_Driver: join new ServiceGroup member np0000007739 to the scheduler group, service = {{(pid=96996) join /opt/stack/nova/nova/servicegroup/drivers/db.py:44}}
Aug 19 03:58:51.850206 np0000007739 nova-scheduler[97044]: DEBUG dbcounter [-] [97044] Writer thread running {{(pid=97044) stat_writer /opt/stack/data/venv/lib/python3.12/site-packages/dbcounter.py:102}}
Aug 19 03:58:51.852963 np0000007739 nova-scheduler[97044]: DEBUG nova.service [None req-8887a964-b4a6-4293-b7b1-ebf34760e97d None None] Creating RPC server for service: nova-scheduler on topic: scheduler {{(pid=97044) start /opt/stack/nova/nova/service.py:262}}
Aug 19 03:58:51.867734 np0000007739 nova-scheduler[97044]: DEBUG nova.service [None req-8887a964-b4a6-4293-b7b1-ebf34760e97d None None] Join ServiceGroup membership for this service scheduler {{(pid=97044) start /opt/stack/nova/nova/service.py:288}}
Aug 19 03:58:51.867904 np0000007739 nova-scheduler[97044]: DEBUG nova.servicegroup.drivers.db [None req-8887a964-b4a6-4293-b7b1-ebf34760e97d None None] DB_Driver: join new ServiceGroup member np0000007739 to the scheduler group, service = {{(pid=97044) join /opt/stack/nova/nova/servicegroup/drivers/db.py:44}}
Aug 19 03:58:56.856648 np0000007739 nova-scheduler[97042]: DEBUG oslo.service.backend._threading.loopingcall [-] Fixed interval looping call 'nova.servicegroup.drivers.db.DbDriver._report_state' sleeping for 119.99 seconds {{(pid=97042) _run_loop /opt/stack/data/venv/lib/python3.12/site-packages/oslo_service/backend/_threading/loopingcall.py:125}}
Aug 19 03:58:56.857378 np0000007739 nova-scheduler[97016]: DEBUG oslo.service.backend._threading.loopingcall [-] Fixed interval looping call 'nova.servicegroup.drivers.db.DbDriver._report_state' sleeping for 119.99 seconds {{(pid=97016) _run_loop /opt/stack/data/venv/lib/python3.12/site-packages/oslo_service/backend/_threading/loopingcall.py:125}}
Aug 19 03:58:56.858188 np0000007739 nova-scheduler[96996]: DEBUG oslo.service.backend._threading.loopingcall [-] Fixed interval looping call 'nova.servicegroup.drivers.db.DbDriver._report_state' sleeping for 119.99 seconds {{(pid=96996) _run_loop /opt/stack/data/venv/lib/python3.12/site-packages/oslo_service/backend/_threading/loopingcall.py:125}}
Aug 19 03:58:56.880494 np0000007739 nova-scheduler[97044]: DEBUG oslo.service.backend._threading.loopingcall [-] Fixed interval looping call 'nova.servicegroup.drivers.db.DbDriver._report_state' sleeping for 119.99 seconds {{(pid=97044) _run_loop /opt/stack/data/venv/lib/python3.12/site-packages/oslo_service/backend/_threading/loopingcall.py:125}}
Aug 19 03:59:00.413301 np0000007739 nova-scheduler[95794]: DEBUG dbcounter [-] [95794] Writing DB stats nova_api:SELECT=3 {{(pid=95794) stat_writer /opt/stack/data/venv/lib/python3.12/site-packages/dbcounter.py:115}}
Aug 19 03:59:00.543564 np0000007739 nova-scheduler[95794]: DEBUG dbcounter [-] [95794] Writing DB stats nova_cell1:SELECT=1 {{(pid=95794) stat_writer /opt/stack/data/venv/lib/python3.12/site-packages/dbcounter.py:115}}
Aug 19 03:59:00.547768 np0000007739 nova-scheduler[95794]: DEBUG dbcounter [-] [95794] Writing DB stats nova_cell0:SELECT=1 {{(pid=95794) stat_writer /opt/stack/data/venv/lib/python3.12/site-packages/dbcounter.py:115}}
Aug 19 03:59:04.847739 np0000007739 nova-scheduler[96996]: DEBUG oslo.service.backend._threading.loopingcall [None req-e9f7b22d-d89b-4422-8d4d-65d041c70eed None None] Dynamic interval looping call 'nova.service.Service.periodic_tasks' sleeping for 60.00 seconds {{(pid=96996) _run_loop /opt/stack/data/venv/lib/python3.12/site-packages/oslo_service/backend/_threading/loopingcall.py:125}}
Aug 19 03:59:06.851520 np0000007739 nova-scheduler[97042]: DEBUG dbcounter [-] [97042] Writing DB stats nova_cell0:SELECT=4,nova_cell0:INSERT=1,nova_cell0:UPDATE=1 {{(pid=97042) stat_writer /opt/stack/data/venv/lib/python3.12/site-packages/dbcounter.py:115}}
Aug 19 03:59:06.858063 np0000007739 nova-scheduler[97016]: DEBUG dbcounter [-] [97016] Writing DB stats nova_cell0:SELECT=3,nova_cell0:UPDATE=1 {{(pid=97016) stat_writer /opt/stack/data/venv/lib/python3.12/site-packages/dbcounter.py:115}}
Aug 19 03:59:06.861407 np0000007739 nova-scheduler[96996]: DEBUG dbcounter [-] [96996] Writing DB stats nova_cell0:SELECT=4,nova_cell0:INSERT=1,nova_cell0:UPDATE=1 {{(pid=96996) stat_writer /opt/stack/data/venv/lib/python3.12/site-packages/dbcounter.py:115}}
Aug 19 03:59:06.876065 np0000007739 nova-scheduler[97044]: DEBUG dbcounter [-] [97044] Writing DB stats nova_cell0:SELECT=3 {{(pid=97044) stat_writer /opt/stack/data/venv/lib/python3.12/site-packages/dbcounter.py:115}}
Aug 19 03:59:10.843427 np0000007739 nova-scheduler[97042]: DEBUG oslo.service.backend._threading.loopingcall [None req-9266c6e2-92c7-4f13-a027-53b5af759e7a None None] Dynamic interval looping call 'nova.service.Service.periodic_tasks' sleeping for 60.00 seconds {{(pid=97042) _run_loop /opt/stack/data/venv/lib/python3.12/site-packages/oslo_service/backend/_threading/loopingcall.py:125}}
Aug 19 03:59:26.845198 np0000007739 nova-scheduler[97016]: DEBUG oslo.service.backend._threading.loopingcall [None req-bc8d53cb-e128-4434-be34-ba4239d1d04d None None] Dynamic interval looping call 'nova.service.Service.periodic_tasks' sleeping for 60.00 seconds {{(pid=97016) _run_loop /opt/stack/data/venv/lib/python3.12/site-packages/oslo_service/backend/_threading/loopingcall.py:125}}
Aug 19 03:59:31.869608 np0000007739 nova-scheduler[97044]: DEBUG oslo.service.backend._threading.loopingcall [None req-2d2aa996-d1b6-45dc-9669-7028b9250c1a None None] Dynamic interval looping call 'nova.service.Service.periodic_tasks' sleeping for 60.00 seconds {{(pid=97044) _run_loop /opt/stack/data/venv/lib/python3.12/site-packages/oslo_service/backend/_threading/loopingcall.py:125}}
Aug 19 04:00:04.848373 np0000007739 nova-scheduler[96996]: DEBUG oslo.service.backend._threading.loopingcall [None req-e9f7b22d-d89b-4422-8d4d-65d041c70eed None None] Dynamic interval looping call 'nova.service.Service.periodic_tasks' sleeping for 60.00 seconds {{(pid=96996) _run_loop /opt/stack/data/venv/lib/python3.12/site-packages/oslo_service/backend/_threading/loopingcall.py:125}}
Aug 19 04:00:10.844075 np0000007739 nova-scheduler[97042]: DEBUG oslo.service.backend._threading.loopingcall [None req-9266c6e2-92c7-4f13-a027-53b5af759e7a None None] Dynamic interval looping call 'nova.service.Service.periodic_tasks' sleeping for 60.00 seconds {{(pid=97042) _run_loop /opt/stack/data/venv/lib/python3.12/site-packages/oslo_service/backend/_threading/loopingcall.py:125}}
Aug 19 04:00:26.845801 np0000007739 nova-scheduler[97016]: DEBUG oslo.service.backend._threading.loopingcall [None req-bc8d53cb-e128-4434-be34-ba4239d1d04d None None] Dynamic interval looping call 'nova.service.Service.periodic_tasks' sleeping for 60.00 seconds {{(pid=97016) _run_loop /opt/stack/data/venv/lib/python3.12/site-packages/oslo_service/backend/_threading/loopingcall.py:125}}
Aug 19 04:00:31.870175 np0000007739 nova-scheduler[97044]: DEBUG oslo.service.backend._threading.loopingcall [None req-2d2aa996-d1b6-45dc-9669-7028b9250c1a None None] Dynamic interval looping call 'nova.service.Service.periodic_tasks' sleeping for 60.00 seconds {{(pid=97044) _run_loop /opt/stack/data/venv/lib/python3.12/site-packages/oslo_service/backend/_threading/loopingcall.py:125}}
Aug 19 04:00:56.855643 np0000007739 nova-scheduler[97016]: DEBUG oslo.service.backend._threading.loopingcall [-] Fixed interval looping call 'nova.servicegroup.drivers.db.DbDriver._report_state' sleeping for 119.99 seconds {{(pid=97016) _run_loop /opt/stack/data/venv/lib/python3.12/site-packages/oslo_service/backend/_threading/loopingcall.py:125}}
Aug 19 04:00:56.856126 np0000007739 nova-scheduler[97042]: DEBUG oslo.service.backend._threading.loopingcall [-] Fixed interval looping call 'nova.servicegroup.drivers.db.DbDriver._report_state' sleeping for 119.99 seconds {{(pid=97042) _run_loop /opt/stack/data/venv/lib/python3.12/site-packages/oslo_service/backend/_threading/loopingcall.py:125}}
Aug 19 04:00:56.856408 np0000007739 nova-scheduler[96996]: DEBUG oslo.service.backend._threading.loopingcall [-] Fixed interval looping call 'nova.servicegroup.drivers.db.DbDriver._report_state' sleeping for 119.99 seconds {{(pid=96996) _run_loop /opt/stack/data/venv/lib/python3.12/site-packages/oslo_service/backend/_threading/loopingcall.py:125}}
Aug 19 04:00:56.874987 np0000007739 nova-scheduler[97044]: DEBUG oslo.service.backend._threading.loopingcall [-] Fixed interval looping call 'nova.servicegroup.drivers.db.DbDriver._report_state' sleeping for 120.00 seconds {{(pid=97044) _run_loop /opt/stack/data/venv/lib/python3.12/site-packages/oslo_service/backend/_threading/loopingcall.py:125}}
Aug 19 04:01:04.848940 np0000007739 nova-scheduler[96996]: DEBUG oslo.service.backend._threading.loopingcall [None req-e9f7b22d-d89b-4422-8d4d-65d041c70eed None None] Dynamic interval looping call 'nova.service.Service.periodic_tasks' sleeping for 60.00 seconds {{(pid=96996) _run_loop /opt/stack/data/venv/lib/python3.12/site-packages/oslo_service/backend/_threading/loopingcall.py:125}}
Aug 19 04:01:06.851053 np0000007739 nova-scheduler[97016]: DEBUG dbcounter [-] [97016] Writing DB stats nova_cell0:SELECT=1,nova_cell0:UPDATE=1 {{(pid=97016) stat_writer /opt/stack/data/venv/lib/python3.12/site-packages/dbcounter.py:115}}
Aug 19 04:01:06.851552 np0000007739 nova-scheduler[97042]: DEBUG dbcounter [-] [97042] Writing DB stats nova_cell0:SELECT=1,nova_cell0:UPDATE=1 {{(pid=97042) stat_writer /opt/stack/data/venv/lib/python3.12/site-packages/dbcounter.py:115}}
Aug 19 04:01:06.852643 np0000007739 nova-scheduler[96996]: DEBUG dbcounter [-] [96996] Writing DB stats nova_cell0:SELECT=1,nova_cell0:UPDATE=1 {{(pid=96996) stat_writer /opt/stack/data/venv/lib/python3.12/site-packages/dbcounter.py:115}}
Aug 19 04:01:06.873904 np0000007739 nova-scheduler[97044]: DEBUG dbcounter [-] [97044] Writing DB stats nova_cell0:SELECT=1 {{(pid=97044) stat_writer /opt/stack/data/venv/lib/python3.12/site-packages/dbcounter.py:115}}
Aug 19 04:01:10.845011 np0000007739 nova-scheduler[97042]: DEBUG oslo.service.backend._threading.loopingcall [None req-9266c6e2-92c7-4f13-a027-53b5af759e7a None None] Dynamic interval looping call 'nova.service.Service.periodic_tasks' sleeping for 60.00 seconds {{(pid=97042) _run_loop /opt/stack/data/venv/lib/python3.12/site-packages/oslo_service/backend/_threading/loopingcall.py:125}}
Aug 19 04:01:13.675514 np0000007739 nova-scheduler[97042]: DEBUG nova.scheduler.manager [None req-af4f54b3-686d-4c30-8aca-b4f4f6a86389 tempest-ServersNegativeTestJSON-280865450 tempest-ServersNegativeTestJSON-280865450-project-member] Starting to schedule for instances: ['b564bb21-a772-4225-bc10-21233569a4fd'] {{(pid=97042) select_destinations /opt/stack/nova/nova/scheduler/manager.py:197}}
Aug 19 04:01:13.676656 np0000007739 nova-scheduler[97042]: DEBUG nova.scheduler.request_filter [None req-af4f54b3-686d-4c30-8aca-b4f4f6a86389 tempest-ServersNegativeTestJSON-280865450 tempest-ServersNegativeTestJSON-280865450-project-member] compute_status_filter request filter added forbidden trait COMPUTE_STATUS_DISABLED {{(pid=97042) compute_status_filter /opt/stack/nova/nova/scheduler/request_filter.py:253}}
Aug 19 04:01:13.676820 np0000007739 nova-scheduler[97042]: DEBUG nova.scheduler.request_filter [None req-af4f54b3-686d-4c30-8aca-b4f4f6a86389 tempest-ServersNegativeTestJSON-280865450 tempest-ServersNegativeTestJSON-280865450-project-member] Request filter 'compute_status_filter' took 0.0 seconds {{(pid=97042) wrapper /opt/stack/nova/nova/scheduler/request_filter.py:46}}
Aug 19 04:01:13.677069 np0000007739 nova-scheduler[97042]: DEBUG nova.scheduler.request_filter [None req-af4f54b3-686d-4c30-8aca-b4f4f6a86389 tempest-ServersNegativeTestJSON-280865450 tempest-ServersNegativeTestJSON-280865450-project-member] Request filter 'accelerators_filter' took 0.0 seconds {{(pid=97042) wrapper /opt/stack/nova/nova/scheduler/request_filter.py:46}}
Aug 19 04:01:13.677290 np0000007739 nova-scheduler[97042]: DEBUG nova.scheduler.request_filter [None req-af4f54b3-686d-4c30-8aca-b4f4f6a86389 tempest-ServersNegativeTestJSON-280865450 tempest-ServersNegativeTestJSON-280865450-project-member] Request filter 'packed_virtqueue_filter' took 0.0 seconds {{(pid=97042) wrapper /opt/stack/nova/nova/scheduler/request_filter.py:46}}
Aug 19 04:01:13.677534 np0000007739 nova-scheduler[97042]: DEBUG nova.scheduler.request_filter [None req-af4f54b3-686d-4c30-8aca-b4f4f6a86389 tempest-ServersNegativeTestJSON-280865450 tempest-ServersNegativeTestJSON-280865450-project-member] Request filter 'remote_managed_ports_filter' took 0.0 seconds {{(pid=97042) wrapper /opt/stack/nova/nova/scheduler/request_filter.py:46}}
Aug 19 04:01:13.677892 np0000007739 nova-scheduler[97042]: DEBUG nova.scheduler.request_filter [None req-af4f54b3-686d-4c30-8aca-b4f4f6a86389 tempest-ServersNegativeTestJSON-280865450 tempest-ServersNegativeTestJSON-280865450-project-member] ephemeral_encryption_filter skipped {{(pid=97042) ephemeral_encryption_filter /opt/stack/nova/nova/scheduler/request_filter.py:426}}
Aug 19 04:01:13.678002 np0000007739 nova-scheduler[97042]: DEBUG nova.scheduler.request_filter [None req-af4f54b3-686d-4c30-8aca-b4f4f6a86389 tempest-ServersNegativeTestJSON-280865450 tempest-ServersNegativeTestJSON-280865450-project-member] virtio_sound_filter skipped {{(pid=97042) virtio_sound_filter /opt/stack/nova/nova/scheduler/request_filter.py:460}}
Aug 19 04:01:13.678780 np0000007739 nova-scheduler[97042]: DEBUG nova.scheduler.request_filter [None req-af4f54b3-686d-4c30-8aca-b4f4f6a86389 tempest-ServersNegativeTestJSON-280865450 tempest-ServersNegativeTestJSON-280865450-project-member] tpm_secret_security_filter skipped {{(pid=97042) tpm_secret_security_filter /opt/stack/nova/nova/scheduler/request_filter.py:477}}
Aug 19 04:01:14.358956 np0000007739 nova-scheduler[97042]: INFO nova.utils [None req-af4f54b3-686d-4c30-8aca-b4f4f6a86389 tempest-ServersNegativeTestJSON-280865450 tempest-ServersNegativeTestJSON-280865450-project-member] The cell worker thread pool ForkProcess-3.cell_worker is initialized
Aug 19 04:01:14.359553 np0000007739 nova-scheduler[97042]: DEBUG oslo_concurrency.lockutils [None req-af4f54b3-686d-4c30-8aca-b4f4f6a86389 tempest-ServersNegativeTestJSON-280865450 tempest-ServersNegativeTestJSON-280865450-project-member] Acquiring lock "236c18f6-495e-4dc3-a64c-dd8975d1c3ee" by "nova.context.set_target_cell..get_or_set_cached_cell_and_set_connections" {{(pid=97042) inner /opt/stack/data/venv/lib/python3.12/site-packages/oslo_concurrency/lockutils.py:512}}
Aug 19 04:01:14.359733 np0000007739 nova-scheduler[97042]: DEBUG oslo_concurrency.lockutils [None req-af4f54b3-686d-4c30-8aca-b4f4f6a86389 tempest-ServersNegativeTestJSON-280865450 tempest-ServersNegativeTestJSON-280865450-project-member] Lock "236c18f6-495e-4dc3-a64c-dd8975d1c3ee" acquired by "nova.context.set_target_cell..get_or_set_cached_cell_and_set_connections" :: waited 0.000s {{(pid=97042) inner /opt/stack/data/venv/lib/python3.12/site-packages/oslo_concurrency/lockutils.py:525}}
Aug 19 04:01:14.361531 np0000007739 nova-scheduler[97042]: DEBUG oslo_concurrency.lockutils [None req-af4f54b3-686d-4c30-8aca-b4f4f6a86389 tempest-ServersNegativeTestJSON-280865450 tempest-ServersNegativeTestJSON-280865450-project-member] Lock "236c18f6-495e-4dc3-a64c-dd8975d1c3ee" "released" by "nova.context.set_target_cell..get_or_set_cached_cell_and_set_connections" :: held 0.002s {{(pid=97042) inner /opt/stack/data/venv/lib/python3.12/site-packages/oslo_concurrency/lockutils.py:544}}
Aug 19 04:01:14.363180 np0000007739 nova-scheduler[97042]: INFO dbcounter [None req-af4f54b3-686d-4c30-8aca-b4f4f6a86389 tempest-ServersNegativeTestJSON-280865450 tempest-ServersNegativeTestJSON-280865450-project-member] Registered counter for database nova_cell1
Aug 19 04:01:14.415395 np0000007739 nova-scheduler[97042]: DEBUG oslo_db.sqlalchemy.engines [None req-af4f54b3-686d-4c30-8aca-b4f4f6a86389 tempest-ServersNegativeTestJSON-280865450 tempest-ServersNegativeTestJSON-280865450-project-member] MySQL server mode set to STRICT_TRANS_TABLES,STRICT_ALL_TABLES,NO_ZERO_IN_DATE,NO_ZERO_DATE,ERROR_FOR_DIVISION_BY_ZERO,TRADITIONAL,NO_ENGINE_SUBSTITUTION {{(pid=97042) _check_effective_sql_mode /opt/stack/data/venv/lib/python3.12/site-packages/oslo_db/sqlalchemy/engines.py:325}}
Aug 19 04:01:14.423083 np0000007739 nova-scheduler[97042]: DEBUG dbcounter [-] [97042] Writer thread running {{(pid=97042) stat_writer /opt/stack/data/venv/lib/python3.12/site-packages/dbcounter.py:102}}
Aug 19 04:01:14.438963 np0000007739 nova-scheduler[97042]: DEBUG oslo_db.sqlalchemy.engines [None req-af4f54b3-686d-4c30-8aca-b4f4f6a86389 tempest-ServersNegativeTestJSON-280865450 tempest-ServersNegativeTestJSON-280865450-project-member] Parent process 95794 forked (97042) with an open database connection, which is being discarded and recreated. {{(pid=97042) checkout /opt/stack/data/venv/lib/python3.12/site-packages/oslo_db/sqlalchemy/engines.py:402}}
Aug 19 04:01:14.479751 np0000007739 nova-scheduler[97042]: DEBUG dbcounter [-] [97042] Writer thread running {{(pid=97042) stat_writer /opt/stack/data/venv/lib/python3.12/site-packages/dbcounter.py:102}}
Aug 19 04:01:14.483246 np0000007739 nova-scheduler[97042]: DEBUG oslo_concurrency.lockutils [None req-af4f54b3-686d-4c30-8aca-b4f4f6a86389 tempest-ServersNegativeTestJSON-280865450 tempest-ServersNegativeTestJSON-280865450-project-member] Acquiring lock "236c18f6-495e-4dc3-a64c-dd8975d1c3ee" by "nova.context.set_target_cell..get_or_set_cached_cell_and_set_connections" {{(pid=97042) inner /opt/stack/data/venv/lib/python3.12/site-packages/oslo_concurrency/lockutils.py:512}}
