Jul 16 05:12:50.132888 np0000005222 devstack@g-api.service[99783]: DEBUG glance.api.middleware.version_negotiation [None req-0c8c9ede-d88d-4afd-959d-964307b6e9c6 tempest-ServerBootFromVolumeStableRescueTest-492402647 tempest-ServerBootFromVolumeStableRescueTest-492402647-project-member] Matched version: v2 {{(pid=99783) process_request /opt/stack/glance/glance/api/middleware/version_negotiation.py:69}}
Jul 16 05:12:50.133002 np0000005222 devstack@g-api.service[99783]: DEBUG glance.api.middleware.version_negotiation [None req-0c8c9ede-d88d-4afd-959d-964307b6e9c6 tempest-ServerBootFromVolumeStableRescueTest-492402647 tempest-ServerBootFromVolumeStableRescueTest-492402647-project-member] new path /v2/schemas/image {{(pid=99783) process_request /opt/stack/glance/glance/api/middleware/version_negotiation.py:70}}
Jul 16 05:12:50.139095 np0000005222 devstack@g-api.service[99783]: [pid: 99783|app: 0|req: 45/132] 127.0.0.1 () {44 vars in 1051 bytes} [Thu Jul 16 05:12:50 2026] GET /v2/schemas/image => generated 6083 bytes in 7 msecs (HTTP/1.1 200) 4 headers in 158 bytes (1 switches on core 0)
Jul 16 05:12:50.926636 np0000005222 devstack@g-api.service[99784]: DEBUG glance.api.middleware.version_negotiation [None req-75021708-e20f-4d2e-a44a-f5835aa7e53f tempest-ServerBootFromVolumeStableRescueTest-492402647 tempest-ServerBootFromVolumeStableRescueTest-492402647-project-member] Determining version of request: GET /v2/images/ab8b3160-0d6e-4f8c-97ea-af92849fa460 Accept: application/json {{(pid=99784) process_request /opt/stack/glance/glance/api/middleware/version_negotiation.py:44}}
Jul 16 05:12:50.928316 np0000005222 devstack@g-api.service[99784]: DEBUG glance.api.middleware.version_negotiation [None req-75021708-e20f-4d2e-a44a-f5835aa7e53f tempest-ServerBootFromVolumeStableRescueTest-492402647 tempest-ServerBootFromVolumeStableRescueTest-492402647-project-member] Using url versioning {{(pid=99784) process_request /opt/stack/glance/glance/api/middleware/version_negotiation.py:57}}
Jul 16 05:12:50.928316 np0000005222 devstack@g-api.service[99784]: DEBUG glance.api.middleware.version_negotiation [None req-75021708-e20f-4d2e-a44a-f5835aa7e53f tempest-ServerBootFromVolumeStableRescueTest-492402647 tempest-ServerBootFromVolumeStableRescueTest-492402647-project-member] Matched version: v2 {{(pid=99784) process_request /opt/stack/glance/glance/api/middleware/version_negotiation.py:69}}
Jul 16 05:12:50.928316 np0000005222 devstack@g-api.service[99784]: DEBUG glance.api.middleware.version_negotiation [None req-75021708-e20f-4d2e-a44a-f5835aa7e53f tempest-ServerBootFromVolumeStableRescueTest-492402647 tempest-ServerBootFromVolumeStableRescueTest-492402647-project-member] new path /v2/images/ab8b3160-0d6e-4f8c-97ea-af92849fa460 {{(pid=99784) process_request /opt/stack/glance/glance/api/middleware/version_negotiation.py:70}}
Jul 16 05:12:50.944744 np0000005222 devstack@g-api.service[99784]: [pid: 99784|app: 0|req: 44/133] 127.0.0.1 () {40 vars in 834 bytes} [Thu Jul 16 05:12:50 2026] GET /v2/images/ab8b3160-0d6e-4f8c-97ea-af92849fa460 => generated 1358 bytes in 18 msecs (HTTP/1.1 200) 4 headers in 158 bytes (1 switches on core 0)
Jul 16 05:12:51.394673 np0000005222 devstack@g-api.service[99782]: DEBUG glance.api.middleware.version_negotiation [None req-0c8c9ede-d88d-4afd-959d-964307b6e9c6 tempest-ServerBootFromVolumeStableRescueTest-492402647 tempest-ServerBootFromVolumeStableRescueTest-492402647-project-member] Determining version of request: GET /v2/images/ab8b3160-0d6e-4f8c-97ea-af92849fa460 Accept: */* {{(pid=99782) process_request /opt/stack/glance/glance/api/middleware/version_negotiation.py:44}}
Jul 16 05:12:51.395243 np0000005222 devstack@g-api.service[99782]: DEBUG glance.api.middleware.version_negotiation [None req-0c8c9ede-d88d-4afd-959d-964307b6e9c6 tempest-ServerBootFromVolumeStableRescueTest-492402647 tempest-ServerBootFromVolumeStableRescueTest-492402647-project-member] Using url versioning {{(pid=99782) process_request /opt/stack/glance/glance/api/middleware/version_negotiation.py:57}}
Jul 16 05:12:51.395243 np0000005222 devstack@g-api.service[99782]: DEBUG glance.api.middleware.version_negotiation [None req-0c8c9ede-d88d-4afd-959d-964307b6e9c6 tempest-ServerBootFromVolumeStableRescueTest-492402647 tempest-ServerBootFromVolumeStableRescueTest-492402647-project-member] Matched version: v2 {{(pid=99782) process_request /opt/stack/glance/glance/api/middleware/version_negotiation.py:69}}
Jul 16 05:12:51.395406 np0000005222 devstack@g-api.service[99782]: DEBUG glance.api.middleware.version_negotiation [None req-0c8c9ede-d88d-4afd-959d-964307b6e9c6 tempest-ServerBootFromVolumeStableRescueTest-492402647 tempest-ServerBootFromVolumeStableRescueTest-492402647-project-member] new path /v2/images/ab8b3160-0d6e-4f8c-97ea-af92849fa460 {{(pid=99782) process_request /opt/stack/glance/glance/api/middleware/version_negotiation.py:70}}
Jul 16 05:12:51.413390 np0000005222 devstack@g-api.service[99782]: [pid: 99782|app: 0|req: 45/134] 127.0.0.1 () {44 vars in 1111 bytes} [Thu Jul 16 05:12:51 2026] GET /v2/images/ab8b3160-0d6e-4f8c-97ea-af92849fa460 => generated 1358 bytes in 19 msecs (HTTP/1.1 200) 4 headers in 158 bytes (1 switches on core 0)
Jul 16 05:12:51.458795 np0000005222 devstack@g-api.service[99783]: DEBUG glance.api.middleware.version_negotiation [None req-0c8c9ede-d88d-4afd-959d-964307b6e9c6 tempest-ServerBootFromVolumeStableRescueTest-492402647 tempest-ServerBootFromVolumeStableRescueTest-492402647-project-member] Determining version of request: GET /v2/schemas/image Accept: */* {{(pid=99783) process_request /opt/stack/glance/glance/api/middleware/version_negotiation.py:44}}
Jul 16 05:12:51.460312 np0000005222 devstack@g-api.service[99783]: DEBUG glance.api.middleware.version_negotiation [None req-0c8c9ede-d88d-4afd-959d-964307b6e9c6 tempest-ServerBootFromVolumeStableRescueTest-492402647 tempest-ServerBootFromVolumeStableRescueTest-492402647-project-member] Using url versioning {{(pid=99783) process_request /opt/stack/glance/glance/api/middleware/version_negotiation.py:57}}
Jul 16 05:12:51.460312 np0000005222 devstack@g-api.service[99783]: DEBUG glance.api.middleware.version_negotiation [None req-0c8c9ede-d88d-4afd-959d-964307b6e9c6 tempest-ServerBootFromVolumeStableRescueTest-492402647 tempest-ServerBootFromVolumeStableRescueTest-492402647-project-member] Matched version: v2 {{(pid=99783) process_request /opt/stack/glance/glance/api/middleware/version_negotiation.py:69}}
Jul 16 05:12:51.460312 np0000005222 devstack@g-api.service[99783]: DEBUG glance.api.middleware.version_negotiation [None req-0c8c9ede-d88d-4afd-959d-964307b6e9c6 tempest-ServerBootFromVolumeStableRescueTest-492402647 tempest-ServerBootFromVolumeStableRescueTest-492402647-project-member] new path /v2/schemas/image {{(pid=99783) process_request /opt/stack/glance/glance/api/middleware/version_negotiation.py:70}}
Jul 16 05:12:51.463887 np0000005222 devstack@g-api.service[99783]: [pid: 99783|app: 0|req: 46/135] 127.0.0.1 () {44 vars in 1051 bytes} [Thu Jul 16 05:12:51 2026] GET /v2/schemas/image => generated 6083 bytes in 5 msecs (HTTP/1.1 200) 4 headers in 158 bytes (1 switches on core 0)
Jul 16 05:12:51.509020 np0000005222 devstack@g-api.service[99784]: DEBUG glance.api.middleware.version_negotiation [None req-06c9db60-bfd5-4010-a470-c837521f7628 tempest-ServerBootFromVolumeStableRescueTest-492402647 tempest-ServerBootFromVolumeStableRescueTest-492402647-project-member] Determining version of request: GET /v2/schemas/image Accept: */* {{(pid=99784) process_request /opt/stack/glance/glance/api/middleware/version_negotiation.py:44}}
Jul 16 05:12:51.509020 np0000005222 devstack@g-api.service[99784]: DEBUG glance.api.middleware.version_negotiation [None req-06c9db60-bfd5-4010-a470-c837521f7628 tempest-ServerBootFromVolumeStableRescueTest-492402647 tempest-ServerBootFromVolumeStableRescueTest-492402647-project-member] Using url versioning {{(pid=99784) process_request /opt/stack/glance/glance/api/middleware/version_negotiation.py:57}}
Jul 16 05:12:51.509298 np0000005222 devstack@g-api.service[99784]: DEBUG glance.api.middleware.version_negotiation [None req-06c9db60-bfd5-4010-a470-c837521f7628 tempest-ServerBootFromVolumeStableRescueTest-492402647 tempest-ServerBootFromVolumeStableRescueTest-492402647-project-member] Matched version: v2 {{(pid=99784) process_request /opt/stack/glance/glance/api/middleware/version_negotiation.py:69}}
Jul 16 05:12:51.509298 np0000005222 devstack@g-api.service[99784]: DEBUG glance.api.middleware.version_negotiation [None req-06c9db60-bfd5-4010-a470-c837521f7628 tempest-ServerBootFromVolumeStableRescueTest-492402647 tempest-ServerBootFromVolumeStableRescueTest-492402647-project-member] new path /v2/schemas/image {{(pid=99784) process_request /opt/stack/glance/glance/api/middleware/version_negotiation.py:70}}
Jul 16 05:12:51.513752 np0000005222 devstack@g-api.service[99784]: [pid: 99784|app: 0|req: 45/136] 127.0.0.1 () {44 vars in 1051 bytes} [Thu Jul 16 05:12:51 2026] GET /v2/schemas/image => generated 6083 bytes in 5 msecs (HTTP/1.1 200) 4 headers in 158 bytes (1 switches on core 0)
Jul 16 05:12:51.564337 np0000005222 devstack@g-api.service[99782]: DEBUG glance.api.middleware.version_negotiation [None req-0c8c9ede-d88d-4afd-959d-964307b6e9c6 tempest-ServerBootFromVolumeStableRescueTest-492402647 tempest-ServerBootFromVolumeStableRescueTest-492402647-project-member] Determining version of request: PATCH /v2/images/ab8b3160-0d6e-4f8c-97ea-af92849fa460 Accept: */* {{(pid=99782) process_request /opt/stack/glance/glance/api/middleware/version_negotiation.py:44}}
Jul 16 05:12:51.564526 np0000005222 devstack@g-api.service[99782]: DEBUG glance.api.middleware.version_negotiation [None req-0c8c9ede-d88d-4afd-959d-964307b6e9c6 tempest-ServerBootFromVolumeStableRescueTest-492402647 tempest-ServerBootFromVolumeStableRescueTest-492402647-project-member] Using url versioning {{(pid=99782) process_request /opt/stack/glance/glance/api/middleware/version_negotiation.py:57}}
Jul 16 05:12:51.564704 np0000005222 devstack@g-api.service[99782]: DEBUG glance.api.middleware.version_negotiation [None req-0c8c9ede-d88d-4afd-959d-964307b6e9c6 tempest-ServerBootFromVolumeStableRescueTest-492402647 tempest-ServerBootFromVolumeStableRescueTest-492402647-project-member] Matched version: v2 {{(pid=99782) process_request /opt/stack/glance/glance/api/middleware/version_negotiation.py:69}}
Jul 16 05:12:51.565010 np0000005222 devstack@g-api.service[99782]: DEBUG glance.api.middleware.version_negotiation [None req-0c8c9ede-d88d-4afd-959d-964307b6e9c6 tempest-ServerBootFromVolumeStableRescueTest-492402647 tempest-ServerBootFromVolumeStableRescueTest-492402647-project-member] new path /v2/images/ab8b3160-0d6e-4f8c-97ea-af92849fa460 {{(pid=99782) process_request /opt/stack/glance/glance/api/middleware/version_negotiation.py:70}}
Jul 16 05:12:51.810254 np0000005222 devstack@g-api.service[99782]: [pid: 99782|app: 0|req: 46/137] 127.0.0.1 () {46 vars in 1154 bytes} [Thu Jul 16 05:12:51 2026] PATCH /v2/images/ab8b3160-0d6e-4f8c-97ea-af92849fa460 => generated 1469 bytes in 246 msecs (HTTP/1.1 200) 4 headers in 158 bytes (1 switches on core 0)
Jul 16 05:12:51.867623 np0000005222 devstack@g-api.service[99783]: DEBUG glance.api.middleware.version_negotiation [None req-0c8c9ede-d88d-4afd-959d-964307b6e9c6 tempest-ServerBootFromVolumeStableRescueTest-492402647 tempest-ServerBootFromVolumeStableRescueTest-492402647-project-member] Determining version of request: GET /v2/images/ab8b3160-0d6e-4f8c-97ea-af92849fa460 Accept: */* {{(pid=99783) process_request /opt/stack/glance/glance/api/middleware/version_negotiation.py:44}}
Jul 16 05:12:51.869655 np0000005222 devstack@g-api.service[99783]: DEBUG glance.api.middleware.version_negotiation [None req-0c8c9ede-d88d-4afd-959d-964307b6e9c6 tempest-ServerBootFromVolumeStableRescueTest-492402647 tempest-ServerBootFromVolumeStableRescueTest-492402647-project-member] Using url versioning {{(pid=99783) process_request /opt/stack/glance/glance/api/middleware/version_negotiation.py:57}}
Jul 16 05:12:51.871751 np0000005222 devstack@g-api.service[99783]: DEBUG glance.api.middleware.version_negotiation [None req-0c8c9ede-d88d-4afd-959d-964307b6e9c6 tempest-ServerBootFromVolumeStableRescueTest-492402647 tempest-ServerBootFromVolumeStableRescueTest-492402647-project-member] Matched version: v2 {{(pid=99783) process_request /opt/stack/glance/glance/api/middleware/version_negotiation.py:69}}
Jul 16 05:12:51.871951 np0000005222 devstack@g-api.service[99783]: DEBUG glance.api.middleware.version_negotiation [None req-0c8c9ede-d88d-4afd-959d-964307b6e9c6 tempest-ServerBootFromVolumeStableRescueTest-492402647 tempest-ServerBootFromVolumeStableRescueTest-492402647-project-member] new path /v2/images/ab8b3160-0d6e-4f8c-97ea-af92849fa460 {{(pid=99783) process_request /opt/stack/glance/glance/api/middleware/version_negotiation.py:70}}
Jul 16 05:12:51.902008 np0000005222 devstack@g-api.service[99783]: [pid: 99783|app: 0|req: 47/138] 127.0.0.1 () {44 vars in 1111 bytes} [Thu Jul 16 05:12:51 2026] GET /v2/images/ab8b3160-0d6e-4f8c-97ea-af92849fa460 => generated 1469 bytes in 34 msecs (HTTP/1.1 200) 4 headers in 158 bytes (1 switches on core 0)
Jul 16 05:12:51.950154 np0000005222 devstack@g-api.service[99784]: DEBUG glance.api.middleware.version_negotiation [None req-0c8c9ede-d88d-4afd-959d-964307b6e9c6 tempest-ServerBootFromVolumeStableRescueTest-492402647 tempest-ServerBootFromVolumeStableRescueTest-492402647-project-member] Determining version of request: PUT /v2/images/ab8b3160-0d6e-4f8c-97ea-af92849fa460/file Accept: */* {{(pid=99784) process_request /opt/stack/glance/glance/api/middleware/version_negotiation.py:44}}
Jul 16 05:12:51.950735 np0000005222 devstack@g-api.service[99784]: DEBUG glance.api.middleware.version_negotiation [None req-0c8c9ede-d88d-4afd-959d-964307b6e9c6 tempest-ServerBootFromVolumeStableRescueTest-492402647 tempest-ServerBootFromVolumeStableRescueTest-492402647-project-member] Using url versioning {{(pid=99784) process_request /opt/stack/glance/glance/api/middleware/version_negotiation.py:57}}
Jul 16 05:12:51.950735 np0000005222 devstack@g-api.service[99784]: DEBUG glance.api.middleware.version_negotiation [None req-0c8c9ede-d88d-4afd-959d-964307b6e9c6 tempest-ServerBootFromVolumeStableRescueTest-492402647 tempest-ServerBootFromVolumeStableRescueTest-492402647-project-member] Matched version: v2 {{(pid=99784) process_request /opt/stack/glance/glance/api/middleware/version_negotiation.py:69}}
Jul 16 05:12:51.950735 np0000005222 devstack@g-api.service[99784]: DEBUG glance.api.middleware.version_negotiation [None req-0c8c9ede-d88d-4afd-959d-964307b6e9c6 tempest-ServerBootFromVolumeStableRescueTest-492402647 tempest-ServerBootFromVolumeStableRescueTest-492402647-project-member] new path /v2/images/ab8b3160-0d6e-4f8c-97ea-af92849fa460/file {{(pid=99784) process_request /opt/stack/glance/glance/api/middleware/version_negotiation.py:70}}
Jul 16 05:12:51.957491 np0000005222 devstack@g-api.service[99782]: DEBUG glance.api.middleware.version_negotiation [None req-0c8c9ede-d88d-4afd-959d-964307b6e9c6 tempest-ServerBootFromVolumeStableRescueTest-492402647 tempest-ServerBootFromVolumeStableRescueTest-492402647-project-member] Determining version of request: GET /v2/images/ab8b3160-0d6e-4f8c-97ea-af92849fa460 Accept: application/json {{(pid=99782) process_request /opt/stack/glance/glance/api/middleware/version_negotiation.py:44}}
Jul 16 05:12:51.957904 np0000005222 devstack@g-api.service[99782]: DEBUG glance.api.middleware.version_negotiation [None req-0c8c9ede-d88d-4afd-959d-964307b6e9c6 tempest-ServerBootFromVolumeStableRescueTest-492402647 tempest-ServerBootFromVolumeStableRescueTest-492402647-project-member] Using url versioning {{(pid=99782) process_request /opt/stack/glance/glance/api/middleware/version_negotiation.py:57}}
Jul 16 05:12:51.958324 np0000005222 devstack@g-api.service[99782]: DEBUG glance.api.middleware.version_negotiation [None req-0c8c9ede-d88d-4afd-959d-964307b6e9c6 tempest-ServerBootFromVolumeStableRescueTest-492402647 tempest-ServerBootFromVolumeStableRescueTest-492402647-project-member] Matched version: v2 {{(pid=99782) process_request /opt/stack/glance/glance/api/middleware/version_negotiation.py:69}}
Jul 16 05:12:51.958912 np0000005222 devstack@g-api.service[99782]: DEBUG glance.api.middleware.version_negotiation [None req-0c8c9ede-d88d-4afd-959d-964307b6e9c6 tempest-ServerBootFromVolumeStableRescueTest-492402647 tempest-ServerBootFromVolumeStableRescueTest-492402647-project-member] new path /v2/images/ab8b3160-0d6e-4f8c-97ea-af92849fa460 {{(pid=99782) process_request /opt/stack/glance/glance/api/middleware/version_negotiation.py:70}}
Jul 16 05:12:51.982157 np0000005222 devstack@g-api.service[99782]: [pid: 99782|app: 0|req: 47/139] 127.0.0.1 () {40 vars in 834 bytes} [Thu Jul 16 05:12:51 2026] GET /v2/images/ab8b3160-0d6e-4f8c-97ea-af92849fa460 => generated 1469 bytes in 25 msecs (HTTP/1.1 200) 4 headers in 158 bytes (1 switches on core 0)
Jul 16 05:12:52.992948 np0000005222 devstack@g-api.service[99783]: DEBUG glance.api.middleware.version_negotiation [None req-0c8c9ede-d88d-4afd-959d-964307b6e9c6 tempest-ServerBootFromVolumeStableRescueTest-492402647 tempest-ServerBootFromVolumeStableRescueTest-492402647-project-member] Determining version of request: GET /v2/images/ab8b3160-0d6e-4f8c-97ea-af92849fa460 Accept: application/json {{(pid=99783) process_request /opt/stack/glance/glance/api/middleware/version_negotiation.py:44}}
Jul 16 05:12:52.993815 np0000005222 devstack@g-api.service[99783]: DEBUG glance.api.middleware.version_negotiation [None req-0c8c9ede-d88d-4afd-959d-964307b6e9c6 tempest-ServerBootFromVolumeStableRescueTest-492402647 tempest-ServerBootFromVolumeStableRescueTest-492402647-project-member] Using url versioning {{(pid=99783) process_request /opt/stack/glance/glance/api/middleware/version_negotiation.py:57}}
Jul 16 05:12:52.993815 np0000005222 devstack@g-api.service[99783]: DEBUG glance.api.middleware.version_negotiation [None req-0c8c9ede-d88d-4afd-959d-964307b6e9c6 tempest-ServerBootFromVolumeStableRescueTest-492402647 tempest-ServerBootFromVolumeStableRescueTest-492402647-project-member] Matched version: v2 {{(pid=99783) process_request /opt/stack/glance/glance/api/middleware/version_negotiation.py:69}}
Jul 16 05:12:52.993815 np0000005222 devstack@g-api.service[99783]: DEBUG glance.api.middleware.version_negotiation [None req-0c8c9ede-d88d-4afd-959d-964307b6e9c6 tempest-ServerBootFromVolumeStableRescueTest-492402647 tempest-ServerBootFromVolumeStableRescueTest-492402647-project-member] new path /v2/images/ab8b3160-0d6e-4f8c-97ea-af92849fa460 {{(pid=99783) process_request /opt/stack/glance/glance/api/middleware/version_negotiation.py:70}}
Jul 16 05:12:53.013255 np0000005222 devstack@g-api.service[99783]: [pid: 99783|app: 0|req: 48/140] 127.0.0.1 () {40 vars in 834 bytes} [Thu Jul 16 05:12:52 2026] GET /v2/images/ab8b3160-0d6e-4f8c-97ea-af92849fa460 => generated 1469 bytes in 21 msecs (HTTP/1.1 200) 4 headers in 158 bytes (1 switches on core 0)
Jul 16 05:12:53.039556 np0000005222 devstack@g-api.service[99784]: INFO glance.api.v2.image_data [None req-0c8c9ede-d88d-4afd-959d-964307b6e9c6 tempest-ServerBootFromVolumeStableRescueTest-492402647 tempest-ServerBootFromVolumeStableRescueTest-492402647-project-member] Unable to create trust: no such option collect_timing in group [keystone_authtoken] Use the existing user token.
Jul 16 05:12:53.992006 np0000005222 devstack@g-api.service[99784]: DEBUG glance.location [None req-0c8c9ede-d88d-4afd-959d-964307b6e9c6 tempest-ServerBootFromVolumeStableRescueTest-492402647 tempest-ServerBootFromVolumeStableRescueTest-492402647-project-member] Enabling in-flight format inspection for qcow2 {{(pid=99784) set_data /opt/stack/glance/glance/location.py:596}}
Jul 16 05:12:53.992006 np0000005222 devstack@g-api.service[99784]: DEBUG glance_store.backend [None req-0c8c9ede-d88d-4afd-959d-964307b6e9c6 tempest-ServerBootFromVolumeStableRescueTest-492402647 tempest-ServerBootFromVolumeStableRescueTest-492402647-project-member] Attempting to import store swift {{(pid=99784) _load_store /opt/stack/data/venv/lib/python3.12/site-packages/glance_store/backend.py:215}}
Jul 16 05:12:53.994041 np0000005222 devstack@g-api.service[99784]: DEBUG glance_store.capabilities [None req-0c8c9ede-d88d-4afd-959d-964307b6e9c6 tempest-ServerBootFromVolumeStableRescueTest-492402647 tempest-ServerBootFromVolumeStableRescueTest-492402647-project-member] Store glance_store._drivers.swift.store.SingleTenantStore doesn't support updating dynamic storage capabilities. Please overwrite 'update_capabilities' method of the store to implement updating logics if needed. {{(pid=99784) update_capabilities /opt/stack/data/venv/lib/python3.12/site-packages/glance_store/capabilities.py:91}}
Jul 16 05:12:53.994041 np0000005222 devstack@g-api.service[99784]: DEBUG glance_store.driver [None req-0c8c9ede-d88d-4afd-959d-964307b6e9c6 tempest-ServerBootFromVolumeStableRescueTest-492402647 tempest-ServerBootFromVolumeStableRescueTest-492402647-project-member] Late loading location class glance_store._drivers.swift.store.StoreLocation {{(pid=99784) get_store_location_class /opt/stack/data/venv/lib/python3.12/site-packages/glance_store/driver.py:134}}
Jul 16 05:12:53.994041 np0000005222 devstack@g-api.service[99784]: DEBUG glance_store.location [None req-0c8c9ede-d88d-4afd-959d-964307b6e9c6 tempest-ServerBootFromVolumeStableRescueTest-492402647 tempest-ServerBootFromVolumeStableRescueTest-492402647-project-member] Registering scheme swift+https with {'store': , 'location_class': , 'store_entry': 'swift'} {{(pid=99784) register_scheme_map /opt/stack/data/venv/lib/python3.12/site-packages/glance_store/location.py:146}}
Jul 16 05:12:53.994041 np0000005222 devstack@g-api.service[99784]: DEBUG glance_store.location [None req-0c8c9ede-d88d-4afd-959d-964307b6e9c6 tempest-ServerBootFromVolumeStableRescueTest-492402647 tempest-ServerBootFromVolumeStableRescueTest-492402647-project-member] Registering scheme swift+https with {'store': , 'location_class': , 'store_entry': 'swift'} {{(pid=99784) register_scheme_map /opt/stack/data/venv/lib/python3.12/site-packages/glance_store/location.py:146}}
Jul 16 05:12:53.994540 np0000005222 devstack@g-api.service[99784]: DEBUG glance_store.location [None req-0c8c9ede-d88d-4afd-959d-964307b6e9c6 tempest-ServerBootFromVolumeStableRescueTest-492402647 tempest-ServerBootFromVolumeStableRescueTest-492402647-project-member] Registering scheme swift with {'store': , 'location_class': , 'store_entry': 'swift'} {{(pid=99784) register_scheme_map /opt/stack/data/venv/lib/python3.12/site-packages/glance_store/location.py:146}}
Jul 16 05:12:53.994540 np0000005222 devstack@g-api.service[99784]: DEBUG glance_store.location [None req-0c8c9ede-d88d-4afd-959d-964307b6e9c6 tempest-ServerBootFromVolumeStableRescueTest-492402647 tempest-ServerBootFromVolumeStableRescueTest-492402647-project-member] Registering scheme swift+https with {'store': , 'location_class': , 'store_entry': 'swift'} {{(pid=99784) register_scheme_map /opt/stack/data/venv/lib/python3.12/site-packages/glance_store/location.py:146}}
Jul 16 05:12:53.994540 np0000005222 devstack@g-api.service[99784]: DEBUG glance_store.location [None req-0c8c9ede-d88d-4afd-959d-964307b6e9c6 tempest-ServerBootFromVolumeStableRescueTest-492402647 tempest-ServerBootFromVolumeStableRescueTest-492402647-project-member] Registering scheme swift with {'store': , 'location_class': , 'store_entry': 'swift'} {{(pid=99784) register_scheme_map /opt/stack/data/venv/lib/python3.12/site-packages/glance_store/location.py:146}}
Jul 16 05:12:53.994540 np0000005222 devstack@g-api.service[99784]: DEBUG glance_store.location [None req-0c8c9ede-d88d-4afd-959d-964307b6e9c6 tempest-ServerBootFromVolumeStableRescueTest-492402647 tempest-ServerBootFromVolumeStableRescueTest-492402647-project-member] Registering scheme swift+http with {'store': , 'location_class': , 'store_entry': 'swift'} {{(pid=99784) register_scheme_map /opt/stack/data/venv/lib/python3.12/site-packages/glance_store/location.py:146}}
Jul 16 05:12:53.994540 np0000005222 devstack@g-api.service[99784]: DEBUG glance_store.location [None req-0c8c9ede-d88d-4afd-959d-964307b6e9c6 tempest-ServerBootFromVolumeStableRescueTest-492402647 tempest-ServerBootFromVolumeStableRescueTest-492402647-project-member] Registering scheme swift+https with {'store': , 'location_class': , 'store_entry': 'swift'} {{(pid=99784) register_scheme_map /opt/stack/data/venv/lib/python3.12/site-packages/glance_store/location.py:146}}
Jul 16 05:12:53.994798 np0000005222 devstack@g-api.service[99784]: DEBUG glance_store.location [None req-0c8c9ede-d88d-4afd-959d-964307b6e9c6 tempest-ServerBootFromVolumeStableRescueTest-492402647 tempest-ServerBootFromVolumeStableRescueTest-492402647-project-member] Registering scheme swift with {'store': , 'location_class': , 'store_entry': 'swift'} {{(pid=99784) register_scheme_map /opt/stack/data/venv/lib/python3.12/site-packages/glance_store/location.py:146}}
Jul 16 05:12:53.994798 np0000005222 devstack@g-api.service[99784]: DEBUG glance_store.location [None req-0c8c9ede-d88d-4afd-959d-964307b6e9c6 tempest-ServerBootFromVolumeStableRescueTest-492402647 tempest-ServerBootFromVolumeStableRescueTest-492402647-project-member] Registering scheme swift+http with {'store': , 'location_class': , 'store_entry': 'swift'} {{(pid=99784) register_scheme_map /opt/stack/data/venv/lib/python3.12/site-packages/glance_store/location.py:146}}
Jul 16 05:12:53.994798 np0000005222 devstack@g-api.service[99784]: DEBUG glance_store.location [None req-0c8c9ede-d88d-4afd-959d-964307b6e9c6 tempest-ServerBootFromVolumeStableRescueTest-492402647 tempest-ServerBootFromVolumeStableRescueTest-492402647-project-member] Registering scheme swift+config with {'store': , 'location_class': , 'store_entry': 'swift'} {{(pid=99784) register_scheme_map /opt/stack/data/venv/lib/python3.12/site-packages/glance_store/location.py:146}}
Jul 16 05:12:54.026012 np0000005222 devstack@g-api.service[99782]: DEBUG glance.api.middleware.version_negotiation [None req-8255e3fb-3186-403a-975f-ddca5459c88b tempest-ServerBootFromVolumeStableRescueTest-492402647 tempest-ServerBootFromVolumeStableRescueTest-492402647-project-member] Determining version of request: GET /v2/images/ab8b3160-0d6e-4f8c-97ea-af92849fa460 Accept: application/json {{(pid=99782) process_request /opt/stack/glance/glance/api/middleware/version_negotiation.py:44}}
Jul 16 05:12:54.026611 np0000005222 devstack@g-api.service[99782]: DEBUG glance.api.middleware.version_negotiation [None req-8255e3fb-3186-403a-975f-ddca5459c88b tempest-ServerBootFromVolumeStableRescueTest-492402647 tempest-ServerBootFromVolumeStableRescueTest-492402647-project-member] Using url versioning {{(pid=99782) process_request /opt/stack/glance/glance/api/middleware/version_negotiation.py:57}}
Jul 16 05:12:54.026611 np0000005222 devstack@g-api.service[99782]: DEBUG glance.api.middleware.version_negotiation [None req-8255e3fb-3186-403a-975f-ddca5459c88b tempest-ServerBootFromVolumeStableRescueTest-492402647 tempest-ServerBootFromVolumeStableRescueTest-492402647-project-member] Matched version: v2 {{(pid=99782) process_request /opt/stack/glance/glance/api/middleware/version_negotiation.py:69}}
Jul 16 05:12:54.026611 np0000005222 devstack@g-api.service[99782]: DEBUG glance.api.middleware.version_negotiation [None req-8255e3fb-3186-403a-975f-ddca5459c88b tempest-ServerBootFromVolumeStableRescueTest-492402647 tempest-ServerBootFromVolumeStableRescueTest-492402647-project-member] new path /v2/images/ab8b3160-0d6e-4f8c-97ea-af92849fa460 {{(pid=99782) process_request /opt/stack/glance/glance/api/middleware/version_negotiation.py:70}}
Jul 16 05:12:54.041131 np0000005222 devstack@g-api.service[99782]: [pid: 99782|app: 0|req: 48/141] 127.0.0.1 () {40 vars in 834 bytes} [Thu Jul 16 05:12:54 2026] GET /v2/images/ab8b3160-0d6e-4f8c-97ea-af92849fa460 => generated 1469 bytes in 15 msecs (HTTP/1.1 200) 4 headers in 158 bytes (1 switches on core 0)
Jul 16 05:12:54.604581 np0000005222 devstack@g-api.service[99784]: DEBUG swiftclient [None req-0c8c9ede-d88d-4afd-959d-964307b6e9c6 tempest-ServerBootFromVolumeStableRescueTest-492402647 tempest-ServerBootFromVolumeStableRescueTest-492402647-project-member] REQ: curl -i https://10.4.3.44:8080/v1/AUTH_77e810d08b644523b588b060e2f72bda/glance -I -H "X-Auth-Token: gAAAAABqWGhW5BkD..." {{(pid=99784) http_log /opt/stack/data/venv/lib/python3.12/site-packages/swiftclient/client.py:160}}
Jul 16 05:12:54.604581 np0000005222 devstack@g-api.service[99784]: DEBUG swiftclient [None req-0c8c9ede-d88d-4afd-959d-964307b6e9c6 tempest-ServerBootFromVolumeStableRescueTest-492402647 tempest-ServerBootFromVolumeStableRescueTest-492402647-project-member] RESP STATUS: 204 No Content {{(pid=99784) http_log /opt/stack/data/venv/lib/python3.12/site-packages/swiftclient/client.py:161}}
Jul 16 05:12:54.605087 np0000005222 devstack@g-api.service[99784]: DEBUG swiftclient [None req-0c8c9ede-d88d-4afd-959d-964307b6e9c6 tempest-ServerBootFromVolumeStableRescueTest-492402647 tempest-ServerBootFromVolumeStableRescueTest-492402647-project-member] RESP HEADERS: {'Date': 'Thu, 16 Jul 2026 05:12:54 GMT', 'Server': 'Apache/2.4.58 (Ubuntu)', 'Content-Type': 'text/plain; charset=utf-8', 'X-Container-Object-Count': '3', 'X-Container-Bytes-Used': '64356352', 'X-Timestamp': '1784178574.24119', 'Last-Modified': 'Thu, 16 Jul 2026 05:09:35 GMT', 'Accept-Ranges': 'bytes', 'X-Storage-Policy': 'Policy-0', 'X-Container-Sharding': 'False', 'Vary': 'Accept', 'X-Trans-Id': 'tx9ff91679eee543df80aa6-006a586856', 'X-Openstack-Request-Id': 'tx9ff91679eee543df80aa6-006a586856', 'Connection': 'close'} {{(pid=99784) http_log /opt/stack/data/venv/lib/python3.12/site-packages/swiftclient/client.py:162}}
Jul 16 05:12:54.605087 np0000005222 devstack@g-api.service[99784]: DEBUG glance_store._drivers.swift.store [None req-0c8c9ede-d88d-4afd-959d-964307b6e9c6 tempest-ServerBootFromVolumeStableRescueTest-492402647 tempest-ServerBootFromVolumeStableRescueTest-492402647-project-member] Adding image object 'ab8b3160-0d6e-4f8c-97ea-af92849fa460' to Swift {{(pid=99784) add /opt/stack/data/venv/lib/python3.12/site-packages/glance_store/_drivers/swift/store.py:970}}
Jul 16 05:12:54.605087 np0000005222 devstack@g-api.service[99784]: DEBUG glance_store._drivers.swift.store [None req-0c8c9ede-d88d-4afd-959d-964307b6e9c6 tempest-ServerBootFromVolumeStableRescueTest-492402647 tempest-ServerBootFromVolumeStableRescueTest-492402647-project-member] Cannot determine image size because it is either not provided in the request or chunked-transfer encoding is used. Adding image as a segmented object to Swift. {{(pid=99784) add /opt/stack/data/venv/lib/python3.12/site-packages/glance_store/_drivers/swift/store.py:994}}
Jul 16 05:12:54.615021 np0000005222 devstack@g-api.service[99784]: DEBUG oslo_utils.imageutils.format_inspector [None req-0c8c9ede-d88d-4afd-959d-964307b6e9c6 tempest-ServerBootFromVolumeStableRescueTest-492402647 tempest-ServerBootFromVolumeStableRescueTest-492402647-project-member] Format inspector for vmdk does not match, excluding from consideration (Signature KDMV not found: b'QFI\xfb') {{(pid=99784) _process_chunk /opt/stack/data/venv/lib/python3.12/site-packages/oslo_utils/imageutils/format_inspector.py:1758}}
Jul 16 05:12:54.619645 np0000005222 devstack@g-api.service[99784]: DEBUG oslo_utils.imageutils.format_inspector [None req-0c8c9ede-d88d-4afd-959d-964307b6e9c6 tempest-ServerBootFromVolumeStableRescueTest-492402647 tempest-ServerBootFromVolumeStableRescueTest-492402647-project-member] Format inspector for vhdx does not match, excluding from consideration (Region signature not found at 30000) {{(pid=99784) _process_chunk /opt/stack/data/venv/lib/python3.12/site-packages/oslo_utils/imageutils/format_inspector.py:1758}}
Jul 16 05:12:54.924973 np0000005222 devstack@g-api.service[99784]: DEBUG swiftclient [None req-0c8c9ede-d88d-4afd-959d-964307b6e9c6 tempest-ServerBootFromVolumeStableRescueTest-492402647 tempest-ServerBootFromVolumeStableRescueTest-492402647-project-member] REQ: curl -i https://10.4.3.44:8080/v1/AUTH_77e810d08b644523b588b060e2f72bda/glance/ab8b3160-0d6e-4f8c-97ea-af92849fa460-00001 -X PUT -H "X-Auth-Token: gAAAAABqWGhW5BkD..." {{(pid=99784) http_log /opt/stack/data/venv/lib/python3.12/site-packages/swiftclient/client.py:160}}
Jul 16 05:12:54.925323 np0000005222 devstack@g-api.service[99784]: DEBUG swiftclient [None req-0c8c9ede-d88d-4afd-959d-964307b6e9c6 tempest-ServerBootFromVolumeStableRescueTest-492402647 tempest-ServerBootFromVolumeStableRescueTest-492402647-project-member] RESP STATUS: 201 Created {{(pid=99784) http_log /opt/stack/data/venv/lib/python3.12/site-packages/swiftclient/client.py:161}}
Jul 16 05:12:54.925323 np0000005222 devstack@g-api.service[99784]: DEBUG swiftclient [None req-0c8c9ede-d88d-4afd-959d-964307b6e9c6 tempest-ServerBootFromVolumeStableRescueTest-492402647 tempest-ServerBootFromVolumeStableRescueTest-492402647-project-member] RESP HEADERS: {'Date': 'Thu, 16 Jul 2026 05:12:54 GMT', 'Server': 'Apache/2.4.58 (Ubuntu)', 'Content-Type': 'text/html; charset=UTF-8', 'Content-Length': '0', 'Etag': '4fa343ee581d8d2e78533191fd1ac3e1', 'Last-Modified': 'Thu, 16 Jul 2026 05:12:55 GMT', 'X-Trans-Id': 'tx7410d1739b4a4e97b03ab-006a586856', 'X-Openstack-Request-Id': 'tx7410d1739b4a4e97b03ab-006a586856', 'Connection': 'close'} {{(pid=99784) http_log /opt/stack/data/venv/lib/python3.12/site-packages/swiftclient/client.py:162}}
Jul 16 05:12:54.925503 np0000005222 devstack@g-api.service[99784]: DEBUG glance_store._drivers.swift.store [None req-0c8c9ede-d88d-4afd-959d-964307b6e9c6 tempest-ServerBootFromVolumeStableRescueTest-492402647 tempest-ServerBootFromVolumeStableRescueTest-492402647-project-member] Wrote chunk ab8b3160-0d6e-4f8c-97ea-af92849fa460-00001 (1/?) of length 23527424 to Swift returning MD5 of content: 4fa343ee581d8d2e78533191fd1ac3e1 {{(pid=99784) add /opt/stack/data/venv/lib/python3.12/site-packages/glance_store/_drivers/swift/store.py:1059}}
Jul 16 05:12:54.928973 np0000005222 devstack@g-api.service[99784]: DEBUG glance_store._drivers.swift.store [None req-0c8c9ede-d88d-4afd-959d-964307b6e9c6 tempest-ServerBootFromVolumeStableRescueTest-492402647 tempest-ServerBootFromVolumeStableRescueTest-492402647-project-member] Not writing zero-length chunk. {{(pid=99784) add /opt/stack/data/venv/lib/python3.12/site-packages/glance_store/_drivers/swift/store.py:1028}}
Jul 16 05:12:54.975090 np0000005222 devstack@g-api.service[99784]: DEBUG swiftclient [None req-0c8c9ede-d88d-4afd-959d-964307b6e9c6 tempest-ServerBootFromVolumeStableRescueTest-492402647 tempest-ServerBootFromVolumeStableRescueTest-492402647-project-member] REQ: curl -i https://10.4.3.44:8080/v1/AUTH_77e810d08b644523b588b060e2f72bda/glance/ab8b3160-0d6e-4f8c-97ea-af92849fa460 -X PUT -H "X-Object-Manifest: glance/ab8b3160-0d6e-4f8c-97ea-af92849fa460-" -H "X-Auth-Token: gAAAAABqWGhW5BkD..." -H "Content-Length: 0" {{(pid=99784) http_log /opt/stack/data/venv/lib/python3.12/site-packages/swiftclient/client.py:160}}
Jul 16 05:12:54.975364 np0000005222 devstack@g-api.service[99784]: DEBUG swiftclient [None req-0c8c9ede-d88d-4afd-959d-964307b6e9c6 tempest-ServerBootFromVolumeStableRescueTest-492402647 tempest-ServerBootFromVolumeStableRescueTest-492402647-project-member] RESP STATUS: 201 Created {{(pid=99784) http_log /opt/stack/data/venv/lib/python3.12/site-packages/swiftclient/client.py:161}}
Jul 16 05:12:54.975364 np0000005222 devstack@g-api.service[99784]: DEBUG swiftclient [None req-0c8c9ede-d88d-4afd-959d-964307b6e9c6 tempest-ServerBootFromVolumeStableRescueTest-492402647 tempest-ServerBootFromVolumeStableRescueTest-492402647-project-member] RESP HEADERS: {'Date': 'Thu, 16 Jul 2026 05:12:54 GMT', 'Server': 'Apache/2.4.58 (Ubuntu)', 'Content-Type': 'text/html; charset=UTF-8', 'Content-Length': '0', 'Etag': 'd41d8cd98f00b204e9800998ecf8427e', 'Last-Modified': 'Thu, 16 Jul 2026 05:12:55 GMT', 'X-Trans-Id': 'tx0112a6a98e80495bbada8-006a586856', 'X-Openstack-Request-Id': 'tx0112a6a98e80495bbada8-006a586856', 'Connection': 'close'} {{(pid=99784) http_log /opt/stack/data/venv/lib/python3.12/site-packages/swiftclient/client.py:162}}
Jul 16 05:12:54.976793 np0000005222 devstack@g-api.service[99784]: INFO glance.location [None req-0c8c9ede-d88d-4afd-959d-964307b6e9c6 tempest-ServerBootFromVolumeStableRescueTest-492402647 tempest-ServerBootFromVolumeStableRescueTest-492402647-project-member] Image format matched and virtual size computed: 1073741824
Jul 16 05:12:55.051197 np0000005222 devstack@g-api.service[99784]: DEBUG glance_store.backend [None req-0c8c9ede-d88d-4afd-959d-964307b6e9c6 tempest-ServerBootFromVolumeStableRescueTest-492402647 tempest-ServerBootFromVolumeStableRescueTest-492402647-project-member] Attempting to import store swift {{(pid=99784) _load_store /opt/stack/data/venv/lib/python3.12/site-packages/glance_store/backend.py:215}}
Jul 16 05:12:55.053185 np0000005222 devstack@g-api.service[99784]: DEBUG glance_store.capabilities [None req-0c8c9ede-d88d-4afd-959d-964307b6e9c6 tempest-ServerBootFromVolumeStableRescueTest-492402647 tempest-ServerBootFromVolumeStableRescueTest-492402647-project-member] Store glance_store._drivers.swift.store.SingleTenantStore doesn't support updating dynamic storage capabilities. Please overwrite 'update_capabilities' method of the store to implement updating logics if needed. {{(pid=99784) update_capabilities /opt/stack/data/venv/lib/python3.12/site-packages/glance_store/capabilities.py:91}}
Jul 16 05:12:55.053185 np0000005222 devstack@g-api.service[99784]: DEBUG glance_store.driver [None req-0c8c9ede-d88d-4afd-959d-964307b6e9c6 tempest-ServerBootFromVolumeStableRescueTest-492402647 tempest-ServerBootFromVolumeStableRescueTest-492402647-project-member] Late loading location class glance_store._drivers.swift.store.StoreLocation {{(pid=99784) get_store_location_class /opt/stack/data/venv/lib/python3.12/site-packages/glance_store/driver.py:134}}
Jul 16 05:12:55.053185 np0000005222 devstack@g-api.service[99784]: DEBUG glance_store.location [None req-0c8c9ede-d88d-4afd-959d-964307b6e9c6 tempest-ServerBootFromVolumeStableRescueTest-492402647 tempest-ServerBootFromVolumeStableRescueTest-492402647-project-member] Registering scheme swift+https with {'store': , 'location_class': , 'store_entry': 'swift'} {{(pid=99784) register_scheme_map /opt/stack/data/venv/lib/python3.12/site-packages/glance_store/location.py:146}}
Jul 16 05:12:55.053185 np0000005222 devstack@g-api.service[99784]: DEBUG glance_store.location [None req-0c8c9ede-d88d-4afd-959d-964307b6e9c6 tempest-ServerBootFromVolumeStableRescueTest-492402647 tempest-ServerBootFromVolumeStableRescueTest-492402647-project-member] Registering scheme swift+https with {'store': , 'location_class': , 'store_entry': 'swift'} {{(pid=99784) register_scheme_map /opt/stack/data/venv/lib/python3.12/site-packages/glance_store/location.py:146}}
Jul 16 05:12:55.053185 np0000005222 devstack@g-api.service[99784]: DEBUG glance_store.location [None req-0c8c9ede-d88d-4afd-959d-964307b6e9c6 tempest-ServerBootFromVolumeStableRescueTest-492402647 tempest-ServerBootFromVolumeStableRescueTest-492402647-project-member] Registering scheme swift with {'store': , 'location_class': , 'store_entry': 'swift'} {{(pid=99784) register_scheme_map /opt/stack/data/venv/lib/python3.12/site-packages/glance_store/location.py:146}}
Jul 16 05:12:55.053705 np0000005222 devstack@g-api.service[99784]: DEBUG glance_store.location [None req-0c8c9ede-d88d-4afd-959d-964307b6e9c6 tempest-ServerBootFromVolumeStableRescueTest-492402647 tempest-ServerBootFromVolumeStableRescueTest-492402647-project-member] Registering scheme swift+https with {'store': , 'location_class': , 'store_entry': 'swift'} {{(pid=99784) register_scheme_map /opt/stack/data/venv/lib/python3.12/site-packages/glance_store/location.py:146}}
Jul 16 05:12:55.053705 np0000005222 devstack@g-api.service[99784]: DEBUG glance_store.location [None req-0c8c9ede-d88d-4afd-959d-964307b6e9c6 tempest-ServerBootFromVolumeStableRescueTest-492402647 tempest-ServerBootFromVolumeStableRescueTest-492402647-project-member] Registering scheme swift with {'store': , 'location_class': , 'store_entry': 'swift'} {{(pid=99784) register_scheme_map /opt/stack/data/venv/lib/python3.12/site-packages/glance_store/location.py:146}}
Jul 16 05:12:55.053705 np0000005222 devstack@g-api.service[99784]: DEBUG glance_store.location [None req-0c8c9ede-d88d-4afd-959d-964307b6e9c6 tempest-ServerBootFromVolumeStableRescueTest-492402647 tempest-ServerBootFromVolumeStableRescueTest-492402647-project-member] Registering scheme swift+http with {'store': , 'location_class': , 'store_entry': 'swift'} {{(pid=99784) register_scheme_map /opt/stack/data/venv/lib/python3.12/site-packages/glance_store/location.py:146}}
Jul 16 05:12:55.053871 np0000005222 devstack@g-api.service[99783]: DEBUG glance.api.middleware.version_negotiation [None req-3845d504-f9f2-440f-871d-7f6a94963af7 tempest-ServerBootFromVolumeStableRescueTest-492402647 tempest-ServerBootFromVolumeStableRescueTest-492402647-project-member] Determining version of request: GET /v2/images/ab8b3160-0d6e-4f8c-97ea-af92849fa460 Accept: application/json {{(pid=99783) process_request /opt/stack/glance/glance/api/middleware/version_negotiation.py:44}}
Jul 16 05:12:55.055147 np0000005222 devstack@g-api.service[99784]: DEBUG glance_store.location [None req-0c8c9ede-d88d-4afd-959d-964307b6e9c6 tempest-ServerBootFromVolumeStableRescueTest-492402647 tempest-ServerBootFromVolumeStableRescueTest-492402647-project-member] Registering scheme swift+https with {'store': , 'location_class': , 'store_entry': 'swift'} {{(pid=99784) register_scheme_map /opt/stack/data/venv/lib/python3.12/site-packages/glance_store/location.py:146}}
Jul 16 05:12:55.055147 np0000005222 devstack@g-api.service[99784]: DEBUG glance_store.location [None req-0c8c9ede-d88d-4afd-959d-964307b6e9c6 tempest-ServerBootFromVolumeStableRescueTest-492402647 tempest-ServerBootFromVolumeStableRescueTest-492402647-project-member] Registering scheme swift with {'store': , 'location_class': , 'store_entry': 'swift'} {{(pid=99784) register_scheme_map /opt/stack/data/venv/lib/python3.12/site-packages/glance_store/location.py:146}}
Jul 16 05:12:55.055290 np0000005222 devstack@g-api.service[99783]: DEBUG glance.api.middleware.version_negotiation [None req-3845d504-f9f2-440f-871d-7f6a94963af7 tempest-ServerBootFromVolumeStableRescueTest-492402647 tempest-ServerBootFromVolumeStableRescueTest-492402647-project-member] Using url versioning {{(pid=99783) process_request /opt/stack/glance/glance/api/middleware/version_negotiation.py:57}}
Jul 16 05:12:55.055429 np0000005222 devstack@g-api.service[99784]: DEBUG glance_store.location [None req-0c8c9ede-d88d-4afd-959d-964307b6e9c6 tempest-ServerBootFromVolumeStableRescueTest-492402647 tempest-ServerBootFromVolumeStableRescueTest-492402647-project-member] Registering scheme swift+http with {'store': , 'location_class': , 'store_entry': 'swift'} {{(pid=99784) register_scheme_map /opt/stack/data/venv/lib/python3.12/site-packages/glance_store/location.py:146}}
Jul 16 05:12:55.055429 np0000005222 devstack@g-api.service[99784]: DEBUG glance_store.location [None req-0c8c9ede-d88d-4afd-959d-964307b6e9c6 tempest-ServerBootFromVolumeStableRescueTest-492402647 tempest-ServerBootFromVolumeStableRescueTest-492402647-project-member] Registering scheme swift+config with {'store': , 'location_class': , 'store_entry': 'swift'} {{(pid=99784) register_scheme_map /opt/stack/data/venv/lib/python3.12/site-packages/glance_store/location.py:146}}
Jul 16 05:12:55.055693 np0000005222 devstack@g-api.service[99783]: DEBUG glance.api.middleware.version_negotiation [None req-3845d504-f9f2-440f-871d-7f6a94963af7 tempest-ServerBootFromVolumeStableRescueTest-492402647 tempest-ServerBootFromVolumeStableRescueTest-492402647-project-member] Matched version: v2 {{(pid=99783) process_request /opt/stack/glance/glance/api/middleware/version_negotiation.py:69}}
Jul 16 05:12:55.055751 np0000005222 devstack@g-api.service[99784]: DEBUG glance_store.backend [None req-0c8c9ede-d88d-4afd-959d-964307b6e9c6 tempest-ServerBootFromVolumeStableRescueTest-492402647 tempest-ServerBootFromVolumeStableRescueTest-492402647-project-member] Skipping store.set_acls... not implemented. {{(pid=99784) set_acls /opt/stack/data/venv/lib/python3.12/site-packages/glance_store/backend.py:507}}
Jul 16 05:12:55.055812 np0000005222 devstack@g-api.service[99783]: DEBUG glance.api.middleware.version_negotiation [None req-3845d504-f9f2-440f-871d-7f6a94963af7 tempest-ServerBootFromVolumeStableRescueTest-492402647 tempest-ServerBootFromVolumeStableRescueTest-492402647-project-member] new path /v2/images/ab8b3160-0d6e-4f8c-97ea-af92849fa460 {{(pid=99783) process_request /opt/stack/glance/glance/api/middleware/version_negotiation.py:70}}
Jul 16 05:12:55.057859 np0000005222 devstack@g-api.service[99784]: [pid: 99784|app: 0|req: 46/142] 127.0.0.1 () {46 vars in 1154 bytes} [Thu Jul 16 05:12:51 2026] PUT /v2/images/ab8b3160-0d6e-4f8c-97ea-af92849fa460/file => generated 0 bytes in 3109 msecs (HTTP/1.1 204) 4 headers in 171 bytes (1 switches on core 0)
Jul 16 05:12:55.074195 np0000005222 devstack@g-api.service[99783]: [pid: 99783|app: 0|req: 49/143] 127.0.0.1 () {40 vars in 834 bytes} [Thu Jul 16 05:12:55 2026] GET /v2/images/ab8b3160-0d6e-4f8c-97ea-af92849fa460 => generated 1639 bytes in 21 msecs (HTTP/1.1 200) 4 headers in 158 bytes (1 switches on core 0)
Jul 16 05:12:55.085631 np0000005222 devstack@g-api.service[99782]: DEBUG glance.api.middleware.version_negotiation [None req-93b85d0f-4e14-4b9f-a0d6-5d2f07779497 tempest-ServerBootFromVolumeStableRescueTest-492402647 tempest-ServerBootFromVolumeStableRescueTest-492402647-project-member] Determining version of request: GET /v2/images/ab8b3160-0d6e-4f8c-97ea-af92849fa460 Accept: application/json {{(pid=99782) process_request /opt/stack/glance/glance/api/middleware/version_negotiation.py:44}}
Jul 16 05:12:55.086357 np0000005222 devstack@g-api.service[99782]: DEBUG glance.api.middleware.version_negotiation [None req-93b85d0f-4e14-4b9f-a0d6-5d2f07779497 tempest-ServerBootFromVolumeStableRescueTest-492402647 tempest-ServerBootFromVolumeStableRescueTest-492402647-project-member] Using url versioning {{(pid=99782) process_request /opt/stack/glance/glance/api/middleware/version_negotiation.py:57}}
Jul 16 05:12:55.086584 np0000005222 devstack@g-api.service[99782]: DEBUG glance.api.middleware.version_negotiation [None req-93b85d0f-4e14-4b9f-a0d6-5d2f07779497 tempest-ServerBootFromVolumeStableRescueTest-492402647 tempest-ServerBootFromVolumeStableRescueTest-492402647-project-member] Matched version: v2 {{(pid=99782) process_request /opt/stack/glance/glance/api/middleware/version_negotiation.py:69}}
Jul 16 05:12:55.086772 np0000005222 devstack@g-api.service[99782]: DEBUG glance.api.middleware.version_negotiation [None req-93b85d0f-4e14-4b9f-a0d6-5d2f07779497 tempest-ServerBootFromVolumeStableRescueTest-492402647 tempest-ServerBootFromVolumeStableRescueTest-492402647-project-member] new path /v2/images/ab8b3160-0d6e-4f8c-97ea-af92849fa460 {{(pid=99782) process_request /opt/stack/glance/glance/api/middleware/version_negotiation.py:70}}
Jul 16 05:12:55.103094 np0000005222 devstack@g-api.service[99782]: [pid: 99782|app: 0|req: 49/144] 127.0.0.1 () {40 vars in 834 bytes} [Thu Jul 16 05:12:55 2026] GET /v2/images/ab8b3160-0d6e-4f8c-97ea-af92849fa460 => generated 1639 bytes in 18 msecs (HTTP/1.1 200) 4 headers in 158 bytes (1 switches on core 0)
Jul 16 05:12:55.112407 np0000005222 devstack@g-api.service[99784]: DEBUG glance.api.middleware.version_negotiation [None req-0c8c9ede-d88d-4afd-959d-964307b6e9c6 tempest-ServerBootFromVolumeStableRescueTest-492402647 tempest-ServerBootFromVolumeStableRescueTest-492402647-project-member] Determining version of request: GET /v2/images/ab8b3160-0d6e-4f8c-97ea-af92849fa460 Accept: */* {{(pid=99784) process_request /opt/stack/glance/glance/api/middleware/version_negotiation.py:44}}
Jul 16 05:12:55.112795 np0000005222 devstack@g-api.service[99784]: DEBUG glance.api.middleware.version_negotiation [None req-0c8c9ede-d88d-4afd-959d-964307b6e9c6 tempest-ServerBootFromVolumeStableRescueTest-492402647 tempest-ServerBootFromVolumeStableRescueTest-492402647-project-member] Using url versioning {{(pid=99784) process_request /opt/stack/glance/glance/api/middleware/version_negotiation.py:57}}
Jul 16 05:12:55.112930 np0000005222 devstack@g-api.service[99784]: DEBUG glance.api.middleware.version_negotiation [None req-0c8c9ede-d88d-4afd-959d-964307b6e9c6 tempest-ServerBootFromVolumeStableRescueTest-492402647 tempest-ServerBootFromVolumeStableRescueTest-492402647-project-member] Matched version: v2 {{(pid=99784) process_request /opt/stack/glance/glance/api/middleware/version_negotiation.py:69}}
Jul 16 05:12:55.113097 np0000005222 devstack@g-api.service[99784]: DEBUG glance.api.middleware.version_negotiation [None req-0c8c9ede-d88d-4afd-959d-964307b6e9c6 tempest-ServerBootFromVolumeStableRescueTest-492402647 tempest-ServerBootFromVolumeStableRescueTest-492402647-project-member] new path /v2/images/ab8b3160-0d6e-4f8c-97ea-af92849fa460 {{(pid=99784) process_request /opt/stack/glance/glance/api/middleware/version_negotiation.py:70}}
Jul 16 05:12:55.130377 np0000005222 devstack@g-api.service[99784]: [pid: 99784|app: 0|req: 47/145] 127.0.0.1 () {44 vars in 1111 bytes} [Thu Jul 16 05:12:55 2026] GET /v2/images/ab8b3160-0d6e-4f8c-97ea-af92849fa460 => generated 1639 bytes in 18 msecs (HTTP/1.1 200) 4 headers in 158 bytes (1 switches on core 0)
