Jul 16 05:13:36.559468 np0000005222 devstack@g-api.service[99782]: DEBUG glance.api.middleware.version_negotiation [None req-ffb114fc-6be6-44f0-8bde-c3aebebafabe tempest-ServerBootFromVolumeStableRescueTest-492402647 tempest-ServerBootFromVolumeStableRescueTest-492402647-project-member] Determining version of request: GET /v2/images/21c02d88-1a01-487f-aeb8-178777c75c91 Accept: application/json {{(pid=99782) process_request /opt/stack/glance/glance/api/middleware/version_negotiation.py:44}}
Jul 16 05:13:36.559957 np0000005222 devstack@g-api.service[99782]: DEBUG glance.api.middleware.version_negotiation [None req-ffb114fc-6be6-44f0-8bde-c3aebebafabe tempest-ServerBootFromVolumeStableRescueTest-492402647 tempest-ServerBootFromVolumeStableRescueTest-492402647-project-member] Using url versioning {{(pid=99782) process_request /opt/stack/glance/glance/api/middleware/version_negotiation.py:57}}
Jul 16 05:13:36.560478 np0000005222 devstack@g-api.service[99782]: DEBUG glance.api.middleware.version_negotiation [None req-ffb114fc-6be6-44f0-8bde-c3aebebafabe tempest-ServerBootFromVolumeStableRescueTest-492402647 tempest-ServerBootFromVolumeStableRescueTest-492402647-project-member] Matched version: v2 {{(pid=99782) process_request /opt/stack/glance/glance/api/middleware/version_negotiation.py:69}}
Jul 16 05:13:36.560788 np0000005222 devstack@g-api.service[99782]: DEBUG glance.api.middleware.version_negotiation [None req-ffb114fc-6be6-44f0-8bde-c3aebebafabe tempest-ServerBootFromVolumeStableRescueTest-492402647 tempest-ServerBootFromVolumeStableRescueTest-492402647-project-member] new path /v2/images/21c02d88-1a01-487f-aeb8-178777c75c91 {{(pid=99782) process_request /opt/stack/glance/glance/api/middleware/version_negotiation.py:70}}
Jul 16 05:13:36.577147 np0000005222 devstack@g-api.service[99783]: DEBUG glance.api.middleware.version_negotiation [None req-e0302ae9-c17e-4f44-9dd2-9919ed127a99 tempest-ServersNegativeTestJSON-1632001068 tempest-ServersNegativeTestJSON-1632001068-project-member] Determining version of request: PUT /v2/images/21c02d88-1a01-487f-aeb8-178777c75c91/file Accept: */* {{(pid=99783) process_request /opt/stack/glance/glance/api/middleware/version_negotiation.py:44}}
Jul 16 05:13:36.577147 np0000005222 devstack@g-api.service[99783]: DEBUG glance.api.middleware.version_negotiation [None req-e0302ae9-c17e-4f44-9dd2-9919ed127a99 tempest-ServersNegativeTestJSON-1632001068 tempest-ServersNegativeTestJSON-1632001068-project-member] Using url versioning {{(pid=99783) process_request /opt/stack/glance/glance/api/middleware/version_negotiation.py:57}}
Jul 16 05:13:36.577147 np0000005222 devstack@g-api.service[99783]: DEBUG glance.api.middleware.version_negotiation [None req-e0302ae9-c17e-4f44-9dd2-9919ed127a99 tempest-ServersNegativeTestJSON-1632001068 tempest-ServersNegativeTestJSON-1632001068-project-member] Matched version: v2 {{(pid=99783) process_request /opt/stack/glance/glance/api/middleware/version_negotiation.py:69}}
Jul 16 05:13:36.577147 np0000005222 devstack@g-api.service[99783]: DEBUG glance.api.middleware.version_negotiation [None req-e0302ae9-c17e-4f44-9dd2-9919ed127a99 tempest-ServersNegativeTestJSON-1632001068 tempest-ServersNegativeTestJSON-1632001068-project-member] new path /v2/images/21c02d88-1a01-487f-aeb8-178777c75c91/file {{(pid=99783) process_request /opt/stack/glance/glance/api/middleware/version_negotiation.py:70}}
Jul 16 05:13:36.589986 np0000005222 devstack@g-api.service[99782]: [pid: 99782|app: 0|req: 62/184] 127.0.0.1 () {40 vars in 834 bytes} [Thu Jul 16 05:13:36 2026] GET /v2/images/21c02d88-1a01-487f-aeb8-178777c75c91 => generated 1468 bytes in 31 msecs (HTTP/1.1 200) 4 headers in 158 bytes (1 switches on core 0)
Jul 16 05:13:37.514225 np0000005222 devstack@g-api.service[99783]: INFO glance.api.v2.image_data [None req-ffb114fc-6be6-44f0-8bde-c3aebebafabe tempest-ServerBootFromVolumeStableRescueTest-492402647 tempest-ServerBootFromVolumeStableRescueTest-492402647-project-member] Unable to create trust: no such option collect_timing in group [keystone_authtoken] Use the existing user token.
Jul 16 05:13:37.603414 np0000005222 devstack@g-api.service[99784]: DEBUG glance.api.middleware.version_negotiation [None req-ffb114fc-6be6-44f0-8bde-c3aebebafabe tempest-ServerBootFromVolumeStableRescueTest-492402647 tempest-ServerBootFromVolumeStableRescueTest-492402647-project-member] Determining version of request: GET /v2/images/21c02d88-1a01-487f-aeb8-178777c75c91 Accept: application/json {{(pid=99784) process_request /opt/stack/glance/glance/api/middleware/version_negotiation.py:44}}
Jul 16 05:13:37.605171 np0000005222 devstack@g-api.service[99784]: DEBUG glance.api.middleware.version_negotiation [None req-ffb114fc-6be6-44f0-8bde-c3aebebafabe tempest-ServerBootFromVolumeStableRescueTest-492402647 tempest-ServerBootFromVolumeStableRescueTest-492402647-project-member] Using url versioning {{(pid=99784) process_request /opt/stack/glance/glance/api/middleware/version_negotiation.py:57}}
Jul 16 05:13:37.605814 np0000005222 devstack@g-api.service[99784]: DEBUG glance.api.middleware.version_negotiation [None req-ffb114fc-6be6-44f0-8bde-c3aebebafabe tempest-ServerBootFromVolumeStableRescueTest-492402647 tempest-ServerBootFromVolumeStableRescueTest-492402647-project-member] Matched version: v2 {{(pid=99784) process_request /opt/stack/glance/glance/api/middleware/version_negotiation.py:69}}
Jul 16 05:13:37.606796 np0000005222 devstack@g-api.service[99784]: DEBUG glance.api.middleware.version_negotiation [None req-ffb114fc-6be6-44f0-8bde-c3aebebafabe tempest-ServerBootFromVolumeStableRescueTest-492402647 tempest-ServerBootFromVolumeStableRescueTest-492402647-project-member] new path /v2/images/21c02d88-1a01-487f-aeb8-178777c75c91 {{(pid=99784) process_request /opt/stack/glance/glance/api/middleware/version_negotiation.py:70}}
Jul 16 05:13:37.633579 np0000005222 devstack@g-api.service[99784]: [pid: 99784|app: 0|req: 61/185] 127.0.0.1 () {40 vars in 834 bytes} [Thu Jul 16 05:13:37 2026] GET /v2/images/21c02d88-1a01-487f-aeb8-178777c75c91 => generated 1468 bytes in 30 msecs (HTTP/1.1 200) 4 headers in 158 bytes (1 switches on core 0)
Jul 16 05:13:38.572820 np0000005222 devstack@g-api.service[99783]: DEBUG glance.location [None req-ffb114fc-6be6-44f0-8bde-c3aebebafabe tempest-ServerBootFromVolumeStableRescueTest-492402647 tempest-ServerBootFromVolumeStableRescueTest-492402647-project-member] Enabling in-flight format inspection for qcow2 {{(pid=99783) set_data /opt/stack/glance/glance/location.py:596}}
Jul 16 05:13:38.573347 np0000005222 devstack@g-api.service[99783]: DEBUG glance_store.backend [None req-ffb114fc-6be6-44f0-8bde-c3aebebafabe tempest-ServerBootFromVolumeStableRescueTest-492402647 tempest-ServerBootFromVolumeStableRescueTest-492402647-project-member] Attempting to import store swift {{(pid=99783) _load_store /opt/stack/data/venv/lib/python3.12/site-packages/glance_store/backend.py:215}}
Jul 16 05:13:38.576210 np0000005222 devstack@g-api.service[99783]: DEBUG glance_store.capabilities [None req-ffb114fc-6be6-44f0-8bde-c3aebebafabe tempest-ServerBootFromVolumeStableRescueTest-492402647 tempest-ServerBootFromVolumeStableRescueTest-492402647-project-member] Store glance_store._drivers.swift.store.SingleTenantStore doesn't support updating dynamic storage capabilities. Please overwrite 'update_capabilities' method of the store to implement updating logics if needed. {{(pid=99783) update_capabilities /opt/stack/data/venv/lib/python3.12/site-packages/glance_store/capabilities.py:91}}
Jul 16 05:13:38.576210 np0000005222 devstack@g-api.service[99783]: DEBUG glance_store.driver [None req-ffb114fc-6be6-44f0-8bde-c3aebebafabe tempest-ServerBootFromVolumeStableRescueTest-492402647 tempest-ServerBootFromVolumeStableRescueTest-492402647-project-member] Late loading location class glance_store._drivers.swift.store.StoreLocation {{(pid=99783) get_store_location_class /opt/stack/data/venv/lib/python3.12/site-packages/glance_store/driver.py:134}}
Jul 16 05:13:38.576210 np0000005222 devstack@g-api.service[99783]: DEBUG glance_store.location [None req-ffb114fc-6be6-44f0-8bde-c3aebebafabe tempest-ServerBootFromVolumeStableRescueTest-492402647 tempest-ServerBootFromVolumeStableRescueTest-492402647-project-member] Registering scheme swift+https with {'store': , 'location_class': , 'store_entry': 'swift'} {{(pid=99783) register_scheme_map /opt/stack/data/venv/lib/python3.12/site-packages/glance_store/location.py:146}}
Jul 16 05:13:38.576210 np0000005222 devstack@g-api.service[99783]: DEBUG glance_store.location [None req-ffb114fc-6be6-44f0-8bde-c3aebebafabe tempest-ServerBootFromVolumeStableRescueTest-492402647 tempest-ServerBootFromVolumeStableRescueTest-492402647-project-member] Registering scheme swift+https with {'store': , 'location_class': , 'store_entry': 'swift'} {{(pid=99783) register_scheme_map /opt/stack/data/venv/lib/python3.12/site-packages/glance_store/location.py:146}}
Jul 16 05:13:38.576210 np0000005222 devstack@g-api.service[99783]: DEBUG glance_store.location [None req-ffb114fc-6be6-44f0-8bde-c3aebebafabe tempest-ServerBootFromVolumeStableRescueTest-492402647 tempest-ServerBootFromVolumeStableRescueTest-492402647-project-member] Registering scheme swift with {'store': , 'location_class': , 'store_entry': 'swift'} {{(pid=99783) register_scheme_map /opt/stack/data/venv/lib/python3.12/site-packages/glance_store/location.py:146}}
Jul 16 05:13:38.576210 np0000005222 devstack@g-api.service[99783]: DEBUG glance_store.location [None req-ffb114fc-6be6-44f0-8bde-c3aebebafabe tempest-ServerBootFromVolumeStableRescueTest-492402647 tempest-ServerBootFromVolumeStableRescueTest-492402647-project-member] Registering scheme swift+https with {'store': , 'location_class': , 'store_entry': 'swift'} {{(pid=99783) register_scheme_map /opt/stack/data/venv/lib/python3.12/site-packages/glance_store/location.py:146}}
Jul 16 05:13:38.576210 np0000005222 devstack@g-api.service[99783]: DEBUG glance_store.location [None req-ffb114fc-6be6-44f0-8bde-c3aebebafabe tempest-ServerBootFromVolumeStableRescueTest-492402647 tempest-ServerBootFromVolumeStableRescueTest-492402647-project-member] Registering scheme swift with {'store': , 'location_class': , 'store_entry': 'swift'} {{(pid=99783) register_scheme_map /opt/stack/data/venv/lib/python3.12/site-packages/glance_store/location.py:146}}
Jul 16 05:13:38.576210 np0000005222 devstack@g-api.service[99783]: DEBUG glance_store.location [None req-ffb114fc-6be6-44f0-8bde-c3aebebafabe tempest-ServerBootFromVolumeStableRescueTest-492402647 tempest-ServerBootFromVolumeStableRescueTest-492402647-project-member] Registering scheme swift+http with {'store': , 'location_class': , 'store_entry': 'swift'} {{(pid=99783) register_scheme_map /opt/stack/data/venv/lib/python3.12/site-packages/glance_store/location.py:146}}
Jul 16 05:13:38.576210 np0000005222 devstack@g-api.service[99783]: DEBUG glance_store.location [None req-ffb114fc-6be6-44f0-8bde-c3aebebafabe tempest-ServerBootFromVolumeStableRescueTest-492402647 tempest-ServerBootFromVolumeStableRescueTest-492402647-project-member] Registering scheme swift+https with {'store': , 'location_class': , 'store_entry': 'swift'} {{(pid=99783) register_scheme_map /opt/stack/data/venv/lib/python3.12/site-packages/glance_store/location.py:146}}
Jul 16 05:13:38.576210 np0000005222 devstack@g-api.service[99783]: DEBUG glance_store.location [None req-ffb114fc-6be6-44f0-8bde-c3aebebafabe tempest-ServerBootFromVolumeStableRescueTest-492402647 tempest-ServerBootFromVolumeStableRescueTest-492402647-project-member] Registering scheme swift with {'store': , 'location_class': , 'store_entry': 'swift'} {{(pid=99783) register_scheme_map /opt/stack/data/venv/lib/python3.12/site-packages/glance_store/location.py:146}}
Jul 16 05:13:38.577785 np0000005222 devstack@g-api.service[99783]: DEBUG glance_store.location [None req-ffb114fc-6be6-44f0-8bde-c3aebebafabe tempest-ServerBootFromVolumeStableRescueTest-492402647 tempest-ServerBootFromVolumeStableRescueTest-492402647-project-member] Registering scheme swift+http with {'store': , 'location_class': , 'store_entry': 'swift'} {{(pid=99783) register_scheme_map /opt/stack/data/venv/lib/python3.12/site-packages/glance_store/location.py:146}}
Jul 16 05:13:38.577785 np0000005222 devstack@g-api.service[99783]: DEBUG glance_store.location [None req-ffb114fc-6be6-44f0-8bde-c3aebebafabe tempest-ServerBootFromVolumeStableRescueTest-492402647 tempest-ServerBootFromVolumeStableRescueTest-492402647-project-member] Registering scheme swift+config with {'store': , 'location_class': , 'store_entry': 'swift'} {{(pid=99783) register_scheme_map /opt/stack/data/venv/lib/python3.12/site-packages/glance_store/location.py:146}}
Jul 16 05:13:38.649043 np0000005222 devstack@g-api.service[99782]: DEBUG glance.api.middleware.version_negotiation [None req-384e9104-8e76-409f-a295-4c3f2d328111 tempest-ServerBootFromVolumeStableRescueTest-492402647 tempest-ServerBootFromVolumeStableRescueTest-492402647-project-member] Determining version of request: GET /v2/images/21c02d88-1a01-487f-aeb8-178777c75c91 Accept: application/json {{(pid=99782) process_request /opt/stack/glance/glance/api/middleware/version_negotiation.py:44}}
Jul 16 05:13:38.649043 np0000005222 devstack@g-api.service[99782]: DEBUG glance.api.middleware.version_negotiation [None req-384e9104-8e76-409f-a295-4c3f2d328111 tempest-ServerBootFromVolumeStableRescueTest-492402647 tempest-ServerBootFromVolumeStableRescueTest-492402647-project-member] Using url versioning {{(pid=99782) process_request /opt/stack/glance/glance/api/middleware/version_negotiation.py:57}}
Jul 16 05:13:38.649043 np0000005222 devstack@g-api.service[99782]: DEBUG glance.api.middleware.version_negotiation [None req-384e9104-8e76-409f-a295-4c3f2d328111 tempest-ServerBootFromVolumeStableRescueTest-492402647 tempest-ServerBootFromVolumeStableRescueTest-492402647-project-member] Matched version: v2 {{(pid=99782) process_request /opt/stack/glance/glance/api/middleware/version_negotiation.py:69}}
Jul 16 05:13:38.649043 np0000005222 devstack@g-api.service[99782]: DEBUG glance.api.middleware.version_negotiation [None req-384e9104-8e76-409f-a295-4c3f2d328111 tempest-ServerBootFromVolumeStableRescueTest-492402647 tempest-ServerBootFromVolumeStableRescueTest-492402647-project-member] new path /v2/images/21c02d88-1a01-487f-aeb8-178777c75c91 {{(pid=99782) process_request /opt/stack/glance/glance/api/middleware/version_negotiation.py:70}}
Jul 16 05:13:38.667921 np0000005222 devstack@g-api.service[99782]: [pid: 99782|app: 0|req: 63/186] 127.0.0.1 () {40 vars in 834 bytes} [Thu Jul 16 05:13:38 2026] GET /v2/images/21c02d88-1a01-487f-aeb8-178777c75c91 => generated 1468 bytes in 21 msecs (HTTP/1.1 200) 4 headers in 158 bytes (1 switches on core 0)
Jul 16 05:13:39.091668 np0000005222 devstack@g-api.service[99784]: DEBUG glance.api.middleware.version_negotiation [None req-5b9be244-4934-49c3-ae64-5af81b26653b tempest-ServerBootFromVolumeStableRescueTest-492402647 tempest-ServerBootFromVolumeStableRescueTest-492402647-project-member] Determining version of request: GET /v2/images/de751928-1832-4486-878b-c00205ab0dfb Accept: */* {{(pid=99784) process_request /opt/stack/glance/glance/api/middleware/version_negotiation.py:44}}
Jul 16 05:13:39.091668 np0000005222 devstack@g-api.service[99784]: DEBUG glance.api.middleware.version_negotiation [None req-5b9be244-4934-49c3-ae64-5af81b26653b tempest-ServerBootFromVolumeStableRescueTest-492402647 tempest-ServerBootFromVolumeStableRescueTest-492402647-project-member] Using url versioning {{(pid=99784) process_request /opt/stack/glance/glance/api/middleware/version_negotiation.py:57}}
Jul 16 05:13:39.091668 np0000005222 devstack@g-api.service[99784]: DEBUG glance.api.middleware.version_negotiation [None req-5b9be244-4934-49c3-ae64-5af81b26653b tempest-ServerBootFromVolumeStableRescueTest-492402647 tempest-ServerBootFromVolumeStableRescueTest-492402647-project-member] Matched version: v2 {{(pid=99784) process_request /opt/stack/glance/glance/api/middleware/version_negotiation.py:69}}
Jul 16 05:13:39.091668 np0000005222 devstack@g-api.service[99784]: DEBUG glance.api.middleware.version_negotiation [None req-5b9be244-4934-49c3-ae64-5af81b26653b tempest-ServerBootFromVolumeStableRescueTest-492402647 tempest-ServerBootFromVolumeStableRescueTest-492402647-project-member] new path /v2/images/de751928-1832-4486-878b-c00205ab0dfb {{(pid=99784) process_request /opt/stack/glance/glance/api/middleware/version_negotiation.py:70}}
Jul 16 05:13:39.126198 np0000005222 devstack@g-api.service[99784]: [pid: 99784|app: 0|req: 62/187] 127.0.0.1 () {44 vars in 1111 bytes} [Thu Jul 16 05:13:39 2026] GET /v2/images/de751928-1832-4486-878b-c00205ab0dfb => generated 1044 bytes in 38 msecs (HTTP/1.1 200) 4 headers in 158 bytes (1 switches on core 0)
Jul 16 05:13:39.190171 np0000005222 devstack@g-api.service[99782]: DEBUG glance.api.middleware.version_negotiation [None req-ccff4bb6-d06d-46e8-be82-9fba3903fd6e tempest-ServerBootFromVolumeStableRescueTest-492402647 tempest-ServerBootFromVolumeStableRescueTest-492402647-project-member] Determining version of request: GET /v2/schemas/image Accept: */* {{(pid=99782) process_request /opt/stack/glance/glance/api/middleware/version_negotiation.py:44}}
Jul 16 05:13:39.190171 np0000005222 devstack@g-api.service[99782]: DEBUG glance.api.middleware.version_negotiation [None req-ccff4bb6-d06d-46e8-be82-9fba3903fd6e tempest-ServerBootFromVolumeStableRescueTest-492402647 tempest-ServerBootFromVolumeStableRescueTest-492402647-project-member] Using url versioning {{(pid=99782) process_request /opt/stack/glance/glance/api/middleware/version_negotiation.py:57}}
Jul 16 05:13:39.190358 np0000005222 devstack@g-api.service[99782]: DEBUG glance.api.middleware.version_negotiation [None req-ccff4bb6-d06d-46e8-be82-9fba3903fd6e tempest-ServerBootFromVolumeStableRescueTest-492402647 tempest-ServerBootFromVolumeStableRescueTest-492402647-project-member] Matched version: v2 {{(pid=99782) process_request /opt/stack/glance/glance/api/middleware/version_negotiation.py:69}}
Jul 16 05:13:39.190358 np0000005222 devstack@g-api.service[99782]: DEBUG glance.api.middleware.version_negotiation [None req-ccff4bb6-d06d-46e8-be82-9fba3903fd6e tempest-ServerBootFromVolumeStableRescueTest-492402647 tempest-ServerBootFromVolumeStableRescueTest-492402647-project-member] new path /v2/schemas/image {{(pid=99782) process_request /opt/stack/glance/glance/api/middleware/version_negotiation.py:70}}
Jul 16 05:13:39.202244 np0000005222 devstack@g-api.service[99782]: [pid: 99782|app: 0|req: 64/188] 127.0.0.1 () {44 vars in 1051 bytes} [Thu Jul 16 05:13:39 2026] GET /v2/schemas/image => generated 6083 bytes in 12 msecs (HTTP/1.1 200) 4 headers in 158 bytes (1 switches on core 0)
Jul 16 05:13:39.376594 np0000005222 devstack@g-api.service[99783]: DEBUG swiftclient [None req-ffb114fc-6be6-44f0-8bde-c3aebebafabe tempest-ServerBootFromVolumeStableRescueTest-492402647 tempest-ServerBootFromVolumeStableRescueTest-492402647-project-member] REQ: curl -i https://10.4.3.44:8080/v1/AUTH_77e810d08b644523b588b060e2f72bda/glance -I -H "X-Auth-Token: gAAAAABqWGiCcD4Y..." {{(pid=99783) http_log /opt/stack/data/venv/lib/python3.12/site-packages/swiftclient/client.py:160}}
Jul 16 05:13:39.376594 np0000005222 devstack@g-api.service[99783]: DEBUG swiftclient [None req-ffb114fc-6be6-44f0-8bde-c3aebebafabe tempest-ServerBootFromVolumeStableRescueTest-492402647 tempest-ServerBootFromVolumeStableRescueTest-492402647-project-member] RESP STATUS: 204 No Content {{(pid=99783) http_log /opt/stack/data/venv/lib/python3.12/site-packages/swiftclient/client.py:161}}
Jul 16 05:13:39.376594 np0000005222 devstack@g-api.service[99783]: DEBUG swiftclient [None req-ffb114fc-6be6-44f0-8bde-c3aebebafabe tempest-ServerBootFromVolumeStableRescueTest-492402647 tempest-ServerBootFromVolumeStableRescueTest-492402647-project-member] RESP HEADERS: {'Date': 'Thu, 16 Jul 2026 05:13:39 GMT', 'Server': 'Apache/2.4.58 (Ubuntu)', 'Content-Type': 'text/plain; charset=utf-8', 'X-Container-Object-Count': '5', 'X-Container-Bytes-Used': '87883776', 'X-Timestamp': '1784178574.24119', 'Last-Modified': 'Thu, 16 Jul 2026 05:09:35 GMT', 'Accept-Ranges': 'bytes', 'X-Storage-Policy': 'Policy-0', 'X-Container-Sharding': 'False', 'Vary': 'Accept', 'X-Trans-Id': 'txa6b13f4a6410435ea8f95-006a586882', 'X-Openstack-Request-Id': 'txa6b13f4a6410435ea8f95-006a586882', 'Connection': 'close'} {{(pid=99783) http_log /opt/stack/data/venv/lib/python3.12/site-packages/swiftclient/client.py:162}}
Jul 16 05:13:39.376594 np0000005222 devstack@g-api.service[99783]: DEBUG glance_store._drivers.swift.store [None req-ffb114fc-6be6-44f0-8bde-c3aebebafabe tempest-ServerBootFromVolumeStableRescueTest-492402647 tempest-ServerBootFromVolumeStableRescueTest-492402647-project-member] Adding image object '21c02d88-1a01-487f-aeb8-178777c75c91' to Swift {{(pid=99783) add /opt/stack/data/venv/lib/python3.12/site-packages/glance_store/_drivers/swift/store.py:970}}
Jul 16 05:13:39.379170 np0000005222 devstack@g-api.service[99783]: DEBUG glance_store._drivers.swift.store [None req-ffb114fc-6be6-44f0-8bde-c3aebebafabe tempest-ServerBootFromVolumeStableRescueTest-492402647 tempest-ServerBootFromVolumeStableRescueTest-492402647-project-member] Cannot determine image size because it is either not provided in the request or chunked-transfer encoding is used. Adding image as a segmented object to Swift. {{(pid=99783) add /opt/stack/data/venv/lib/python3.12/site-packages/glance_store/_drivers/swift/store.py:994}}
Jul 16 05:13:39.385540 np0000005222 devstack@g-api.service[99783]: DEBUG oslo_utils.imageutils.format_inspector [None req-ffb114fc-6be6-44f0-8bde-c3aebebafabe tempest-ServerBootFromVolumeStableRescueTest-492402647 tempest-ServerBootFromVolumeStableRescueTest-492402647-project-member] Format inspector for vmdk does not match, excluding from consideration (Signature KDMV not found: b'QFI\xfb') {{(pid=99783) _process_chunk /opt/stack/data/venv/lib/python3.12/site-packages/oslo_utils/imageutils/format_inspector.py:1758}}
Jul 16 05:13:39.388866 np0000005222 devstack@g-api.service[99783]: DEBUG oslo_utils.imageutils.format_inspector [None req-ffb114fc-6be6-44f0-8bde-c3aebebafabe tempest-ServerBootFromVolumeStableRescueTest-492402647 tempest-ServerBootFromVolumeStableRescueTest-492402647-project-member] Format inspector for vhdx does not match, excluding from consideration (Region signature not found at 30000) {{(pid=99783) _process_chunk /opt/stack/data/venv/lib/python3.12/site-packages/oslo_utils/imageutils/format_inspector.py:1758}}
Jul 16 05:13:39.686578 np0000005222 devstack@g-api.service[99784]: DEBUG glance.api.middleware.version_negotiation [None req-25d51b73-ce09-407e-870c-839346cf7720 tempest-ServerStableDeviceRescueTest-1927634444 tempest-ServerStableDeviceRescueTest-1927634444-project-member] Determining version of request: GET /v2/images/21c02d88-1a01-487f-aeb8-178777c75c91 Accept: application/json {{(pid=99784) process_request /opt/stack/glance/glance/api/middleware/version_negotiation.py:44}}
Jul 16 05:13:39.686578 np0000005222 devstack@g-api.service[99784]: DEBUG glance.api.middleware.version_negotiation [None req-25d51b73-ce09-407e-870c-839346cf7720 tempest-ServerStableDeviceRescueTest-1927634444 tempest-ServerStableDeviceRescueTest-1927634444-project-member] Using url versioning {{(pid=99784) process_request /opt/stack/glance/glance/api/middleware/version_negotiation.py:57}}
Jul 16 05:13:39.686578 np0000005222 devstack@g-api.service[99784]: DEBUG glance.api.middleware.version_negotiation [None req-25d51b73-ce09-407e-870c-839346cf7720 tempest-ServerStableDeviceRescueTest-1927634444 tempest-ServerStableDeviceRescueTest-1927634444-project-member] Matched version: v2 {{(pid=99784) process_request /opt/stack/glance/glance/api/middleware/version_negotiation.py:69}}
Jul 16 05:13:39.686844 np0000005222 devstack@g-api.service[99784]: DEBUG glance.api.middleware.version_negotiation [None req-25d51b73-ce09-407e-870c-839346cf7720 tempest-ServerStableDeviceRescueTest-1927634444 tempest-ServerStableDeviceRescueTest-1927634444-project-member] new path /v2/images/21c02d88-1a01-487f-aeb8-178777c75c91 {{(pid=99784) process_request /opt/stack/glance/glance/api/middleware/version_negotiation.py:70}}
Jul 16 05:13:39.707853 np0000005222 devstack@g-api.service[99783]: DEBUG swiftclient [None req-ffb114fc-6be6-44f0-8bde-c3aebebafabe tempest-ServerBootFromVolumeStableRescueTest-492402647 tempest-ServerBootFromVolumeStableRescueTest-492402647-project-member] REQ: curl -i https://10.4.3.44:8080/v1/AUTH_77e810d08b644523b588b060e2f72bda/glance/21c02d88-1a01-487f-aeb8-178777c75c91-00001 -X PUT -H "X-Auth-Token: gAAAAABqWGiCcD4Y..." {{(pid=99783) http_log /opt/stack/data/venv/lib/python3.12/site-packages/swiftclient/client.py:160}}
Jul 16 05:13:39.708308 np0000005222 devstack@g-api.service[99784]: [pid: 99784|app: 0|req: 63/189] 127.0.0.1 () {40 vars in 834 bytes} [Thu Jul 16 05:13:39 2026] GET /v2/images/21c02d88-1a01-487f-aeb8-178777c75c91 => generated 1468 bytes in 22 msecs (HTTP/1.1 200) 4 headers in 158 bytes (1 switches on core 0)
Jul 16 05:13:39.708345 np0000005222 devstack@g-api.service[99783]: DEBUG swiftclient [None req-ffb114fc-6be6-44f0-8bde-c3aebebafabe tempest-ServerBootFromVolumeStableRescueTest-492402647 tempest-ServerBootFromVolumeStableRescueTest-492402647-project-member] RESP STATUS: 201 Created {{(pid=99783) http_log /opt/stack/data/venv/lib/python3.12/site-packages/swiftclient/client.py:161}}
Jul 16 05:13:39.708345 np0000005222 devstack@g-api.service[99783]: DEBUG swiftclient [None req-ffb114fc-6be6-44f0-8bde-c3aebebafabe tempest-ServerBootFromVolumeStableRescueTest-492402647 tempest-ServerBootFromVolumeStableRescueTest-492402647-project-member] RESP HEADERS: {'Date': 'Thu, 16 Jul 2026 05:13:39 GMT', 'Server': 'Apache/2.4.58 (Ubuntu)', 'Content-Type': 'text/html; charset=UTF-8', 'Content-Length': '0', 'Etag': '4fa343ee581d8d2e78533191fd1ac3e1', 'Last-Modified': 'Thu, 16 Jul 2026 05:13:40 GMT', 'X-Trans-Id': 'txffb48a85448d49c683850-006a586883', 'X-Openstack-Request-Id': 'txffb48a85448d49c683850-006a586883', 'Connection': 'close'} {{(pid=99783) http_log /opt/stack/data/venv/lib/python3.12/site-packages/swiftclient/client.py:162}}
Jul 16 05:13:39.708345 np0000005222 devstack@g-api.service[99783]: DEBUG glance_store._drivers.swift.store [None req-ffb114fc-6be6-44f0-8bde-c3aebebafabe tempest-ServerBootFromVolumeStableRescueTest-492402647 tempest-ServerBootFromVolumeStableRescueTest-492402647-project-member] Wrote chunk 21c02d88-1a01-487f-aeb8-178777c75c91-00001 (1/?) of length 23527424 to Swift returning MD5 of content: 4fa343ee581d8d2e78533191fd1ac3e1 {{(pid=99783) add /opt/stack/data/venv/lib/python3.12/site-packages/glance_store/_drivers/swift/store.py:1059}}
Jul 16 05:13:39.708345 np0000005222 devstack@g-api.service[99783]: DEBUG glance_store._drivers.swift.store [None req-ffb114fc-6be6-44f0-8bde-c3aebebafabe tempest-ServerBootFromVolumeStableRescueTest-492402647 tempest-ServerBootFromVolumeStableRescueTest-492402647-project-member] Not writing zero-length chunk. {{(pid=99783) add /opt/stack/data/venv/lib/python3.12/site-packages/glance_store/_drivers/swift/store.py:1028}}
Jul 16 05:13:39.755664 np0000005222 devstack@g-api.service[99783]: DEBUG swiftclient [None req-ffb114fc-6be6-44f0-8bde-c3aebebafabe tempest-ServerBootFromVolumeStableRescueTest-492402647 tempest-ServerBootFromVolumeStableRescueTest-492402647-project-member] REQ: curl -i https://10.4.3.44:8080/v1/AUTH_77e810d08b644523b588b060e2f72bda/glance/21c02d88-1a01-487f-aeb8-178777c75c91 -X PUT -H "X-Object-Manifest: glance/21c02d88-1a01-487f-aeb8-178777c75c91-" -H "X-Auth-Token: gAAAAABqWGiCcD4Y..." -H "Content-Length: 0" {{(pid=99783) http_log /opt/stack/data/venv/lib/python3.12/site-packages/swiftclient/client.py:160}}
Jul 16 05:13:39.755939 np0000005222 devstack@g-api.service[99783]: DEBUG swiftclient [None req-ffb114fc-6be6-44f0-8bde-c3aebebafabe tempest-ServerBootFromVolumeStableRescueTest-492402647 tempest-ServerBootFromVolumeStableRescueTest-492402647-project-member] RESP STATUS: 201 Created {{(pid=99783) http_log /opt/stack/data/venv/lib/python3.12/site-packages/swiftclient/client.py:161}}
Jul 16 05:13:39.756278 np0000005222 devstack@g-api.service[99783]: DEBUG swiftclient [None req-ffb114fc-6be6-44f0-8bde-c3aebebafabe tempest-ServerBootFromVolumeStableRescueTest-492402647 tempest-ServerBootFromVolumeStableRescueTest-492402647-project-member] RESP HEADERS: {'Date': 'Thu, 16 Jul 2026 05:13:39 GMT', 'Server': 'Apache/2.4.58 (Ubuntu)', 'Content-Type': 'text/html; charset=UTF-8', 'Content-Length': '0', 'Etag': 'd41d8cd98f00b204e9800998ecf8427e', 'Last-Modified': 'Thu, 16 Jul 2026 05:13:40 GMT', 'X-Trans-Id': 'tx928967f7b92c4dd3a8191-006a586883', 'X-Openstack-Request-Id': 'tx928967f7b92c4dd3a8191-006a586883', 'Connection': 'close'} {{(pid=99783) http_log /opt/stack/data/venv/lib/python3.12/site-packages/swiftclient/client.py:162}}
Jul 16 05:13:39.756945 np0000005222 devstack@g-api.service[99783]: INFO glance.location [None req-ffb114fc-6be6-44f0-8bde-c3aebebafabe tempest-ServerBootFromVolumeStableRescueTest-492402647 tempest-ServerBootFromVolumeStableRescueTest-492402647-project-member] Image format matched and virtual size computed: 1073741824
Jul 16 05:13:39.838510 np0000005222 devstack@g-api.service[99783]: DEBUG glance_store.backend [None req-ffb114fc-6be6-44f0-8bde-c3aebebafabe tempest-ServerBootFromVolumeStableRescueTest-492402647 tempest-ServerBootFromVolumeStableRescueTest-492402647-project-member] Attempting to import store swift {{(pid=99783) _load_store /opt/stack/data/venv/lib/python3.12/site-packages/glance_store/backend.py:215}}
Jul 16 05:13:39.838510 np0000005222 devstack@g-api.service[99783]: DEBUG glance_store.capabilities [None req-ffb114fc-6be6-44f0-8bde-c3aebebafabe tempest-ServerBootFromVolumeStableRescueTest-492402647 tempest-ServerBootFromVolumeStableRescueTest-492402647-project-member] Store glance_store._drivers.swift.store.SingleTenantStore doesn't support updating dynamic storage capabilities. Please overwrite 'update_capabilities' method of the store to implement updating logics if needed. {{(pid=99783) update_capabilities /opt/stack/data/venv/lib/python3.12/site-packages/glance_store/capabilities.py:91}}
Jul 16 05:13:39.839148 np0000005222 devstack@g-api.service[99783]: DEBUG glance_store.driver [None req-ffb114fc-6be6-44f0-8bde-c3aebebafabe tempest-ServerBootFromVolumeStableRescueTest-492402647 tempest-ServerBootFromVolumeStableRescueTest-492402647-project-member] Late loading location class glance_store._drivers.swift.store.StoreLocation {{(pid=99783) get_store_location_class /opt/stack/data/venv/lib/python3.12/site-packages/glance_store/driver.py:134}}
Jul 16 05:13:39.839148 np0000005222 devstack@g-api.service[99783]: DEBUG glance_store.location [None req-ffb114fc-6be6-44f0-8bde-c3aebebafabe tempest-ServerBootFromVolumeStableRescueTest-492402647 tempest-ServerBootFromVolumeStableRescueTest-492402647-project-member] Registering scheme swift+https with {'store': , 'location_class': , 'store_entry': 'swift'} {{(pid=99783) register_scheme_map /opt/stack/data/venv/lib/python3.12/site-packages/glance_store/location.py:146}}
Jul 16 05:13:39.839148 np0000005222 devstack@g-api.service[99783]: DEBUG glance_store.location [None req-ffb114fc-6be6-44f0-8bde-c3aebebafabe tempest-ServerBootFromVolumeStableRescueTest-492402647 tempest-ServerBootFromVolumeStableRescueTest-492402647-project-member] Registering scheme swift+https with {'store': , 'location_class': , 'store_entry': 'swift'} {{(pid=99783) register_scheme_map /opt/stack/data/venv/lib/python3.12/site-packages/glance_store/location.py:146}}
Jul 16 05:13:39.839148 np0000005222 devstack@g-api.service[99783]: DEBUG glance_store.location [None req-ffb114fc-6be6-44f0-8bde-c3aebebafabe tempest-ServerBootFromVolumeStableRescueTest-492402647 tempest-ServerBootFromVolumeStableRescueTest-492402647-project-member] Registering scheme swift with {'store': , 'location_class': , 'store_entry': 'swift'} {{(pid=99783) register_scheme_map /opt/stack/data/venv/lib/python3.12/site-packages/glance_store/location.py:146}}
Jul 16 05:13:39.839148 np0000005222 devstack@g-api.service[99783]: DEBUG glance_store.location [None req-ffb114fc-6be6-44f0-8bde-c3aebebafabe tempest-ServerBootFromVolumeStableRescueTest-492402647 tempest-ServerBootFromVolumeStableRescueTest-492402647-project-member] Registering scheme swift+https with {'store': , 'location_class': , 'store_entry': 'swift'} {{(pid=99783) register_scheme_map /opt/stack/data/venv/lib/python3.12/site-packages/glance_store/location.py:146}}
Jul 16 05:13:39.839435 np0000005222 devstack@g-api.service[99783]: DEBUG glance_store.location [None req-ffb114fc-6be6-44f0-8bde-c3aebebafabe tempest-ServerBootFromVolumeStableRescueTest-492402647 tempest-ServerBootFromVolumeStableRescueTest-492402647-project-member] Registering scheme swift with {'store': , 'location_class': , 'store_entry': 'swift'} {{(pid=99783) register_scheme_map /opt/stack/data/venv/lib/python3.12/site-packages/glance_store/location.py:146}}
Jul 16 05:13:39.839435 np0000005222 devstack@g-api.service[99783]: DEBUG glance_store.location [None req-ffb114fc-6be6-44f0-8bde-c3aebebafabe tempest-ServerBootFromVolumeStableRescueTest-492402647 tempest-ServerBootFromVolumeStableRescueTest-492402647-project-member] Registering scheme swift+http with {'store': , 'location_class': , 'store_entry': 'swift'} {{(pid=99783) register_scheme_map /opt/stack/data/venv/lib/python3.12/site-packages/glance_store/location.py:146}}
Jul 16 05:13:39.839435 np0000005222 devstack@g-api.service[99783]: DEBUG glance_store.location [None req-ffb114fc-6be6-44f0-8bde-c3aebebafabe tempest-ServerBootFromVolumeStableRescueTest-492402647 tempest-ServerBootFromVolumeStableRescueTest-492402647-project-member] Registering scheme swift+https with {'store': , 'location_class': , 'store_entry': 'swift'} {{(pid=99783) register_scheme_map /opt/stack/data/venv/lib/python3.12/site-packages/glance_store/location.py:146}}
Jul 16 05:13:39.839739 np0000005222 devstack@g-api.service[99783]: DEBUG glance_store.location [None req-ffb114fc-6be6-44f0-8bde-c3aebebafabe tempest-ServerBootFromVolumeStableRescueTest-492402647 tempest-ServerBootFromVolumeStableRescueTest-492402647-project-member] Registering scheme swift with {'store': , 'location_class': , 'store_entry': 'swift'} {{(pid=99783) register_scheme_map /opt/stack/data/venv/lib/python3.12/site-packages/glance_store/location.py:146}}
Jul 16 05:13:39.839739 np0000005222 devstack@g-api.service[99783]: DEBUG glance_store.location [None req-ffb114fc-6be6-44f0-8bde-c3aebebafabe tempest-ServerBootFromVolumeStableRescueTest-492402647 tempest-ServerBootFromVolumeStableRescueTest-492402647-project-member] Registering scheme swift+http with {'store': , 'location_class': , 'store_entry': 'swift'} {{(pid=99783) register_scheme_map /opt/stack/data/venv/lib/python3.12/site-packages/glance_store/location.py:146}}
Jul 16 05:13:39.839842 np0000005222 devstack@g-api.service[99783]: DEBUG glance_store.location [None req-ffb114fc-6be6-44f0-8bde-c3aebebafabe tempest-ServerBootFromVolumeStableRescueTest-492402647 tempest-ServerBootFromVolumeStableRescueTest-492402647-project-member] Registering scheme swift+config with {'store': , 'location_class': , 'store_entry': 'swift'} {{(pid=99783) register_scheme_map /opt/stack/data/venv/lib/python3.12/site-packages/glance_store/location.py:146}}
Jul 16 05:13:39.840391 np0000005222 devstack@g-api.service[99783]: DEBUG glance_store.backend [None req-ffb114fc-6be6-44f0-8bde-c3aebebafabe tempest-ServerBootFromVolumeStableRescueTest-492402647 tempest-ServerBootFromVolumeStableRescueTest-492402647-project-member] Skipping store.set_acls... not implemented. {{(pid=99783) set_acls /opt/stack/data/venv/lib/python3.12/site-packages/glance_store/backend.py:507}}
Jul 16 05:13:39.844056 np0000005222 devstack@g-api.service[99783]: [pid: 99783|app: 0|req: 63/190] 127.0.0.1 () {46 vars in 1154 bytes} [Thu Jul 16 05:13:36 2026] PUT /v2/images/21c02d88-1a01-487f-aeb8-178777c75c91/file => generated 0 bytes in 3268 msecs (HTTP/1.1 204) 4 headers in 171 bytes (1 switches on core 0)
Jul 16 05:13:39.940140 np0000005222 devstack@g-api.service[99782]: DEBUG glance.api.middleware.version_negotiation [None req-25d51b73-ce09-407e-870c-839346cf7720 tempest-ServerStableDeviceRescueTest-1927634444 tempest-ServerStableDeviceRescueTest-1927634444-project-member] Determining version of request: GET /v2/images/21c02d88-1a01-487f-aeb8-178777c75c91 Accept: */* {{(pid=99782) process_request /opt/stack/glance/glance/api/middleware/version_negotiation.py:44}}
Jul 16 05:13:39.941018 np0000005222 devstack@g-api.service[99782]: DEBUG glance.api.middleware.version_negotiation [None req-25d51b73-ce09-407e-870c-839346cf7720 tempest-ServerStableDeviceRescueTest-1927634444 tempest-ServerStableDeviceRescueTest-1927634444-project-member] Using url versioning {{(pid=99782) process_request /opt/stack/glance/glance/api/middleware/version_negotiation.py:57}}
Jul 16 05:13:39.941018 np0000005222 devstack@g-api.service[99782]: DEBUG glance.api.middleware.version_negotiation [None req-25d51b73-ce09-407e-870c-839346cf7720 tempest-ServerStableDeviceRescueTest-1927634444 tempest-ServerStableDeviceRescueTest-1927634444-project-member] Matched version: v2 {{(pid=99782) process_request /opt/stack/glance/glance/api/middleware/version_negotiation.py:69}}
Jul 16 05:13:39.941018 np0000005222 devstack@g-api.service[99782]: DEBUG glance.api.middleware.version_negotiation [None req-25d51b73-ce09-407e-870c-839346cf7720 tempest-ServerStableDeviceRescueTest-1927634444 tempest-ServerStableDeviceRescueTest-1927634444-project-member] new path /v2/images/21c02d88-1a01-487f-aeb8-178777c75c91 {{(pid=99782) process_request /opt/stack/glance/glance/api/middleware/version_negotiation.py:70}}
Jul 16 05:13:39.986056 np0000005222 devstack@g-api.service[99782]: [pid: 99782|app: 0|req: 65/191] 127.0.0.1 () {44 vars in 1111 bytes} [Thu Jul 16 05:13:39 2026] GET /v2/images/21c02d88-1a01-487f-aeb8-178777c75c91 => generated 1638 bytes in 46 msecs (HTTP/1.1 200) 4 headers in 158 bytes (1 switches on core 0)
Jul 16 05:13:40.047445 np0000005222 devstack@g-api.service[99784]: DEBUG glance.api.middleware.version_negotiation [None req-dbc7dc42-5efb-4324-9f17-ffc681fd65ff tempest-ServerBootFromVolumeStableRescueTest-492402647 tempest-ServerBootFromVolumeStableRescueTest-492402647-project-member] Determining version of request: GET /v2/schemas/image Accept: */* {{(pid=99784) process_request /opt/stack/glance/glance/api/middleware/version_negotiation.py:44}}
Jul 16 05:13:40.047445 np0000005222 devstack@g-api.service[99784]: DEBUG glance.api.middleware.version_negotiation [None req-dbc7dc42-5efb-4324-9f17-ffc681fd65ff tempest-ServerBootFromVolumeStableRescueTest-492402647 tempest-ServerBootFromVolumeStableRescueTest-492402647-project-member] Using url versioning {{(pid=99784) process_request /opt/stack/glance/glance/api/middleware/version_negotiation.py:57}}
Jul 16 05:13:40.047445 np0000005222 devstack@g-api.service[99784]: DEBUG glance.api.middleware.version_negotiation [None req-dbc7dc42-5efb-4324-9f17-ffc681fd65ff tempest-ServerBootFromVolumeStableRescueTest-492402647 tempest-ServerBootFromVolumeStableRescueTest-492402647-project-member] Matched version: v2 {{(pid=99784) process_request /opt/stack/glance/glance/api/middleware/version_negotiation.py:69}}
Jul 16 05:13:40.047445 np0000005222 devstack@g-api.service[99784]: DEBUG glance.api.middleware.version_negotiation [None req-dbc7dc42-5efb-4324-9f17-ffc681fd65ff tempest-ServerBootFromVolumeStableRescueTest-492402647 tempest-ServerBootFromVolumeStableRescueTest-492402647-project-member] new path /v2/schemas/image {{(pid=99784) process_request /opt/stack/glance/glance/api/middleware/version_negotiation.py:70}}
Jul 16 05:13:40.054098 np0000005222 devstack@g-api.service[99784]: [pid: 99784|app: 0|req: 64/192] 127.0.0.1 () {44 vars in 1051 bytes} [Thu Jul 16 05:13:40 2026] GET /v2/schemas/image => generated 6083 bytes in 10 msecs (HTTP/1.1 200) 4 headers in 158 bytes (1 switches on core 0)
Jul 16 05:13:40.724579 np0000005222 devstack@g-api.service[99783]: DEBUG glance.api.middleware.version_negotiation [None req-ffb114fc-6be6-44f0-8bde-c3aebebafabe tempest-ServerBootFromVolumeStableRescueTest-492402647 tempest-ServerBootFromVolumeStableRescueTest-492402647-project-member] Determining version of request: GET /v2/images/21c02d88-1a01-487f-aeb8-178777c75c91 Accept: application/json {{(pid=99783) process_request /opt/stack/glance/glance/api/middleware/version_negotiation.py:44}}
Jul 16 05:13:40.725013 np0000005222 devstack@g-api.service[99783]: DEBUG glance.api.middleware.version_negotiation [None req-ffb114fc-6be6-44f0-8bde-c3aebebafabe tempest-ServerBootFromVolumeStableRescueTest-492402647 tempest-ServerBootFromVolumeStableRescueTest-492402647-project-member] Using url versioning {{(pid=99783) process_request /opt/stack/glance/glance/api/middleware/version_negotiation.py:57}}
Jul 16 05:13:40.725013 np0000005222 devstack@g-api.service[99783]: DEBUG glance.api.middleware.version_negotiation [None req-ffb114fc-6be6-44f0-8bde-c3aebebafabe tempest-ServerBootFromVolumeStableRescueTest-492402647 tempest-ServerBootFromVolumeStableRescueTest-492402647-project-member] Matched version: v2 {{(pid=99783) process_request /opt/stack/glance/glance/api/middleware/version_negotiation.py:69}}
Jul 16 05:13:40.725107 np0000005222 devstack@g-api.service[99783]: DEBUG glance.api.middleware.version_negotiation [None req-ffb114fc-6be6-44f0-8bde-c3aebebafabe tempest-ServerBootFromVolumeStableRescueTest-492402647 tempest-ServerBootFromVolumeStableRescueTest-492402647-project-member] new path /v2/images/21c02d88-1a01-487f-aeb8-178777c75c91 {{(pid=99783) process_request /opt/stack/glance/glance/api/middleware/version_negotiation.py:70}}
Jul 16 05:13:40.745991 np0000005222 devstack@g-api.service[99783]: [pid: 99783|app: 0|req: 64/193] 127.0.0.1 () {40 vars in 834 bytes} [Thu Jul 16 05:13:40 2026] GET /v2/images/21c02d88-1a01-487f-aeb8-178777c75c91 => generated 1638 bytes in 22 msecs (HTTP/1.1 200) 4 headers in 158 bytes (1 switches on core 0)
Jul 16 05:13:40.760271 np0000005222 devstack@g-api.service[99782]: DEBUG glance.api.middleware.version_negotiation [None req-ffb114fc-6be6-44f0-8bde-c3aebebafabe tempest-ServerBootFromVolumeStableRescueTest-492402647 tempest-ServerBootFromVolumeStableRescueTest-492402647-project-member] Determining version of request: GET /v2/images/21c02d88-1a01-487f-aeb8-178777c75c91 Accept: application/json {{(pid=99782) process_request /opt/stack/glance/glance/api/middleware/version_negotiation.py:44}}
Jul 16 05:13:40.760271 np0000005222 devstack@g-api.service[99782]: DEBUG glance.api.middleware.version_negotiation [None req-ffb114fc-6be6-44f0-8bde-c3aebebafabe tempest-ServerBootFromVolumeStableRescueTest-492402647 tempest-ServerBootFromVolumeStableRescueTest-492402647-project-member] Using url versioning {{(pid=99782) process_request /opt/stack/glance/glance/api/middleware/version_negotiation.py:57}}
Jul 16 05:13:40.760271 np0000005222 devstack@g-api.service[99782]: DEBUG glance.api.middleware.version_negotiation [None req-ffb114fc-6be6-44f0-8bde-c3aebebafabe tempest-ServerBootFromVolumeStableRescueTest-492402647 tempest-ServerBootFromVolumeStableRescueTest-492402647-project-member] Matched version: v2 {{(pid=99782) process_request /opt/stack/glance/glance/api/middleware/version_negotiation.py:69}}
Jul 16 05:13:40.760271 np0000005222 devstack@g-api.service[99782]: DEBUG glance.api.middleware.version_negotiation [None req-ffb114fc-6be6-44f0-8bde-c3aebebafabe tempest-ServerBootFromVolumeStableRescueTest-492402647 tempest-ServerBootFromVolumeStableRescueTest-492402647-project-member] new path /v2/images/21c02d88-1a01-487f-aeb8-178777c75c91 {{(pid=99782) process_request /opt/stack/glance/glance/api/middleware/version_negotiation.py:70}}
Jul 16 05:13:40.789200 np0000005222 devstack@g-api.service[99782]: [pid: 99782|app: 0|req: 66/194] 127.0.0.1 () {40 vars in 834 bytes} [Thu Jul 16 05:13:40 2026] GET /v2/images/21c02d88-1a01-487f-aeb8-178777c75c91 => generated 1638 bytes in 30 msecs (HTTP/1.1 200) 4 headers in 158 bytes (1 switches on core 0)
Jul 16 05:13:41.562683 np0000005222 devstack@g-api.service[99784]: DEBUG glance.api.middleware.version_negotiation [None req-ffb114fc-6be6-44f0-8bde-c3aebebafabe tempest-ServerBootFromVolumeStableRescueTest-492402647 tempest-ServerBootFromVolumeStableRescueTest-492402647-project-member] Determining version of request: GET /v2/images/de751928-1832-4486-878b-c00205ab0dfb Accept: */* {{(pid=99784) process_request /opt/stack/glance/glance/api/middleware/version_negotiation.py:44}}
Jul 16 05:13:41.563163 np0000005222 devstack@g-api.service[99784]: DEBUG glance.api.middleware.version_negotiation [None req-ffb114fc-6be6-44f0-8bde-c3aebebafabe tempest-ServerBootFromVolumeStableRescueTest-492402647 tempest-ServerBootFromVolumeStableRescueTest-492402647-project-member] Using url versioning {{(pid=99784) process_request /opt/stack/glance/glance/api/middleware/version_negotiation.py:57}}
Jul 16 05:13:41.563163 np0000005222 devstack@g-api.service[99784]: DEBUG glance.api.middleware.version_negotiation [None req-ffb114fc-6be6-44f0-8bde-c3aebebafabe tempest-ServerBootFromVolumeStableRescueTest-492402647 tempest-ServerBootFromVolumeStableRescueTest-492402647-project-member] Matched version: v2 {{(pid=99784) process_request /opt/stack/glance/glance/api/middleware/version_negotiation.py:69}}
Jul 16 05:13:41.564361 np0000005222 devstack@g-api.service[99784]: DEBUG glance.api.middleware.version_negotiation [None req-ffb114fc-6be6-44f0-8bde-c3aebebafabe tempest-ServerBootFromVolumeStableRescueTest-492402647 tempest-ServerBootFromVolumeStableRescueTest-492402647-project-member] new path /v2/images/de751928-1832-4486-878b-c00205ab0dfb {{(pid=99784) process_request /opt/stack/glance/glance/api/middleware/version_negotiation.py:70}}
Jul 16 05:13:41.579979 np0000005222 devstack@g-api.service[99784]: [pid: 99784|app: 0|req: 65/195] 127.0.0.1 () {44 vars in 1111 bytes} [Thu Jul 16 05:13:41 2026] GET /v2/images/de751928-1832-4486-878b-c00205ab0dfb => generated 1044 bytes in 18 msecs (HTTP/1.1 200) 4 headers in 158 bytes (1 switches on core 0)
Jul 16 05:13:41.623342 np0000005222 devstack@g-api.service[99783]: DEBUG glance.api.middleware.version_negotiation [None req-9d38e4af-7b39-46b7-be37-5446939143b2 tempest-ServerBootFromVolumeStableRescueTest-492402647 tempest-ServerBootFromVolumeStableRescueTest-492402647-project-member] Determining version of request: GET /v2/schemas/image Accept: */* {{(pid=99783) process_request /opt/stack/glance/glance/api/middleware/version_negotiation.py:44}}
Jul 16 05:13:41.623342 np0000005222 devstack@g-api.service[99783]: DEBUG glance.api.middleware.version_negotiation [None req-9d38e4af-7b39-46b7-be37-5446939143b2 tempest-ServerBootFromVolumeStableRescueTest-492402647 tempest-ServerBootFromVolumeStableRescueTest-492402647-project-member] Using url versioning {{(pid=99783) process_request /opt/stack/glance/glance/api/middleware/version_negotiation.py:57}}
Jul 16 05:13:41.623585 np0000005222 devstack@g-api.service[99783]: DEBUG glance.api.middleware.version_negotiation [None req-9d38e4af-7b39-46b7-be37-5446939143b2 tempest-ServerBootFromVolumeStableRescueTest-492402647 tempest-ServerBootFromVolumeStableRescueTest-492402647-project-member] Matched version: v2 {{(pid=99783) process_request /opt/stack/glance/glance/api/middleware/version_negotiation.py:69}}
Jul 16 05:13:41.624514 np0000005222 devstack@g-api.service[99783]: DEBUG glance.api.middleware.version_negotiation [None req-9d38e4af-7b39-46b7-be37-5446939143b2 tempest-ServerBootFromVolumeStableRescueTest-492402647 tempest-ServerBootFromVolumeStableRescueTest-492402647-project-member] new path /v2/schemas/image {{(pid=99783) process_request /opt/stack/glance/glance/api/middleware/version_negotiation.py:70}}
Jul 16 05:13:41.627215 np0000005222 devstack@g-api.service[99783]: [pid: 99783|app: 0|req: 65/196] 127.0.0.1 () {44 vars in 1051 bytes} [Thu Jul 16 05:13:41 2026] GET /v2/schemas/image => generated 6083 bytes in 4 msecs (HTTP/1.1 200) 4 headers in 158 bytes (1 switches on core 0)
Jul 16 05:13:44.656146 np0000005222 devstack@g-api.service[99782]: DEBUG glance.api.middleware.version_negotiation [None req-572da840-b8ed-41b1-acf0-8a89d4c1e60e tempest-ServerBootFromVolumeStableRescueTest-492402647 tempest-ServerBootFromVolumeStableRescueTest-492402647-project-member] Determining version of request: GET /v2/images/de751928-1832-4486-878b-c00205ab0dfb Accept: */* {{(pid=99782) process_request /opt/stack/glance/glance/api/middleware/version_negotiation.py:44}}
Jul 16 05:13:44.656549 np0000005222 devstack@g-api.service[99782]: DEBUG glance.api.middleware.version_negotiation [None req-572da840-b8ed-41b1-acf0-8a89d4c1e60e tempest-ServerBootFromVolumeStableRescueTest-492402647 tempest-ServerBootFromVolumeStableRescueTest-492402647-project-member] Using url versioning {{(pid=99782) process_request /opt/stack/glance/glance/api/middleware/version_negotiation.py:57}}
Jul 16 05:13:44.659116 np0000005222 devstack@g-api.service[99782]: DEBUG glance.api.middleware.version_negotiation [None req-572da840-b8ed-41b1-acf0-8a89d4c1e60e tempest-ServerBootFromVolumeStableRescueTest-492402647 tempest-ServerBootFromVolumeStableRescueTest-492402647-project-member] Matched version: v2 {{(pid=99782) process_request /opt/stack/glance/glance/api/middleware/version_negotiation.py:69}}
