Aug 24 19:09:05.145017 np0000008003 nova-scheduler[96681]: DEBUG cotyledon.oslo_config_glue [-] workarounds.ensure_libvirt_rbd_instance_dir_cleanup = False {{(pid=96681) log_opt_values /opt/stack/data/venv/lib/python3.12/site-packages/oslo_config/cfg.py:3560}}
Aug 24 19:09:05.145017 np0000008003 nova-scheduler[96681]: DEBUG cotyledon.oslo_config_glue [-] workarounds.handle_virt_lifecycle_events = True {{(pid=96681) log_opt_values /opt/stack/data/venv/lib/python3.12/site-packages/oslo_config/cfg.py:3560}}
Aug 24 19:09:05.145017 np0000008003 nova-scheduler[96681]: DEBUG cotyledon.oslo_config_glue [-] workarounds.libvirt_disable_apic = False {{(pid=96681) log_opt_values /opt/stack/data/venv/lib/python3.12/site-packages/oslo_config/cfg.py:3560}}
Aug 24 19:09:05.145017 np0000008003 nova-scheduler[96681]: DEBUG cotyledon.oslo_config_glue [-] workarounds.never_download_image_if_on_rbd = False {{(pid=96681) log_opt_values /opt/stack/data/venv/lib/python3.12/site-packages/oslo_config/cfg.py:3560}}
Aug 24 19:09:05.145017 np0000008003 nova-scheduler[96681]: DEBUG cotyledon.oslo_config_glue [-] workarounds.qemu_monitor_announce_self_count = 3 {{(pid=96681) log_opt_values /opt/stack/data/venv/lib/python3.12/site-packages/oslo_config/cfg.py:3560}}
Aug 24 19:09:05.145017 np0000008003 nova-scheduler[96681]: DEBUG cotyledon.oslo_config_glue [-] workarounds.qemu_monitor_announce_self_interval = 1 {{(pid=96681) log_opt_values /opt/stack/data/venv/lib/python3.12/site-packages/oslo_config/cfg.py:3560}}
Aug 24 19:09:05.145017 np0000008003 nova-scheduler[96681]: DEBUG cotyledon.oslo_config_glue [-] workarounds.reserve_disk_resource_for_image_cache = False {{(pid=96681) log_opt_values /opt/stack/data/venv/lib/python3.12/site-packages/oslo_config/cfg.py:3560}}
Aug 24 19:09:05.145017 np0000008003 nova-scheduler[96681]: DEBUG cotyledon.oslo_config_glue [-] workarounds.skip_cpu_compare_at_startup = False {{(pid=96681) log_opt_values /opt/stack/data/venv/lib/python3.12/site-packages/oslo_config/cfg.py:3560}}
Aug 24 19:09:05.145223 np0000008003 nova-scheduler[96681]: DEBUG cotyledon.oslo_config_glue [-] workarounds.skip_cpu_compare_on_dest = False {{(pid=96681) log_opt_values /opt/stack/data/venv/lib/python3.12/site-packages/oslo_config/cfg.py:3560}}
Aug 24 19:09:05.145223 np0000008003 nova-scheduler[96681]: DEBUG cotyledon.oslo_config_glue [-] workarounds.skip_hypervisor_version_check_on_lm = False {{(pid=96681) log_opt_values /opt/stack/data/venv/lib/python3.12/site-packages/oslo_config/cfg.py:3560}}
Aug 24 19:09:05.145223 np0000008003 nova-scheduler[96681]: DEBUG cotyledon.oslo_config_glue [-] workarounds.skip_reserve_in_use_ironic_nodes = False {{(pid=96681) log_opt_values /opt/stack/data/venv/lib/python3.12/site-packages/oslo_config/cfg.py:3560}}
Aug 24 19:09:05.145223 np0000008003 nova-scheduler[96681]: DEBUG cotyledon.oslo_config_glue [-] workarounds.unified_limits_count_pcpu_as_vcpu = False {{(pid=96681) log_opt_values /opt/stack/data/venv/lib/python3.12/site-packages/oslo_config/cfg.py:3560}}
Aug 24 19:09:05.145223 np0000008003 nova-scheduler[96681]: DEBUG cotyledon.oslo_config_glue [-] workarounds.wait_for_vif_plugged_event_during_hard_reboot = [] {{(pid=96681) log_opt_values /opt/stack/data/venv/lib/python3.12/site-packages/oslo_config/cfg.py:3560}}
Aug 24 19:09:05.145223 np0000008003 nova-scheduler[96681]: DEBUG cotyledon.oslo_config_glue [-] wsgi.api_paste_config = /etc/nova/api-paste.ini {{(pid=96681) log_opt_values /opt/stack/data/venv/lib/python3.12/site-packages/oslo_config/cfg.py:3560}}
Aug 24 19:09:05.145223 np0000008003 nova-scheduler[96681]: DEBUG cotyledon.oslo_config_glue [-] wsgi.secure_proxy_ssl_header = None {{(pid=96681) log_opt_values /opt/stack/data/venv/lib/python3.12/site-packages/oslo_config/cfg.py:3560}}
Aug 24 19:09:05.145223 np0000008003 nova-scheduler[96681]: DEBUG cotyledon.oslo_config_glue [-] zvm.ca_file = None {{(pid=96681) log_opt_values /opt/stack/data/venv/lib/python3.12/site-packages/oslo_config/cfg.py:3560}}
Aug 24 19:09:05.145223 np0000008003 nova-scheduler[96681]: DEBUG cotyledon.oslo_config_glue [-] zvm.cloud_connector_url = None {{(pid=96681) log_opt_values /opt/stack/data/venv/lib/python3.12/site-packages/oslo_config/cfg.py:3560}}
Aug 24 19:09:05.145454 np0000008003 nova-scheduler[96681]: DEBUG cotyledon.oslo_config_glue [-] zvm.image_tmp_path = /opt/stack/data/nova/images {{(pid=96681) log_opt_values /opt/stack/data/venv/lib/python3.12/site-packages/oslo_config/cfg.py:3560}}
Aug 24 19:09:05.145454 np0000008003 nova-scheduler[96681]: DEBUG cotyledon.oslo_config_glue [-] zvm.reachable_timeout = 300 {{(pid=96681) log_opt_values /opt/stack/data/venv/lib/python3.12/site-packages/oslo_config/cfg.py:3560}}
Aug 24 19:09:05.145454 np0000008003 nova-scheduler[96681]: DEBUG cotyledon.oslo_config_glue [-] oslo_versionedobjects.fatal_exception_format_errors = False {{(pid=96681) log_opt_values /opt/stack/data/venv/lib/python3.12/site-packages/oslo_config/cfg.py:3560}}
Aug 24 19:09:05.145454 np0000008003 nova-scheduler[96681]: DEBUG cotyledon.oslo_config_glue [-] oslo_middleware.http_basic_auth_user_file = /etc/htpasswd {{(pid=96681) log_opt_values /opt/stack/data/venv/lib/python3.12/site-packages/oslo_config/cfg.py:3560}}
Aug 24 19:09:05.145454 np0000008003 nova-scheduler[96681]: DEBUG cotyledon.oslo_config_glue [-] oslo_messaging_metrics.metrics_buffer_size = 1000 {{(pid=96681) log_opt_values /opt/stack/data/venv/lib/python3.12/site-packages/oslo_config/cfg.py:3560}}
Aug 24 19:09:05.145454 np0000008003 nova-scheduler[96681]: DEBUG cotyledon.oslo_config_glue [-] oslo_messaging_metrics.metrics_enabled = False {{(pid=96681) log_opt_values /opt/stack/data/venv/lib/python3.12/site-packages/oslo_config/cfg.py:3560}}
Aug 24 19:09:05.145454 np0000008003 nova-scheduler[96681]: DEBUG cotyledon.oslo_config_glue [-] oslo_messaging_metrics.metrics_process_name = {{(pid=96681) log_opt_values /opt/stack/data/venv/lib/python3.12/site-packages/oslo_config/cfg.py:3560}}
Aug 24 19:09:05.145454 np0000008003 nova-scheduler[96681]: DEBUG cotyledon.oslo_config_glue [-] oslo_messaging_metrics.metrics_socket_file = /var/tmp/metrics_collector.sock {{(pid=96681) log_opt_values /opt/stack/data/venv/lib/python3.12/site-packages/oslo_config/cfg.py:3560}}
Aug 24 19:09:05.145679 np0000008003 nova-scheduler[96681]: DEBUG cotyledon.oslo_config_glue [-] oslo_messaging_metrics.metrics_thread_stop_timeout = 10 {{(pid=96681) log_opt_values /opt/stack/data/venv/lib/python3.12/site-packages/oslo_config/cfg.py:3560}}
Aug 24 19:09:05.145679 np0000008003 nova-scheduler[96681]: DEBUG cotyledon.oslo_config_glue [-] profiler.connection_string = messaging:// {{(pid=96681) log_opt_values /opt/stack/data/venv/lib/python3.12/site-packages/oslo_config/cfg.py:3560}}
Aug 24 19:09:05.145679 np0000008003 nova-scheduler[96681]: DEBUG cotyledon.oslo_config_glue [-] profiler.enabled = False {{(pid=96681) log_opt_values /opt/stack/data/venv/lib/python3.12/site-packages/oslo_config/cfg.py:3560}}
Aug 24 19:09:05.145679 np0000008003 nova-scheduler[96681]: DEBUG cotyledon.oslo_config_glue [-] profiler.es_doc_type = notification {{(pid=96681) log_opt_values /opt/stack/data/venv/lib/python3.12/site-packages/oslo_config/cfg.py:3560}}
Aug 24 19:09:05.145679 np0000008003 nova-scheduler[96681]: DEBUG cotyledon.oslo_config_glue [-] profiler.es_scroll_size = 10000 {{(pid=96681) log_opt_values /opt/stack/data/venv/lib/python3.12/site-packages/oslo_config/cfg.py:3560}}
Aug 24 19:09:05.145679 np0000008003 nova-scheduler[96681]: DEBUG cotyledon.oslo_config_glue [-] profiler.es_scroll_time = 2m {{(pid=96681) log_opt_values /opt/stack/data/venv/lib/python3.12/site-packages/oslo_config/cfg.py:3560}}
Aug 24 19:09:05.145679 np0000008003 nova-scheduler[96681]: DEBUG cotyledon.oslo_config_glue [-] profiler.filter_error_trace = False {{(pid=96681) log_opt_values /opt/stack/data/venv/lib/python3.12/site-packages/oslo_config/cfg.py:3560}}
Aug 24 19:09:05.145679 np0000008003 nova-scheduler[96681]: DEBUG cotyledon.oslo_config_glue [-] profiler.hmac_keys = **** {{(pid=96681) log_opt_values /opt/stack/data/venv/lib/python3.12/site-packages/oslo_config/cfg.py:3560}}
Aug 24 19:09:05.145679 np0000008003 nova-scheduler[96681]: DEBUG cotyledon.oslo_config_glue [-] profiler.sentinel_service_name = mymaster {{(pid=96681) log_opt_values /opt/stack/data/venv/lib/python3.12/site-packages/oslo_config/cfg.py:3560}}
Aug 24 19:09:05.145953 np0000008003 nova-scheduler[96681]: DEBUG cotyledon.oslo_config_glue [-] profiler.socket_timeout = 0.1 {{(pid=96681) log_opt_values /opt/stack/data/venv/lib/python3.12/site-packages/oslo_config/cfg.py:3560}}
Aug 24 19:09:05.145953 np0000008003 nova-scheduler[96681]: DEBUG cotyledon.oslo_config_glue [-] profiler.trace_requests = False {{(pid=96681) log_opt_values /opt/stack/data/venv/lib/python3.12/site-packages/oslo_config/cfg.py:3560}}
Aug 24 19:09:05.145953 np0000008003 nova-scheduler[96681]: DEBUG cotyledon.oslo_config_glue [-] profiler.trace_sqlalchemy = False {{(pid=96681) log_opt_values /opt/stack/data/venv/lib/python3.12/site-packages/oslo_config/cfg.py:3560}}
Aug 24 19:09:05.145953 np0000008003 nova-scheduler[96681]: DEBUG cotyledon.oslo_config_glue [-] profiler_jaeger.process_tags = {} {{(pid=96681) log_opt_values /opt/stack/data/venv/lib/python3.12/site-packages/oslo_config/cfg.py:3560}}
Aug 24 19:09:05.145953 np0000008003 nova-scheduler[96681]: DEBUG cotyledon.oslo_config_glue [-] profiler_jaeger.service_name_prefix = None {{(pid=96681) log_opt_values /opt/stack/data/venv/lib/python3.12/site-packages/oslo_config/cfg.py:3560}}
Aug 24 19:09:05.145953 np0000008003 nova-scheduler[96681]: DEBUG cotyledon.oslo_config_glue [-] profiler_otlp.service_name_prefix = None {{(pid=96681) log_opt_values /opt/stack/data/venv/lib/python3.12/site-packages/oslo_config/cfg.py:3560}}
Aug 24 19:09:05.145953 np0000008003 nova-scheduler[96681]: DEBUG cotyledon.oslo_config_glue [-] oslo_messaging_rabbit.amqp_auto_delete = False {{(pid=96681) log_opt_values /opt/stack/data/venv/lib/python3.12/site-packages/oslo_config/cfg.py:3560}}
Aug 24 19:09:05.145953 np0000008003 nova-scheduler[96681]: DEBUG cotyledon.oslo_config_glue [-] oslo_messaging_rabbit.amqp_durable_queues = False {{(pid=96681) log_opt_values /opt/stack/data/venv/lib/python3.12/site-packages/oslo_config/cfg.py:3560}}
Aug 24 19:09:05.145953 np0000008003 nova-scheduler[96681]: DEBUG cotyledon.oslo_config_glue [-] oslo_messaging_rabbit.conn_pool_min_size = 2 {{(pid=96681) log_opt_values /opt/stack/data/venv/lib/python3.12/site-packages/oslo_config/cfg.py:3560}}
Aug 24 19:09:05.146151 np0000008003 nova-scheduler[96681]: DEBUG cotyledon.oslo_config_glue [-] oslo_messaging_rabbit.conn_pool_ttl = 1200 {{(pid=96681) log_opt_values /opt/stack/data/venv/lib/python3.12/site-packages/oslo_config/cfg.py:3560}}
Aug 24 19:09:05.146151 np0000008003 nova-scheduler[96681]: DEBUG cotyledon.oslo_config_glue [-] oslo_messaging_rabbit.direct_mandatory_flag = True {{(pid=96681) log_opt_values /opt/stack/data/venv/lib/python3.12/site-packages/oslo_config/cfg.py:3560}}
Aug 24 19:09:05.146151 np0000008003 nova-scheduler[96681]: DEBUG cotyledon.oslo_config_glue [-] oslo_messaging_rabbit.enable_cancel_on_failover = False {{(pid=96681) log_opt_values /opt/stack/data/venv/lib/python3.12/site-packages/oslo_config/cfg.py:3560}}
Aug 24 19:09:05.146151 np0000008003 nova-scheduler[96681]: DEBUG cotyledon.oslo_config_glue [-] oslo_messaging_rabbit.heartbeat_rate = 3 {{(pid=96681) log_opt_values /opt/stack/data/venv/lib/python3.12/site-packages/oslo_config/cfg.py:3560}}
Aug 24 19:09:05.146151 np0000008003 nova-scheduler[96681]: DEBUG cotyledon.oslo_config_glue [-] oslo_messaging_rabbit.heartbeat_timeout_threshold = 60 {{(pid=96681) log_opt_values /opt/stack/data/venv/lib/python3.12/site-packages/oslo_config/cfg.py:3560}}
Aug 24 19:09:05.146151 np0000008003 nova-scheduler[96681]: DEBUG cotyledon.oslo_config_glue [-] oslo_messaging_rabbit.hostname = np0000008003 {{(pid=96681) log_opt_values /opt/stack/data/venv/lib/python3.12/site-packages/oslo_config/cfg.py:3560}}
Aug 24 19:09:05.146151 np0000008003 nova-scheduler[96681]: DEBUG cotyledon.oslo_config_glue [-] oslo_messaging_rabbit.kombu_compression = None {{(pid=96681) log_opt_values /opt/stack/data/venv/lib/python3.12/site-packages/oslo_config/cfg.py:3560}}
Aug 24 19:09:05.146151 np0000008003 nova-scheduler[96681]: DEBUG cotyledon.oslo_config_glue [-] oslo_messaging_rabbit.kombu_failover_strategy = round-robin {{(pid=96681) log_opt_values /opt/stack/data/venv/lib/python3.12/site-packages/oslo_config/cfg.py:3560}}
Aug 24 19:09:05.146151 np0000008003 nova-scheduler[96681]: DEBUG cotyledon.oslo_config_glue [-] oslo_messaging_rabbit.kombu_missing_consumer_retry_timeout = 60 {{(pid=96681) log_opt_values /opt/stack/data/venv/lib/python3.12/site-packages/oslo_config/cfg.py:3560}}
Aug 24 19:09:05.146328 np0000008003 nova-scheduler[96681]: DEBUG cotyledon.oslo_config_glue [-] oslo_messaging_rabbit.kombu_reconnect_delay = 1.0 {{(pid=96681) log_opt_values /opt/stack/data/venv/lib/python3.12/site-packages/oslo_config/cfg.py:3560}}
Aug 24 19:09:05.146328 np0000008003 nova-scheduler[96681]: DEBUG cotyledon.oslo_config_glue [-] oslo_messaging_rabbit.kombu_reconnect_splay = 0.0 {{(pid=96681) log_opt_values /opt/stack/data/venv/lib/python3.12/site-packages/oslo_config/cfg.py:3560}}
Aug 24 19:09:05.146328 np0000008003 nova-scheduler[96681]: DEBUG cotyledon.oslo_config_glue [-] oslo_messaging_rabbit.processname = nova-scheduler {{(pid=96681) log_opt_values /opt/stack/data/venv/lib/python3.12/site-packages/oslo_config/cfg.py:3560}}
Aug 24 19:09:05.146328 np0000008003 nova-scheduler[96681]: DEBUG cotyledon.oslo_config_glue [-] oslo_messaging_rabbit.rabbit_ha_queues = False {{(pid=96681) log_opt_values /opt/stack/data/venv/lib/python3.12/site-packages/oslo_config/cfg.py:3560}}
Aug 24 19:09:05.146328 np0000008003 nova-scheduler[96681]: DEBUG cotyledon.oslo_config_glue [-] oslo_messaging_rabbit.rabbit_interval_max = 30 {{(pid=96681) log_opt_values /opt/stack/data/venv/lib/python3.12/site-packages/oslo_config/cfg.py:3560}}
Aug 24 19:09:05.146328 np0000008003 nova-scheduler[96681]: DEBUG cotyledon.oslo_config_glue [-] oslo_messaging_rabbit.rabbit_login_method = AMQPLAIN {{(pid=96681) log_opt_values /opt/stack/data/venv/lib/python3.12/site-packages/oslo_config/cfg.py:3560}}
Aug 24 19:09:05.146328 np0000008003 nova-scheduler[96681]: DEBUG cotyledon.oslo_config_glue [-] oslo_messaging_rabbit.rabbit_qos_prefetch_count = 0 {{(pid=96681) log_opt_values /opt/stack/data/venv/lib/python3.12/site-packages/oslo_config/cfg.py:3560}}
Aug 24 19:09:05.146328 np0000008003 nova-scheduler[96681]: DEBUG cotyledon.oslo_config_glue [-] oslo_messaging_rabbit.rabbit_quorum_delivery_limit = 0 {{(pid=96681) log_opt_values /opt/stack/data/venv/lib/python3.12/site-packages/oslo_config/cfg.py:3560}}
Aug 24 19:09:05.146328 np0000008003 nova-scheduler[96681]: DEBUG cotyledon.oslo_config_glue [-] oslo_messaging_rabbit.rabbit_quorum_max_memory_bytes = 0 {{(pid=96681) log_opt_values /opt/stack/data/venv/lib/python3.12/site-packages/oslo_config/cfg.py:3560}}
Aug 24 19:09:05.146532 np0000008003 nova-scheduler[96681]: DEBUG cotyledon.oslo_config_glue [-] oslo_messaging_rabbit.rabbit_quorum_max_memory_length = 0 {{(pid=96681) log_opt_values /opt/stack/data/venv/lib/python3.12/site-packages/oslo_config/cfg.py:3560}}
Aug 24 19:09:05.146532 np0000008003 nova-scheduler[96681]: DEBUG cotyledon.oslo_config_glue [-] oslo_messaging_rabbit.rabbit_quorum_queue = False {{(pid=96681) log_opt_values /opt/stack/data/venv/lib/python3.12/site-packages/oslo_config/cfg.py:3560}}
Aug 24 19:09:05.146532 np0000008003 nova-scheduler[96681]: DEBUG cotyledon.oslo_config_glue [-] oslo_messaging_rabbit.rabbit_retry_backoff = 2 {{(pid=96681) log_opt_values /opt/stack/data/venv/lib/python3.12/site-packages/oslo_config/cfg.py:3560}}
Aug 24 19:09:05.146532 np0000008003 nova-scheduler[96681]: DEBUG cotyledon.oslo_config_glue [-] oslo_messaging_rabbit.rabbit_retry_interval = 1 {{(pid=96681) log_opt_values /opt/stack/data/venv/lib/python3.12/site-packages/oslo_config/cfg.py:3560}}
Aug 24 19:09:05.146532 np0000008003 nova-scheduler[96681]: DEBUG cotyledon.oslo_config_glue [-] oslo_messaging_rabbit.rabbit_stream_fanout = False {{(pid=96681) log_opt_values /opt/stack/data/venv/lib/python3.12/site-packages/oslo_config/cfg.py:3560}}
Aug 24 19:09:05.146532 np0000008003 nova-scheduler[96681]: DEBUG cotyledon.oslo_config_glue [-] oslo_messaging_rabbit.rabbit_transient_queues_ttl = 1800 {{(pid=96681) log_opt_values /opt/stack/data/venv/lib/python3.12/site-packages/oslo_config/cfg.py:3560}}
Aug 24 19:09:05.146532 np0000008003 nova-scheduler[96681]: DEBUG cotyledon.oslo_config_glue [-] oslo_messaging_rabbit.rabbit_transient_quorum_queue = False {{(pid=96681) log_opt_values /opt/stack/data/venv/lib/python3.12/site-packages/oslo_config/cfg.py:3560}}
Aug 24 19:09:05.146532 np0000008003 nova-scheduler[96681]: DEBUG cotyledon.oslo_config_glue [-] oslo_messaging_rabbit.rpc_conn_pool_size = 30 {{(pid=96681) log_opt_values /opt/stack/data/venv/lib/python3.12/site-packages/oslo_config/cfg.py:3560}}
Aug 24 19:09:05.146532 np0000008003 nova-scheduler[96681]: DEBUG cotyledon.oslo_config_glue [-] oslo_messaging_rabbit.ssl = False {{(pid=96681) log_opt_values /opt/stack/data/venv/lib/python3.12/site-packages/oslo_config/cfg.py:3560}}
Aug 24 19:09:05.146730 np0000008003 nova-scheduler[96681]: DEBUG cotyledon.oslo_config_glue [-] oslo_messaging_rabbit.ssl_ca_file = {{(pid=96681) log_opt_values /opt/stack/data/venv/lib/python3.12/site-packages/oslo_config/cfg.py:3560}}
Aug 24 19:09:05.146730 np0000008003 nova-scheduler[96681]: DEBUG cotyledon.oslo_config_glue [-] oslo_messaging_rabbit.ssl_cert_file = {{(pid=96681) log_opt_values /opt/stack/data/venv/lib/python3.12/site-packages/oslo_config/cfg.py:3560}}
Aug 24 19:09:05.146730 np0000008003 nova-scheduler[96681]: DEBUG cotyledon.oslo_config_glue [-] oslo_messaging_rabbit.ssl_enforce_fips_mode = False {{(pid=96681) log_opt_values /opt/stack/data/venv/lib/python3.12/site-packages/oslo_config/cfg.py:3560}}
Aug 24 19:09:05.146730 np0000008003 nova-scheduler[96681]: DEBUG cotyledon.oslo_config_glue [-] oslo_messaging_rabbit.ssl_enforce_hostname_verification = True {{(pid=96681) log_opt_values /opt/stack/data/venv/lib/python3.12/site-packages/oslo_config/cfg.py:3560}}
Aug 24 19:09:05.146730 np0000008003 nova-scheduler[96681]: DEBUG cotyledon.oslo_config_glue [-] oslo_messaging_rabbit.ssl_key_file = {{(pid=96681) log_opt_values /opt/stack/data/venv/lib/python3.12/site-packages/oslo_config/cfg.py:3560}}
Aug 24 19:09:05.146730 np0000008003 nova-scheduler[96681]: DEBUG cotyledon.oslo_config_glue [-] oslo_messaging_rabbit.ssl_version = {{(pid=96681) log_opt_values /opt/stack/data/venv/lib/python3.12/site-packages/oslo_config/cfg.py:3560}}
Aug 24 19:09:05.146730 np0000008003 nova-scheduler[96681]: DEBUG cotyledon.oslo_config_glue [-] oslo_messaging_rabbit.use_queue_manager = False {{(pid=96681) log_opt_values /opt/stack/data/venv/lib/python3.12/site-packages/oslo_config/cfg.py:3560}}
Aug 24 19:09:05.146730 np0000008003 nova-scheduler[96681]: DEBUG cotyledon.oslo_config_glue [-] oslo_messaging_notifications.driver = ['messagingv2'] {{(pid=96681) log_opt_values /opt/stack/data/venv/lib/python3.12/site-packages/oslo_config/cfg.py:3560}}
Aug 24 19:09:05.146730 np0000008003 nova-scheduler[96681]: DEBUG cotyledon.oslo_config_glue [-] oslo_messaging_notifications.retry = -1 {{(pid=96681) log_opt_values /opt/stack/data/venv/lib/python3.12/site-packages/oslo_config/cfg.py:3560}}
Aug 24 19:09:05.146962 np0000008003 nova-scheduler[96679]: INFO dbcounter [None req-bb90636a-76fc-4056-9bcc-c3c8c387fe95 None None] Registered counter for database nova_cell0
Aug 24 19:09:05.146993 np0000008003 nova-scheduler[96681]: DEBUG cotyledon.oslo_config_glue [-] oslo_messaging_notifications.topics = ['notifications'] {{(pid=96681) log_opt_values /opt/stack/data/venv/lib/python3.12/site-packages/oslo_config/cfg.py:3560}}
Aug 24 19:09:05.146993 np0000008003 nova-scheduler[96681]: DEBUG cotyledon.oslo_config_glue [-] oslo_messaging_notifications.transport_url = **** {{(pid=96681) log_opt_values /opt/stack/data/venv/lib/python3.12/site-packages/oslo_config/cfg.py:3560}}
Aug 24 19:09:05.146993 np0000008003 nova-scheduler[96681]: DEBUG cotyledon.oslo_config_glue [-] oslo_limit.auth_section = None {{(pid=96681) log_opt_values /opt/stack/data/venv/lib/python3.12/site-packages/oslo_config/cfg.py:3560}}
Aug 24 19:09:05.146993 np0000008003 nova-scheduler[96681]: DEBUG cotyledon.oslo_config_glue [-] oslo_limit.auth_type = None {{(pid=96681) log_opt_values /opt/stack/data/venv/lib/python3.12/site-packages/oslo_config/cfg.py:3560}}
Aug 24 19:09:05.146993 np0000008003 nova-scheduler[96681]: DEBUG cotyledon.oslo_config_glue [-] oslo_limit.cafile = None {{(pid=96681) log_opt_values /opt/stack/data/venv/lib/python3.12/site-packages/oslo_config/cfg.py:3560}}
Aug 24 19:09:05.146993 np0000008003 nova-scheduler[96681]: DEBUG cotyledon.oslo_config_glue [-] oslo_limit.certfile = None {{(pid=96681) log_opt_values /opt/stack/data/venv/lib/python3.12/site-packages/oslo_config/cfg.py:3560}}
Aug 24 19:09:05.146993 np0000008003 nova-scheduler[96681]: DEBUG cotyledon.oslo_config_glue [-] oslo_limit.collect_timing = False {{(pid=96681) log_opt_values /opt/stack/data/venv/lib/python3.12/site-packages/oslo_config/cfg.py:3560}}
Aug 24 19:09:05.146993 np0000008003 nova-scheduler[96681]: DEBUG cotyledon.oslo_config_glue [-] oslo_limit.connect_retries = None {{(pid=96681) log_opt_values /opt/stack/data/venv/lib/python3.12/site-packages/oslo_config/cfg.py:3560}}
Aug 24 19:09:05.146993 np0000008003 nova-scheduler[96681]: DEBUG cotyledon.oslo_config_glue [-] oslo_limit.connect_retry_delay = None {{(pid=96681) log_opt_values /opt/stack/data/venv/lib/python3.12/site-packages/oslo_config/cfg.py:3560}}
Aug 24 19:09:05.147190 np0000008003 nova-scheduler[96681]: DEBUG cotyledon.oslo_config_glue [-] oslo_limit.endpoint_id = None {{(pid=96681) log_opt_values /opt/stack/data/venv/lib/python3.12/site-packages/oslo_config/cfg.py:3560}}
Aug 24 19:09:05.147190 np0000008003 nova-scheduler[96681]: DEBUG cotyledon.oslo_config_glue [-] oslo_limit.endpoint_interface = public {{(pid=96681) log_opt_values /opt/stack/data/venv/lib/python3.12/site-packages/oslo_config/cfg.py:3560}}
Aug 24 19:09:05.147190 np0000008003 nova-scheduler[96681]: DEBUG cotyledon.oslo_config_glue [-] oslo_limit.endpoint_override = None {{(pid=96681) log_opt_values /opt/stack/data/venv/lib/python3.12/site-packages/oslo_config/cfg.py:3560}}
Aug 24 19:09:05.147190 np0000008003 nova-scheduler[96681]: DEBUG cotyledon.oslo_config_glue [-] oslo_limit.endpoint_region_name = None {{(pid=96681) log_opt_values /opt/stack/data/venv/lib/python3.12/site-packages/oslo_config/cfg.py:3560}}
Aug 24 19:09:05.147190 np0000008003 nova-scheduler[96681]: DEBUG cotyledon.oslo_config_glue [-] oslo_limit.endpoint_service_name = None {{(pid=96681) log_opt_values /opt/stack/data/venv/lib/python3.12/site-packages/oslo_config/cfg.py:3560}}
Aug 24 19:09:05.147190 np0000008003 nova-scheduler[96681]: DEBUG cotyledon.oslo_config_glue [-] oslo_limit.endpoint_service_type = None {{(pid=96681) log_opt_values /opt/stack/data/venv/lib/python3.12/site-packages/oslo_config/cfg.py:3560}}
Aug 24 19:09:05.147190 np0000008003 nova-scheduler[96681]: DEBUG cotyledon.oslo_config_glue [-] oslo_limit.insecure = False {{(pid=96681) log_opt_values /opt/stack/data/venv/lib/python3.12/site-packages/oslo_config/cfg.py:3560}}
Aug 24 19:09:05.147190 np0000008003 nova-scheduler[96681]: DEBUG cotyledon.oslo_config_glue [-] oslo_limit.keyfile = None {{(pid=96681) log_opt_values /opt/stack/data/venv/lib/python3.12/site-packages/oslo_config/cfg.py:3560}}
Aug 24 19:09:05.147190 np0000008003 nova-scheduler[96681]: DEBUG cotyledon.oslo_config_glue [-] oslo_limit.max_version = None {{(pid=96681) log_opt_values /opt/stack/data/venv/lib/python3.12/site-packages/oslo_config/cfg.py:3560}}
Aug 24 19:09:05.147385 np0000008003 nova-scheduler[96681]: DEBUG cotyledon.oslo_config_glue [-] oslo_limit.min_version = None {{(pid=96681) log_opt_values /opt/stack/data/venv/lib/python3.12/site-packages/oslo_config/cfg.py:3560}}
Aug 24 19:09:05.147385 np0000008003 nova-scheduler[96681]: DEBUG cotyledon.oslo_config_glue [-] oslo_limit.region_name = None {{(pid=96681) log_opt_values /opt/stack/data/venv/lib/python3.12/site-packages/oslo_config/cfg.py:3560}}
Aug 24 19:09:05.147385 np0000008003 nova-scheduler[96681]: DEBUG cotyledon.oslo_config_glue [-] oslo_limit.retriable_status_codes = None {{(pid=96681) log_opt_values /opt/stack/data/venv/lib/python3.12/site-packages/oslo_config/cfg.py:3560}}
Aug 24 19:09:05.147385 np0000008003 nova-scheduler[96681]: DEBUG cotyledon.oslo_config_glue [-] oslo_limit.service_name = None {{(pid=96681) log_opt_values /opt/stack/data/venv/lib/python3.12/site-packages/oslo_config/cfg.py:3560}}
Aug 24 19:09:05.147385 np0000008003 nova-scheduler[96681]: DEBUG cotyledon.oslo_config_glue [-] oslo_limit.service_type = None {{(pid=96681) log_opt_values /opt/stack/data/venv/lib/python3.12/site-packages/oslo_config/cfg.py:3560}}
Aug 24 19:09:05.147385 np0000008003 nova-scheduler[96681]: DEBUG cotyledon.oslo_config_glue [-] oslo_limit.split_loggers = False {{(pid=96681) log_opt_values /opt/stack/data/venv/lib/python3.12/site-packages/oslo_config/cfg.py:3560}}
Aug 24 19:09:05.147385 np0000008003 nova-scheduler[96681]: DEBUG cotyledon.oslo_config_glue [-] oslo_limit.status_code_retries = None {{(pid=96681) log_opt_values /opt/stack/data/venv/lib/python3.12/site-packages/oslo_config/cfg.py:3560}}
Aug 24 19:09:05.147385 np0000008003 nova-scheduler[96681]: DEBUG cotyledon.oslo_config_glue [-] oslo_limit.status_code_retry_delay = None {{(pid=96681) log_opt_values /opt/stack/data/venv/lib/python3.12/site-packages/oslo_config/cfg.py:3560}}
Aug 24 19:09:05.147385 np0000008003 nova-scheduler[96681]: DEBUG cotyledon.oslo_config_glue [-] oslo_limit.timeout = None {{(pid=96681) log_opt_values /opt/stack/data/venv/lib/python3.12/site-packages/oslo_config/cfg.py:3560}}
Aug 24 19:09:05.147563 np0000008003 nova-scheduler[96681]: DEBUG cotyledon.oslo_config_glue [-] oslo_limit.valid_interfaces = None {{(pid=96681) log_opt_values /opt/stack/data/venv/lib/python3.12/site-packages/oslo_config/cfg.py:3560}}
Aug 24 19:09:05.147563 np0000008003 nova-scheduler[96681]: DEBUG cotyledon.oslo_config_glue [-] oslo_limit.version = None {{(pid=96681) log_opt_values /opt/stack/data/venv/lib/python3.12/site-packages/oslo_config/cfg.py:3560}}
Aug 24 19:09:05.147563 np0000008003 nova-scheduler[96681]: DEBUG cotyledon.oslo_config_glue [-] oslo_reports.file_event_handler = None {{(pid=96681) log_opt_values /opt/stack/data/venv/lib/python3.12/site-packages/oslo_config/cfg.py:3560}}
Aug 24 19:09:05.147563 np0000008003 nova-scheduler[96681]: DEBUG cotyledon.oslo_config_glue [-] oslo_reports.file_event_handler_interval = 1 {{(pid=96681) log_opt_values /opt/stack/data/venv/lib/python3.12/site-packages/oslo_config/cfg.py:3560}}
Aug 24 19:09:05.147563 np0000008003 nova-scheduler[96681]: DEBUG cotyledon.oslo_config_glue [-] oslo_reports.log_dir = None {{(pid=96681) log_opt_values /opt/stack/data/venv/lib/python3.12/site-packages/oslo_config/cfg.py:3560}}
Aug 24 19:09:05.147563 np0000008003 nova-scheduler[96681]: DEBUG cotyledon.oslo_config_glue [-] ******************************************************************************** {{(pid=96681) log_opt_values /opt/stack/data/venv/lib/python3.12/site-packages/oslo_config/cfg.py:3567}}
Aug 24 19:09:05.147563 np0000008003 nova-scheduler[96681]: DEBUG cotyledon._service_worker [-] Run service ServiceWrapper(3) [96681] {{(pid=96681) wait_forever /opt/stack/data/venv/lib/python3.12/site-packages/cotyledon/_service_worker.py:218}}
Aug 24 19:09:05.147563 np0000008003 nova-scheduler[96681]: INFO nova.service [-] Starting scheduler node (version 33.1.0)
Aug 24 19:09:05.147563 np0000008003 nova-scheduler[96681]: INFO dbcounter [None req-e12261f6-f2b0-425e-a5c3-b8b6f8cecd2d None None] Registered counter for database nova_cell0
Aug 24 19:09:05.147775 np0000008003 nova-scheduler[96675]: DEBUG oslo_db.sqlalchemy.engines [None req-bc8478a1-2ef3-44e1-ae18-b21ad2577a8d None None] MySQL server mode set to STRICT_TRANS_TABLES,STRICT_ALL_TABLES,NO_ZERO_IN_DATE,NO_ZERO_DATE,ERROR_FOR_DIVISION_BY_ZERO,TRADITIONAL,NO_ENGINE_SUBSTITUTION {{(pid=96675) _check_effective_sql_mode /opt/stack/data/venv/lib/python3.12/site-packages/oslo_db/sqlalchemy/engines.py:325}}
Aug 24 19:09:05.147775 np0000008003 nova-scheduler[96675]: DEBUG dbcounter [-] [96675] Writer thread running {{(pid=96675) stat_writer /opt/stack/data/venv/lib/python3.12/site-packages/dbcounter.py:102}}
Aug 24 19:09:05.150713 np0000008003 nova-scheduler[96675]: DEBUG nova.service [None req-bc8478a1-2ef3-44e1-ae18-b21ad2577a8d None None] Creating RPC server for service: nova-scheduler on topic: scheduler {{(pid=96675) start /opt/stack/nova/nova/service.py:262}}
Aug 24 19:09:05.155924 np0000008003 nova-scheduler[96679]: DEBUG oslo_db.sqlalchemy.engines [None req-bb90636a-76fc-4056-9bcc-c3c8c387fe95 None None] MySQL server mode set to STRICT_TRANS_TABLES,STRICT_ALL_TABLES,NO_ZERO_IN_DATE,NO_ZERO_DATE,ERROR_FOR_DIVISION_BY_ZERO,TRADITIONAL,NO_ENGINE_SUBSTITUTION {{(pid=96679) _check_effective_sql_mode /opt/stack/data/venv/lib/python3.12/site-packages/oslo_db/sqlalchemy/engines.py:325}}
Aug 24 19:09:05.159339 np0000008003 nova-scheduler[96677]: DEBUG oslo_db.sqlalchemy.engines [None req-8b09c64a-db5e-4848-b1eb-80971bea53cd None None] MySQL server mode set to STRICT_TRANS_TABLES,STRICT_ALL_TABLES,NO_ZERO_IN_DATE,NO_ZERO_DATE,ERROR_FOR_DIVISION_BY_ZERO,TRADITIONAL,NO_ENGINE_SUBSTITUTION {{(pid=96677) _check_effective_sql_mode /opt/stack/data/venv/lib/python3.12/site-packages/oslo_db/sqlalchemy/engines.py:325}}
Aug 24 19:09:05.168649 np0000008003 nova-scheduler[96681]: DEBUG oslo_db.sqlalchemy.engines [None req-e12261f6-f2b0-425e-a5c3-b8b6f8cecd2d None None] MySQL server mode set to STRICT_TRANS_TABLES,STRICT_ALL_TABLES,NO_ZERO_IN_DATE,NO_ZERO_DATE,ERROR_FOR_DIVISION_BY_ZERO,TRADITIONAL,NO_ENGINE_SUBSTITUTION {{(pid=96681) _check_effective_sql_mode /opt/stack/data/venv/lib/python3.12/site-packages/oslo_db/sqlalchemy/engines.py:325}}
Aug 24 19:09:05.170474 np0000008003 nova-scheduler[96677]: DEBUG dbcounter [-] [96677] Writer thread running {{(pid=96677) stat_writer /opt/stack/data/venv/lib/python3.12/site-packages/dbcounter.py:102}}
Aug 24 19:09:05.173726 np0000008003 nova-scheduler[96677]: DEBUG nova.service [None req-8b09c64a-db5e-4848-b1eb-80971bea53cd None None] Creating RPC server for service: nova-scheduler on topic: scheduler {{(pid=96677) start /opt/stack/nova/nova/service.py:262}}
Aug 24 19:09:05.174462 np0000008003 nova-scheduler[96679]: DEBUG dbcounter [-] [96679] Writer thread running {{(pid=96679) stat_writer /opt/stack/data/venv/lib/python3.12/site-packages/dbcounter.py:102}}
Aug 24 19:09:05.179906 np0000008003 nova-scheduler[96679]: DEBUG nova.service [None req-bb90636a-76fc-4056-9bcc-c3c8c387fe95 None None] Creating RPC server for service: nova-scheduler on topic: scheduler {{(pid=96679) start /opt/stack/nova/nova/service.py:262}}
Aug 24 19:09:05.180052 np0000008003 nova-scheduler[96681]: DEBUG dbcounter [-] [96681] Writer thread running {{(pid=96681) stat_writer /opt/stack/data/venv/lib/python3.12/site-packages/dbcounter.py:102}}
Aug 24 19:09:05.181944 np0000008003 nova-scheduler[96675]: DEBUG nova.service [None req-bc8478a1-2ef3-44e1-ae18-b21ad2577a8d None None] Join ServiceGroup membership for this service scheduler {{(pid=96675) start /opt/stack/nova/nova/service.py:288}}
Aug 24 19:09:05.182213 np0000008003 nova-scheduler[96675]: DEBUG nova.servicegroup.drivers.db [None req-bc8478a1-2ef3-44e1-ae18-b21ad2577a8d None None] DB_Driver: join new ServiceGroup member np0000008003 to the scheduler group, service = {{(pid=96675) join /opt/stack/nova/nova/servicegroup/drivers/db.py:44}}
Aug 24 19:09:05.183240 np0000008003 nova-scheduler[96681]: DEBUG nova.service [None req-e12261f6-f2b0-425e-a5c3-b8b6f8cecd2d None None] Creating RPC server for service: nova-scheduler on topic: scheduler {{(pid=96681) start /opt/stack/nova/nova/service.py:262}}
Aug 24 19:09:05.199707 np0000008003 nova-scheduler[96677]: DEBUG nova.service [None req-8b09c64a-db5e-4848-b1eb-80971bea53cd None None] Join ServiceGroup membership for this service scheduler {{(pid=96677) start /opt/stack/nova/nova/service.py:288}}
Aug 24 19:09:05.200084 np0000008003 nova-scheduler[96677]: DEBUG nova.servicegroup.drivers.db [None req-8b09c64a-db5e-4848-b1eb-80971bea53cd None None] DB_Driver: join new ServiceGroup member np0000008003 to the scheduler group, service = {{(pid=96677) join /opt/stack/nova/nova/servicegroup/drivers/db.py:44}}
Aug 24 19:09:05.204894 np0000008003 nova-scheduler[96679]: DEBUG nova.service [None req-bb90636a-76fc-4056-9bcc-c3c8c387fe95 None None] Join ServiceGroup membership for this service scheduler {{(pid=96679) start /opt/stack/nova/nova/service.py:288}}
Aug 24 19:09:05.205446 np0000008003 nova-scheduler[96681]: DEBUG nova.service [None req-e12261f6-f2b0-425e-a5c3-b8b6f8cecd2d None None] Join ServiceGroup membership for this service scheduler {{(pid=96681) start /opt/stack/nova/nova/service.py:288}}
Aug 24 19:09:05.205514 np0000008003 nova-scheduler[96679]: DEBUG nova.servicegroup.drivers.db [None req-bb90636a-76fc-4056-9bcc-c3c8c387fe95 None None] DB_Driver: join new ServiceGroup member np0000008003 to the scheduler group, service = {{(pid=96679) join /opt/stack/nova/nova/servicegroup/drivers/db.py:44}}
Aug 24 19:09:05.205553 np0000008003 nova-scheduler[96681]: DEBUG nova.servicegroup.drivers.db [None req-e12261f6-f2b0-425e-a5c3-b8b6f8cecd2d None None] DB_Driver: join new ServiceGroup member np0000008003 to the scheduler group, service = {{(pid=96681) join /opt/stack/nova/nova/servicegroup/drivers/db.py:44}}
Aug 24 19:09:10.195758 np0000008003 nova-scheduler[96675]: DEBUG oslo.service.backend._threading.loopingcall [-] Fixed interval looping call 'nova.servicegroup.drivers.db.DbDriver._report_state' sleeping for 119.99 seconds {{(pid=96675) _run_loop /opt/stack/data/venv/lib/python3.12/site-packages/oslo_service/backend/_threading/loopingcall.py:125}}
Aug 24 19:09:10.210753 np0000008003 nova-scheduler[96677]: DEBUG oslo.service.backend._threading.loopingcall [-] Fixed interval looping call 'nova.servicegroup.drivers.db.DbDriver._report_state' sleeping for 119.99 seconds {{(pid=96677) _run_loop /opt/stack/data/venv/lib/python3.12/site-packages/oslo_service/backend/_threading/loopingcall.py:125}}
Aug 24 19:09:10.215769 np0000008003 nova-scheduler[96681]: DEBUG oslo.service.backend._threading.loopingcall [-] Fixed interval looping call 'nova.servicegroup.drivers.db.DbDriver._report_state' sleeping for 119.99 seconds {{(pid=96681) _run_loop /opt/stack/data/venv/lib/python3.12/site-packages/oslo_service/backend/_threading/loopingcall.py:125}}
Aug 24 19:09:10.216644 np0000008003 nova-scheduler[96679]: DEBUG oslo.service.backend._threading.loopingcall [-] Fixed interval looping call 'nova.servicegroup.drivers.db.DbDriver._report_state' sleeping for 119.99 seconds {{(pid=96679) _run_loop /opt/stack/data/venv/lib/python3.12/site-packages/oslo_service/backend/_threading/loopingcall.py:125}}
Aug 24 19:09:13.730584 np0000008003 nova-scheduler[95472]: DEBUG dbcounter [-] [95472] Writing DB stats nova_api:SELECT=3 {{(pid=95472) stat_writer /opt/stack/data/venv/lib/python3.12/site-packages/dbcounter.py:115}}
Aug 24 19:09:13.856227 np0000008003 nova-scheduler[95472]: DEBUG dbcounter [-] [95472] Writing DB stats nova_cell0:SELECT=1 {{(pid=95472) stat_writer /opt/stack/data/venv/lib/python3.12/site-packages/dbcounter.py:115}}
Aug 24 19:09:13.858676 np0000008003 nova-scheduler[95472]: DEBUG dbcounter [-] [95472] Writing DB stats nova_cell1:SELECT=1 {{(pid=95472) stat_writer /opt/stack/data/venv/lib/python3.12/site-packages/dbcounter.py:115}}
Aug 24 19:09:20.192393 np0000008003 nova-scheduler[96675]: DEBUG dbcounter [-] [96675] Writing DB stats nova_cell0:SELECT=4,nova_cell0:INSERT=1,nova_cell0:UPDATE=1 {{(pid=96675) stat_writer /opt/stack/data/venv/lib/python3.12/site-packages/dbcounter.py:115}}
Aug 24 19:09:20.207506 np0000008003 nova-scheduler[96677]: DEBUG dbcounter [-] [96677] Writing DB stats nova_cell0:SELECT=3 {{(pid=96677) stat_writer /opt/stack/data/venv/lib/python3.12/site-packages/dbcounter.py:115}}
Aug 24 19:09:20.213337 np0000008003 nova-scheduler[96681]: DEBUG dbcounter [-] [96681] Writing DB stats nova_cell0:SELECT=3 {{(pid=96681) stat_writer /opt/stack/data/venv/lib/python3.12/site-packages/dbcounter.py:115}}
Aug 24 19:09:20.217515 np0000008003 nova-scheduler[96679]: DEBUG dbcounter [-] [96679] Writing DB stats nova_cell0:SELECT=3 {{(pid=96679) stat_writer /opt/stack/data/venv/lib/python3.12/site-packages/dbcounter.py:115}}
Aug 24 19:09:31.208057 np0000008003 nova-scheduler[96679]: DEBUG oslo.service.backend._threading.loopingcall [None req-4d598194-a53f-4a65-931c-9d49af7a571b None None] Dynamic interval looping call 'nova.service.Service.periodic_tasks' sleeping for 60.00 seconds {{(pid=96679) _run_loop /opt/stack/data/venv/lib/python3.12/site-packages/oslo_service/backend/_threading/loopingcall.py:125}}
Aug 24 19:09:43.207702 np0000008003 nova-scheduler[96681]: DEBUG oslo.service.backend._threading.loopingcall [None req-8b23fc5d-904c-4005-84a4-a4cdd2925716 None None] Dynamic interval looping call 'nova.service.Service.periodic_tasks' sleeping for 60.00 seconds {{(pid=96681) _run_loop /opt/stack/data/venv/lib/python3.12/site-packages/oslo_service/backend/_threading/loopingcall.py:125}}
Aug 24 19:10:00.184839 np0000008003 nova-scheduler[96675]: DEBUG oslo.service.backend._threading.loopingcall [None req-142e5112-7bbd-4063-899d-95b3f091a38e None None] Dynamic interval looping call 'nova.service.Service.periodic_tasks' sleeping for 60.00 seconds {{(pid=96675) _run_loop /opt/stack/data/venv/lib/python3.12/site-packages/oslo_service/backend/_threading/loopingcall.py:125}}
Aug 24 19:10:05.202173 np0000008003 nova-scheduler[96677]: DEBUG oslo.service.backend._threading.loopingcall [None req-fa32ad65-9261-4271-95e2-d75f8054b1e7 None None] Dynamic interval looping call 'nova.service.Service.periodic_tasks' sleeping for 60.00 seconds {{(pid=96677) _run_loop /opt/stack/data/venv/lib/python3.12/site-packages/oslo_service/backend/_threading/loopingcall.py:125}}
Aug 24 19:10:31.208548 np0000008003 nova-scheduler[96679]: DEBUG oslo.service.backend._threading.loopingcall [None req-4d598194-a53f-4a65-931c-9d49af7a571b None None] Dynamic interval looping call 'nova.service.Service.periodic_tasks' sleeping for 60.00 seconds {{(pid=96679) _run_loop /opt/stack/data/venv/lib/python3.12/site-packages/oslo_service/backend/_threading/loopingcall.py:125}}
Aug 24 19:10:43.208284 np0000008003 nova-scheduler[96681]: DEBUG oslo.service.backend._threading.loopingcall [None req-8b23fc5d-904c-4005-84a4-a4cdd2925716 None None] Dynamic interval looping call 'nova.service.Service.periodic_tasks' sleeping for 60.00 seconds {{(pid=96681) _run_loop /opt/stack/data/venv/lib/python3.12/site-packages/oslo_service/backend/_threading/loopingcall.py:125}}
Aug 24 19:11:00.185390 np0000008003 nova-scheduler[96675]: DEBUG oslo.service.backend._threading.loopingcall [None req-142e5112-7bbd-4063-899d-95b3f091a38e None None] Dynamic interval looping call 'nova.service.Service.periodic_tasks' sleeping for 60.00 seconds {{(pid=96675) _run_loop /opt/stack/data/venv/lib/python3.12/site-packages/oslo_service/backend/_threading/loopingcall.py:125}}
Aug 24 19:11:05.202721 np0000008003 nova-scheduler[96677]: DEBUG oslo.service.backend._threading.loopingcall [None req-fa32ad65-9261-4271-95e2-d75f8054b1e7 None None] Dynamic interval looping call 'nova.service.Service.periodic_tasks' sleeping for 60.00 seconds {{(pid=96677) _run_loop /opt/stack/data/venv/lib/python3.12/site-packages/oslo_service/backend/_threading/loopingcall.py:125}}
Aug 24 19:11:10.194693 np0000008003 nova-scheduler[96675]: DEBUG oslo.service.backend._threading.loopingcall [-] Fixed interval looping call 'nova.servicegroup.drivers.db.DbDriver._report_state' sleeping for 119.99 seconds {{(pid=96675) _run_loop /opt/stack/data/venv/lib/python3.12/site-packages/oslo_service/backend/_threading/loopingcall.py:125}}
Aug 24 19:11:10.204491 np0000008003 nova-scheduler[96677]: DEBUG oslo.service.backend._threading.loopingcall [-] Fixed interval looping call 'nova.servicegroup.drivers.db.DbDriver._report_state' sleeping for 120.00 seconds {{(pid=96677) _run_loop /opt/stack/data/venv/lib/python3.12/site-packages/oslo_service/backend/_threading/loopingcall.py:125}}
Aug 24 19:11:10.209697 np0000008003 nova-scheduler[96681]: DEBUG oslo.service.backend._threading.loopingcall [-] Fixed interval looping call 'nova.servicegroup.drivers.db.DbDriver._report_state' sleeping for 120.00 seconds {{(pid=96681) _run_loop /opt/stack/data/venv/lib/python3.12/site-packages/oslo_service/backend/_threading/loopingcall.py:125}}
Aug 24 19:11:10.210780 np0000008003 nova-scheduler[96679]: DEBUG oslo.service.backend._threading.loopingcall [-] Fixed interval looping call 'nova.servicegroup.drivers.db.DbDriver._report_state' sleeping for 120.00 seconds {{(pid=96679) _run_loop /opt/stack/data/venv/lib/python3.12/site-packages/oslo_service/backend/_threading/loopingcall.py:125}}
Aug 24 19:11:20.189768 np0000008003 nova-scheduler[96675]: DEBUG dbcounter [-] [96675] Writing DB stats nova_cell0:SELECT=1,nova_cell0:UPDATE=1 {{(pid=96675) stat_writer /opt/stack/data/venv/lib/python3.12/site-packages/dbcounter.py:115}}
Aug 24 19:11:20.202848 np0000008003 nova-scheduler[96677]: DEBUG dbcounter [-] [96677] Writing DB stats nova_cell0:SELECT=1 {{(pid=96677) stat_writer /opt/stack/data/venv/lib/python3.12/site-packages/dbcounter.py:115}}
Aug 24 19:11:20.207753 np0000008003 nova-scheduler[96681]: DEBUG dbcounter [-] [96681] Writing DB stats nova_cell0:SELECT=1 {{(pid=96681) stat_writer /opt/stack/data/venv/lib/python3.12/site-packages/dbcounter.py:115}}
Aug 24 19:11:20.209634 np0000008003 nova-scheduler[96679]: DEBUG dbcounter [-] [96679] Writing DB stats nova_cell0:SELECT=1 {{(pid=96679) stat_writer /opt/stack/data/venv/lib/python3.12/site-packages/dbcounter.py:115}}
Aug 24 19:11:31.209053 np0000008003 nova-scheduler[96679]: DEBUG oslo.service.backend._threading.loopingcall [None req-4d598194-a53f-4a65-931c-9d49af7a571b None None] Dynamic interval looping call 'nova.service.Service.periodic_tasks' sleeping for 60.00 seconds {{(pid=96679) _run_loop /opt/stack/data/venv/lib/python3.12/site-packages/oslo_service/backend/_threading/loopingcall.py:125}}
Aug 24 19:11:43.208820 np0000008003 nova-scheduler[96681]: DEBUG oslo.service.backend._threading.loopingcall [None req-8b23fc5d-904c-4005-84a4-a4cdd2925716 None None] Dynamic interval looping call 'nova.service.Service.periodic_tasks' sleeping for 60.00 seconds {{(pid=96681) _run_loop /opt/stack/data/venv/lib/python3.12/site-packages/oslo_service/backend/_threading/loopingcall.py:125}}
Aug 24 19:11:50.331891 np0000008003 nova-scheduler[96675]: DEBUG nova.scheduler.manager [None req-33a75671-4ef2-4068-87f4-77b9ef5e0ad5 tempest-VolumesAdminNegativeTest-40631434 tempest-VolumesAdminNegativeTest-40631434-project-member] Starting to schedule for instances: ['619f4435-ca40-4d6b-8e53-0b7429384f65'] {{(pid=96675) select_destinations /opt/stack/nova/nova/scheduler/manager.py:197}}
Aug 24 19:11:50.332579 np0000008003 nova-scheduler[96675]: DEBUG nova.scheduler.request_filter [None req-33a75671-4ef2-4068-87f4-77b9ef5e0ad5 tempest-VolumesAdminNegativeTest-40631434 tempest-VolumesAdminNegativeTest-40631434-project-member] compute_status_filter request filter added forbidden trait COMPUTE_STATUS_DISABLED {{(pid=96675) compute_status_filter /opt/stack/nova/nova/scheduler/request_filter.py:258}}
Aug 24 19:11:50.332800 np0000008003 nova-scheduler[96675]: DEBUG nova.scheduler.request_filter [None req-33a75671-4ef2-4068-87f4-77b9ef5e0ad5 tempest-VolumesAdminNegativeTest-40631434 tempest-VolumesAdminNegativeTest-40631434-project-member] Request filter 'compute_status_filter' took 0.0 seconds {{(pid=96675) wrapper /opt/stack/nova/nova/scheduler/request_filter.py:51}}
Aug 24 19:11:50.333088 np0000008003 nova-scheduler[96675]: DEBUG nova.scheduler.request_filter [None req-33a75671-4ef2-4068-87f4-77b9ef5e0ad5 tempest-VolumesAdminNegativeTest-40631434 tempest-VolumesAdminNegativeTest-40631434-project-member] Request filter 'accelerators_filter' took 0.0 seconds {{(pid=96675) wrapper /opt/stack/nova/nova/scheduler/request_filter.py:51}}
Aug 24 19:11:50.333373 np0000008003 nova-scheduler[96675]: DEBUG nova.scheduler.request_filter [None req-33a75671-4ef2-4068-87f4-77b9ef5e0ad5 tempest-VolumesAdminNegativeTest-40631434 tempest-VolumesAdminNegativeTest-40631434-project-member] Request filter 'packed_virtqueue_filter' took 0.0 seconds {{(pid=96675) wrapper /opt/stack/nova/nova/scheduler/request_filter.py:51}}
Aug 24 19:11:50.333824 np0000008003 nova-scheduler[96675]: DEBUG nova.scheduler.request_filter [None req-33a75671-4ef2-4068-87f4-77b9ef5e0ad5 tempest-VolumesAdminNegativeTest-40631434 tempest-VolumesAdminNegativeTest-40631434-project-member] Request filter 'remote_managed_ports_filter' took 0.0 seconds {{(pid=96675) wrapper /opt/stack/nova/nova/scheduler/request_filter.py:51}}
Aug 24 19:11:50.334047 np0000008003 nova-scheduler[96675]: DEBUG nova.scheduler.request_filter [None req-33a75671-4ef2-4068-87f4-77b9ef5e0ad5 tempest-VolumesAdminNegativeTest-40631434 tempest-VolumesAdminNegativeTest-40631434-project-member] ephemeral_encryption_filter skipped {{(pid=96675) ephemeral_encryption_filter /opt/stack/nova/nova/scheduler/request_filter.py:431}}
Aug 24 19:11:50.334247 np0000008003 nova-scheduler[96675]: DEBUG nova.scheduler.request_filter [None req-33a75671-4ef2-4068-87f4-77b9ef5e0ad5 tempest-VolumesAdminNegativeTest-40631434 tempest-VolumesAdminNegativeTest-40631434-project-member] virtio_sound_filter skipped {{(pid=96675) virtio_sound_filter /opt/stack/nova/nova/scheduler/request_filter.py:465}}
Aug 24 19:11:50.334476 np0000008003 nova-scheduler[96675]: DEBUG nova.scheduler.request_filter [None req-33a75671-4ef2-4068-87f4-77b9ef5e0ad5 tempest-VolumesAdminNegativeTest-40631434 tempest-VolumesAdminNegativeTest-40631434-project-member] tpm_secret_security_filter skipped {{(pid=96675) tpm_secret_security_filter /opt/stack/nova/nova/scheduler/request_filter.py:482}}
Aug 24 19:11:50.335781 np0000008003 nova-scheduler[96675]: DEBUG oslo_concurrency.lockutils [None req-33a75671-4ef2-4068-87f4-77b9ef5e0ad5 tempest-VolumesAdminNegativeTest-40631434 tempest-VolumesAdminNegativeTest-40631434-project-member] Acquiring lock "00000000-0000-0000-0000-000000000000" by "nova.context.set_target_cell..get_or_set_cached_cell_and_set_connections" {{(pid=96675) inner /opt/stack/data/venv/lib/python3.12/site-packages/oslo_concurrency/lockutils.py:512}}
Aug 24 19:11:50.336081 np0000008003 nova-scheduler[96675]: DEBUG oslo_concurrency.lockutils [None req-33a75671-4ef2-4068-87f4-77b9ef5e0ad5 tempest-VolumesAdminNegativeTest-40631434 tempest-VolumesAdminNegativeTest-40631434-project-member] Lock "00000000-0000-0000-0000-000000000000" acquired by "nova.context.set_target_cell..get_or_set_cached_cell_and_set_connections" :: waited 0.000s {{(pid=96675) inner /opt/stack/data/venv/lib/python3.12/site-packages/oslo_concurrency/lockutils.py:525}}
Aug 24 19:11:50.336963 np0000008003 nova-scheduler[96675]: DEBUG oslo_concurrency.lockutils [None req-33a75671-4ef2-4068-87f4-77b9ef5e0ad5 tempest-VolumesAdminNegativeTest-40631434 tempest-VolumesAdminNegativeTest-40631434-project-member] Lock "00000000-0000-0000-0000-000000000000" "released" by "nova.context.set_target_cell..get_or_set_cached_cell_and_set_connections" :: held 0.001s {{(pid=96675) inner /opt/stack/data/venv/lib/python3.12/site-packages/oslo_concurrency/lockutils.py:544}}
Aug 24 19:11:50.337301 np0000008003 nova-scheduler[96675]: INFO nova.thread_pool_factory [None req-33a75671-4ef2-4068-87f4-77b9ef5e0ad5 tempest-VolumesAdminNegativeTest-40631434 tempest-VolumesAdminNegativeTest-40631434-project-member] The cell_worker thread pool ForkProcess-1.cell_worker is initialized
Aug 24 19:11:50.338743 np0000008003 nova-scheduler[96675]: DEBUG oslo_concurrency.lockutils [None req-33a75671-4ef2-4068-87f4-77b9ef5e0ad5 tempest-VolumesAdminNegativeTest-40631434 tempest-VolumesAdminNegativeTest-40631434-project-member] Acquiring lock "59d78a18-6265-4434-962b-41810f3e7ab6" by "nova.context.set_target_cell..get_or_set_cached_cell_and_set_connections" {{(pid=96675) inner /opt/stack/data/venv/lib/python3.12/site-packages/oslo_concurrency/lockutils.py:512}}
Aug 24 19:11:50.340483 np0000008003 nova-scheduler[96675]: INFO dbcounter [None req-33a75671-4ef2-4068-87f4-77b9ef5e0ad5 tempest-VolumesAdminNegativeTest-40631434 tempest-VolumesAdminNegativeTest-40631434-project-member] Registered counter for database nova_cell0
Aug 24 19:11:50.342933 np0000008003 nova-scheduler[96675]: DEBUG oslo_concurrency.lockutils [None req-33a75671-4ef2-4068-87f4-77b9ef5e0ad5 tempest-VolumesAdminNegativeTest-40631434 tempest-VolumesAdminNegativeTest-40631434-project-member] Lock "59d78a18-6265-4434-962b-41810f3e7ab6" acquired by "nova.context.set_target_cell..get_or_set_cached_cell_and_set_connections" :: waited 0.002s {{(pid=96675) inner /opt/stack/data/venv/lib/python3.12/site-packages/oslo_concurrency/lockutils.py:525}}
