Aug 24 19:09:10.654733 np0000008003 nova-conductor[99077]: DEBUG cotyledon.oslo_config_glue [-] vnc.vencrypt_client_cert = None {{(pid=99077) log_opt_values /opt/stack/data/venv/lib/python3.12/site-packages/oslo_config/cfg.py:3560}}
Aug 24 19:09:10.654733 np0000008003 nova-conductor[99077]: DEBUG cotyledon.oslo_config_glue [-] vnc.vencrypt_client_key = None {{(pid=99077) log_opt_values /opt/stack/data/venv/lib/python3.12/site-packages/oslo_config/cfg.py:3560}}
Aug 24 19:09:10.654733 np0000008003 nova-conductor[99077]: DEBUG cotyledon.oslo_config_glue [-] workarounds.disable_compute_service_check_for_ffu = False {{(pid=99077) log_opt_values /opt/stack/data/venv/lib/python3.12/site-packages/oslo_config/cfg.py:3560}}
Aug 24 19:09:10.654733 np0000008003 nova-conductor[99077]: DEBUG cotyledon.oslo_config_glue [-] workarounds.disable_deep_image_inspection = False {{(pid=99077) log_opt_values /opt/stack/data/venv/lib/python3.12/site-packages/oslo_config/cfg.py:3560}}
Aug 24 19:09:10.654733 np0000008003 nova-conductor[99077]: DEBUG cotyledon.oslo_config_glue [-] workarounds.disable_fallback_pcpu_query = False {{(pid=99077) log_opt_values /opt/stack/data/venv/lib/python3.12/site-packages/oslo_config/cfg.py:3560}}
Aug 24 19:09:10.654733 np0000008003 nova-conductor[99077]: DEBUG cotyledon.oslo_config_glue [-] workarounds.disable_group_policy_check_upcall = False {{(pid=99077) log_opt_values /opt/stack/data/venv/lib/python3.12/site-packages/oslo_config/cfg.py:3560}}
Aug 24 19:09:10.654733 np0000008003 nova-conductor[99077]: DEBUG cotyledon.oslo_config_glue [-] workarounds.disable_libvirt_livesnapshot = False {{(pid=99077) log_opt_values /opt/stack/data/venv/lib/python3.12/site-packages/oslo_config/cfg.py:3560}}
Aug 24 19:09:10.654733 np0000008003 nova-conductor[99077]: DEBUG cotyledon.oslo_config_glue [-] workarounds.disable_rootwrap = False {{(pid=99077) log_opt_values /opt/stack/data/venv/lib/python3.12/site-packages/oslo_config/cfg.py:3560}}
Aug 24 19:09:10.655164 np0000008003 nova-conductor[99077]: DEBUG cotyledon.oslo_config_glue [-] workarounds.enable_numa_live_migration = False {{(pid=99077) log_opt_values /opt/stack/data/venv/lib/python3.12/site-packages/oslo_config/cfg.py:3560}}
Aug 24 19:09:10.655164 np0000008003 nova-conductor[99077]: DEBUG cotyledon.oslo_config_glue [-] workarounds.enable_qemu_monitor_announce_self = False {{(pid=99077) log_opt_values /opt/stack/data/venv/lib/python3.12/site-packages/oslo_config/cfg.py:3560}}
Aug 24 19:09:10.655164 np0000008003 nova-conductor[99077]: DEBUG cotyledon.oslo_config_glue [-] workarounds.ensure_libvirt_rbd_instance_dir_cleanup = False {{(pid=99077) log_opt_values /opt/stack/data/venv/lib/python3.12/site-packages/oslo_config/cfg.py:3560}}
Aug 24 19:09:10.655164 np0000008003 nova-conductor[99077]: DEBUG cotyledon.oslo_config_glue [-] workarounds.handle_virt_lifecycle_events = True {{(pid=99077) log_opt_values /opt/stack/data/venv/lib/python3.12/site-packages/oslo_config/cfg.py:3560}}
Aug 24 19:09:10.655164 np0000008003 nova-conductor[99077]: DEBUG cotyledon.oslo_config_glue [-] workarounds.libvirt_disable_apic = False {{(pid=99077) log_opt_values /opt/stack/data/venv/lib/python3.12/site-packages/oslo_config/cfg.py:3560}}
Aug 24 19:09:10.655164 np0000008003 nova-conductor[99077]: DEBUG cotyledon.oslo_config_glue [-] workarounds.never_download_image_if_on_rbd = False {{(pid=99077) log_opt_values /opt/stack/data/venv/lib/python3.12/site-packages/oslo_config/cfg.py:3560}}
Aug 24 19:09:10.655164 np0000008003 nova-conductor[99077]: DEBUG cotyledon.oslo_config_glue [-] workarounds.qemu_monitor_announce_self_count = 3 {{(pid=99077) log_opt_values /opt/stack/data/venv/lib/python3.12/site-packages/oslo_config/cfg.py:3560}}
Aug 24 19:09:10.655164 np0000008003 nova-conductor[99077]: DEBUG cotyledon.oslo_config_glue [-] workarounds.qemu_monitor_announce_self_interval = 1 {{(pid=99077) log_opt_values /opt/stack/data/venv/lib/python3.12/site-packages/oslo_config/cfg.py:3560}}
Aug 24 19:09:10.655164 np0000008003 nova-conductor[99077]: DEBUG cotyledon.oslo_config_glue [-] workarounds.reserve_disk_resource_for_image_cache = False {{(pid=99077) log_opt_values /opt/stack/data/venv/lib/python3.12/site-packages/oslo_config/cfg.py:3560}}
Aug 24 19:09:10.655434 np0000008003 nova-conductor[99077]: DEBUG cotyledon.oslo_config_glue [-] workarounds.skip_cpu_compare_at_startup = False {{(pid=99077) log_opt_values /opt/stack/data/venv/lib/python3.12/site-packages/oslo_config/cfg.py:3560}}
Aug 24 19:09:10.655434 np0000008003 nova-conductor[99077]: DEBUG cotyledon.oslo_config_glue [-] workarounds.skip_cpu_compare_on_dest = False {{(pid=99077) log_opt_values /opt/stack/data/venv/lib/python3.12/site-packages/oslo_config/cfg.py:3560}}
Aug 24 19:09:10.655434 np0000008003 nova-conductor[99077]: DEBUG cotyledon.oslo_config_glue [-] workarounds.skip_hypervisor_version_check_on_lm = False {{(pid=99077) log_opt_values /opt/stack/data/venv/lib/python3.12/site-packages/oslo_config/cfg.py:3560}}
Aug 24 19:09:10.655434 np0000008003 nova-conductor[99077]: DEBUG cotyledon.oslo_config_glue [-] workarounds.skip_reserve_in_use_ironic_nodes = False {{(pid=99077) log_opt_values /opt/stack/data/venv/lib/python3.12/site-packages/oslo_config/cfg.py:3560}}
Aug 24 19:09:10.655434 np0000008003 nova-conductor[99077]: DEBUG cotyledon.oslo_config_glue [-] workarounds.unified_limits_count_pcpu_as_vcpu = False {{(pid=99077) log_opt_values /opt/stack/data/venv/lib/python3.12/site-packages/oslo_config/cfg.py:3560}}
Aug 24 19:09:10.655434 np0000008003 nova-conductor[99077]: DEBUG cotyledon.oslo_config_glue [-] workarounds.wait_for_vif_plugged_event_during_hard_reboot = [] {{(pid=99077) log_opt_values /opt/stack/data/venv/lib/python3.12/site-packages/oslo_config/cfg.py:3560}}
Aug 24 19:09:10.655434 np0000008003 nova-conductor[99077]: DEBUG cotyledon.oslo_config_glue [-] wsgi.api_paste_config = /etc/nova/api-paste.ini {{(pid=99077) log_opt_values /opt/stack/data/venv/lib/python3.12/site-packages/oslo_config/cfg.py:3560}}
Aug 24 19:09:10.655434 np0000008003 nova-conductor[99077]: DEBUG cotyledon.oslo_config_glue [-] wsgi.secure_proxy_ssl_header = None {{(pid=99077) log_opt_values /opt/stack/data/venv/lib/python3.12/site-packages/oslo_config/cfg.py:3560}}
Aug 24 19:09:10.655434 np0000008003 nova-conductor[99077]: DEBUG cotyledon.oslo_config_glue [-] zvm.ca_file = None {{(pid=99077) log_opt_values /opt/stack/data/venv/lib/python3.12/site-packages/oslo_config/cfg.py:3560}}
Aug 24 19:09:10.655692 np0000008003 nova-conductor[99077]: DEBUG cotyledon.oslo_config_glue [-] zvm.cloud_connector_url = None {{(pid=99077) log_opt_values /opt/stack/data/venv/lib/python3.12/site-packages/oslo_config/cfg.py:3560}}
Aug 24 19:09:10.655692 np0000008003 nova-conductor[99077]: DEBUG cotyledon.oslo_config_glue [-] zvm.image_tmp_path = /opt/stack/data/nova/images {{(pid=99077) log_opt_values /opt/stack/data/venv/lib/python3.12/site-packages/oslo_config/cfg.py:3560}}
Aug 24 19:09:10.655692 np0000008003 nova-conductor[99077]: DEBUG cotyledon.oslo_config_glue [-] zvm.reachable_timeout = 300 {{(pid=99077) log_opt_values /opt/stack/data/venv/lib/python3.12/site-packages/oslo_config/cfg.py:3560}}
Aug 24 19:09:10.655692 np0000008003 nova-conductor[99077]: DEBUG cotyledon.oslo_config_glue [-] oslo_versionedobjects.fatal_exception_format_errors = False {{(pid=99077) log_opt_values /opt/stack/data/venv/lib/python3.12/site-packages/oslo_config/cfg.py:3560}}
Aug 24 19:09:10.655692 np0000008003 nova-conductor[99077]: DEBUG cotyledon.oslo_config_glue [-] oslo_middleware.http_basic_auth_user_file = /etc/htpasswd {{(pid=99077) log_opt_values /opt/stack/data/venv/lib/python3.12/site-packages/oslo_config/cfg.py:3560}}
Aug 24 19:09:10.655692 np0000008003 nova-conductor[99077]: DEBUG cotyledon.oslo_config_glue [-] profiler.connection_string = messaging:// {{(pid=99077) log_opt_values /opt/stack/data/venv/lib/python3.12/site-packages/oslo_config/cfg.py:3560}}
Aug 24 19:09:10.655692 np0000008003 nova-conductor[99077]: DEBUG cotyledon.oslo_config_glue [-] profiler.enabled = False {{(pid=99077) log_opt_values /opt/stack/data/venv/lib/python3.12/site-packages/oslo_config/cfg.py:3560}}
Aug 24 19:09:10.655692 np0000008003 nova-conductor[99077]: DEBUG cotyledon.oslo_config_glue [-] profiler.es_doc_type = notification {{(pid=99077) log_opt_values /opt/stack/data/venv/lib/python3.12/site-packages/oslo_config/cfg.py:3560}}
Aug 24 19:09:10.655692 np0000008003 nova-conductor[99077]: DEBUG cotyledon.oslo_config_glue [-] profiler.es_scroll_size = 10000 {{(pid=99077) log_opt_values /opt/stack/data/venv/lib/python3.12/site-packages/oslo_config/cfg.py:3560}}
Aug 24 19:09:10.655938 np0000008003 nova-conductor[99077]: DEBUG cotyledon.oslo_config_glue [-] profiler.es_scroll_time = 2m {{(pid=99077) log_opt_values /opt/stack/data/venv/lib/python3.12/site-packages/oslo_config/cfg.py:3560}}
Aug 24 19:09:10.655938 np0000008003 nova-conductor[99077]: DEBUG cotyledon.oslo_config_glue [-] profiler.filter_error_trace = False {{(pid=99077) log_opt_values /opt/stack/data/venv/lib/python3.12/site-packages/oslo_config/cfg.py:3560}}
Aug 24 19:09:10.655938 np0000008003 nova-conductor[99077]: DEBUG cotyledon.oslo_config_glue [-] profiler.hmac_keys = **** {{(pid=99077) log_opt_values /opt/stack/data/venv/lib/python3.12/site-packages/oslo_config/cfg.py:3560}}
Aug 24 19:09:10.655938 np0000008003 nova-conductor[99077]: DEBUG cotyledon.oslo_config_glue [-] profiler.sentinel_service_name = mymaster {{(pid=99077) log_opt_values /opt/stack/data/venv/lib/python3.12/site-packages/oslo_config/cfg.py:3560}}
Aug 24 19:09:10.655938 np0000008003 nova-conductor[99077]: DEBUG cotyledon.oslo_config_glue [-] profiler.socket_timeout = 0.1 {{(pid=99077) log_opt_values /opt/stack/data/venv/lib/python3.12/site-packages/oslo_config/cfg.py:3560}}
Aug 24 19:09:10.655938 np0000008003 nova-conductor[99077]: DEBUG cotyledon.oslo_config_glue [-] profiler.trace_requests = False {{(pid=99077) log_opt_values /opt/stack/data/venv/lib/python3.12/site-packages/oslo_config/cfg.py:3560}}
Aug 24 19:09:10.655938 np0000008003 nova-conductor[99077]: DEBUG cotyledon.oslo_config_glue [-] profiler.trace_sqlalchemy = False {{(pid=99077) log_opt_values /opt/stack/data/venv/lib/python3.12/site-packages/oslo_config/cfg.py:3560}}
Aug 24 19:09:10.655938 np0000008003 nova-conductor[99077]: DEBUG cotyledon.oslo_config_glue [-] profiler_jaeger.process_tags = {} {{(pid=99077) log_opt_values /opt/stack/data/venv/lib/python3.12/site-packages/oslo_config/cfg.py:3560}}
Aug 24 19:09:10.655938 np0000008003 nova-conductor[99077]: DEBUG cotyledon.oslo_config_glue [-] profiler_jaeger.service_name_prefix = None {{(pid=99077) log_opt_values /opt/stack/data/venv/lib/python3.12/site-packages/oslo_config/cfg.py:3560}}
Aug 24 19:09:10.656124 np0000008003 nova-conductor[99077]: DEBUG cotyledon.oslo_config_glue [-] profiler_otlp.service_name_prefix = None {{(pid=99077) log_opt_values /opt/stack/data/venv/lib/python3.12/site-packages/oslo_config/cfg.py:3560}}
Aug 24 19:09:10.656124 np0000008003 nova-conductor[99077]: DEBUG cotyledon.oslo_config_glue [-] oslo_messaging_rabbit.amqp_auto_delete = False {{(pid=99077) log_opt_values /opt/stack/data/venv/lib/python3.12/site-packages/oslo_config/cfg.py:3560}}
Aug 24 19:09:10.656124 np0000008003 nova-conductor[99077]: DEBUG cotyledon.oslo_config_glue [-] oslo_messaging_rabbit.amqp_durable_queues = False {{(pid=99077) log_opt_values /opt/stack/data/venv/lib/python3.12/site-packages/oslo_config/cfg.py:3560}}
Aug 24 19:09:10.656124 np0000008003 nova-conductor[99077]: DEBUG cotyledon.oslo_config_glue [-] oslo_messaging_rabbit.conn_pool_min_size = 2 {{(pid=99077) log_opt_values /opt/stack/data/venv/lib/python3.12/site-packages/oslo_config/cfg.py:3560}}
Aug 24 19:09:10.656124 np0000008003 nova-conductor[99077]: DEBUG cotyledon.oslo_config_glue [-] oslo_messaging_rabbit.conn_pool_ttl = 1200 {{(pid=99077) log_opt_values /opt/stack/data/venv/lib/python3.12/site-packages/oslo_config/cfg.py:3560}}
Aug 24 19:09:10.656124 np0000008003 nova-conductor[99077]: DEBUG cotyledon.oslo_config_glue [-] oslo_messaging_rabbit.direct_mandatory_flag = True {{(pid=99077) log_opt_values /opt/stack/data/venv/lib/python3.12/site-packages/oslo_config/cfg.py:3560}}
Aug 24 19:09:10.656124 np0000008003 nova-conductor[99077]: DEBUG cotyledon.oslo_config_glue [-] oslo_messaging_rabbit.enable_cancel_on_failover = False {{(pid=99077) log_opt_values /opt/stack/data/venv/lib/python3.12/site-packages/oslo_config/cfg.py:3560}}
Aug 24 19:09:10.656124 np0000008003 nova-conductor[99077]: DEBUG cotyledon.oslo_config_glue [-] oslo_messaging_rabbit.heartbeat_rate = 3 {{(pid=99077) log_opt_values /opt/stack/data/venv/lib/python3.12/site-packages/oslo_config/cfg.py:3560}}
Aug 24 19:09:10.656124 np0000008003 nova-conductor[99077]: DEBUG cotyledon.oslo_config_glue [-] oslo_messaging_rabbit.heartbeat_timeout_threshold = 60 {{(pid=99077) log_opt_values /opt/stack/data/venv/lib/python3.12/site-packages/oslo_config/cfg.py:3560}}
Aug 24 19:09:10.656293 np0000008003 nova-conductor[99077]: DEBUG cotyledon.oslo_config_glue [-] oslo_messaging_rabbit.hostname = np0000008003 {{(pid=99077) log_opt_values /opt/stack/data/venv/lib/python3.12/site-packages/oslo_config/cfg.py:3560}}
Aug 24 19:09:10.656293 np0000008003 nova-conductor[99077]: DEBUG cotyledon.oslo_config_glue [-] oslo_messaging_rabbit.kombu_compression = None {{(pid=99077) log_opt_values /opt/stack/data/venv/lib/python3.12/site-packages/oslo_config/cfg.py:3560}}
Aug 24 19:09:10.656293 np0000008003 nova-conductor[99077]: DEBUG cotyledon.oslo_config_glue [-] oslo_messaging_rabbit.kombu_failover_strategy = round-robin {{(pid=99077) log_opt_values /opt/stack/data/venv/lib/python3.12/site-packages/oslo_config/cfg.py:3560}}
Aug 24 19:09:10.656293 np0000008003 nova-conductor[99077]: DEBUG cotyledon.oslo_config_glue [-] oslo_messaging_rabbit.kombu_missing_consumer_retry_timeout = 60 {{(pid=99077) log_opt_values /opt/stack/data/venv/lib/python3.12/site-packages/oslo_config/cfg.py:3560}}
Aug 24 19:09:10.656293 np0000008003 nova-conductor[99077]: DEBUG cotyledon.oslo_config_glue [-] oslo_messaging_rabbit.kombu_reconnect_delay = 1.0 {{(pid=99077) log_opt_values /opt/stack/data/venv/lib/python3.12/site-packages/oslo_config/cfg.py:3560}}
Aug 24 19:09:10.656293 np0000008003 nova-conductor[99077]: DEBUG cotyledon.oslo_config_glue [-] oslo_messaging_rabbit.kombu_reconnect_splay = 0.0 {{(pid=99077) log_opt_values /opt/stack/data/venv/lib/python3.12/site-packages/oslo_config/cfg.py:3560}}
Aug 24 19:09:10.656293 np0000008003 nova-conductor[99077]: DEBUG cotyledon.oslo_config_glue [-] oslo_messaging_rabbit.processname = nova-conductor {{(pid=99077) log_opt_values /opt/stack/data/venv/lib/python3.12/site-packages/oslo_config/cfg.py:3560}}
Aug 24 19:09:10.656293 np0000008003 nova-conductor[99077]: DEBUG cotyledon.oslo_config_glue [-] oslo_messaging_rabbit.rabbit_ha_queues = False {{(pid=99077) log_opt_values /opt/stack/data/venv/lib/python3.12/site-packages/oslo_config/cfg.py:3560}}
Aug 24 19:09:10.656293 np0000008003 nova-conductor[99077]: DEBUG cotyledon.oslo_config_glue [-] oslo_messaging_rabbit.rabbit_interval_max = 30 {{(pid=99077) log_opt_values /opt/stack/data/venv/lib/python3.12/site-packages/oslo_config/cfg.py:3560}}
Aug 24 19:09:10.656452 np0000008003 nova-conductor[99077]: DEBUG cotyledon.oslo_config_glue [-] oslo_messaging_rabbit.rabbit_login_method = AMQPLAIN {{(pid=99077) log_opt_values /opt/stack/data/venv/lib/python3.12/site-packages/oslo_config/cfg.py:3560}}
Aug 24 19:09:10.656452 np0000008003 nova-conductor[99077]: DEBUG cotyledon.oslo_config_glue [-] oslo_messaging_rabbit.rabbit_qos_prefetch_count = 0 {{(pid=99077) log_opt_values /opt/stack/data/venv/lib/python3.12/site-packages/oslo_config/cfg.py:3560}}
Aug 24 19:09:10.656452 np0000008003 nova-conductor[99077]: DEBUG cotyledon.oslo_config_glue [-] oslo_messaging_rabbit.rabbit_quorum_delivery_limit = 0 {{(pid=99077) log_opt_values /opt/stack/data/venv/lib/python3.12/site-packages/oslo_config/cfg.py:3560}}
Aug 24 19:09:10.656452 np0000008003 nova-conductor[99077]: DEBUG cotyledon.oslo_config_glue [-] oslo_messaging_rabbit.rabbit_quorum_max_memory_bytes = 0 {{(pid=99077) log_opt_values /opt/stack/data/venv/lib/python3.12/site-packages/oslo_config/cfg.py:3560}}
Aug 24 19:09:10.656452 np0000008003 nova-conductor[99077]: DEBUG cotyledon.oslo_config_glue [-] oslo_messaging_rabbit.rabbit_quorum_max_memory_length = 0 {{(pid=99077) log_opt_values /opt/stack/data/venv/lib/python3.12/site-packages/oslo_config/cfg.py:3560}}
Aug 24 19:09:10.656452 np0000008003 nova-conductor[99077]: DEBUG cotyledon.oslo_config_glue [-] oslo_messaging_rabbit.rabbit_quorum_queue = False {{(pid=99077) log_opt_values /opt/stack/data/venv/lib/python3.12/site-packages/oslo_config/cfg.py:3560}}
Aug 24 19:09:10.656452 np0000008003 nova-conductor[99077]: DEBUG cotyledon.oslo_config_glue [-] oslo_messaging_rabbit.rabbit_retry_backoff = 2 {{(pid=99077) log_opt_values /opt/stack/data/venv/lib/python3.12/site-packages/oslo_config/cfg.py:3560}}
Aug 24 19:09:10.656452 np0000008003 nova-conductor[99077]: DEBUG cotyledon.oslo_config_glue [-] oslo_messaging_rabbit.rabbit_retry_interval = 1 {{(pid=99077) log_opt_values /opt/stack/data/venv/lib/python3.12/site-packages/oslo_config/cfg.py:3560}}
Aug 24 19:09:10.656452 np0000008003 nova-conductor[99077]: DEBUG cotyledon.oslo_config_glue [-] oslo_messaging_rabbit.rabbit_stream_fanout = False {{(pid=99077) log_opt_values /opt/stack/data/venv/lib/python3.12/site-packages/oslo_config/cfg.py:3560}}
Aug 24 19:09:10.656709 np0000008003 nova-conductor[99077]: DEBUG cotyledon.oslo_config_glue [-] oslo_messaging_rabbit.rabbit_transient_queues_ttl = 1800 {{(pid=99077) log_opt_values /opt/stack/data/venv/lib/python3.12/site-packages/oslo_config/cfg.py:3560}}
Aug 24 19:09:10.656709 np0000008003 nova-conductor[99077]: DEBUG cotyledon.oslo_config_glue [-] oslo_messaging_rabbit.rabbit_transient_quorum_queue = False {{(pid=99077) log_opt_values /opt/stack/data/venv/lib/python3.12/site-packages/oslo_config/cfg.py:3560}}
Aug 24 19:09:10.656709 np0000008003 nova-conductor[99077]: DEBUG cotyledon.oslo_config_glue [-] oslo_messaging_rabbit.rpc_conn_pool_size = 30 {{(pid=99077) log_opt_values /opt/stack/data/venv/lib/python3.12/site-packages/oslo_config/cfg.py:3560}}
Aug 24 19:09:10.656709 np0000008003 nova-conductor[99077]: DEBUG cotyledon.oslo_config_glue [-] oslo_messaging_rabbit.ssl = False {{(pid=99077) log_opt_values /opt/stack/data/venv/lib/python3.12/site-packages/oslo_config/cfg.py:3560}}
Aug 24 19:09:10.656709 np0000008003 nova-conductor[99077]: DEBUG cotyledon.oslo_config_glue [-] oslo_messaging_rabbit.ssl_ca_file = {{(pid=99077) log_opt_values /opt/stack/data/venv/lib/python3.12/site-packages/oslo_config/cfg.py:3560}}
Aug 24 19:09:10.656709 np0000008003 nova-conductor[99077]: DEBUG cotyledon.oslo_config_glue [-] oslo_messaging_rabbit.ssl_cert_file = {{(pid=99077) log_opt_values /opt/stack/data/venv/lib/python3.12/site-packages/oslo_config/cfg.py:3560}}
Aug 24 19:09:10.656709 np0000008003 nova-conductor[99077]: DEBUG cotyledon.oslo_config_glue [-] oslo_messaging_rabbit.ssl_enforce_fips_mode = False {{(pid=99077) log_opt_values /opt/stack/data/venv/lib/python3.12/site-packages/oslo_config/cfg.py:3560}}
Aug 24 19:09:10.656709 np0000008003 nova-conductor[99077]: DEBUG cotyledon.oslo_config_glue [-] oslo_messaging_rabbit.ssl_enforce_hostname_verification = True {{(pid=99077) log_opt_values /opt/stack/data/venv/lib/python3.12/site-packages/oslo_config/cfg.py:3560}}
Aug 24 19:09:10.656709 np0000008003 nova-conductor[99077]: DEBUG cotyledon.oslo_config_glue [-] oslo_messaging_rabbit.ssl_key_file = {{(pid=99077) log_opt_values /opt/stack/data/venv/lib/python3.12/site-packages/oslo_config/cfg.py:3560}}
Aug 24 19:09:10.657079 np0000008003 nova-conductor[99077]: DEBUG cotyledon.oslo_config_glue [-] oslo_messaging_rabbit.ssl_version = {{(pid=99077) log_opt_values /opt/stack/data/venv/lib/python3.12/site-packages/oslo_config/cfg.py:3560}}
Aug 24 19:09:10.657079 np0000008003 nova-conductor[99077]: DEBUG cotyledon.oslo_config_glue [-] oslo_messaging_rabbit.use_queue_manager = False {{(pid=99077) log_opt_values /opt/stack/data/venv/lib/python3.12/site-packages/oslo_config/cfg.py:3560}}
Aug 24 19:09:10.657079 np0000008003 nova-conductor[99077]: DEBUG cotyledon.oslo_config_glue [-] oslo_messaging_notifications.driver = ['messagingv2'] {{(pid=99077) log_opt_values /opt/stack/data/venv/lib/python3.12/site-packages/oslo_config/cfg.py:3560}}
Aug 24 19:09:10.657079 np0000008003 nova-conductor[99077]: DEBUG cotyledon.oslo_config_glue [-] oslo_messaging_notifications.retry = -1 {{(pid=99077) log_opt_values /opt/stack/data/venv/lib/python3.12/site-packages/oslo_config/cfg.py:3560}}
Aug 24 19:09:10.657079 np0000008003 nova-conductor[99077]: DEBUG cotyledon.oslo_config_glue [-] oslo_messaging_notifications.topics = ['notifications'] {{(pid=99077) log_opt_values /opt/stack/data/venv/lib/python3.12/site-packages/oslo_config/cfg.py:3560}}
Aug 24 19:09:10.657079 np0000008003 nova-conductor[99077]: DEBUG cotyledon.oslo_config_glue [-] oslo_messaging_notifications.transport_url = **** {{(pid=99077) log_opt_values /opt/stack/data/venv/lib/python3.12/site-packages/oslo_config/cfg.py:3560}}
Aug 24 19:09:10.657079 np0000008003 nova-conductor[99077]: DEBUG cotyledon.oslo_config_glue [-] oslo_limit.auth_section = None {{(pid=99077) log_opt_values /opt/stack/data/venv/lib/python3.12/site-packages/oslo_config/cfg.py:3560}}
Aug 24 19:09:10.657079 np0000008003 nova-conductor[99077]: DEBUG cotyledon.oslo_config_glue [-] oslo_limit.auth_type = None {{(pid=99077) log_opt_values /opt/stack/data/venv/lib/python3.12/site-packages/oslo_config/cfg.py:3560}}
Aug 24 19:09:10.657079 np0000008003 nova-conductor[99077]: DEBUG cotyledon.oslo_config_glue [-] oslo_limit.cafile = None {{(pid=99077) log_opt_values /opt/stack/data/venv/lib/python3.12/site-packages/oslo_config/cfg.py:3560}}
Aug 24 19:09:10.657353 np0000008003 nova-conductor[99077]: DEBUG cotyledon.oslo_config_glue [-] oslo_limit.certfile = None {{(pid=99077) log_opt_values /opt/stack/data/venv/lib/python3.12/site-packages/oslo_config/cfg.py:3560}}
Aug 24 19:09:10.657353 np0000008003 nova-conductor[99077]: DEBUG cotyledon.oslo_config_glue [-] oslo_limit.collect_timing = False {{(pid=99077) log_opt_values /opt/stack/data/venv/lib/python3.12/site-packages/oslo_config/cfg.py:3560}}
Aug 24 19:09:10.657353 np0000008003 nova-conductor[99077]: DEBUG cotyledon.oslo_config_glue [-] oslo_limit.connect_retries = None {{(pid=99077) log_opt_values /opt/stack/data/venv/lib/python3.12/site-packages/oslo_config/cfg.py:3560}}
Aug 24 19:09:10.657353 np0000008003 nova-conductor[99077]: DEBUG cotyledon.oslo_config_glue [-] oslo_limit.connect_retry_delay = None {{(pid=99077) log_opt_values /opt/stack/data/venv/lib/python3.12/site-packages/oslo_config/cfg.py:3560}}
Aug 24 19:09:10.657353 np0000008003 nova-conductor[99077]: DEBUG cotyledon.oslo_config_glue [-] oslo_limit.endpoint_id = None {{(pid=99077) log_opt_values /opt/stack/data/venv/lib/python3.12/site-packages/oslo_config/cfg.py:3560}}
Aug 24 19:09:10.657353 np0000008003 nova-conductor[99077]: DEBUG cotyledon.oslo_config_glue [-] oslo_limit.endpoint_interface = public {{(pid=99077) log_opt_values /opt/stack/data/venv/lib/python3.12/site-packages/oslo_config/cfg.py:3560}}
Aug 24 19:09:10.657353 np0000008003 nova-conductor[99077]: DEBUG cotyledon.oslo_config_glue [-] oslo_limit.endpoint_override = None {{(pid=99077) log_opt_values /opt/stack/data/venv/lib/python3.12/site-packages/oslo_config/cfg.py:3560}}
Aug 24 19:09:10.657353 np0000008003 nova-conductor[99077]: DEBUG cotyledon.oslo_config_glue [-] oslo_limit.endpoint_region_name = None {{(pid=99077) log_opt_values /opt/stack/data/venv/lib/python3.12/site-packages/oslo_config/cfg.py:3560}}
Aug 24 19:09:10.657353 np0000008003 nova-conductor[99077]: DEBUG cotyledon.oslo_config_glue [-] oslo_limit.endpoint_service_name = None {{(pid=99077) log_opt_values /opt/stack/data/venv/lib/python3.12/site-packages/oslo_config/cfg.py:3560}}
Aug 24 19:09:10.657638 np0000008003 nova-conductor[99077]: DEBUG cotyledon.oslo_config_glue [-] oslo_limit.endpoint_service_type = None {{(pid=99077) log_opt_values /opt/stack/data/venv/lib/python3.12/site-packages/oslo_config/cfg.py:3560}}
Aug 24 19:09:10.657638 np0000008003 nova-conductor[99077]: DEBUG cotyledon.oslo_config_glue [-] oslo_limit.insecure = False {{(pid=99077) log_opt_values /opt/stack/data/venv/lib/python3.12/site-packages/oslo_config/cfg.py:3560}}
Aug 24 19:09:10.657638 np0000008003 nova-conductor[99077]: DEBUG cotyledon.oslo_config_glue [-] oslo_limit.keyfile = None {{(pid=99077) log_opt_values /opt/stack/data/venv/lib/python3.12/site-packages/oslo_config/cfg.py:3560}}
Aug 24 19:09:10.657638 np0000008003 nova-conductor[99077]: DEBUG cotyledon.oslo_config_glue [-] oslo_limit.max_version = None {{(pid=99077) log_opt_values /opt/stack/data/venv/lib/python3.12/site-packages/oslo_config/cfg.py:3560}}
Aug 24 19:09:10.657638 np0000008003 nova-conductor[99077]: DEBUG cotyledon.oslo_config_glue [-] oslo_limit.min_version = None {{(pid=99077) log_opt_values /opt/stack/data/venv/lib/python3.12/site-packages/oslo_config/cfg.py:3560}}
Aug 24 19:09:10.657638 np0000008003 nova-conductor[99077]: DEBUG cotyledon.oslo_config_glue [-] oslo_limit.region_name = None {{(pid=99077) log_opt_values /opt/stack/data/venv/lib/python3.12/site-packages/oslo_config/cfg.py:3560}}
Aug 24 19:09:10.657638 np0000008003 nova-conductor[99077]: DEBUG cotyledon.oslo_config_glue [-] oslo_limit.retriable_status_codes = None {{(pid=99077) log_opt_values /opt/stack/data/venv/lib/python3.12/site-packages/oslo_config/cfg.py:3560}}
Aug 24 19:09:10.657638 np0000008003 nova-conductor[99077]: DEBUG cotyledon.oslo_config_glue [-] oslo_limit.service_name = None {{(pid=99077) log_opt_values /opt/stack/data/venv/lib/python3.12/site-packages/oslo_config/cfg.py:3560}}
Aug 24 19:09:10.657638 np0000008003 nova-conductor[99077]: DEBUG cotyledon.oslo_config_glue [-] oslo_limit.service_type = None {{(pid=99077) log_opt_values /opt/stack/data/venv/lib/python3.12/site-packages/oslo_config/cfg.py:3560}}
Aug 24 19:09:10.657846 np0000008003 nova-conductor[99077]: DEBUG cotyledon.oslo_config_glue [-] oslo_limit.split_loggers = False {{(pid=99077) log_opt_values /opt/stack/data/venv/lib/python3.12/site-packages/oslo_config/cfg.py:3560}}
Aug 24 19:09:10.657846 np0000008003 nova-conductor[99077]: DEBUG cotyledon.oslo_config_glue [-] oslo_limit.status_code_retries = None {{(pid=99077) log_opt_values /opt/stack/data/venv/lib/python3.12/site-packages/oslo_config/cfg.py:3560}}
Aug 24 19:09:10.657846 np0000008003 nova-conductor[99077]: DEBUG cotyledon.oslo_config_glue [-] oslo_limit.status_code_retry_delay = None {{(pid=99077) log_opt_values /opt/stack/data/venv/lib/python3.12/site-packages/oslo_config/cfg.py:3560}}
Aug 24 19:09:10.657846 np0000008003 nova-conductor[99077]: DEBUG cotyledon.oslo_config_glue [-] oslo_limit.timeout = None {{(pid=99077) log_opt_values /opt/stack/data/venv/lib/python3.12/site-packages/oslo_config/cfg.py:3560}}
Aug 24 19:09:10.657846 np0000008003 nova-conductor[99077]: DEBUG cotyledon.oslo_config_glue [-] oslo_limit.valid_interfaces = None {{(pid=99077) log_opt_values /opt/stack/data/venv/lib/python3.12/site-packages/oslo_config/cfg.py:3560}}
Aug 24 19:09:10.657846 np0000008003 nova-conductor[99077]: DEBUG cotyledon.oslo_config_glue [-] oslo_limit.version = None {{(pid=99077) log_opt_values /opt/stack/data/venv/lib/python3.12/site-packages/oslo_config/cfg.py:3560}}
Aug 24 19:09:10.657846 np0000008003 nova-conductor[99077]: DEBUG cotyledon.oslo_config_glue [-] oslo_reports.file_event_handler = None {{(pid=99077) log_opt_values /opt/stack/data/venv/lib/python3.12/site-packages/oslo_config/cfg.py:3560}}
Aug 24 19:09:10.657846 np0000008003 nova-conductor[99077]: DEBUG cotyledon.oslo_config_glue [-] oslo_reports.file_event_handler_interval = 1 {{(pid=99077) log_opt_values /opt/stack/data/venv/lib/python3.12/site-packages/oslo_config/cfg.py:3560}}
Aug 24 19:09:10.657846 np0000008003 nova-conductor[99077]: DEBUG cotyledon.oslo_config_glue [-] oslo_reports.log_dir = None {{(pid=99077) log_opt_values /opt/stack/data/venv/lib/python3.12/site-packages/oslo_config/cfg.py:3560}}
Aug 24 19:09:10.658022 np0000008003 nova-conductor[99077]: DEBUG cotyledon.oslo_config_glue [-] ******************************************************************************** {{(pid=99077) log_opt_values /opt/stack/data/venv/lib/python3.12/site-packages/oslo_config/cfg.py:3567}}
Aug 24 19:09:10.658022 np0000008003 nova-conductor[99077]: DEBUG cotyledon._service_worker [-] Run service ServiceWrapper(3) [99077] {{(pid=99077) wait_forever /opt/stack/data/venv/lib/python3.12/site-packages/cotyledon/_service_worker.py:218}}
Aug 24 19:09:10.658022 np0000008003 nova-conductor[99077]: INFO nova.service [-] Starting conductor node (version 33.1.0)
Aug 24 19:09:10.658022 np0000008003 nova-conductor[99077]: INFO dbcounter [None req-253f3e72-88c3-4319-b9cd-cd702778abfd None None] Registered counter for database nova_cell0
Aug 24 19:09:10.659527 np0000008003 nova-conductor[99059]: DEBUG oslo_db.sqlalchemy.engines [None req-bb56ca56-ceb7-4e98-8c95-9f8528237cc2 None None] MySQL server mode set to STRICT_TRANS_TABLES,STRICT_ALL_TABLES,NO_ZERO_IN_DATE,NO_ZERO_DATE,ERROR_FOR_DIVISION_BY_ZERO,TRADITIONAL,NO_ENGINE_SUBSTITUTION {{(pid=99059) _check_effective_sql_mode /opt/stack/data/venv/lib/python3.12/site-packages/oslo_db/sqlalchemy/engines.py:325}}
Aug 24 19:09:10.662439 np0000008003 nova-conductor[99073]: DEBUG oslo_db.sqlalchemy.engines [None req-9604d9b2-ec23-49f4-9dc5-33dae68a4304 None None] MySQL server mode set to STRICT_TRANS_TABLES,STRICT_ALL_TABLES,NO_ZERO_IN_DATE,NO_ZERO_DATE,ERROR_FOR_DIVISION_BY_ZERO,TRADITIONAL,NO_ENGINE_SUBSTITUTION {{(pid=99073) _check_effective_sql_mode /opt/stack/data/venv/lib/python3.12/site-packages/oslo_db/sqlalchemy/engines.py:325}}
Aug 24 19:09:10.667114 np0000008003 nova-conductor[99066]: DEBUG oslo_db.sqlalchemy.engines [None req-9e85e9e8-eabf-4ddf-b1e4-42b7d5a81f4f None None] MySQL server mode set to STRICT_TRANS_TABLES,STRICT_ALL_TABLES,NO_ZERO_IN_DATE,NO_ZERO_DATE,ERROR_FOR_DIVISION_BY_ZERO,TRADITIONAL,NO_ENGINE_SUBSTITUTION {{(pid=99066) _check_effective_sql_mode /opt/stack/data/venv/lib/python3.12/site-packages/oslo_db/sqlalchemy/engines.py:325}}
Aug 24 19:09:10.670403 np0000008003 nova-conductor[99059]: DEBUG dbcounter [-] [99059] Writer thread running {{(pid=99059) stat_writer /opt/stack/data/venv/lib/python3.12/site-packages/dbcounter.py:102}}
Aug 24 19:09:10.674314 np0000008003 nova-conductor[99073]: DEBUG dbcounter [-] [99073] Writer thread running {{(pid=99073) stat_writer /opt/stack/data/venv/lib/python3.12/site-packages/dbcounter.py:102}}
Aug 24 19:09:10.676548 np0000008003 nova-conductor[99066]: DEBUG dbcounter [-] [99066] Writer thread running {{(pid=99066) stat_writer /opt/stack/data/venv/lib/python3.12/site-packages/dbcounter.py:102}}
Aug 24 19:09:10.686044 np0000008003 nova-conductor[99077]: DEBUG oslo_db.sqlalchemy.engines [None req-253f3e72-88c3-4319-b9cd-cd702778abfd None None] MySQL server mode set to STRICT_TRANS_TABLES,STRICT_ALL_TABLES,NO_ZERO_IN_DATE,NO_ZERO_DATE,ERROR_FOR_DIVISION_BY_ZERO,TRADITIONAL,NO_ENGINE_SUBSTITUTION {{(pid=99077) _check_effective_sql_mode /opt/stack/data/venv/lib/python3.12/site-packages/oslo_db/sqlalchemy/engines.py:325}}
Aug 24 19:09:10.687811 np0000008003 nova-conductor[99059]: DEBUG nova.service [None req-bb56ca56-ceb7-4e98-8c95-9f8528237cc2 None None] Creating RPC server for service: nova-conductor on topic: conductor {{(pid=99059) start /opt/stack/nova/nova/service.py:262}}
Aug 24 19:09:10.691567 np0000008003 nova-conductor[99066]: DEBUG nova.service [None req-9e85e9e8-eabf-4ddf-b1e4-42b7d5a81f4f None None] Creating RPC server for service: nova-conductor on topic: conductor {{(pid=99066) start /opt/stack/nova/nova/service.py:262}}
Aug 24 19:09:10.691961 np0000008003 nova-conductor[99073]: DEBUG nova.service [None req-9604d9b2-ec23-49f4-9dc5-33dae68a4304 None None] Creating RPC server for service: nova-conductor on topic: conductor {{(pid=99073) start /opt/stack/nova/nova/service.py:262}}
Aug 24 19:09:10.697187 np0000008003 nova-conductor[99077]: DEBUG dbcounter [-] [99077] Writer thread running {{(pid=99077) stat_writer /opt/stack/data/venv/lib/python3.12/site-packages/dbcounter.py:102}}
Aug 24 19:09:10.700138 np0000008003 nova-conductor[99077]: DEBUG nova.service [None req-253f3e72-88c3-4319-b9cd-cd702778abfd None None] Creating RPC server for service: nova-conductor on topic: conductor {{(pid=99077) start /opt/stack/nova/nova/service.py:262}}
Aug 24 19:09:10.714415 np0000008003 nova-conductor[99066]: DEBUG nova.service [None req-9e85e9e8-eabf-4ddf-b1e4-42b7d5a81f4f None None] Join ServiceGroup membership for this service conductor {{(pid=99066) start /opt/stack/nova/nova/service.py:288}}
Aug 24 19:09:10.715253 np0000008003 nova-conductor[99066]: DEBUG nova.servicegroup.drivers.db [None req-9e85e9e8-eabf-4ddf-b1e4-42b7d5a81f4f None None] DB_Driver: join new ServiceGroup member np0000008003 to the conductor group, service = {{(pid=99066) join /opt/stack/nova/nova/servicegroup/drivers/db.py:44}}
Aug 24 19:09:10.717123 np0000008003 nova-conductor[99059]: DEBUG nova.service [None req-bb56ca56-ceb7-4e98-8c95-9f8528237cc2 None None] Join ServiceGroup membership for this service conductor {{(pid=99059) start /opt/stack/nova/nova/service.py:288}}
Aug 24 19:09:10.717392 np0000008003 nova-conductor[99059]: DEBUG nova.servicegroup.drivers.db [None req-bb56ca56-ceb7-4e98-8c95-9f8528237cc2 None None] DB_Driver: join new ServiceGroup member np0000008003 to the conductor group, service = {{(pid=99059) join /opt/stack/nova/nova/servicegroup/drivers/db.py:44}}
Aug 24 19:09:10.717525 np0000008003 nova-conductor[99077]: DEBUG nova.service [None req-253f3e72-88c3-4319-b9cd-cd702778abfd None None] Join ServiceGroup membership for this service conductor {{(pid=99077) start /opt/stack/nova/nova/service.py:288}}
Aug 24 19:09:10.717695 np0000008003 nova-conductor[99077]: DEBUG nova.servicegroup.drivers.db [None req-253f3e72-88c3-4319-b9cd-cd702778abfd None None] DB_Driver: join new ServiceGroup member np0000008003 to the conductor group, service = {{(pid=99077) join /opt/stack/nova/nova/servicegroup/drivers/db.py:44}}
Aug 24 19:09:10.722151 np0000008003 nova-conductor[99073]: DEBUG nova.service [None req-9604d9b2-ec23-49f4-9dc5-33dae68a4304 None None] Join ServiceGroup membership for this service conductor {{(pid=99073) start /opt/stack/nova/nova/service.py:288}}
Aug 24 19:09:10.722428 np0000008003 nova-conductor[99073]: DEBUG nova.servicegroup.drivers.db [None req-9604d9b2-ec23-49f4-9dc5-33dae68a4304 None None] DB_Driver: join new ServiceGroup member np0000008003 to the conductor group, service = {{(pid=99073) join /opt/stack/nova/nova/servicegroup/drivers/db.py:44}}
Aug 24 19:09:15.733168 np0000008003 nova-conductor[99059]: DEBUG oslo.service.backend._threading.loopingcall [-] Fixed interval looping call 'nova.servicegroup.drivers.db.DbDriver._report_state' sleeping for 119.99 seconds {{(pid=99059) _run_loop /opt/stack/data/venv/lib/python3.12/site-packages/oslo_service/backend/_threading/loopingcall.py:125}}
Aug 24 19:09:15.733521 np0000008003 nova-conductor[99066]: DEBUG oslo.service.backend._threading.loopingcall [-] Fixed interval looping call 'nova.servicegroup.drivers.db.DbDriver._report_state' sleeping for 119.98 seconds {{(pid=99066) _run_loop /opt/stack/data/venv/lib/python3.12/site-packages/oslo_service/backend/_threading/loopingcall.py:125}}
Aug 24 19:09:15.735605 np0000008003 nova-conductor[99073]: DEBUG oslo.service.backend._threading.loopingcall [-] Fixed interval looping call 'nova.servicegroup.drivers.db.DbDriver._report_state' sleeping for 119.99 seconds {{(pid=99073) _run_loop /opt/stack/data/venv/lib/python3.12/site-packages/oslo_service/backend/_threading/loopingcall.py:125}}
Aug 24 19:09:15.735986 np0000008003 nova-conductor[99077]: DEBUG oslo.service.backend._threading.loopingcall [-] Fixed interval looping call 'nova.servicegroup.drivers.db.DbDriver._report_state' sleeping for 119.98 seconds {{(pid=99077) _run_loop /opt/stack/data/venv/lib/python3.12/site-packages/oslo_service/backend/_threading/loopingcall.py:125}}
Aug 24 19:09:19.285360 np0000008003 nova-conductor[97625]: DEBUG dbcounter [-] [97625] Writing DB stats nova_api:SELECT=1 {{(pid=97625) stat_writer /opt/stack/data/venv/lib/python3.12/site-packages/dbcounter.py:115}}
Aug 24 19:09:19.417264 np0000008003 nova-conductor[97625]: DEBUG dbcounter [-] [97625] Writing DB stats nova_cell0:SELECT=1 {{(pid=97625) stat_writer /opt/stack/data/venv/lib/python3.12/site-packages/dbcounter.py:115}}
Aug 24 19:09:19.421418 np0000008003 nova-conductor[97625]: DEBUG dbcounter [-] [97625] Writing DB stats nova_cell1:SELECT=1 {{(pid=97625) stat_writer /opt/stack/data/venv/lib/python3.12/site-packages/dbcounter.py:115}}
Aug 24 19:09:25.724636 np0000008003 nova-conductor[99066]: DEBUG dbcounter [-] [99066] Writing DB stats nova_cell0:SELECT=5,nova_cell0:INSERT=1,nova_cell0:UPDATE=1 {{(pid=99066) stat_writer /opt/stack/data/venv/lib/python3.12/site-packages/dbcounter.py:115}}
Aug 24 19:09:25.729537 np0000008003 nova-conductor[99059]: DEBUG dbcounter [-] [99059] Writing DB stats nova_cell0:SELECT=4,nova_cell0:INSERT=1,nova_cell0:UPDATE=1 {{(pid=99059) stat_writer /opt/stack/data/venv/lib/python3.12/site-packages/dbcounter.py:115}}
Aug 24 19:09:25.733013 np0000008003 nova-conductor[99073]: DEBUG dbcounter [-] [99073] Writing DB stats nova_cell0:SELECT=5,nova_cell0:INSERT=1 {{(pid=99073) stat_writer /opt/stack/data/venv/lib/python3.12/site-packages/dbcounter.py:115}}
Aug 24 19:09:25.735392 np0000008003 nova-conductor[99077]: DEBUG dbcounter [-] [99077] Writing DB stats nova_cell0:SELECT=3,nova_cell0:UPDATE=1 {{(pid=99077) stat_writer /opt/stack/data/venv/lib/python3.12/site-packages/dbcounter.py:115}}
Aug 24 19:09:27.720009 np0000008003 nova-conductor[99077]: DEBUG oslo.service.backend._threading.loopingcall [None req-da7041ab-aaf4-43d3-8f42-07346bfb219f None None] Dynamic interval looping call 'nova.service.Service.periodic_tasks' sleeping for 60.00 seconds {{(pid=99077) _run_loop /opt/stack/data/venv/lib/python3.12/site-packages/oslo_service/backend/_threading/loopingcall.py:125}}
Aug 24 19:09:31.724605 np0000008003 nova-conductor[99073]: DEBUG oslo.service.backend._threading.loopingcall [None req-fda69e31-87a7-4657-b79c-eda48b344124 None None] Dynamic interval looping call 'nova.service.Service.periodic_tasks' sleeping for 60.00 seconds {{(pid=99073) _run_loop /opt/stack/data/venv/lib/python3.12/site-packages/oslo_service/backend/_threading/loopingcall.py:125}}
Aug 24 19:09:44.719842 np0000008003 nova-conductor[99059]: DEBUG oslo.service.backend._threading.loopingcall [None req-51cedcd1-90ea-45c1-ac1c-a2c72a311bfb None None] Dynamic interval looping call 'nova.service.Service.periodic_tasks' sleeping for 60.00 seconds {{(pid=99059) _run_loop /opt/stack/data/venv/lib/python3.12/site-packages/oslo_service/backend/_threading/loopingcall.py:125}}
Aug 24 19:10:10.717588 np0000008003 nova-conductor[99066]: DEBUG oslo.service.backend._threading.loopingcall [None req-718b2b04-9571-41aa-8893-0f7b08e5ca38 None None] Dynamic interval looping call 'nova.service.Service.periodic_tasks' sleeping for 60.00 seconds {{(pid=99066) _run_loop /opt/stack/data/venv/lib/python3.12/site-packages/oslo_service/backend/_threading/loopingcall.py:125}}
Aug 24 19:10:27.720436 np0000008003 nova-conductor[99077]: DEBUG oslo.service.backend._threading.loopingcall [None req-da7041ab-aaf4-43d3-8f42-07346bfb219f None None] Dynamic interval looping call 'nova.service.Service.periodic_tasks' sleeping for 60.00 seconds {{(pid=99077) _run_loop /opt/stack/data/venv/lib/python3.12/site-packages/oslo_service/backend/_threading/loopingcall.py:125}}
Aug 24 19:10:31.725013 np0000008003 nova-conductor[99073]: DEBUG oslo.service.backend._threading.loopingcall [None req-fda69e31-87a7-4657-b79c-eda48b344124 None None] Dynamic interval looping call 'nova.service.Service.periodic_tasks' sleeping for 60.00 seconds {{(pid=99073) _run_loop /opt/stack/data/venv/lib/python3.12/site-packages/oslo_service/backend/_threading/loopingcall.py:125}}
Aug 24 19:10:44.720294 np0000008003 nova-conductor[99059]: DEBUG oslo.service.backend._threading.loopingcall [None req-51cedcd1-90ea-45c1-ac1c-a2c72a311bfb None None] Dynamic interval looping call 'nova.service.Service.periodic_tasks' sleeping for 60.00 seconds {{(pid=99059) _run_loop /opt/stack/data/venv/lib/python3.12/site-packages/oslo_service/backend/_threading/loopingcall.py:125}}
Aug 24 19:11:10.718033 np0000008003 nova-conductor[99066]: DEBUG oslo.service.backend._threading.loopingcall [None req-718b2b04-9571-41aa-8893-0f7b08e5ca38 None None] Dynamic interval looping call 'nova.service.Service.periodic_tasks' sleeping for 60.00 seconds {{(pid=99066) _run_loop /opt/stack/data/venv/lib/python3.12/site-packages/oslo_service/backend/_threading/loopingcall.py:125}}
Aug 24 19:11:15.720094 np0000008003 nova-conductor[99066]: DEBUG oslo.service.backend._threading.loopingcall [-] Fixed interval looping call 'nova.servicegroup.drivers.db.DbDriver._report_state' sleeping for 119.99 seconds {{(pid=99066) _run_loop /opt/stack/data/venv/lib/python3.12/site-packages/oslo_service/backend/_threading/loopingcall.py:125}}
Aug 24 19:11:15.722353 np0000008003 nova-conductor[99077]: DEBUG oslo.service.backend._threading.loopingcall [-] Fixed interval looping call 'nova.servicegroup.drivers.db.DbDriver._report_state' sleeping for 120.00 seconds {{(pid=99077) _run_loop /opt/stack/data/venv/lib/python3.12/site-packages/oslo_service/backend/_threading/loopingcall.py:125}}
Aug 24 19:11:15.729064 np0000008003 nova-conductor[99059]: DEBUG oslo.service.backend._threading.loopingcall [-] Fixed interval looping call 'nova.servicegroup.drivers.db.DbDriver._report_state' sleeping for 120.00 seconds {{(pid=99059) _run_loop /opt/stack/data/venv/lib/python3.12/site-packages/oslo_service/backend/_threading/loopingcall.py:125}}
Aug 24 19:11:15.731054 np0000008003 nova-conductor[99073]: DEBUG oslo.service.backend._threading.loopingcall [-] Fixed interval looping call 'nova.servicegroup.drivers.db.DbDriver._report_state' sleeping for 119.99 seconds {{(pid=99073) _run_loop /opt/stack/data/venv/lib/python3.12/site-packages/oslo_service/backend/_threading/loopingcall.py:125}}
Aug 24 19:11:25.717575 np0000008003 nova-conductor[99066]: DEBUG dbcounter [-] [99066] Writing DB stats nova_cell0:SELECT=1,nova_cell0:UPDATE=1 {{(pid=99066) stat_writer /opt/stack/data/venv/lib/python3.12/site-packages/dbcounter.py:115}}
Aug 24 19:11:25.720174 np0000008003 nova-conductor[99077]: DEBUG dbcounter [-] [99077] Writing DB stats nova_cell0:SELECT=1,nova_cell0:UPDATE=1 {{(pid=99077) stat_writer /opt/stack/data/venv/lib/python3.12/site-packages/dbcounter.py:115}}
Aug 24 19:11:25.728534 np0000008003 nova-conductor[99073]: DEBUG dbcounter [-] [99073] Writing DB stats nova_cell0:SELECT=1 {{(pid=99073) stat_writer /opt/stack/data/venv/lib/python3.12/site-packages/dbcounter.py:115}}
Aug 24 19:11:25.728977 np0000008003 nova-conductor[99059]: DEBUG dbcounter [-] [99059] Writing DB stats nova_cell0:SELECT=1 {{(pid=99059) stat_writer /opt/stack/data/venv/lib/python3.12/site-packages/dbcounter.py:115}}
Aug 24 19:11:27.721000 np0000008003 nova-conductor[99077]: DEBUG oslo.service.backend._threading.loopingcall [None req-da7041ab-aaf4-43d3-8f42-07346bfb219f None None] Dynamic interval looping call 'nova.service.Service.periodic_tasks' sleeping for 60.00 seconds {{(pid=99077) _run_loop /opt/stack/data/venv/lib/python3.12/site-packages/oslo_service/backend/_threading/loopingcall.py:125}}
Aug 24 19:11:31.725645 np0000008003 nova-conductor[99073]: DEBUG oslo.service.backend._threading.loopingcall [None req-fda69e31-87a7-4657-b79c-eda48b344124 None None] Dynamic interval looping call 'nova.service.Service.periodic_tasks' sleeping for 60.00 seconds {{(pid=99073) _run_loop /opt/stack/data/venv/lib/python3.12/site-packages/oslo_service/backend/_threading/loopingcall.py:125}}
Aug 24 19:11:44.721258 np0000008003 nova-conductor[99059]: DEBUG oslo.service.backend._threading.loopingcall [None req-51cedcd1-90ea-45c1-ac1c-a2c72a311bfb None None] Dynamic interval looping call 'nova.service.Service.periodic_tasks' sleeping for 60.00 seconds {{(pid=99059) _run_loop /opt/stack/data/venv/lib/python3.12/site-packages/oslo_service/backend/_threading/loopingcall.py:125}}
Aug 24 19:11:50.233335 np0000008003 nova-conductor[99066]: DEBUG oslo_db.sqlalchemy.engines [None req-33a75671-4ef2-4068-87f4-77b9ef5e0ad5 tempest-VolumesAdminNegativeTest-40631434 tempest-VolumesAdminNegativeTest-40631434-project-member] Parent process 97625 forked (99066) with an open database connection, which is being discarded and recreated. {{(pid=99066) checkout /opt/stack/data/venv/lib/python3.12/site-packages/oslo_db/sqlalchemy/engines.py:402}}
Aug 24 19:11:50.284304 np0000008003 nova-conductor[99066]: DEBUG dbcounter [-] [99066] Writer thread running {{(pid=99066) stat_writer /opt/stack/data/venv/lib/python3.12/site-packages/dbcounter.py:102}}
Aug 24 19:11:51.564261 np0000008003 nova-conductor[99066]: DEBUG nova.conductor.manager [None req-33a75671-4ef2-4068-87f4-77b9ef5e0ad5 tempest-VolumesAdminNegativeTest-40631434 tempest-VolumesAdminNegativeTest-40631434-project-member] Took 1.27 seconds to select destinations for 1 instance(s). {{(pid=99066) _schedule_instances /opt/stack/nova/nova/conductor/manager.py:957}}
Aug 24 19:11:51.580811 np0000008003 nova-conductor[99077]: DEBUG dbcounter [-] [99077] Writer thread running {{(pid=99077) stat_writer /opt/stack/data/venv/lib/python3.12/site-packages/dbcounter.py:102}}
Aug 24 19:11:51.598544 np0000008003 nova-conductor[99059]: DEBUG dbcounter [-] [99059] Writer thread running {{(pid=99059) stat_writer /opt/stack/data/venv/lib/python3.12/site-packages/dbcounter.py:102}}
Aug 24 19:11:51.598996 np0000008003 nova-conductor[99066]: DEBUG oslo_concurrency.lockutils [None req-33a75671-4ef2-4068-87f4-77b9ef5e0ad5 tempest-VolumesAdminNegativeTest-40631434 tempest-VolumesAdminNegativeTest-40631434-project-member] Acquiring lock "59d78a18-6265-4434-962b-41810f3e7ab6" by "nova.context.set_target_cell..get_or_set_cached_cell_and_set_connections" {{(pid=99066) inner /opt/stack/data/venv/lib/python3.12/site-packages/oslo_concurrency/lockutils.py:512}}
Aug 24 19:11:51.599312 np0000008003 nova-conductor[99066]: DEBUG oslo_concurrency.lockutils [None req-33a75671-4ef2-4068-87f4-77b9ef5e0ad5 tempest-VolumesAdminNegativeTest-40631434 tempest-VolumesAdminNegativeTest-40631434-project-member] Lock "59d78a18-6265-4434-962b-41810f3e7ab6" acquired by "nova.context.set_target_cell..get_or_set_cached_cell_and_set_connections" :: waited 0.000s {{(pid=99066) inner /opt/stack/data/venv/lib/python3.12/site-packages/oslo_concurrency/lockutils.py:525}}
Aug 24 19:11:51.601507 np0000008003 nova-conductor[99066]: DEBUG oslo_concurrency.lockutils [None req-33a75671-4ef2-4068-87f4-77b9ef5e0ad5 tempest-VolumesAdminNegativeTest-40631434 tempest-VolumesAdminNegativeTest-40631434-project-member] Lock "59d78a18-6265-4434-962b-41810f3e7ab6" "released" by "nova.context.set_target_cell..get_or_set_cached_cell_and_set_connections" :: held 0.002s {{(pid=99066) inner /opt/stack/data/venv/lib/python3.12/site-packages/oslo_concurrency/lockutils.py:544}}
Aug 24 19:11:51.608774 np0000008003 nova-conductor[99066]: INFO dbcounter [None req-33a75671-4ef2-4068-87f4-77b9ef5e0ad5 tempest-VolumesAdminNegativeTest-40631434 tempest-VolumesAdminNegativeTest-40631434-project-member] Registered counter for database nova_cell1
Aug 24 19:11:51.673458 np0000008003 nova-conductor[99066]: DEBUG oslo_db.sqlalchemy.engines [None req-33a75671-4ef2-4068-87f4-77b9ef5e0ad5 tempest-VolumesAdminNegativeTest-40631434 tempest-VolumesAdminNegativeTest-40631434-project-member] MySQL server mode set to STRICT_TRANS_TABLES,STRICT_ALL_TABLES,NO_ZERO_IN_DATE,NO_ZERO_DATE,ERROR_FOR_DIVISION_BY_ZERO,TRADITIONAL,NO_ENGINE_SUBSTITUTION {{(pid=99066) _check_effective_sql_mode /opt/stack/data/venv/lib/python3.12/site-packages/oslo_db/sqlalchemy/engines.py:325}}
Aug 24 19:11:51.688946 np0000008003 nova-conductor[99066]: DEBUG dbcounter [-] [99066] Writer thread running {{(pid=99066) stat_writer /opt/stack/data/venv/lib/python3.12/site-packages/dbcounter.py:102}}
Aug 24 19:11:51.800615 np0000008003 nova-conductor[99066]: DEBUG oslo_concurrency.lockutils [None req-33a75671-4ef2-4068-87f4-77b9ef5e0ad5 tempest-VolumesAdminNegativeTest-40631434 tempest-VolumesAdminNegativeTest-40631434-project-member] Acquiring lock "00000000-0000-0000-0000-000000000000" by "nova.context.set_target_cell..get_or_set_cached_cell_and_set_connections" {{(pid=99066) inner /opt/stack/data/venv/lib/python3.12/site-packages/oslo_concurrency/lockutils.py:512}}
Aug 24 19:11:51.800806 np0000008003 nova-conductor[99066]: DEBUG oslo_concurrency.lockutils [None req-33a75671-4ef2-4068-87f4-77b9ef5e0ad5 tempest-VolumesAdminNegativeTest-40631434 tempest-VolumesAdminNegativeTest-40631434-project-member] Lock "00000000-0000-0000-0000-000000000000" acquired by "nova.context.set_target_cell..get_or_set_cached_cell_and_set_connections" :: waited 0.000s {{(pid=99066) inner /opt/stack/data/venv/lib/python3.12/site-packages/oslo_concurrency/lockutils.py:525}}
Aug 24 19:11:51.801116 np0000008003 nova-conductor[99066]: DEBUG oslo_concurrency.lockutils [None req-33a75671-4ef2-4068-87f4-77b9ef5e0ad5 tempest-VolumesAdminNegativeTest-40631434 tempest-VolumesAdminNegativeTest-40631434-project-member] Lock "00000000-0000-0000-0000-000000000000" "released" by "nova.context.set_target_cell..get_or_set_cached_cell_and_set_connections" :: held 0.000s {{(pid=99066) inner /opt/stack/data/venv/lib/python3.12/site-packages/oslo_concurrency/lockutils.py:544}}
