Aug 24 19:08:39.861148 np0000008003 devstack@neutron-api.service[90817]: DEBUG neutron.api.extensions [None req-f7ce56da-cc25-4f79-89e5-bf9101e3d9ab None None] Loading extension file: subnet_dns_publish_fixed_ip.py {{(pid=90817) _load_all_extensions_from_path /opt/stack/neutron/neutron/api/extensions.py:449}}
Aug 24 19:08:39.861148 np0000008003 devstack@neutron-api.service[90817]: DEBUG neutron.api.extensions [None req-f7ce56da-cc25-4f79-89e5-bf9101e3d9ab None None] Ext name="Subnet DNS publish fixed IP" alias="subnet-dns-publish-fixed-ip" description="Support choosing to publish DNS records for IPs from a subnet" updated="2019-05-24T10:00:00-00:00" {{(pid=90817) _check_extension /opt/stack/neutron/neutron/api/extensions.py:415}}
Aug 24 19:08:39.861148 np0000008003 devstack@neutron-api.service[90817]: INFO neutron.api.extensions [None req-f7ce56da-cc25-4f79-89e5-bf9101e3d9ab None None] Loaded extension: subnet-dns-publish-fixed-ip
Aug 24 19:08:39.861148 np0000008003 devstack@neutron-api.service[90817]: DEBUG neutron.api.extensions [None req-f7ce56da-cc25-4f79-89e5-bf9101e3d9ab None None] Loading extension file: subnet_external_network.py {{(pid=90817) _load_all_extensions_from_path /opt/stack/neutron/neutron/api/extensions.py:449}}
Aug 24 19:08:39.861320 np0000008003 devstack@neutron-api.service[90818]: DEBUG neutron.api.extensions [None req-4b754844-8e51-4284-ad88-1651356c18e9 None None] Extended resource: security-group-rules {{(pid=90818) __init__ /opt/stack/neutron/neutron/api/extensions.py:156}}
Aug 24 19:08:39.861420 np0000008003 devstack@neutron-api.service[90817]: DEBUG neutron.api.extensions [None req-f7ce56da-cc25-4f79-89e5-bf9101e3d9ab None None] Ext name="Subnet belongs to an external network" alias="subnet-external-network" description="Informs if the subnet belongs to an external network" updated="2024-02-05T18:00:00-00:00" {{(pid=90817) _check_extension /opt/stack/neutron/neutron/api/extensions.py:415}}
Aug 24 19:08:39.861420 np0000008003 devstack@neutron-api.service[90817]: INFO neutron.api.extensions [None req-f7ce56da-cc25-4f79-89e5-bf9101e3d9ab None None] Loaded extension: subnet-external-network
Aug 24 19:08:39.861532 np0000008003 devstack@neutron-api.service[90818]: DEBUG neutron.api.extensions [None req-4b754844-8e51-4284-ad88-1651356c18e9 None None] Extended resource: service-providers {{(pid=90818) __init__ /opt/stack/neutron/neutron/api/extensions.py:156}}
Aug 24 19:08:39.861628 np0000008003 devstack@neutron-api.service[90817]: DEBUG neutron.api.extensions [None req-f7ce56da-cc25-4f79-89e5-bf9101e3d9ab None None] Loading extension file: subnet_onboard.py {{(pid=90817) _load_all_extensions_from_path /opt/stack/neutron/neutron/api/extensions.py:449}}
Aug 24 19:08:39.861628 np0000008003 devstack@neutron-api.service[90817]: DEBUG neutron.api.extensions [None req-f7ce56da-cc25-4f79-89e5-bf9101e3d9ab None None] Ext name="Subnet Onboard" alias="subnet_onboard" description="Provides support for onboarding subnets into subnet pools" updated="2018-12-18T09:00:00-00:00" {{(pid=90817) _check_extension /opt/stack/neutron/neutron/api/extensions.py:415}}
Aug 24 19:08:39.861748 np0000008003 devstack@neutron-api.service[90818]: DEBUG neutron.api.extensions [None req-4b754844-8e51-4284-ad88-1651356c18e9 None None] Extended resource: subnetpools {{(pid=90818) __init__ /opt/stack/neutron/neutron/api/extensions.py:156}}
Aug 24 19:08:39.861849 np0000008003 devstack@neutron-api.service[90817]: INFO neutron.api.extensions [None req-f7ce56da-cc25-4f79-89e5-bf9101e3d9ab None None] Loaded extension: subnet_onboard
Aug 24 19:08:39.861849 np0000008003 devstack@neutron-api.service[90817]: DEBUG neutron.api.extensions [None req-f7ce56da-cc25-4f79-89e5-bf9101e3d9ab None None] Loading extension file: subnet_segmentid_writable.py {{(pid=90817) _load_all_extensions_from_path /opt/stack/neutron/neutron/api/extensions.py:449}}
Aug 24 19:08:39.861967 np0000008003 devstack@neutron-api.service[90818]: DEBUG neutron.api.extensions [None req-4b754844-8e51-4284-ad88-1651356c18e9 None None] Extended resource: subnetpools {{(pid=90818) __init__ /opt/stack/neutron/neutron/api/extensions.py:156}}
Aug 24 19:08:39.862108 np0000008003 devstack@neutron-api.service[90817]: DEBUG neutron.api.extensions [None req-f7ce56da-cc25-4f79-89e5-bf9101e3d9ab None None] Ext name="Subnet SegmentID (writable)" alias="subnet-segmentid-writable" description="Provides a writable segment_id attribute for a subnet resource." updated="2018-03-12T00:00:00-00:00" {{(pid=90817) _check_extension /opt/stack/neutron/neutron/api/extensions.py:415}}
Aug 24 19:08:39.862108 np0000008003 devstack@neutron-api.service[90817]: INFO neutron.api.extensions [None req-f7ce56da-cc25-4f79-89e5-bf9101e3d9ab None None] Extension subnet-segmentid-writable not supported by any of loaded plugins
Aug 24 19:08:39.862108 np0000008003 devstack@neutron-api.service[90817]: DEBUG neutron.api.extensions [None req-f7ce56da-cc25-4f79-89e5-bf9101e3d9ab None None] Loading extension file: subnet_service_types.py {{(pid=90817) _load_all_extensions_from_path /opt/stack/neutron/neutron/api/extensions.py:449}}
Aug 24 19:08:39.862240 np0000008003 devstack@neutron-api.service[90818]: DEBUG neutron.api.extensions [None req-4b754844-8e51-4284-ad88-1651356c18e9 None None] Extended resource: tags {{(pid=90818) __init__ /opt/stack/neutron/neutron/api/extensions.py:156}}
Aug 24 19:08:39.862326 np0000008003 devstack@neutron-api.service[90817]: DEBUG neutron.api.extensions [None req-f7ce56da-cc25-4f79-89e5-bf9101e3d9ab None None] Ext name="Subnet service types" alias="subnet-service-types" description="Provides ability to set the subnet service_types field" updated="2016-03-15T18:00:00-00:00" {{(pid=90817) _check_extension /opt/stack/neutron/neutron/api/extensions.py:415}}
Aug 24 19:08:39.862326 np0000008003 devstack@neutron-api.service[90817]: INFO neutron.api.extensions [None req-f7ce56da-cc25-4f79-89e5-bf9101e3d9ab None None] Loaded extension: subnet-service-types
Aug 24 19:08:39.862326 np0000008003 devstack@neutron-api.service[90817]: DEBUG neutron.api.extensions [None req-f7ce56da-cc25-4f79-89e5-bf9101e3d9ab None None] Loading extension file: subnetallocation.py {{(pid=90817) _load_all_extensions_from_path /opt/stack/neutron/neutron/api/extensions.py:449}}
Aug 24 19:08:39.862464 np0000008003 devstack@neutron-api.service[90818]: DEBUG neutron.api.extensions [None req-4b754844-8e51-4284-ad88-1651356c18e9 None None] Extended resource: tags {{(pid=90818) __init__ /opt/stack/neutron/neutron/api/extensions.py:156}}
Aug 24 19:08:39.862556 np0000008003 devstack@neutron-api.service[90817]: DEBUG neutron.api.extensions [None req-f7ce56da-cc25-4f79-89e5-bf9101e3d9ab None None] Ext name="Subnet Allocation" alias="subnet_allocation" description="Enables allocation of subnets from a subnet pool" updated="2015-03-30T10:00:00-00:00" {{(pid=90817) _check_extension /opt/stack/neutron/neutron/api/extensions.py:415}}
Aug 24 19:08:39.862556 np0000008003 devstack@neutron-api.service[90817]: INFO neutron.api.extensions [None req-f7ce56da-cc25-4f79-89e5-bf9101e3d9ab None None] Loaded extension: subnet_allocation
Aug 24 19:08:39.862556 np0000008003 devstack@neutron-api.service[90817]: DEBUG neutron.api.extensions [None req-f7ce56da-cc25-4f79-89e5-bf9101e3d9ab None None] Loading extension file: subnetpool_prefix_ops.py {{(pid=90817) _load_all_extensions_from_path /opt/stack/neutron/neutron/api/extensions.py:449}}
Aug 24 19:08:39.862770 np0000008003 devstack@neutron-api.service[90818]: DEBUG neutron.api.extensions [None req-4b754844-8e51-4284-ad88-1651356c18e9 None None] Extended resource: tags {{(pid=90818) __init__ /opt/stack/neutron/neutron/api/extensions.py:156}}
Aug 24 19:08:39.862871 np0000008003 devstack@neutron-api.service[90817]: DEBUG neutron.api.extensions [None req-f7ce56da-cc25-4f79-89e5-bf9101e3d9ab None None] Ext name="Subnet Pool Prefix Operations" alias="subnetpool-prefix-ops" description="Provides support for adjusting the prefix list of subnet pools" updated="2019-02-08T10:00:00-00:00" {{(pid=90817) _check_extension /opt/stack/neutron/neutron/api/extensions.py:415}}
Aug 24 19:08:39.862871 np0000008003 devstack@neutron-api.service[90817]: INFO neutron.api.extensions [None req-f7ce56da-cc25-4f79-89e5-bf9101e3d9ab None None] Loaded extension: subnetpool-prefix-ops
Aug 24 19:08:39.862996 np0000008003 devstack@neutron-api.service[90818]: DEBUG neutron.api.extensions [None req-4b754844-8e51-4284-ad88-1651356c18e9 None None] Extended resource: tags {{(pid=90818) __init__ /opt/stack/neutron/neutron/api/extensions.py:156}}
Aug 24 19:08:39.863118 np0000008003 devstack@neutron-api.service[90817]: DEBUG neutron.api.extensions [None req-f7ce56da-cc25-4f79-89e5-bf9101e3d9ab None None] Loading extension file: tag_creation.py {{(pid=90817) _load_all_extensions_from_path /opt/stack/neutron/neutron/api/extensions.py:449}}
Aug 24 19:08:39.863118 np0000008003 devstack@neutron-api.service[90817]: DEBUG neutron.api.extensions [None req-f7ce56da-cc25-4f79-89e5-bf9101e3d9ab None None] Ext name="Tag creation extension" alias="tag-creation" description="Allow to create multiple tags for a resource" updated="2024-23-07T10:00:00-00:00" {{(pid=90817) _check_extension /opt/stack/neutron/neutron/api/extensions.py:415}}
Aug 24 19:08:39.863118 np0000008003 devstack@neutron-api.service[90817]: INFO neutron.api.extensions [None req-f7ce56da-cc25-4f79-89e5-bf9101e3d9ab None None] Loaded extension: tag-creation
Aug 24 19:08:39.863273 np0000008003 devstack@neutron-api.service[90818]: DEBUG neutron.api.extensions [None req-4b754844-8e51-4284-ad88-1651356c18e9 None None] Extended resource: tags {{(pid=90818) __init__ /opt/stack/neutron/neutron/api/extensions.py:156}}
Aug 24 19:08:39.863352 np0000008003 devstack@neutron-api.service[90817]: DEBUG neutron.api.extensions [None req-f7ce56da-cc25-4f79-89e5-bf9101e3d9ab None None] Loading extension file: tag_ports_during_bulk_creation.py {{(pid=90817) _load_all_extensions_from_path /opt/stack/neutron/neutron/api/extensions.py:449}}
Aug 24 19:08:39.863352 np0000008003 devstack@neutron-api.service[90817]: DEBUG neutron.api.extensions [None req-f7ce56da-cc25-4f79-89e5-bf9101e3d9ab None None] Ext name="Tag Ports During Bulk Creation" alias="tag-ports-during-bulk-creation" description="Allow to tag ports during bulk creation" updated="2019-12-29T19:00:00-00:00" {{(pid=90817) _check_extension /opt/stack/neutron/neutron/api/extensions.py:415}}
Aug 24 19:08:39.863352 np0000008003 devstack@neutron-api.service[90817]: INFO neutron.api.extensions [None req-f7ce56da-cc25-4f79-89e5-bf9101e3d9ab None None] Extension tag-ports-during-bulk-creation not supported by any of loaded plugins
Aug 24 19:08:39.863465 np0000008003 devstack@neutron-api.service[90818]: DEBUG neutron.api.extensions [None req-4b754844-8e51-4284-ad88-1651356c18e9 None None] Extended resource: tags {{(pid=90818) __init__ /opt/stack/neutron/neutron/api/extensions.py:156}}
Aug 24 19:08:39.863539 np0000008003 devstack@neutron-api.service[90817]: DEBUG neutron.api.extensions [None req-f7ce56da-cc25-4f79-89e5-bf9101e3d9ab None None] Loading extension file: tagging.py {{(pid=90817) _load_all_extensions_from_path /opt/stack/neutron/neutron/api/extensions.py:449}}
Aug 24 19:08:39.863617 np0000008003 devstack@neutron-api.service[90818]: DEBUG neutron.api.extensions [None req-4b754844-8e51-4284-ad88-1651356c18e9 None None] Extended resource: tags {{(pid=90818) __init__ /opt/stack/neutron/neutron/api/extensions.py:156}}
Aug 24 19:08:39.863690 np0000008003 devstack@neutron-api.service[90817]: DEBUG neutron.api.extensions [None req-f7ce56da-cc25-4f79-89e5-bf9101e3d9ab None None] Ext name="Tag support for resources with standard attribute: port, subnet, subnetpool, network, security_group, router, floatingip, policy, trunk, network_segment_range" alias="standard-attr-tag" description="Enables to set tag on resources with standard attribute." updated="2017-01-01T00:00:00-00:00" {{(pid=90817) _check_extension /opt/stack/neutron/neutron/api/extensions.py:415}}
Aug 24 19:08:39.863690 np0000008003 devstack@neutron-api.service[90817]: INFO neutron.api.extensions [None req-f7ce56da-cc25-4f79-89e5-bf9101e3d9ab None None] Loaded extension: standard-attr-tag
Aug 24 19:08:39.863690 np0000008003 devstack@neutron-api.service[90817]: DEBUG neutron.api.extensions [None req-f7ce56da-cc25-4f79-89e5-bf9101e3d9ab None None] Loading extension file: timestamp.py {{(pid=90817) _load_all_extensions_from_path /opt/stack/neutron/neutron/api/extensions.py:449}}
Aug 24 19:08:39.863690 np0000008003 devstack@neutron-api.service[90817]: DEBUG neutron.api.extensions [None req-f7ce56da-cc25-4f79-89e5-bf9101e3d9ab None None] Ext name="Resource timestamps" alias="standard-attr-timestamp" description="Adds created_at and updated_at fields to all Neutron resources that have Neutron standard attributes." updated="2016-09-12T10:00:00-00:00" {{(pid=90817) _check_extension /opt/stack/neutron/neutron/api/extensions.py:415}}
Aug 24 19:08:39.863690 np0000008003 devstack@neutron-api.service[90817]: INFO neutron.api.extensions [None req-f7ce56da-cc25-4f79-89e5-bf9101e3d9ab None None] Loaded extension: standard-attr-timestamp
Aug 24 19:08:39.863935 np0000008003 devstack@neutron-api.service[90818]: DEBUG neutron.api.extensions [None req-4b754844-8e51-4284-ad88-1651356c18e9 None None] Extended resource: tags {{(pid=90818) __init__ /opt/stack/neutron/neutron/api/extensions.py:156}}
Aug 24 19:08:39.864012 np0000008003 devstack@neutron-api.service[90817]: DEBUG neutron.api.extensions [None req-f7ce56da-cc25-4f79-89e5-bf9101e3d9ab None None] Loading extension file: trunk.py {{(pid=90817) _load_all_extensions_from_path /opt/stack/neutron/neutron/api/extensions.py:449}}
Aug 24 19:08:39.864012 np0000008003 devstack@neutron-api.service[90817]: DEBUG neutron.api.extensions [None req-f7ce56da-cc25-4f79-89e5-bf9101e3d9ab None None] Ext name="Trunk Extension" alias="trunk" description="Provides support for trunk ports" updated="2016-01-01T10:00:00-00:00" {{(pid=90817) _check_extension /opt/stack/neutron/neutron/api/extensions.py:415}}
Aug 24 19:08:39.864012 np0000008003 devstack@neutron-api.service[90817]: INFO neutron.api.extensions [None req-f7ce56da-cc25-4f79-89e5-bf9101e3d9ab None None] Extension trunk not supported by any of loaded plugins
Aug 24 19:08:39.864012 np0000008003 devstack@neutron-api.service[90817]: DEBUG neutron.api.extensions [None req-f7ce56da-cc25-4f79-89e5-bf9101e3d9ab None None] Loading extension file: trunk_details.py {{(pid=90817) _load_all_extensions_from_path /opt/stack/neutron/neutron/api/extensions.py:449}}
Aug 24 19:08:39.864012 np0000008003 devstack@neutron-api.service[90817]: DEBUG neutron.api.extensions [None req-f7ce56da-cc25-4f79-89e5-bf9101e3d9ab None None] Ext name="Trunk port details" alias="trunk-details" description="Expose trunk port details" updated="2016-01-01T10:00:00-00:00" {{(pid=90817) _check_extension /opt/stack/neutron/neutron/api/extensions.py:415}}
Aug 24 19:08:39.864169 np0000008003 devstack@neutron-api.service[90818]: DEBUG neutron.api.extensions [None req-4b754844-8e51-4284-ad88-1651356c18e9 None None] Extended resource: tags {{(pid=90818) __init__ /opt/stack/neutron/neutron/api/extensions.py:156}}
Aug 24 19:08:39.864245 np0000008003 devstack@neutron-api.service[90817]: INFO neutron.api.extensions [None req-f7ce56da-cc25-4f79-89e5-bf9101e3d9ab None None] Extension trunk-details not supported by any of loaded plugins
Aug 24 19:08:39.864245 np0000008003 devstack@neutron-api.service[90817]: DEBUG neutron.api.extensions [None req-f7ce56da-cc25-4f79-89e5-bf9101e3d9ab None None] Loading extension file: uplink_status_propagation.py {{(pid=90817) _load_all_extensions_from_path /opt/stack/neutron/neutron/api/extensions.py:449}}
Aug 24 19:08:39.864245 np0000008003 devstack@neutron-api.service[90817]: DEBUG neutron.api.extensions [None req-f7ce56da-cc25-4f79-89e5-bf9101e3d9ab None None] Ext name="Uplink status propagation extension" alias="uplink-status-propagation" description="Provides ability to propagate port uplink status." updated="2018-05-31T18:00:00-00:00" {{(pid=90817) _check_extension /opt/stack/neutron/neutron/api/extensions.py:415}}
Aug 24 19:08:39.864245 np0000008003 devstack@neutron-api.service[90817]: INFO neutron.api.extensions [None req-f7ce56da-cc25-4f79-89e5-bf9101e3d9ab None None] Extension uplink-status-propagation not supported by any of loaded plugins
Aug 24 19:08:39.864393 np0000008003 devstack@neutron-api.service[90818]: DEBUG neutron.api.extensions [None req-4b754844-8e51-4284-ad88-1651356c18e9 None None] Extended resource: tags {{(pid=90818) __init__ /opt/stack/neutron/neutron/api/extensions.py:156}}
Aug 24 19:08:39.864472 np0000008003 devstack@neutron-api.service[90817]: DEBUG neutron.api.extensions [None req-f7ce56da-cc25-4f79-89e5-bf9101e3d9ab None None] Loading extension file: uplink_status_propagation_updatable.py {{(pid=90817) _load_all_extensions_from_path /opt/stack/neutron/neutron/api/extensions.py:449}}
Aug 24 19:08:39.864472 np0000008003 devstack@neutron-api.service[90817]: DEBUG neutron.api.extensions [None req-f7ce56da-cc25-4f79-89e5-bf9101e3d9ab None None] Ext name="Uplink status propagation updatable extension" alias="uplink-status-propagation-updatable" description="Provides ability to update the port uplink status." updated="2024-09-03T18:00:00-00:00" {{(pid=90817) _check_extension /opt/stack/neutron/neutron/api/extensions.py:415}}
Aug 24 19:08:39.864472 np0000008003 devstack@neutron-api.service[90817]: INFO neutron.api.extensions [None req-f7ce56da-cc25-4f79-89e5-bf9101e3d9ab None None] Extension uplink-status-propagation-updatable not supported by any of loaded plugins
Aug 24 19:08:39.864472 np0000008003 devstack@neutron-api.service[90817]: DEBUG neutron.api.extensions [None req-f7ce56da-cc25-4f79-89e5-bf9101e3d9ab None None] Loading extension file: vlantransparent.py {{(pid=90817) _load_all_extensions_from_path /opt/stack/neutron/neutron/api/extensions.py:449}}
Aug 24 19:08:39.864472 np0000008003 devstack@neutron-api.service[90817]: DEBUG neutron.api.extensions [None req-f7ce56da-cc25-4f79-89e5-bf9101e3d9ab None None] Ext name="Vlantransparent" alias="vlan-transparent" description="Provides Vlan Transparent Networks" updated="2015-03-23T09:00:00-00:00" {{(pid=90817) _check_extension /opt/stack/neutron/neutron/api/extensions.py:415}}
Aug 24 19:08:39.864472 np0000008003 devstack@neutron-api.service[90817]: INFO neutron.api.extensions [None req-f7ce56da-cc25-4f79-89e5-bf9101e3d9ab None None] Loaded extension: vlan-transparent
Aug 24 19:08:39.864472 np0000008003 devstack@neutron-api.service[90817]: INFO neutron.quota.resource_registry [None req-f7ce56da-cc25-4f79-89e5-bf9101e3d9ab None None] Creating instance of TrackedResource for resource:network
Aug 24 19:08:39.864472 np0000008003 devstack@neutron-api.service[90817]: INFO neutron.quota.resource_registry [None req-f7ce56da-cc25-4f79-89e5-bf9101e3d9ab None None] Creating instance of TrackedResource for resource:subnet
Aug 24 19:08:39.864675 np0000008003 devstack@neutron-api.service[90817]: INFO neutron.quota.resource_registry [None req-f7ce56da-cc25-4f79-89e5-bf9101e3d9ab None None] Creating instance of TrackedResource for resource:subnetpool
Aug 24 19:08:39.864675 np0000008003 devstack@neutron-api.service[90817]: INFO neutron.quota.resource_registry [None req-f7ce56da-cc25-4f79-89e5-bf9101e3d9ab None None] Creating instance of TrackedResource for resource:port
Aug 24 19:08:39.864675 np0000008003 devstack@neutron-api.service[90817]: INFO neutron.quota.resource_registry [None req-f7ce56da-cc25-4f79-89e5-bf9101e3d9ab None None] Creating instance of CountableResource for resource:router_route
Aug 24 19:08:39.864675 np0000008003 devstack@neutron-api.service[90817]: DEBUG neutron.api.v2.resource_helper [None req-f7ce56da-cc25-4f79-89e5-bf9101e3d9ab None None] Service L3_ROUTER_NAT assigned prefix: {{(pid=90817) build_resource_info /opt/stack/neutron/neutron/api/v2/resource_helper.py:77}}
Aug 24 19:08:39.864675 np0000008003 devstack@neutron-api.service[90817]: DEBUG neutron.api.v2.resource_helper [None req-f7ce56da-cc25-4f79-89e5-bf9101e3d9ab None None] Service FLAVORS assigned prefix: {{(pid=90817) build_resource_info /opt/stack/neutron/neutron/api/v2/resource_helper.py:77}}
Aug 24 19:08:39.864880 np0000008003 devstack@neutron-api.service[90818]: DEBUG neutron_lib.callbacks.manager [None req-4b754844-8e51-4284-ad88-1651356c18e9 None None] Publish callbacks ['neutron.plugins.ml2.drivers.ovn.mech_driver.mech_driver.OVNMechanismDriver.pre_fork_initialize-386576'] for process (None), before_spawn {{(pid=90818) _notify_loop /opt/stack/data/venv/lib/python3.12/site-packages/neutron_lib/callbacks/manager.py:184}}
Aug 24 19:08:39.864880 np0000008003 devstack@neutron-api.service[90818]: DEBUG oslo_concurrency.processutils [None req-4b754844-8e51-4284-ad88-1651356c18e9 None None] Running cmd (subprocess): ovsdb-client transact ssl:10.4.3.185:6641 --timeout 180 -p /opt/stack/data/CA/int-ca/private/devstack-cert.key -c /opt/stack/data/CA/int-ca/devstack-cert.crt -C /opt/stack/data/CA/int-ca/ca-chain.pem ["OVN_Northbound", {"op": "wait", "timeout": 0, "table": "Port_Group", "where": [["name", "==", "neutron_pg_drop"]], "until": "==", "rows": []}, {"op": "insert", "table": "ACL", "row": {"action": "drop", "direction": "to-lport", "match": "outport == @neutron_pg_drop && ip", "priority": 1000}, "uuid-name": "droptoport"}, {"op": "insert", "table": "ACL", "row": {"action": "drop", "direction": "from-lport", "match": "inport == @neutron_pg_drop && ip", "priority": 1000}, "uuid-name": "dropfromport"}, {"op": "insert", "table": "Port_Group", "row": {"name": "neutron_pg_drop", "acls": ["set", [["named-uuid", "droptoport"], ["named-uuid", "dropfromport"]]]}}] {{(pid=90818) execute /opt/stack/data/venv/lib/python3.12/site-packages/oslo_concurrency/processutils.py:440}}
Aug 24 19:08:39.865014 np0000008003 devstack@neutron-api.service[90817]: DEBUG neutron.api.v2.resource_helper [None req-f7ce56da-cc25-4f79-89e5-bf9101e3d9ab None None] Service L3_ROUTER_NAT assigned prefix: {{(pid=90817) build_resource_info /opt/stack/neutron/neutron/api/v2/resource_helper.py:77}}
Aug 24 19:08:39.865014 np0000008003 devstack@neutron-api.service[90817]: DEBUG neutron.api.v2.resource_helper [None req-f7ce56da-cc25-4f79-89e5-bf9101e3d9ab None None] Service L3_ROUTER_NAT assigned prefix: {{(pid=90817) build_resource_info /opt/stack/neutron/neutron/api/v2/resource_helper.py:77}}
Aug 24 19:08:39.865014 np0000008003 devstack@neutron-api.service[90817]: INFO neutron.quota.resource_registry [None req-f7ce56da-cc25-4f79-89e5-bf9101e3d9ab None None] Creating instance of TrackedResource for resource:router
Aug 24 19:08:39.865014 np0000008003 devstack@neutron-api.service[90817]: INFO neutron.quota.resource_registry [None req-f7ce56da-cc25-4f79-89e5-bf9101e3d9ab None None] Creating instance of TrackedResource for resource:floatingip
Aug 24 19:08:39.865014 np0000008003 devstack@neutron-api.service[90817]: INFO neutron.quota.resource_registry [None req-f7ce56da-cc25-4f79-89e5-bf9101e3d9ab None None] Creating instance of CountableResource for resource:rbac_policy
Aug 24 19:08:39.865014 np0000008003 devstack@neutron-api.service[90817]: INFO neutron.quota.resource_registry [None req-f7ce56da-cc25-4f79-89e5-bf9101e3d9ab None None] Creating instance of TrackedResource for resource:security_group
Aug 24 19:08:39.865014 np0000008003 devstack@neutron-api.service[90817]: INFO neutron.quota.resource_registry [None req-f7ce56da-cc25-4f79-89e5-bf9101e3d9ab None None] Creating instance of TrackedResource for resource:security_group_rule
Aug 24 19:08:39.865771 np0000008003 devstack@neutron-api.service[90817]: DEBUG neutron.api.v2.resource_helper [None req-f7ce56da-cc25-4f79-89e5-bf9101e3d9ab None None] Service CORE assigned prefix: {{(pid=90817) build_resource_info /opt/stack/neutron/neutron/api/v2/resource_helper.py:77}}
Aug 24 19:08:39.866066 np0000008003 devstack@neutron-api.service[90817]: INFO neutron.quota.resource_registry [None req-f7ce56da-cc25-4f79-89e5-bf9101e3d9ab None None] Creating instance of TrackedResource for resource:subnetpool
Aug 24 19:08:39.866149 np0000008003 devstack@neutron-api.service[90817]: WARNING neutron.quota.resource_registry [None req-f7ce56da-cc25-4f79-89e5-bf9101e3d9ab None None] subnetpool is already registered
Aug 24 19:08:39.866836 np0000008003 devstack@neutron-api.service[90817]: DEBUG neutron.api.v2.resource_helper [None req-f7ce56da-cc25-4f79-89e5-bf9101e3d9ab None None] Service CORE assigned prefix: {{(pid=90817) build_resource_info /opt/stack/neutron/neutron/api/v2/resource_helper.py:77}}
Aug 24 19:08:39.866836 np0000008003 devstack@neutron-api.service[90817]: INFO neutron.quota.resource_registry [None req-f7ce56da-cc25-4f79-89e5-bf9101e3d9ab None None] Creating instance of TrackedResource for resource:subnetpool
Aug 24 19:08:39.867101 np0000008003 devstack@neutron-api.service[90817]: WARNING neutron.quota.resource_registry [None req-f7ce56da-cc25-4f79-89e5-bf9101e3d9ab None None] subnetpool is already registered
Aug 24 19:08:39.867321 np0000008003 devstack@neutron-api.service[90816]: DEBUG oslo_concurrency.processutils [None req-1d6d1f36-e3c1-4f5c-a6ce-76441d10b124 None None] CMD "ovsdb-client transact ssl:10.4.3.185:6641 --timeout 180 -p /opt/stack/data/CA/int-ca/private/devstack-cert.key -c /opt/stack/data/CA/int-ca/devstack-cert.crt -C /opt/stack/data/CA/int-ca/ca-chain.pem ["OVN_Northbound", {"op": "wait", "timeout": 0, "table": "Port_Group", "where": [["name", "==", "neutron_pg_drop"]], "until": "==", "rows": []}, {"op": "insert", "table": "ACL", "row": {"action": "drop", "direction": "to-lport", "match": "outport == @neutron_pg_drop && ip", "priority": 1000}, "uuid-name": "droptoport"}, {"op": "insert", "table": "ACL", "row": {"action": "drop", "direction": "from-lport", "match": "inport == @neutron_pg_drop && ip", "priority": 1000}, "uuid-name": "dropfromport"}, {"op": "insert", "table": "Port_Group", "row": {"name": "neutron_pg_drop", "acls": ["set", [["named-uuid", "droptoport"], ["named-uuid", "dropfromport"]]]}}]" returned: 0 in 0.034s {{(pid=90816) execute /opt/stack/data/venv/lib/python3.12/site-packages/oslo_concurrency/processutils.py:468}}
Aug 24 19:08:39.867823 np0000008003 devstack@neutron-api.service[90816]: DEBUG neutron_lib.callbacks.manager [None req-1d6d1f36-e3c1-4f5c-a6ce-76441d10b124 None None] Publish callbacks ['neutron.plugins.ml2.drivers.ovn.mech_driver.mech_driver.OVNMechanismDriver.post_fork_initialize-215809', 'neutron.services.pvlan.drivers.ovn.driver._initialize_pvlan_pg_drop-7904666818110', 'neutron.services.ovn_l3.plugin.OVNL3RouterPlugin._post_fork_initialize-14106'] for process (None), after_init {{(pid=90816) _notify_loop /opt/stack/data/venv/lib/python3.12/site-packages/neutron_lib/callbacks/manager.py:184}}
Aug 24 19:08:39.868183 np0000008003 devstack@neutron-api.service[90816]: DEBUG oslo_concurrency.lockutils [None req-1d6d1f36-e3c1-4f5c-a6ce-76441d10b124 None None] Acquiring lock "singleton_lock" {{(pid=90816) lock /opt/stack/data/venv/lib/python3.12/site-packages/oslo_concurrency/lockutils.py:396}}
Aug 24 19:08:39.868183 np0000008003 devstack@neutron-api.service[90816]: DEBUG oslo_concurrency.lockutils [None req-1d6d1f36-e3c1-4f5c-a6ce-76441d10b124 None None] Acquired lock "singleton_lock" {{(pid=90816) lock /opt/stack/data/venv/lib/python3.12/site-packages/oslo_concurrency/lockutils.py:399}}
Aug 24 19:08:39.868578 np0000008003 devstack@neutron-api.service[90816]: DEBUG oslo_concurrency.lockutils [None req-1d6d1f36-e3c1-4f5c-a6ce-76441d10b124 None None] Releasing lock "singleton_lock" {{(pid=90816) lock /opt/stack/data/venv/lib/python3.12/site-packages/oslo_concurrency/lockutils.py:419}}
Aug 24 19:08:39.870437 np0000008003 devstack@neutron-api.service[90817]: INFO neutron.quota.resource_registry [None req-f7ce56da-cc25-4f79-89e5-bf9101e3d9ab None None] Creating instance of CountableResource for resource:router_route
Aug 24 19:08:39.870716 np0000008003 devstack@neutron-api.service[90817]: WARNING neutron.quota.resource_registry [None req-f7ce56da-cc25-4f79-89e5-bf9101e3d9ab None None] router_route is already registered
Aug 24 19:08:39.870716 np0000008003 devstack@neutron-api.service[90817]: DEBUG neutron.api.v2.resource_helper [None req-f7ce56da-cc25-4f79-89e5-bf9101e3d9ab None None] Service L3_ROUTER_NAT assigned prefix: {{(pid=90817) build_resource_info /opt/stack/neutron/neutron/api/v2/resource_helper.py:77}}
Aug 24 19:08:39.871198 np0000008003 devstack@neutron-api.service[90816]: DEBUG neutron.plugins.ml2.drivers.ovn.mech_driver.mech_driver [None req-1d6d1f36-e3c1-4f5c-a6ce-76441d10b124 None None] Hash Ring setup using WSGI start time 2026-08-24 19:08:38+00:00 {{(pid=90816) _init_hash_ring /opt/stack/neutron/neutron/plugins/ml2/drivers/ovn/mech_driver/mech_driver.py:382}}
Aug 24 19:08:39.871417 np0000008003 devstack@neutron-api.service[90817]: DEBUG neutron.api.v2.resource_helper [None req-f7ce56da-cc25-4f79-89e5-bf9101e3d9ab None None] Service FLAVORS assigned prefix: {{(pid=90817) build_resource_info /opt/stack/neutron/neutron/api/v2/resource_helper.py:77}}
Aug 24 19:08:39.872809 np0000008003 devstack@neutron-api.service[90817]: DEBUG neutron.api.v2.resource_helper [None req-f7ce56da-cc25-4f79-89e5-bf9101e3d9ab None None] Service L3_ROUTER_NAT assigned prefix: {{(pid=90817) build_resource_info /opt/stack/neutron/neutron/api/v2/resource_helper.py:77}}
Aug 24 19:08:39.873326 np0000008003 devstack@neutron-api.service[90817]: DEBUG neutron.api.v2.resource_helper [None req-f7ce56da-cc25-4f79-89e5-bf9101e3d9ab None None] Service L3_ROUTER_NAT assigned prefix: {{(pid=90817) build_resource_info /opt/stack/neutron/neutron/api/v2/resource_helper.py:77}}
Aug 24 19:08:39.873326 np0000008003 devstack@neutron-api.service[90817]: INFO neutron.quota.resource_registry [None req-f7ce56da-cc25-4f79-89e5-bf9101e3d9ab None None] Creating instance of TrackedResource for resource:router
Aug 24 19:08:39.873540 np0000008003 devstack@neutron-api.service[90817]: WARNING neutron.quota.resource_registry [None req-f7ce56da-cc25-4f79-89e5-bf9101e3d9ab None None] router is already registered
Aug 24 19:08:39.874191 np0000008003 devstack@neutron-api.service[90817]: INFO neutron.quota.resource_registry [None req-f7ce56da-cc25-4f79-89e5-bf9101e3d9ab None None] Creating instance of TrackedResource for resource:floatingip
Aug 24 19:08:39.874191 np0000008003 devstack@neutron-api.service[90817]: WARNING neutron.quota.resource_registry [None req-f7ce56da-cc25-4f79-89e5-bf9101e3d9ab None None] floatingip is already registered
Aug 24 19:08:39.875959 np0000008003 devstack@neutron-api.service[90817]: INFO neutron.quota.resource_registry [None req-f7ce56da-cc25-4f79-89e5-bf9101e3d9ab None None] Creating instance of CountableResource for resource:rbac_policy
Aug 24 19:08:39.875959 np0000008003 devstack@neutron-api.service[90817]: WARNING neutron.quota.resource_registry [None req-f7ce56da-cc25-4f79-89e5-bf9101e3d9ab None None] rbac_policy is already registered
Aug 24 19:08:39.876920 np0000008003 devstack@neutron-api.service[90817]: INFO neutron.quota.resource_registry [None req-f7ce56da-cc25-4f79-89e5-bf9101e3d9ab None None] Creating instance of TrackedResource for resource:security_group
Aug 24 19:08:39.877193 np0000008003 devstack@neutron-api.service[90817]: WARNING neutron.quota.resource_registry [None req-f7ce56da-cc25-4f79-89e5-bf9101e3d9ab None None] security_group is already registered
Aug 24 19:08:39.877672 np0000008003 devstack@neutron-api.service[90817]: INFO neutron.quota.resource_registry [None req-f7ce56da-cc25-4f79-89e5-bf9101e3d9ab None None] Creating instance of TrackedResource for resource:security_group_rule
Aug 24 19:08:39.877884 np0000008003 devstack@neutron-api.service[90817]: WARNING neutron.quota.resource_registry [None req-f7ce56da-cc25-4f79-89e5-bf9101e3d9ab None None] security_group_rule is already registered
Aug 24 19:08:39.878479 np0000008003 devstack@neutron-api.service[90817]: DEBUG neutron.api.v2.resource_helper [None req-f7ce56da-cc25-4f79-89e5-bf9101e3d9ab None None] Service CORE assigned prefix: {{(pid=90817) build_resource_info /opt/stack/neutron/neutron/api/v2/resource_helper.py:77}}
Aug 24 19:08:39.878691 np0000008003 devstack@neutron-api.service[90817]: INFO neutron.quota.resource_registry [None req-f7ce56da-cc25-4f79-89e5-bf9101e3d9ab None None] Creating instance of TrackedResource for resource:subnetpool
Aug 24 19:08:39.878691 np0000008003 devstack@neutron-api.service[90817]: WARNING neutron.quota.resource_registry [None req-f7ce56da-cc25-4f79-89e5-bf9101e3d9ab None None] subnetpool is already registered
Aug 24 19:08:39.879164 np0000008003 devstack@neutron-api.service[90817]: DEBUG neutron.api.v2.resource_helper [None req-f7ce56da-cc25-4f79-89e5-bf9101e3d9ab None None] Service CORE assigned prefix: {{(pid=90817) build_resource_info /opt/stack/neutron/neutron/api/v2/resource_helper.py:77}}
Aug 24 19:08:39.879322 np0000008003 devstack@neutron-api.service[90817]: INFO neutron.quota.resource_registry [None req-f7ce56da-cc25-4f79-89e5-bf9101e3d9ab None None] Creating instance of TrackedResource for resource:subnetpool
Aug 24 19:08:39.879376 np0000008003 devstack@neutron-api.service[90816]: INFO neutron.db.ovn_hash_ring_db [None req-1d6d1f36-e3c1-4f5c-a6ce-76441d10b124 None None] Nodes from host "np0000008003" and group "mechanism_driver" removed from the Hash Ring created at 2026-08-24 19:08:38+00:00
Aug 24 19:08:39.879459 np0000008003 devstack@neutron-api.service[90817]: WARNING neutron.quota.resource_registry [None req-f7ce56da-cc25-4f79-89e5-bf9101e3d9ab None None] subnetpool is already registered
Aug 24 19:08:39.879973 np0000008003 devstack@neutron-api.service[90817]: DEBUG neutron.api.extensions [None req-f7ce56da-cc25-4f79-89e5-bf9101e3d9ab None None] Extended resource: extensions {{(pid=90817) __init__ /opt/stack/neutron/neutron/api/extensions.py:156}}
Aug 24 19:08:39.880843 np0000008003 devstack@neutron-api.service[90817]: DEBUG neutron.api.extensions [None req-f7ce56da-cc25-4f79-89e5-bf9101e3d9ab None None] Extended resource: address-groups {{(pid=90817) __init__ /opt/stack/neutron/neutron/api/extensions.py:156}}
Aug 24 19:08:39.881767 np0000008003 devstack@neutron-api.service[90817]: DEBUG neutron.api.extensions [None req-f7ce56da-cc25-4f79-89e5-bf9101e3d9ab None None] Extended resource: address-scopes {{(pid=90817) __init__ /opt/stack/neutron/neutron/api/extensions.py:156}}
Aug 24 19:08:39.882481 np0000008003 devstack@neutron-api.service[90817]: DEBUG neutron.api.extensions [None req-f7ce56da-cc25-4f79-89e5-bf9101e3d9ab None None] Extended resource: agents {{(pid=90817) __init__ /opt/stack/neutron/neutron/api/extensions.py:156}}
Aug 24 19:08:39.883026 np0000008003 devstack@neutron-api.service[90816]: INFO neutron.db.ovn_hash_ring_db [None req-1d6d1f36-e3c1-4f5c-a6ce-76441d10b124 None None] Node 838e1413a65f50a7a37c48e8f6414501 from host "np0000008003" and group "mechanism_driver" added to the Hash Ring
Aug 24 19:08:39.883153 np0000008003 devstack@neutron-api.service[90817]: DEBUG neutron.api.extensions [None req-f7ce56da-cc25-4f79-89e5-bf9101e3d9ab None None] Extended resource: auto-allocated-topology {{(pid=90817) __init__ /opt/stack/neutron/neutron/api/extensions.py:156}}
Aug 24 19:08:39.884124 np0000008003 devstack@neutron-api.service[90817]: DEBUG neutron.api.extensions [None req-f7ce56da-cc25-4f79-89e5-bf9101e3d9ab None None] Extended resource: availability_zones {{(pid=90817) __init__ /opt/stack/neutron/neutron/api/extensions.py:156}}
Aug 24 19:08:39.884660 np0000008003 devstack@neutron-api.service[90817]: DEBUG neutron.api.extensions [None req-f7ce56da-cc25-4f79-89e5-bf9101e3d9ab None None] Extended resource: dhcp-networks {{(pid=90817) __init__ /opt/stack/neutron/neutron/api/extensions.py:156}}
Aug 24 19:08:39.885846 np0000008003 devstack@neutron-api.service[90817]: DEBUG neutron.api.extensions [None req-f7ce56da-cc25-4f79-89e5-bf9101e3d9ab None None] Extended resource: dhcp-agents {{(pid=90817) __init__ /opt/stack/neutron/neutron/api/extensions.py:156}}
Aug 24 19:08:39.886577 np0000008003 devstack@neutron-api.service[90817]: DEBUG neutron.api.extensions [None req-f7ce56da-cc25-4f79-89e5-bf9101e3d9ab None None] Extended resource: routers {{(pid=90817) __init__ /opt/stack/neutron/neutron/api/extensions.py:156}}
Aug 24 19:08:39.887855 np0000008003 devstack@neutron-api.service[90817]: DEBUG neutron.api.extensions [None req-f7ce56da-cc25-4f79-89e5-bf9101e3d9ab None None] Extended resource: flavors {{(pid=90817) __init__ /opt/stack/neutron/neutron/api/extensions.py:156}}
Aug 24 19:08:39.888559 np0000008003 devstack@neutron-api.service[90817]: DEBUG neutron.api.extensions [None req-f7ce56da-cc25-4f79-89e5-bf9101e3d9ab None None] Extended resource: service_profiles {{(pid=90817) __init__ /opt/stack/neutron/neutron/api/extensions.py:156}}
Aug 24 19:08:39.889331 np0000008003 devstack@neutron-api.service[90817]: DEBUG neutron.api.extensions [None req-f7ce56da-cc25-4f79-89e5-bf9101e3d9ab None None] Extended resource: next_providers {{(pid=90817) __init__ /opt/stack/neutron/neutron/api/extensions.py:156}}
Aug 24 19:08:39.890089 np0000008003 devstack@neutron-api.service[90817]: DEBUG neutron.api.extensions [None req-f7ce56da-cc25-4f79-89e5-bf9101e3d9ab None None] Extended resource: service_profiles {{(pid=90817) __init__ /opt/stack/neutron/neutron/api/extensions.py:156}}
Aug 24 19:08:39.890225 np0000008003 devstack@neutron-api.service[90816]: DEBUG neutron.plugins.ml2.drivers.ovn.mech_driver.mech_driver [None req-1d6d1f36-e3c1-4f5c-a6ce-76441d10b124 None None] Hash Ring setup, this worker has detected 2 OVN hash ring registers in the database {{(pid=90816) _init_hash_ring /opt/stack/neutron/neutron/plugins/ml2/drivers/ovn/mech_driver/mech_driver.py:392}}
Aug 24 19:08:39.890912 np0000008003 devstack@neutron-api.service[90817]: DEBUG neutron.api.extensions [None req-f7ce56da-cc25-4f79-89e5-bf9101e3d9ab None None] Extended resource: floatingip-pools {{(pid=90817) __init__ /opt/stack/neutron/neutron/api/extensions.py:156}}
Aug 24 19:08:39.891623 np0000008003 devstack@neutron-api.service[90817]: DEBUG neutron.api.extensions [None req-f7ce56da-cc25-4f79-89e5-bf9101e3d9ab None None] Extended resource: routers {{(pid=90817) __init__ /opt/stack/neutron/neutron/api/extensions.py:156}}
Aug 24 19:08:39.892157 np0000008003 devstack@neutron-api.service[90818]: DEBUG oslo_concurrency.processutils [None req-4b754844-8e51-4284-ad88-1651356c18e9 None None] CMD "ovsdb-client transact ssl:10.4.3.185:6641 --timeout 180 -p /opt/stack/data/CA/int-ca/private/devstack-cert.key -c /opt/stack/data/CA/int-ca/devstack-cert.crt -C /opt/stack/data/CA/int-ca/ca-chain.pem ["OVN_Northbound", {"op": "wait", "timeout": 0, "table": "Port_Group", "where": [["name", "==", "neutron_pg_drop"]], "until": "==", "rows": []}, {"op": "insert", "table": "ACL", "row": {"action": "drop", "direction": "to-lport", "match": "outport == @neutron_pg_drop && ip", "priority": 1000}, "uuid-name": "droptoport"}, {"op": "insert", "table": "ACL", "row": {"action": "drop", "direction": "from-lport", "match": "inport == @neutron_pg_drop && ip", "priority": 1000}, "uuid-name": "dropfromport"}, {"op": "insert", "table": "Port_Group", "row": {"name": "neutron_pg_drop", "acls": ["set", [["named-uuid", "droptoport"], ["named-uuid", "dropfromport"]]]}}]" returned: 0 in 0.031s {{(pid=90818) execute /opt/stack/data/venv/lib/python3.12/site-packages/oslo_concurrency/processutils.py:468}}
Aug 24 19:08:39.892672 np0000008003 devstack@neutron-api.service[90818]: DEBUG neutron_lib.callbacks.manager [None req-4b754844-8e51-4284-ad88-1651356c18e9 None None] Publish callbacks ['neutron.plugins.ml2.drivers.ovn.mech_driver.mech_driver.OVNMechanismDriver.post_fork_initialize-386616', 'neutron.services.pvlan.drivers.ovn.driver._initialize_pvlan_pg_drop-7904666867846', 'neutron.services.ovn_l3.plugin.OVNL3RouterPlugin._post_fork_initialize-1504306'] for process (None), after_init {{(pid=90818) _notify_loop /opt/stack/data/venv/lib/python3.12/site-packages/neutron_lib/callbacks/manager.py:184}}
Aug 24 19:08:39.893004 np0000008003 devstack@neutron-api.service[90817]: DEBUG neutron.api.extensions [None req-f7ce56da-cc25-4f79-89e5-bf9101e3d9ab None None] Extended resource: floatingips {{(pid=90817) __init__ /opt/stack/neutron/neutron/api/extensions.py:156}}
Aug 24 19:08:39.893076 np0000008003 devstack@neutron-api.service[90818]: DEBUG oslo_concurrency.lockutils [None req-4b754844-8e51-4284-ad88-1651356c18e9 None None] Acquiring lock "singleton_lock" {{(pid=90818) lock /opt/stack/data/venv/lib/python3.12/site-packages/oslo_concurrency/lockutils.py:396}}
Aug 24 19:08:39.893137 np0000008003 devstack@neutron-api.service[90818]: DEBUG oslo_concurrency.lockutils [None req-4b754844-8e51-4284-ad88-1651356c18e9 None None] Acquired lock "singleton_lock" {{(pid=90818) lock /opt/stack/data/venv/lib/python3.12/site-packages/oslo_concurrency/lockutils.py:399}}
Aug 24 19:08:39.893354 np0000008003 devstack@neutron-api.service[90818]: DEBUG oslo_concurrency.lockutils [None req-4b754844-8e51-4284-ad88-1651356c18e9 None None] Releasing lock "singleton_lock" {{(pid=90818) lock /opt/stack/data/venv/lib/python3.12/site-packages/oslo_concurrency/lockutils.py:419}}
Aug 24 19:08:39.893818 np0000008003 devstack@neutron-api.service[90817]: DEBUG neutron.api.extensions [None req-f7ce56da-cc25-4f79-89e5-bf9101e3d9ab None None] Extended resource: l3-routers {{(pid=90817) __init__ /opt/stack/neutron/neutron/api/extensions.py:156}}
Aug 24 19:08:39.894864 np0000008003 devstack@neutron-api.service[90817]: DEBUG neutron.api.extensions [None req-f7ce56da-cc25-4f79-89e5-bf9101e3d9ab None None] Extended resource: l3-agents {{(pid=90817) __init__ /opt/stack/neutron/neutron/api/extensions.py:156}}
Aug 24 19:08:39.897062 np0000008003 devstack@neutron-api.service[90818]: DEBUG neutron.plugins.ml2.drivers.ovn.mech_driver.mech_driver [None req-4b754844-8e51-4284-ad88-1651356c18e9 None None] Hash Ring setup using WSGI start time 2026-08-24 19:08:38+00:00 {{(pid=90818) _init_hash_ring /opt/stack/neutron/neutron/plugins/ml2/drivers/ovn/mech_driver/mech_driver.py:382}}
Aug 24 19:08:39.897159 np0000008003 devstack@neutron-api.service[90817]: DEBUG neutron.api.extensions [None req-f7ce56da-cc25-4f79-89e5-bf9101e3d9ab None None] Extended resource: network-ip-availabilities {{(pid=90817) __init__ /opt/stack/neutron/neutron/api/extensions.py:156}}
Aug 24 19:08:39.897159 np0000008003 devstack@neutron-api.service[90817]: DEBUG neutron.api.extensions [None req-f7ce56da-cc25-4f79-89e5-bf9101e3d9ab None None] Extended resource: network-ip-availabilities {{(pid=90817) __init__ /opt/stack/neutron/neutron/api/extensions.py:156}}
Aug 24 19:08:39.897461 np0000008003 devstack@neutron-api.service[90817]: DEBUG neutron.api.extensions [None req-f7ce56da-cc25-4f79-89e5-bf9101e3d9ab None None] Extended resource: bindings {{(pid=90817) __init__ /opt/stack/neutron/neutron/api/extensions.py:156}}
Aug 24 19:08:39.898415 np0000008003 devstack@neutron-api.service[90817]: DEBUG neutron.api.extensions [None req-f7ce56da-cc25-4f79-89e5-bf9101e3d9ab None None] Extended resource: quotas {{(pid=90817) __init__ /opt/stack/neutron/neutron/api/extensions.py:156}}
Aug 24 19:08:39.900816 np0000008003 devstack@neutron-api.service[90817]: DEBUG neutron.api.extensions [None req-f7ce56da-cc25-4f79-89e5-bf9101e3d9ab None None] Extended resource: quotas {{(pid=90817) __init__ /opt/stack/neutron/neutron/api/extensions.py:156}}
Aug 24 19:08:39.900816 np0000008003 devstack@neutron-api.service[90817]: DEBUG neutron.api.extensions [None req-f7ce56da-cc25-4f79-89e5-bf9101e3d9ab None None] Extended resource: rbac-policies {{(pid=90817) __init__ /opt/stack/neutron/neutron/api/extensions.py:156}}
Aug 24 19:08:39.900816 np0000008003 devstack@neutron-api.service[90817]: DEBUG neutron.api.extensions [None req-f7ce56da-cc25-4f79-89e5-bf9101e3d9ab None None] Extended resource: default-security-group-rules {{(pid=90817) __init__ /opt/stack/neutron/neutron/api/extensions.py:156}}
Aug 24 19:08:39.901538 np0000008003 devstack@neutron-api.service[90817]: DEBUG neutron.api.extensions [None req-f7ce56da-cc25-4f79-89e5-bf9101e3d9ab None None] Extended resource: security-groups-default-statefulness {{(pid=90817) __init__ /opt/stack/neutron/neutron/api/extensions.py:156}}
Aug 24 19:08:39.901890 np0000008003 devstack@neutron-api.service[90818]: INFO neutron.db.ovn_hash_ring_db [None req-4b754844-8e51-4284-ad88-1651356c18e9 None None] Nodes from host "np0000008003" and group "mechanism_driver" removed from the Hash Ring created at 2026-08-24 19:08:38+00:00
Aug 24 19:08:39.902187 np0000008003 devstack@neutron-api.service[90817]: DEBUG neutron.api.extensions [None req-f7ce56da-cc25-4f79-89e5-bf9101e3d9ab None None] Extended resource: security-groups {{(pid=90817) __init__ /opt/stack/neutron/neutron/api/extensions.py:156}}
Aug 24 19:08:39.904007 np0000008003 devstack@neutron-api.service[90817]: DEBUG neutron.api.extensions [None req-f7ce56da-cc25-4f79-89e5-bf9101e3d9ab None None] Extended resource: security-group-rules {{(pid=90817) __init__ /opt/stack/neutron/neutron/api/extensions.py:156}}
Aug 24 19:08:39.904734 np0000008003 devstack@neutron-api.service[90817]: DEBUG neutron.api.extensions [None req-f7ce56da-cc25-4f79-89e5-bf9101e3d9ab None None] Extended resource: service-providers {{(pid=90817) __init__ /opt/stack/neutron/neutron/api/extensions.py:156}}
Aug 24 19:08:39.905460 np0000008003 devstack@neutron-api.service[90817]: DEBUG neutron.api.extensions [None req-f7ce56da-cc25-4f79-89e5-bf9101e3d9ab None None] Extended resource: subnetpools {{(pid=90817) __init__ /opt/stack/neutron/neutron/api/extensions.py:156}}
Aug 24 19:08:39.906319 np0000008003 devstack@neutron-api.service[90817]: DEBUG neutron.api.extensions [None req-f7ce56da-cc25-4f79-89e5-bf9101e3d9ab None None] Extended resource: subnetpools {{(pid=90817) __init__ /opt/stack/neutron/neutron/api/extensions.py:156}}
Aug 24 19:08:39.906852 np0000008003 devstack@neutron-api.service[90816]: DEBUG neutron.plugins.ml2.drivers.ovn.mech_driver.ovsdb.maintenance [None req-1d6d1f36-e3c1-4f5c-a6ce-76441d10b124 None None] Periodic task found: HashRingHealthCheckPeriodics.touch_hash_ring_node {{(pid=90816) add_periodics /opt/stack/neutron/neutron/plugins/ml2/drivers/ovn/mech_driver/ovsdb/maintenance.py:151}}
Aug 24 19:08:39.907140 np0000008003 devstack@neutron-api.service[90817]: DEBUG neutron.api.extensions [None req-f7ce56da-cc25-4f79-89e5-bf9101e3d9ab None None] Extended resource: tags {{(pid=90817) __init__ /opt/stack/neutron/neutron/api/extensions.py:156}}
Aug 24 19:08:39.907654 np0000008003 devstack@neutron-api.service[90818]: INFO neutron.db.ovn_hash_ring_db [None req-4b754844-8e51-4284-ad88-1651356c18e9 None None] Node 96167b02fab751ff831af5b7d42faf52 from host "np0000008003" and group "mechanism_driver" added to the Hash Ring
Aug 24 19:08:39.908059 np0000008003 devstack@neutron-api.service[90817]: DEBUG neutron.api.extensions [None req-f7ce56da-cc25-4f79-89e5-bf9101e3d9ab None None] Extended resource: tags {{(pid=90817) __init__ /opt/stack/neutron/neutron/api/extensions.py:156}}
Aug 24 19:08:39.909228 np0000008003 devstack@neutron-api.service[90817]: DEBUG neutron.api.extensions [None req-f7ce56da-cc25-4f79-89e5-bf9101e3d9ab None None] Extended resource: tags {{(pid=90817) __init__ /opt/stack/neutron/neutron/api/extensions.py:156}}
Aug 24 19:08:39.910395 np0000008003 devstack@neutron-api.service[90817]: DEBUG neutron.api.extensions [None req-f7ce56da-cc25-4f79-89e5-bf9101e3d9ab None None] Extended resource: tags {{(pid=90817) __init__ /opt/stack/neutron/neutron/api/extensions.py:156}}
Aug 24 19:08:39.910443 np0000008003 devstack@neutron-api.service[90816]: INFO neutron.plugins.ml2.drivers.ovn.mech_driver.mech_driver [None req-1d6d1f36-e3c1-4f5c-a6ce-76441d10b124 None None] Hash Ring probing thread for node 838e1413a65f50a7a37c48e8f6414501 has started
Aug 24 19:08:39.911241 np0000008003 devstack@neutron-api.service[90816]: INFO neutron.plugins.ml2.drivers.ovn.mech_driver.ovsdb.impl_idl_ovn [None req-1d6d1f36-e3c1-4f5c-a6ce-76441d10b124 None None] Getting OvsdbNbOvnIdl for WorkerService with retry
Aug 24 19:08:39.911445 np0000008003 devstack@neutron-api.service[90817]: DEBUG neutron.api.extensions [None req-f7ce56da-cc25-4f79-89e5-bf9101e3d9ab None None] Extended resource: tags {{(pid=90817) __init__ /opt/stack/neutron/neutron/api/extensions.py:156}}
Aug 24 19:08:39.911722 np0000008003 devstack@neutron-api.service[90818]: DEBUG neutron.plugins.ml2.drivers.ovn.mech_driver.mech_driver [None req-4b754844-8e51-4284-ad88-1651356c18e9 None None] Hash Ring setup, this worker has detected 3 OVN hash ring registers in the database {{(pid=90818) _init_hash_ring /opt/stack/neutron/neutron/plugins/ml2/drivers/ovn/mech_driver/mech_driver.py:392}}
Aug 24 19:08:39.912690 np0000008003 devstack@neutron-api.service[90817]: DEBUG neutron.api.extensions [None req-f7ce56da-cc25-4f79-89e5-bf9101e3d9ab None None] Extended resource: tags {{(pid=90817) __init__ /opt/stack/neutron/neutron/api/extensions.py:156}}
Aug 24 19:08:39.913583 np0000008003 devstack@neutron-api.service[90817]: DEBUG neutron.api.extensions [None req-f7ce56da-cc25-4f79-89e5-bf9101e3d9ab None None] Extended resource: tags {{(pid=90817) __init__ /opt/stack/neutron/neutron/api/extensions.py:156}}
Aug 24 19:08:39.914326 np0000008003 devstack@neutron-api.service[90817]: DEBUG neutron.api.extensions [None req-f7ce56da-cc25-4f79-89e5-bf9101e3d9ab None None] Extended resource: tags {{(pid=90817) __init__ /opt/stack/neutron/neutron/api/extensions.py:156}}
Aug 24 19:08:39.914998 np0000008003 devstack@neutron-api.service[90817]: DEBUG neutron.api.extensions [None req-f7ce56da-cc25-4f79-89e5-bf9101e3d9ab None None] Extended resource: tags {{(pid=90817) __init__ /opt/stack/neutron/neutron/api/extensions.py:156}}
