May 28 08:28:24.007809 np0000001607 devstack@g-api.service[101987]: DEBUG glance_store.location [-] Registering scheme swift+config with {'store': , 'location_class': , 'store_entry': 'swift'} {{(pid=101987) register_scheme_map /opt/stack/data/venv/lib/python3.12/site-packages/glance_store/location.py:146}}
May 28 08:28:24.007853 np0000001607 devstack@g-api.service[101987]: DEBUG glance_store.backend [-] Attempting to import store http {{(pid=101987) _load_store /opt/stack/data/venv/lib/python3.12/site-packages/glance_store/backend.py:215}}
May 28 08:28:24.008053 np0000001607 devstack@g-api.service[101987]: DEBUG glance_store.capabilities [-] Store glance_store._drivers.http.Store doesn't support updating dynamic storage capabilities. Please overwrite 'update_capabilities' method of the store to implement updating logics if needed. {{(pid=101987) update_capabilities /opt/stack/data/venv/lib/python3.12/site-packages/glance_store/capabilities.py:91}}
May 28 08:28:24.008128 np0000001607 devstack@g-api.service[101987]: DEBUG glance_store.backend [-] Registering store http with schemes ('http', 'https') {{(pid=101987) create_stores /opt/stack/data/venv/lib/python3.12/site-packages/glance_store/backend.py:261}}
May 28 08:28:24.008184 np0000001607 devstack@g-api.service[101987]: DEBUG glance_store.driver [-] Late loading location class glance_store._drivers.http.StoreLocation {{(pid=101987) get_store_location_class /opt/stack/data/venv/lib/python3.12/site-packages/glance_store/driver.py:134}}
May 28 08:28:24.008244 np0000001607 devstack@g-api.service[101987]: DEBUG glance_store.location [-] Registering scheme http with {'store': , 'location_class': , 'store_entry': 'http'} {{(pid=101987) register_scheme_map /opt/stack/data/venv/lib/python3.12/site-packages/glance_store/location.py:146}}
May 28 08:28:24.008288 np0000001607 devstack@g-api.service[101987]: DEBUG glance_store.location [-] Registering scheme https with {'store': , 'location_class': , 'store_entry': 'http'} {{(pid=101987) register_scheme_map /opt/stack/data/venv/lib/python3.12/site-packages/glance_store/location.py:146}}
May 28 08:28:24.008346 np0000001607 devstack@g-api.service[101987]: DEBUG glance_store.backend [-] Attempting to import store file {{(pid=101987) _load_store /opt/stack/data/venv/lib/python3.12/site-packages/glance_store/backend.py:215}}
May 28 08:28:24.008881 np0000001607 devstack@g-api.service[101987]: DEBUG glance_store.capabilities [-] Store glance_store._drivers.filesystem.Store doesn't support updating dynamic storage capabilities. Please overwrite 'update_capabilities' method of the store to implement updating logics if needed. {{(pid=101987) update_capabilities /opt/stack/data/venv/lib/python3.12/site-packages/glance_store/capabilities.py:91}}
May 28 08:28:24.008966 np0000001607 devstack@g-api.service[101987]: DEBUG glance_store.backend [-] Registering store file with schemes ('file', 'filesystem') {{(pid=101987) create_stores /opt/stack/data/venv/lib/python3.12/site-packages/glance_store/backend.py:261}}
May 28 08:28:24.009049 np0000001607 devstack@g-api.service[101987]: DEBUG glance_store.driver [-] Late loading location class glance_store._drivers.filesystem.StoreLocation {{(pid=101987) get_store_location_class /opt/stack/data/venv/lib/python3.12/site-packages/glance_store/driver.py:134}}
May 28 08:28:24.009150 np0000001607 devstack@g-api.service[101987]: DEBUG glance_store.location [-] Registering scheme file with {'store': , 'location_class': , 'store_entry': 'file'} {{(pid=101987) register_scheme_map /opt/stack/data/venv/lib/python3.12/site-packages/glance_store/location.py:146}}
May 28 08:28:24.009218 np0000001607 devstack@g-api.service[101987]: DEBUG glance_store.location [-] Registering scheme filesystem with {'store': , 'location_class': , 'store_entry': 'file'} {{(pid=101987) register_scheme_map /opt/stack/data/venv/lib/python3.12/site-packages/glance_store/location.py:146}}
May 28 08:28:24.009350 np0000001607 devstack@g-api.service[101987]: DEBUG glance_store.backend [-] Attempting to import store swift {{(pid=101987) _load_store /opt/stack/data/venv/lib/python3.12/site-packages/glance_store/backend.py:215}}
May 28 08:28:24.010395 np0000001607 devstack@g-api.service[101987]: DEBUG glance_store.capabilities [-] Store glance_store._drivers.swift.store.SingleTenantStore doesn't support updating dynamic storage capabilities. Please overwrite 'update_capabilities' method of the store to implement updating logics if needed. {{(pid=101987) update_capabilities /opt/stack/data/venv/lib/python3.12/site-packages/glance_store/capabilities.py:91}}
May 28 08:28:24.010493 np0000001607 devstack@g-api.service[101987]: DEBUG glance_store.driver [-] Late loading location class glance_store._drivers.swift.store.StoreLocation {{(pid=101987) get_store_location_class /opt/stack/data/venv/lib/python3.12/site-packages/glance_store/driver.py:134}}
May 28 08:28:24.010559 np0000001607 devstack@g-api.service[101987]: DEBUG glance_store.location [-] Registering scheme swift+https with {'store': , 'location_class': , 'store_entry': 'swift'} {{(pid=101987) register_scheme_map /opt/stack/data/venv/lib/python3.12/site-packages/glance_store/location.py:146}}
May 28 08:28:24.010614 np0000001607 devstack@g-api.service[101987]: DEBUG glance_store.location [-] Registering scheme swift+https with {'store': , 'location_class': , 'store_entry': 'swift'} {{(pid=101987) register_scheme_map /opt/stack/data/venv/lib/python3.12/site-packages/glance_store/location.py:146}}
May 28 08:28:24.010647 np0000001607 devstack@g-api.service[101987]: DEBUG glance_store.location [-] Registering scheme swift with {'store': , 'location_class': , 'store_entry': 'swift'} {{(pid=101987) register_scheme_map /opt/stack/data/venv/lib/python3.12/site-packages/glance_store/location.py:146}}
May 28 08:28:24.010687 np0000001607 devstack@g-api.service[101987]: DEBUG glance_store.location [-] Registering scheme swift+https with {'store': , 'location_class': , 'store_entry': 'swift'} {{(pid=101987) register_scheme_map /opt/stack/data/venv/lib/python3.12/site-packages/glance_store/location.py:146}}
May 28 08:28:24.010737 np0000001607 devstack@g-api.service[101987]: DEBUG glance_store.location [-] Registering scheme swift with {'store': , 'location_class': , 'store_entry': 'swift'} {{(pid=101987) register_scheme_map /opt/stack/data/venv/lib/python3.12/site-packages/glance_store/location.py:146}}
May 28 08:28:24.010770 np0000001607 devstack@g-api.service[101987]: DEBUG glance_store.location [-] Registering scheme swift+http with {'store': , 'location_class': , 'store_entry': 'swift'} {{(pid=101987) register_scheme_map /opt/stack/data/venv/lib/python3.12/site-packages/glance_store/location.py:146}}
May 28 08:28:24.010842 np0000001607 devstack@g-api.service[101987]: DEBUG glance_store.location [-] Registering scheme swift+https with {'store': , 'location_class': , 'store_entry': 'swift'} {{(pid=101987) register_scheme_map /opt/stack/data/venv/lib/python3.12/site-packages/glance_store/location.py:146}}
May 28 08:28:24.010881 np0000001607 devstack@g-api.service[101987]: DEBUG glance_store.location [-] Registering scheme swift with {'store': , 'location_class': , 'store_entry': 'swift'} {{(pid=101987) register_scheme_map /opt/stack/data/venv/lib/python3.12/site-packages/glance_store/location.py:146}}
May 28 08:28:24.010934 np0000001607 devstack@g-api.service[101987]: DEBUG glance_store.location [-] Registering scheme swift+http with {'store': , 'location_class': , 'store_entry': 'swift'} {{(pid=101987) register_scheme_map /opt/stack/data/venv/lib/python3.12/site-packages/glance_store/location.py:146}}
May 28 08:28:24.010995 np0000001607 devstack@g-api.service[101987]: DEBUG glance_store.location [-] Registering scheme swift+config with {'store': , 'location_class': , 'store_entry': 'swift'} {{(pid=101987) register_scheme_map /opt/stack/data/venv/lib/python3.12/site-packages/glance_store/location.py:146}}
May 28 08:28:24.011249 np0000001607 devstack@g-api.service[101987]: DEBUG glance.sqlite_migration [-] SQLite caching database not located, skipping migration {{(pid=101987) get_db_path /opt/stack/glance/glance/sqlite_migration.py:68}}
May 28 08:28:24.011459 np0000001607 devstack@g-api.service[101987]: WARNING glance.common.wsgi_app [-] Import methods are enabled but staging directory /tmp/staging/ does not exist; Imports will fail!
May 28 08:28:24.171276 np0000001607 devstack@g-api.service[101988]: DEBUG glance.common.config [None req-1ad4979d-d2f3-4a7c-a4ce-2e454b0feb5d None None] Loading glance-api-keystone+cachemanagement from /etc/glance/glance-api-paste.ini {{(pid=101988) load_paste_app /opt/stack/glance/glance/common/config.py:758}}
May 28 08:28:24.226401 np0000001607 devstack@g-api.service[101986]: DEBUG glance.common.config [None req-2db9adf4-611b-414e-9d24-5da47cbba8ec None None] Loading glance-api-keystone+cachemanagement from /etc/glance/glance-api-paste.ini {{(pid=101986) load_paste_app /opt/stack/glance/glance/common/config.py:758}}
May 28 08:28:24.282569 np0000001607 devstack@g-api.service[101987]: DEBUG glance.common.config [None req-06d43576-683f-4708-847d-9518b4408ffb None None] Loading glance-api-keystone+cachemanagement from /etc/glance/glance-api-paste.ini {{(pid=101987) load_paste_app /opt/stack/glance/glance/common/config.py:758}}
May 28 08:28:24.748260 np0000001607 devstack@g-api.service[101988]: INFO glance.image_cache [None req-1ad4979d-d2f3-4a7c-a4ce-2e454b0feb5d None None] Image cache loaded driver 'centralized_db'.
May 28 08:28:24.763147 np0000001607 devstack@g-api.service[101986]: INFO glance.image_cache [None req-2db9adf4-611b-414e-9d24-5da47cbba8ec None None] Image cache loaded driver 'centralized_db'.
May 28 08:28:24.791541 np0000001607 devstack@g-api.service[101988]: INFO dbcounter [None req-1ad4979d-d2f3-4a7c-a4ce-2e454b0feb5d None None] Registered counter for database glance
May 28 08:28:24.810702 np0000001607 devstack@g-api.service[101986]: INFO dbcounter [None req-2db9adf4-611b-414e-9d24-5da47cbba8ec None None] Registered counter for database glance
May 28 08:28:24.834590 np0000001607 devstack@g-api.service[101988]: DEBUG oslo_db.sqlalchemy.engines [None req-1ad4979d-d2f3-4a7c-a4ce-2e454b0feb5d None None] MySQL server mode set to STRICT_TRANS_TABLES,STRICT_ALL_TABLES,NO_ZERO_IN_DATE,NO_ZERO_DATE,ERROR_FOR_DIVISION_BY_ZERO,TRADITIONAL,NO_ENGINE_SUBSTITUTION {{(pid=101988) _check_effective_sql_mode /opt/stack/data/venv/lib/python3.12/site-packages/oslo_db/sqlalchemy/engines.py:325}}
May 28 08:28:24.846356 np0000001607 devstack@g-api.service[101987]: INFO glance.image_cache [None req-06d43576-683f-4708-847d-9518b4408ffb None None] Image cache loaded driver 'centralized_db'.
May 28 08:28:24.858785 np0000001607 devstack@g-api.service[101988]: DEBUG dbcounter [-] [101988] Writer thread running {{(pid=101988) stat_writer /opt/stack/data/venv/lib/python3.12/site-packages/dbcounter.py:102}}
May 28 08:28:24.863751 np0000001607 devstack@g-api.service[101986]: DEBUG oslo_db.sqlalchemy.engines [None req-2db9adf4-611b-414e-9d24-5da47cbba8ec None None] MySQL server mode set to STRICT_TRANS_TABLES,STRICT_ALL_TABLES,NO_ZERO_IN_DATE,NO_ZERO_DATE,ERROR_FOR_DIVISION_BY_ZERO,TRADITIONAL,NO_ENGINE_SUBSTITUTION {{(pid=101986) _check_effective_sql_mode /opt/stack/data/venv/lib/python3.12/site-packages/oslo_db/sqlalchemy/engines.py:325}}
May 28 08:28:24.873020 np0000001607 devstack@g-api.service[101988]: INFO glance.image_cache [None req-1ad4979d-d2f3-4a7c-a4ce-2e454b0feb5d None None] Image cache loaded driver 'centralized_db'.
May 28 08:28:24.881096 np0000001607 devstack@g-api.service[101988]: DEBUG glance.image_cache.drivers.centralized_db [None req-1ad4979d-d2f3-4a7c-a4ce-2e454b0feb5d None None] Node reference is already recorded, ignoring it {{(pid=101988) configure /opt/stack/glance/glance/image_cache/drivers/centralized_db.py:71}}
May 28 08:28:24.884143 np0000001607 devstack@g-api.service[101986]: DEBUG dbcounter [-] [101986] Writer thread running {{(pid=101986) stat_writer /opt/stack/data/venv/lib/python3.12/site-packages/dbcounter.py:102}}
May 28 08:28:24.886065 np0000001607 devstack@g-api.service[101988]: DEBUG glance.api.v2.cached_images [None req-1ad4979d-d2f3-4a7c-a4ce-2e454b0feb5d None None] Started cache worker thread {{(pid=101988) __init__ /opt/stack/glance/glance/api/v2/cached_images.py:69}}
May 28 08:28:24.886775 np0000001607 devstack@g-api.service[101988]: INFO glance.image_cache [None req-1ad4979d-d2f3-4a7c-a4ce-2e454b0feb5d None None] Image cache loaded driver 'centralized_db'.
May 28 08:28:24.887943 np0000001607 devstack@g-api.service[101986]: DEBUG glance.image_cache.drivers.centralized_db [None req-2db9adf4-611b-414e-9d24-5da47cbba8ec None None] Node reference is already recorded, ignoring it {{(pid=101986) configure /opt/stack/glance/glance/image_cache/drivers/centralized_db.py:71}}
May 28 08:28:24.894763 np0000001607 devstack@g-api.service[101986]: INFO glance.image_cache [None req-2db9adf4-611b-414e-9d24-5da47cbba8ec None None] Image cache loaded driver 'centralized_db'.
May 28 08:28:24.897220 np0000001607 devstack@g-api.service[101988]: DEBUG glance.image_cache.drivers.centralized_db [None req-1ad4979d-d2f3-4a7c-a4ce-2e454b0feb5d None None] Node reference is already recorded, ignoring it {{(pid=101988) configure /opt/stack/glance/glance/image_cache/drivers/centralized_db.py:71}}
May 28 08:28:24.897414 np0000001607 devstack@g-api.service[101987]: INFO dbcounter [None req-06d43576-683f-4708-847d-9518b4408ffb None None] Registered counter for database glance
May 28 08:28:24.901815 np0000001607 devstack@g-api.service[101988]: INFO glance.api.middleware.cache_manage [None req-1ad4979d-d2f3-4a7c-a4ce-2e454b0feb5d None None] Initialized image cache management middleware
May 28 08:28:24.901997 np0000001607 devstack@g-api.service[101988]: INFO glance.image_cache [None req-1ad4979d-d2f3-4a7c-a4ce-2e454b0feb5d None None] Image cache loaded driver 'centralized_db'.
May 28 08:28:24.903299 np0000001607 devstack@g-api.service[101986]: DEBUG glance.image_cache.drivers.centralized_db [None req-2db9adf4-611b-414e-9d24-5da47cbba8ec None None] Node reference is already recorded, ignoring it {{(pid=101986) configure /opt/stack/glance/glance/image_cache/drivers/centralized_db.py:71}}
May 28 08:28:24.908091 np0000001607 devstack@g-api.service[101988]: DEBUG glance.image_cache.drivers.centralized_db [None req-1ad4979d-d2f3-4a7c-a4ce-2e454b0feb5d None None] Node reference is already recorded, ignoring it {{(pid=101988) configure /opt/stack/glance/glance/image_cache/drivers/centralized_db.py:71}}
May 28 08:28:24.909885 np0000001607 devstack@g-api.service[101986]: DEBUG glance.api.v2.cached_images [None req-2db9adf4-611b-414e-9d24-5da47cbba8ec None None] Started cache worker thread {{(pid=101986) __init__ /opt/stack/glance/glance/api/v2/cached_images.py:69}}
May 28 08:28:24.910620 np0000001607 devstack@g-api.service[101986]: INFO glance.image_cache [None req-2db9adf4-611b-414e-9d24-5da47cbba8ec None None] Image cache loaded driver 'centralized_db'.
May 28 08:28:24.911818 np0000001607 devstack@g-api.service[101988]: INFO glance.api.middleware.cache [None req-1ad4979d-d2f3-4a7c-a4ce-2e454b0feb5d None None] Initialized image cache middleware
May 28 08:28:24.917143 np0000001607 devstack@g-api.service[101986]: DEBUG glance.image_cache.drivers.centralized_db [None req-2db9adf4-611b-414e-9d24-5da47cbba8ec None None] Node reference is already recorded, ignoring it {{(pid=101986) configure /opt/stack/glance/glance/image_cache/drivers/centralized_db.py:71}}
May 28 08:28:24.921423 np0000001607 devstack@g-api.service[101986]: INFO glance.api.middleware.cache_manage [None req-2db9adf4-611b-414e-9d24-5da47cbba8ec None None] Initialized image cache management middleware
May 28 08:28:24.921578 np0000001607 devstack@g-api.service[101986]: INFO glance.image_cache [None req-2db9adf4-611b-414e-9d24-5da47cbba8ec None None] Image cache loaded driver 'centralized_db'.
May 28 08:28:24.922317 np0000001607 devstack@g-api.service[101988]: DEBUG glance.common.config [None req-1ad4979d-d2f3-4a7c-a4ce-2e454b0feb5d None None] ******************************************************************************** {{(pid=101988) log_opt_values /opt/stack/data/venv/lib/python3.12/site-packages/oslo_config/cfg.py:3229}}
May 28 08:28:24.922452 np0000001607 devstack@g-api.service[101988]: DEBUG glance.common.config [None req-1ad4979d-d2f3-4a7c-a4ce-2e454b0feb5d None None] Configuration options gathered from: {{(pid=101988) log_opt_values /opt/stack/data/venv/lib/python3.12/site-packages/oslo_config/cfg.py:3230}}
May 28 08:28:24.922790 np0000001607 devstack@g-api.service[101988]: DEBUG glance.common.config [None req-1ad4979d-d2f3-4a7c-a4ce-2e454b0feb5d None None] command line args: [] {{(pid=101988) log_opt_values /opt/stack/data/venv/lib/python3.12/site-packages/oslo_config/cfg.py:3231}}
May 28 08:28:24.922948 np0000001607 devstack@g-api.service[101988]: DEBUG glance.common.config [None req-1ad4979d-d2f3-4a7c-a4ce-2e454b0feb5d None None] config files: ['/etc/glance/glance-image-import.conf', '/etc/glance/glance-api.conf'] {{(pid=101988) log_opt_values /opt/stack/data/venv/lib/python3.12/site-packages/oslo_config/cfg.py:3232}}
May 28 08:28:24.923059 np0000001607 devstack@g-api.service[101988]: DEBUG glance.common.config [None req-1ad4979d-d2f3-4a7c-a4ce-2e454b0feb5d None None] ================================================================================ {{(pid=101988) log_opt_values /opt/stack/data/venv/lib/python3.12/site-packages/oslo_config/cfg.py:3237}}
May 28 08:28:24.923231 np0000001607 devstack@g-api.service[101988]: DEBUG glance.common.config [None req-1ad4979d-d2f3-4a7c-a4ce-2e454b0feb5d None None] allow_anonymous_access = False {{(pid=101988) log_opt_values /opt/stack/data/venv/lib/python3.12/site-packages/oslo_config/cfg.py:3245}}
May 28 08:28:24.923382 np0000001607 devstack@g-api.service[101988]: DEBUG glance.common.config [None req-1ad4979d-d2f3-4a7c-a4ce-2e454b0feb5d None None] api_limit_max = 1000 {{(pid=101988) log_opt_values /opt/stack/data/venv/lib/python3.12/site-packages/oslo_config/cfg.py:3245}}
May 28 08:28:24.923542 np0000001607 devstack@g-api.service[101988]: DEBUG glance.common.config [None req-1ad4979d-d2f3-4a7c-a4ce-2e454b0feb5d None None] backlog = 4096 {{(pid=101988) log_opt_values /opt/stack/data/venv/lib/python3.12/site-packages/oslo_config/cfg.py:3245}}
May 28 08:28:24.923725 np0000001607 devstack@g-api.service[101988]: DEBUG glance.common.config [None req-1ad4979d-d2f3-4a7c-a4ce-2e454b0feb5d None None] bind_host = 0.0.0.0 {{(pid=101988) log_opt_values /opt/stack/data/venv/lib/python3.12/site-packages/oslo_config/cfg.py:3245}}
May 28 08:28:24.923886 np0000001607 devstack@g-api.service[101988]: DEBUG glance.common.config [None req-1ad4979d-d2f3-4a7c-a4ce-2e454b0feb5d None None] bind_port = 19292 {{(pid=101988) log_opt_values /opt/stack/data/venv/lib/python3.12/site-packages/oslo_config/cfg.py:3245}}
May 28 08:28:24.924024 np0000001607 devstack@g-api.service[101988]: DEBUG glance.common.config [None req-1ad4979d-d2f3-4a7c-a4ce-2e454b0feb5d None None] client_socket_timeout = 900 {{(pid=101988) log_opt_values /opt/stack/data/venv/lib/python3.12/site-packages/oslo_config/cfg.py:3245}}
May 28 08:28:24.924166 np0000001607 devstack@g-api.service[101988]: DEBUG glance.common.config [None req-1ad4979d-d2f3-4a7c-a4ce-2e454b0feb5d None None] config_dir = [] {{(pid=101988) log_opt_values /opt/stack/data/venv/lib/python3.12/site-packages/oslo_config/cfg.py:3245}}
May 28 08:28:24.924277 np0000001607 devstack@g-api.service[101988]: DEBUG glance.common.config [None req-1ad4979d-d2f3-4a7c-a4ce-2e454b0feb5d None None] config_file = ['/etc/glance/glance-image-import.conf', '/etc/glance/glance-api.conf'] {{(pid=101988) log_opt_values /opt/stack/data/venv/lib/python3.12/site-packages/oslo_config/cfg.py:3245}}
May 28 08:28:24.924423 np0000001607 devstack@g-api.service[101988]: DEBUG glance.common.config [None req-1ad4979d-d2f3-4a7c-a4ce-2e454b0feb5d None None] config_source = [] {{(pid=101988) log_opt_values /opt/stack/data/venv/lib/python3.12/site-packages/oslo_config/cfg.py:3245}}
May 28 08:28:24.924588 np0000001607 devstack@g-api.service[101988]: DEBUG glance.common.config [None req-1ad4979d-d2f3-4a7c-a4ce-2e454b0feb5d None None] control_exchange = glance {{(pid=101988) log_opt_values /opt/stack/data/venv/lib/python3.12/site-packages/oslo_config/cfg.py:3245}}
May 28 08:28:24.924696 np0000001607 devstack@g-api.service[101988]: DEBUG glance.common.config [None req-1ad4979d-d2f3-4a7c-a4ce-2e454b0feb5d None None] debug = True {{(pid=101988) log_opt_values /opt/stack/data/venv/lib/python3.12/site-packages/oslo_config/cfg.py:3245}}
May 28 08:28:24.924948 np0000001607 devstack@g-api.service[101988]: DEBUG glance.common.config [None req-1ad4979d-d2f3-4a7c-a4ce-2e454b0feb5d None None] default_log_levels = ['amqp=WARN', 'boto=WARN', 'sqlalchemy=WARN', 'suds=INFO', 'oslo.messaging=INFO', 'oslo_messaging=INFO', 'iso8601=WARN', 'requests.packages.urllib3.connectionpool=WARN', 'urllib3.connectionpool=WARN', 'websocket=WARN', 'requests.packages.urllib3.util.retry=WARN', 'urllib3.util.retry=WARN', 'keystonemiddleware=WARN', 'routes.middleware=WARN', 'stevedore=WARN', 'taskflow=WARN', 'keystoneauth=WARN', 'oslo.cache=INFO', 'oslo_policy=INFO', 'dogpile.core.dogpile=INFO'] {{(pid=101988) log_opt_values /opt/stack/data/venv/lib/python3.12/site-packages/oslo_config/cfg.py:3245}}
May 28 08:28:24.925090 np0000001607 devstack@g-api.service[101988]: DEBUG glance.common.config [None req-1ad4979d-d2f3-4a7c-a4ce-2e454b0feb5d None None] default_publisher_id = image.localhost {{(pid=101988) log_opt_values /opt/stack/data/venv/lib/python3.12/site-packages/oslo_config/cfg.py:3245}}
May 28 08:28:24.925227 np0000001607 devstack@g-api.service[101988]: DEBUG glance.common.config [None req-1ad4979d-d2f3-4a7c-a4ce-2e454b0feb5d None None] delayed_delete = False {{(pid=101988) log_opt_values /opt/stack/data/venv/lib/python3.12/site-packages/oslo_config/cfg.py:3245}}
May 28 08:28:24.925370 np0000001607 devstack@g-api.service[101988]: DEBUG glance.common.config [None req-1ad4979d-d2f3-4a7c-a4ce-2e454b0feb5d None None] digest_algorithm = sha256 {{(pid=101988) log_opt_values /opt/stack/data/venv/lib/python3.12/site-packages/oslo_config/cfg.py:3245}}
May 28 08:28:24.925528 np0000001607 devstack@g-api.service[101988]: DEBUG glance.common.config [None req-1ad4979d-d2f3-4a7c-a4ce-2e454b0feb5d None None] disabled_notifications = [] {{(pid=101988) log_opt_values /opt/stack/data/venv/lib/python3.12/site-packages/oslo_config/cfg.py:3245}}
May 28 08:28:24.925667 np0000001607 devstack@g-api.service[101988]: DEBUG glance.common.config [None req-1ad4979d-d2f3-4a7c-a4ce-2e454b0feb5d None None] do_secure_hash = True {{(pid=101988) log_opt_values /opt/stack/data/venv/lib/python3.12/site-packages/oslo_config/cfg.py:3245}}
May 28 08:28:24.925816 np0000001607 devstack@g-api.service[101988]: DEBUG glance.common.config [None req-1ad4979d-d2f3-4a7c-a4ce-2e454b0feb5d None None] enabled_backends = None {{(pid=101988) log_opt_values /opt/stack/data/venv/lib/python3.12/site-packages/oslo_config/cfg.py:3245}}
May 28 08:28:24.925974 np0000001607 devstack@g-api.service[101988]: DEBUG glance.common.config [None req-1ad4979d-d2f3-4a7c-a4ce-2e454b0feb5d None None] enabled_import_methods = ['glance-direct', 'web-download', 'copy-image'] {{(pid=101988) log_opt_values /opt/stack/data/venv/lib/python3.12/site-packages/oslo_config/cfg.py:3245}}
May 28 08:28:24.926112 np0000001607 devstack@g-api.service[101988]: DEBUG glance.common.config [None req-1ad4979d-d2f3-4a7c-a4ce-2e454b0feb5d None None] fatal_deprecations = False {{(pid=101988) log_opt_values /opt/stack/data/venv/lib/python3.12/site-packages/oslo_config/cfg.py:3245}}
May 28 08:28:24.926255 np0000001607 devstack@g-api.service[101988]: DEBUG glance.common.config [None req-1ad4979d-d2f3-4a7c-a4ce-2e454b0feb5d None None] hashing_algorithm = sha512 {{(pid=101988) log_opt_values /opt/stack/data/venv/lib/python3.12/site-packages/oslo_config/cfg.py:3245}}
May 28 08:28:24.926389 np0000001607 devstack@g-api.service[101988]: DEBUG glance.common.config [None req-1ad4979d-d2f3-4a7c-a4ce-2e454b0feb5d None None] http_keepalive = True {{(pid=101988) log_opt_values /opt/stack/data/venv/lib/python3.12/site-packages/oslo_config/cfg.py:3245}}
May 28 08:28:24.926539 np0000001607 devstack@g-api.service[101988]: DEBUG glance.common.config [None req-1ad4979d-d2f3-4a7c-a4ce-2e454b0feb5d None None] http_retries = 3 {{(pid=101988) log_opt_values /opt/stack/data/venv/lib/python3.12/site-packages/oslo_config/cfg.py:3245}}
May 28 08:28:24.926688 np0000001607 devstack@g-api.service[101988]: DEBUG glance.common.config [None req-1ad4979d-d2f3-4a7c-a4ce-2e454b0feb5d None None] image_cache_dir = /opt/stack/data/glance/cache/ {{(pid=101988) log_opt_values /opt/stack/data/venv/lib/python3.12/site-packages/oslo_config/cfg.py:3245}}
May 28 08:28:24.926848 np0000001607 devstack@g-api.service[101988]: DEBUG glance.common.config [None req-1ad4979d-d2f3-4a7c-a4ce-2e454b0feb5d None None] image_cache_driver = centralized_db {{(pid=101988) log_opt_values /opt/stack/data/venv/lib/python3.12/site-packages/oslo_config/cfg.py:3245}}
May 28 08:28:24.926986 np0000001607 devstack@g-api.service[101988]: DEBUG glance.common.config [None req-1ad4979d-d2f3-4a7c-a4ce-2e454b0feb5d None None] image_cache_max_size = 10737418240 {{(pid=101988) log_opt_values /opt/stack/data/venv/lib/python3.12/site-packages/oslo_config/cfg.py:3245}}
May 28 08:28:24.927126 np0000001607 devstack@g-api.service[101988]: DEBUG glance.common.config [None req-1ad4979d-d2f3-4a7c-a4ce-2e454b0feb5d None None] image_cache_sqlite_db = cache.db {{(pid=101988) log_opt_values /opt/stack/data/venv/lib/python3.12/site-packages/oslo_config/cfg.py:3245}}
May 28 08:28:24.927265 np0000001607 devstack@g-api.service[101988]: DEBUG glance.common.config [None req-1ad4979d-d2f3-4a7c-a4ce-2e454b0feb5d None None] image_cache_stall_time = 86400 {{(pid=101988) log_opt_values /opt/stack/data/venv/lib/python3.12/site-packages/oslo_config/cfg.py:3245}}
May 28 08:28:24.927401 np0000001607 devstack@g-api.service[101988]: DEBUG glance.common.config [None req-1ad4979d-d2f3-4a7c-a4ce-2e454b0feb5d None None] image_location_quota = 10 {{(pid=101988) log_opt_values /opt/stack/data/venv/lib/python3.12/site-packages/oslo_config/cfg.py:3245}}
May 28 08:28:24.927551 np0000001607 devstack@g-api.service[101988]: DEBUG glance.common.config [None req-1ad4979d-d2f3-4a7c-a4ce-2e454b0feb5d None None] image_member_quota = 128 {{(pid=101988) log_opt_values /opt/stack/data/venv/lib/python3.12/site-packages/oslo_config/cfg.py:3245}}
May 28 08:28:24.927619 np0000001607 devstack@g-api.service[101986]: DEBUG glance.image_cache.drivers.centralized_db [None req-2db9adf4-611b-414e-9d24-5da47cbba8ec None None] Node reference is already recorded, ignoring it {{(pid=101986) configure /opt/stack/glance/glance/image_cache/drivers/centralized_db.py:71}}
May 28 08:28:24.927691 np0000001607 devstack@g-api.service[101988]: DEBUG glance.common.config [None req-1ad4979d-d2f3-4a7c-a4ce-2e454b0feb5d None None] image_property_quota = 128 {{(pid=101988) log_opt_values /opt/stack/data/venv/lib/python3.12/site-packages/oslo_config/cfg.py:3245}}
May 28 08:28:24.927839 np0000001607 devstack@g-api.service[101988]: DEBUG glance.common.config [None req-1ad4979d-d2f3-4a7c-a4ce-2e454b0feb5d None None] image_size_cap = 1099511627776 {{(pid=101988) log_opt_values /opt/stack/data/venv/lib/python3.12/site-packages/oslo_config/cfg.py:3245}}
May 28 08:28:24.927974 np0000001607 devstack@g-api.service[101988]: DEBUG glance.common.config [None req-1ad4979d-d2f3-4a7c-a4ce-2e454b0feb5d None None] image_tag_quota = 128 {{(pid=101988) log_opt_values /opt/stack/data/venv/lib/python3.12/site-packages/oslo_config/cfg.py:3245}}
May 28 08:28:24.928114 np0000001607 devstack@g-api.service[101988]: DEBUG glance.common.config [None req-1ad4979d-d2f3-4a7c-a4ce-2e454b0feb5d None None] instance_format = [instance: %(uuid)s] {{(pid=101988) log_opt_values /opt/stack/data/venv/lib/python3.12/site-packages/oslo_config/cfg.py:3245}}
May 28 08:28:24.928254 np0000001607 devstack@g-api.service[101988]: DEBUG glance.common.config [None req-1ad4979d-d2f3-4a7c-a4ce-2e454b0feb5d None None] instance_uuid_format = [instance: %(uuid)s] {{(pid=101988) log_opt_values /opt/stack/data/venv/lib/python3.12/site-packages/oslo_config/cfg.py:3245}}
May 28 08:28:24.928389 np0000001607 devstack@g-api.service[101988]: DEBUG glance.common.config [None req-1ad4979d-d2f3-4a7c-a4ce-2e454b0feb5d None None] limit_param_default = 25 {{(pid=101988) log_opt_values /opt/stack/data/venv/lib/python3.12/site-packages/oslo_config/cfg.py:3245}}
May 28 08:28:24.928553 np0000001607 devstack@g-api.service[101988]: DEBUG glance.common.config [None req-1ad4979d-d2f3-4a7c-a4ce-2e454b0feb5d None None] log_color = False {{(pid=101988) log_opt_values /opt/stack/data/venv/lib/python3.12/site-packages/oslo_config/cfg.py:3245}}
May 28 08:28:24.928700 np0000001607 devstack@g-api.service[101988]: DEBUG glance.common.config [None req-1ad4979d-d2f3-4a7c-a4ce-2e454b0feb5d None None] log_config_append = None {{(pid=101988) log_opt_values /opt/stack/data/venv/lib/python3.12/site-packages/oslo_config/cfg.py:3245}}
May 28 08:28:24.928860 np0000001607 devstack@g-api.service[101988]: DEBUG glance.common.config [None req-1ad4979d-d2f3-4a7c-a4ce-2e454b0feb5d None None] log_date_format = %Y-%m-%d %H:%M:%S {{(pid=101988) log_opt_values /opt/stack/data/venv/lib/python3.12/site-packages/oslo_config/cfg.py:3245}}
May 28 08:28:24.929002 np0000001607 devstack@g-api.service[101988]: DEBUG glance.common.config [None req-1ad4979d-d2f3-4a7c-a4ce-2e454b0feb5d None None] log_dir = None {{(pid=101988) log_opt_values /opt/stack/data/venv/lib/python3.12/site-packages/oslo_config/cfg.py:3245}}
May 28 08:28:24.929138 np0000001607 devstack@g-api.service[101988]: DEBUG glance.common.config [None req-1ad4979d-d2f3-4a7c-a4ce-2e454b0feb5d None None] log_file = None {{(pid=101988) log_opt_values /opt/stack/data/venv/lib/python3.12/site-packages/oslo_config/cfg.py:3245}}
May 28 08:28:24.929272 np0000001607 devstack@g-api.service[101988]: DEBUG glance.common.config [None req-1ad4979d-d2f3-4a7c-a4ce-2e454b0feb5d None None] log_rotate_interval = 1 {{(pid=101988) log_opt_values /opt/stack/data/venv/lib/python3.12/site-packages/oslo_config/cfg.py:3245}}
May 28 08:28:24.929418 np0000001607 devstack@g-api.service[101988]: DEBUG glance.common.config [None req-1ad4979d-d2f3-4a7c-a4ce-2e454b0feb5d None None] log_rotate_interval_type = days {{(pid=101988) log_opt_values /opt/stack/data/venv/lib/python3.12/site-packages/oslo_config/cfg.py:3245}}
May 28 08:28:24.929579 np0000001607 devstack@g-api.service[101988]: DEBUG glance.common.config [None req-1ad4979d-d2f3-4a7c-a4ce-2e454b0feb5d None None] log_rotation_type = none {{(pid=101988) log_opt_values /opt/stack/data/venv/lib/python3.12/site-packages/oslo_config/cfg.py:3245}}
May 28 08:28:24.929691 np0000001607 devstack@g-api.service[101988]: DEBUG glance.common.config [None req-1ad4979d-d2f3-4a7c-a4ce-2e454b0feb5d None None] logging_context_format_string = %(color)s%(levelname)s %(name)s [%(global_request_id)s %(request_id)s %(project_name)s %(user_name)s%(color)s] %(instance)s%(color)s%(message)s {{(pid=101988) log_opt_values /opt/stack/data/venv/lib/python3.12/site-packages/oslo_config/cfg.py:3245}}
May 28 08:28:24.929809 np0000001607 devstack@g-api.service[101988]: DEBUG glance.common.config [None req-1ad4979d-d2f3-4a7c-a4ce-2e454b0feb5d None None] logging_debug_format_suffix = {{(pid=%(process)d) %(funcName)s %(pathname)s:%(lineno)d}} {{(pid=101988) log_opt_values /opt/stack/data/venv/lib/python3.12/site-packages/oslo_config/cfg.py:3245}}
May 28 08:28:24.929958 np0000001607 devstack@g-api.service[101988]: DEBUG glance.common.config [None req-1ad4979d-d2f3-4a7c-a4ce-2e454b0feb5d None None] logging_default_format_string = %(color)s%(levelname)s %(name)s [-%(color)s] %(instance)s%(color)s%(message)s {{(pid=101988) log_opt_values /opt/stack/data/venv/lib/python3.12/site-packages/oslo_config/cfg.py:3245}}
May 28 08:28:24.930099 np0000001607 devstack@g-api.service[101988]: DEBUG glance.common.config [None req-1ad4979d-d2f3-4a7c-a4ce-2e454b0feb5d None None] logging_exception_prefix = ERROR %(name)s %(instance)s {{(pid=101988) log_opt_values /opt/stack/data/venv/lib/python3.12/site-packages/oslo_config/cfg.py:3245}}
May 28 08:28:24.930204 np0000001607 devstack@g-api.service[101988]: DEBUG glance.common.config [None req-1ad4979d-d2f3-4a7c-a4ce-2e454b0feb5d None None] logging_user_identity_format = %(user)s %(project)s %(domain)s %(system_scope)s %(user_domain)s %(project_domain)s {{(pid=101988) log_opt_values /opt/stack/data/venv/lib/python3.12/site-packages/oslo_config/cfg.py:3245}}
May 28 08:28:24.930342 np0000001607 devstack@g-api.service[101988]: DEBUG glance.common.config [None req-1ad4979d-d2f3-4a7c-a4ce-2e454b0feb5d None None] max_header_line = 16384 {{(pid=101988) log_opt_values /opt/stack/data/venv/lib/python3.12/site-packages/oslo_config/cfg.py:3245}}
May 28 08:28:24.930490 np0000001607 devstack@g-api.service[101988]: DEBUG glance.common.config [None req-1ad4979d-d2f3-4a7c-a4ce-2e454b0feb5d None None] max_logfile_count = 30 {{(pid=101988) log_opt_values /opt/stack/data/venv/lib/python3.12/site-packages/oslo_config/cfg.py:3245}}
May 28 08:28:24.930629 np0000001607 devstack@g-api.service[101988]: DEBUG glance.common.config [None req-1ad4979d-d2f3-4a7c-a4ce-2e454b0feb5d None None] max_logfile_size_mb = 200 {{(pid=101988) log_opt_values /opt/stack/data/venv/lib/python3.12/site-packages/oslo_config/cfg.py:3245}}
May 28 08:28:24.930769 np0000001607 devstack@g-api.service[101988]: DEBUG glance.common.config [None req-1ad4979d-d2f3-4a7c-a4ce-2e454b0feb5d None None] max_request_id_length = 64 {{(pid=101988) log_opt_values /opt/stack/data/venv/lib/python3.12/site-packages/oslo_config/cfg.py:3245}}
May 28 08:28:24.930906 np0000001607 devstack@g-api.service[101988]: DEBUG glance.common.config [None req-1ad4979d-d2f3-4a7c-a4ce-2e454b0feb5d None None] metadata_encryption_key = **** {{(pid=101988) log_opt_values /opt/stack/data/venv/lib/python3.12/site-packages/oslo_config/cfg.py:3245}}
May 28 08:28:24.930956 np0000001607 devstack@g-api.service[101986]: INFO glance.api.middleware.cache [None req-2db9adf4-611b-414e-9d24-5da47cbba8ec None None] Initialized image cache middleware
May 28 08:28:24.931054 np0000001607 devstack@g-api.service[101988]: DEBUG glance.common.config [None req-1ad4979d-d2f3-4a7c-a4ce-2e454b0feb5d None None] node_staging_uri = file:///tmp/staging/ {{(pid=101988) log_opt_values /opt/stack/data/venv/lib/python3.12/site-packages/oslo_config/cfg.py:3245}}
May 28 08:28:24.931194 np0000001607 devstack@g-api.service[101988]: DEBUG glance.common.config [None req-1ad4979d-d2f3-4a7c-a4ce-2e454b0feb5d None None] property_protection_file = None {{(pid=101988) log_opt_values /opt/stack/data/venv/lib/python3.12/site-packages/oslo_config/cfg.py:3245}}
May 28 08:28:24.931337 np0000001607 devstack@g-api.service[101988]: DEBUG glance.common.config [None req-1ad4979d-d2f3-4a7c-a4ce-2e454b0feb5d None None] property_protection_rule_format = roles {{(pid=101988) log_opt_values /opt/stack/data/venv/lib/python3.12/site-packages/oslo_config/cfg.py:3245}}
May 28 08:28:24.931490 np0000001607 devstack@g-api.service[101988]: DEBUG glance.common.config [None req-1ad4979d-d2f3-4a7c-a4ce-2e454b0feb5d None None] public_endpoint = https://10.4.3.129/image {{(pid=101988) log_opt_values /opt/stack/data/venv/lib/python3.12/site-packages/oslo_config/cfg.py:3245}}
May 28 08:28:24.931624 np0000001607 devstack@g-api.service[101988]: DEBUG glance.common.config [None req-1ad4979d-d2f3-4a7c-a4ce-2e454b0feb5d None None] publish_errors = False {{(pid=101988) log_opt_values /opt/stack/data/venv/lib/python3.12/site-packages/oslo_config/cfg.py:3245}}
May 28 08:28:24.931762 np0000001607 devstack@g-api.service[101988]: DEBUG glance.common.config [None req-1ad4979d-d2f3-4a7c-a4ce-2e454b0feb5d None None] pydev_worker_debug_host = None {{(pid=101988) log_opt_values /opt/stack/data/venv/lib/python3.12/site-packages/oslo_config/cfg.py:3245}}
May 28 08:28:24.931899 np0000001607 devstack@g-api.service[101988]: DEBUG glance.common.config [None req-1ad4979d-d2f3-4a7c-a4ce-2e454b0feb5d None None] pydev_worker_debug_port = 5678 {{(pid=101988) log_opt_values /opt/stack/data/venv/lib/python3.12/site-packages/oslo_config/cfg.py:3245}}
May 28 08:28:24.932034 np0000001607 devstack@g-api.service[101988]: DEBUG glance.common.config [None req-1ad4979d-d2f3-4a7c-a4ce-2e454b0feb5d None None] rate_limit_burst = 0 {{(pid=101988) log_opt_values /opt/stack/data/venv/lib/python3.12/site-packages/oslo_config/cfg.py:3245}}
May 28 08:28:24.932177 np0000001607 devstack@g-api.service[101988]: DEBUG glance.common.config [None req-1ad4979d-d2f3-4a7c-a4ce-2e454b0feb5d None None] rate_limit_except_level = CRITICAL {{(pid=101988) log_opt_values /opt/stack/data/venv/lib/python3.12/site-packages/oslo_config/cfg.py:3245}}
May 28 08:28:24.932310 np0000001607 devstack@g-api.service[101988]: DEBUG glance.common.config [None req-1ad4979d-d2f3-4a7c-a4ce-2e454b0feb5d None None] rate_limit_interval = 0 {{(pid=101988) log_opt_values /opt/stack/data/venv/lib/python3.12/site-packages/oslo_config/cfg.py:3245}}
May 28 08:28:24.932451 np0000001607 devstack@g-api.service[101988]: DEBUG glance.common.config [None req-1ad4979d-d2f3-4a7c-a4ce-2e454b0feb5d None None] scrub_pool_size = 1 {{(pid=101988) log_opt_values /opt/stack/data/venv/lib/python3.12/site-packages/oslo_config/cfg.py:3245}}
May 28 08:28:24.932592 np0000001607 devstack@g-api.service[101988]: DEBUG glance.common.config [None req-1ad4979d-d2f3-4a7c-a4ce-2e454b0feb5d None None] scrub_time = 0 {{(pid=101988) log_opt_values /opt/stack/data/venv/lib/python3.12/site-packages/oslo_config/cfg.py:3245}}
May 28 08:28:24.932726 np0000001607 devstack@g-api.service[101988]: DEBUG glance.common.config [None req-1ad4979d-d2f3-4a7c-a4ce-2e454b0feb5d None None] shell_completion = None {{(pid=101988) log_opt_values /opt/stack/data/venv/lib/python3.12/site-packages/oslo_config/cfg.py:3245}}
May 28 08:28:24.932880 np0000001607 devstack@g-api.service[101988]: DEBUG glance.common.config [None req-1ad4979d-d2f3-4a7c-a4ce-2e454b0feb5d None None] show_image_direct_url = False {{(pid=101988) log_opt_values /opt/stack/data/venv/lib/python3.12/site-packages/oslo_config/cfg.py:3245}}
May 28 08:28:24.933145 np0000001607 devstack@g-api.service[101988]: WARNING oslo_config.cfg [None req-1ad4979d-d2f3-4a7c-a4ce-2e454b0feb5d None None] Deprecated: Option "show_multiple_locations" from group "DEFAULT" is deprecated for removal (Use of this option, deprecated since Newton, is a security risk and will be removed once we figure out a way to satisfy those use cases that currently require it. An earlier announcement that the same functionality can be achieved with greater granularity by using policies is incorrect. You cannot work around this option via policy configuration at the present time, though that is the direction we believe the fix will take. Please keep an eye on the Glance release notes to stay up to date on progress in addressing this issue.). Its value may be silently ignored in the future.
May 28 08:28:24.933302 np0000001607 devstack@g-api.service[101988]: DEBUG glance.common.config [None req-1ad4979d-d2f3-4a7c-a4ce-2e454b0feb5d None None] show_multiple_locations = False {{(pid=101988) log_opt_values /opt/stack/data/venv/lib/python3.12/site-packages/oslo_config/cfg.py:3245}}
May 28 08:28:24.933457 np0000001607 devstack@g-api.service[101988]: DEBUG glance.common.config [None req-1ad4979d-d2f3-4a7c-a4ce-2e454b0feb5d None None] syslog_log_facility = LOG_USER {{(pid=101988) log_opt_values /opt/stack/data/venv/lib/python3.12/site-packages/oslo_config/cfg.py:3245}}
May 28 08:28:24.933607 np0000001607 devstack@g-api.service[101988]: DEBUG glance.common.config [None req-1ad4979d-d2f3-4a7c-a4ce-2e454b0feb5d None None] tcp_keepidle = 600 {{(pid=101988) log_opt_values /opt/stack/data/venv/lib/python3.12/site-packages/oslo_config/cfg.py:3245}}
May 28 08:28:24.933751 np0000001607 devstack@g-api.service[101988]: DEBUG glance.common.config [None req-1ad4979d-d2f3-4a7c-a4ce-2e454b0feb5d None None] transport_url = **** {{(pid=101988) log_opt_values /opt/stack/data/venv/lib/python3.12/site-packages/oslo_config/cfg.py:3245}}
May 28 08:28:24.933897 np0000001607 devstack@g-api.service[101988]: DEBUG glance.common.config [None req-1ad4979d-d2f3-4a7c-a4ce-2e454b0feb5d None None] use_journal = False {{(pid=101988) log_opt_values /opt/stack/data/venv/lib/python3.12/site-packages/oslo_config/cfg.py:3245}}
May 28 08:28:24.934031 np0000001607 devstack@g-api.service[101988]: DEBUG glance.common.config [None req-1ad4979d-d2f3-4a7c-a4ce-2e454b0feb5d None None] use_json = False {{(pid=101988) log_opt_values /opt/stack/data/venv/lib/python3.12/site-packages/oslo_config/cfg.py:3245}}
May 28 08:28:24.934173 np0000001607 devstack@g-api.service[101988]: DEBUG glance.common.config [None req-1ad4979d-d2f3-4a7c-a4ce-2e454b0feb5d None None] use_keystone_limits = True {{(pid=101988) log_opt_values /opt/stack/data/venv/lib/python3.12/site-packages/oslo_config/cfg.py:3245}}
May 28 08:28:24.934308 np0000001607 devstack@g-api.service[101988]: DEBUG glance.common.config [None req-1ad4979d-d2f3-4a7c-a4ce-2e454b0feb5d None None] use_stderr = False {{(pid=101988) log_opt_values /opt/stack/data/venv/lib/python3.12/site-packages/oslo_config/cfg.py:3245}}
May 28 08:28:24.934457 np0000001607 devstack@g-api.service[101988]: DEBUG glance.common.config [None req-1ad4979d-d2f3-4a7c-a4ce-2e454b0feb5d None None] use_syslog = False {{(pid=101988) log_opt_values /opt/stack/data/venv/lib/python3.12/site-packages/oslo_config/cfg.py:3245}}
May 28 08:28:24.934605 np0000001607 devstack@g-api.service[101988]: DEBUG glance.common.config [None req-1ad4979d-d2f3-4a7c-a4ce-2e454b0feb5d None None] user_storage_quota = 0 {{(pid=101988) log_opt_values /opt/stack/data/venv/lib/python3.12/site-packages/oslo_config/cfg.py:3245}}
May 28 08:28:24.934744 np0000001607 devstack@g-api.service[101988]: DEBUG glance.common.config [None req-1ad4979d-d2f3-4a7c-a4ce-2e454b0feb5d None None] worker_self_reference_url = http://127.0.0.1:60999 {{(pid=101988) log_opt_values /opt/stack/data/venv/lib/python3.12/site-packages/oslo_config/cfg.py:3245}}
May 28 08:28:24.934888 np0000001607 devstack@g-api.service[101988]: DEBUG glance.common.config [None req-1ad4979d-d2f3-4a7c-a4ce-2e454b0feb5d None None] workers = None {{(pid=101988) log_opt_values /opt/stack/data/venv/lib/python3.12/site-packages/oslo_config/cfg.py:3245}}
May 28 08:28:24.935040 np0000001607 devstack@g-api.service[101988]: DEBUG glance.common.config [None req-1ad4979d-d2f3-4a7c-a4ce-2e454b0feb5d None None] oslo_concurrency.disable_process_locking = False {{(pid=101988) log_opt_values /opt/stack/data/venv/lib/python3.12/site-packages/oslo_config/cfg.py:3256}}
May 28 08:28:24.935190 np0000001607 devstack@g-api.service[101988]: DEBUG glance.common.config [None req-1ad4979d-d2f3-4a7c-a4ce-2e454b0feb5d None None] oslo_concurrency.lock_path = /opt/stack/data/glance/locks {{(pid=101988) log_opt_values /opt/stack/data/venv/lib/python3.12/site-packages/oslo_config/cfg.py:3256}}
May 28 08:28:24.935332 np0000001607 devstack@g-api.service[101988]: DEBUG glance.common.config [None req-1ad4979d-d2f3-4a7c-a4ce-2e454b0feb5d None None] oslo_middleware.enable_proxy_headers_parsing = False {{(pid=101988) log_opt_values /opt/stack/data/venv/lib/python3.12/site-packages/oslo_config/cfg.py:3256}}
May 28 08:28:24.935487 np0000001607 devstack@g-api.service[101988]: DEBUG glance.common.config [None req-1ad4979d-d2f3-4a7c-a4ce-2e454b0feb5d None None] oslo_middleware.http_basic_auth_user_file = /etc/htpasswd {{(pid=101988) log_opt_values /opt/stack/data/venv/lib/python3.12/site-packages/oslo_config/cfg.py:3256}}
May 28 08:28:24.935629 np0000001607 devstack@g-api.service[101988]: DEBUG glance.common.config [None req-1ad4979d-d2f3-4a7c-a4ce-2e454b0feb5d None None] paste_deploy.config_file = None {{(pid=101988) log_opt_values /opt/stack/data/venv/lib/python3.12/site-packages/oslo_config/cfg.py:3256}}
May 28 08:28:24.935783 np0000001607 devstack@g-api.service[101988]: DEBUG glance.common.config [None req-1ad4979d-d2f3-4a7c-a4ce-2e454b0feb5d None None] paste_deploy.flavor = keystone+cachemanagement {{(pid=101988) log_opt_values /opt/stack/data/venv/lib/python3.12/site-packages/oslo_config/cfg.py:3256}}
May 28 08:28:24.935975 np0000001607 devstack@g-api.service[101988]: DEBUG glance.common.config [None req-1ad4979d-d2f3-4a7c-a4ce-2e454b0feb5d None None] image_format.container_formats = ['ami', 'ari', 'aki', 'bare', 'ovf', 'ova', 'docker', 'compressed'] {{(pid=101988) log_opt_values /opt/stack/data/venv/lib/python3.12/site-packages/oslo_config/cfg.py:3256}}
May 28 08:28:24.936169 np0000001607 devstack@g-api.service[101988]: DEBUG glance.common.config [None req-1ad4979d-d2f3-4a7c-a4ce-2e454b0feb5d None None] image_format.disk_formats = ['ami', 'ari', 'aki', 'vhd', 'vhdx', 'vmdk', 'raw', 'qcow2', 'vdi', 'iso', 'ploop'] {{(pid=101988) log_opt_values /opt/stack/data/venv/lib/python3.12/site-packages/oslo_config/cfg.py:3256}}
May 28 08:28:24.936309 np0000001607 devstack@g-api.service[101988]: DEBUG glance.common.config [None req-1ad4979d-d2f3-4a7c-a4ce-2e454b0feb5d None None] image_format.gpt_safety_checks_nonfatal = [] {{(pid=101988) log_opt_values /opt/stack/data/venv/lib/python3.12/site-packages/oslo_config/cfg.py:3256}}
May 28 08:28:24.936459 np0000001607 devstack@g-api.service[101988]: DEBUG glance.common.config [None req-1ad4979d-d2f3-4a7c-a4ce-2e454b0feb5d None None] image_format.require_image_format_match = True {{(pid=101988) log_opt_values /opt/stack/data/venv/lib/python3.12/site-packages/oslo_config/cfg.py:3256}}
May 28 08:28:24.936618 np0000001607 devstack@g-api.service[101988]: DEBUG glance.common.config [None req-1ad4979d-d2f3-4a7c-a4ce-2e454b0feb5d None None] image_format.vmdk_allowed_types = ['streamOptimized', 'monolithicSparse'] {{(pid=101988) log_opt_values /opt/stack/data/venv/lib/python3.12/site-packages/oslo_config/cfg.py:3256}}
May 28 08:28:24.936776 np0000001607 devstack@g-api.service[101988]: DEBUG glance.common.config [None req-1ad4979d-d2f3-4a7c-a4ce-2e454b0feb5d None None] task.task_executor = taskflow {{(pid=101988) log_opt_values /opt/stack/data/venv/lib/python3.12/site-packages/oslo_config/cfg.py:3256}}
May 28 08:28:24.936919 np0000001607 devstack@g-api.service[101988]: DEBUG glance.common.config [None req-1ad4979d-d2f3-4a7c-a4ce-2e454b0feb5d None None] task.task_time_to_live = 48 {{(pid=101988) log_opt_values /opt/stack/data/venv/lib/python3.12/site-packages/oslo_config/cfg.py:3256}}
May 28 08:28:24.937054 np0000001607 devstack@g-api.service[101988]: DEBUG glance.common.config [None req-1ad4979d-d2f3-4a7c-a4ce-2e454b0feb5d None None] task.work_dir = None {{(pid=101988) log_opt_values /opt/stack/data/venv/lib/python3.12/site-packages/oslo_config/cfg.py:3256}}
May 28 08:28:24.937203 np0000001607 devstack@g-api.service[101988]: DEBUG glance.common.config [None req-1ad4979d-d2f3-4a7c-a4ce-2e454b0feb5d None None] wsgi.python_interpreter = /opt/stack/data/venv/bin/python3 {{(pid=101988) log_opt_values /opt/stack/data/venv/lib/python3.12/site-packages/oslo_config/cfg.py:3256}}
May 28 08:28:24.937338 np0000001607 devstack@g-api.service[101988]: DEBUG glance.common.config [None req-1ad4979d-d2f3-4a7c-a4ce-2e454b0feb5d None None] wsgi.task_pool_threads = 16 {{(pid=101988) log_opt_values /opt/stack/data/venv/lib/python3.12/site-packages/oslo_config/cfg.py:3256}}
May 28 08:28:24.937499 np0000001607 devstack@g-api.service[101988]: DEBUG glance.common.config [None req-1ad4979d-d2f3-4a7c-a4ce-2e454b0feb5d None None] profiler.connection_string = messaging:// {{(pid=101988) log_opt_values /opt/stack/data/venv/lib/python3.12/site-packages/oslo_config/cfg.py:3256}}
May 28 08:28:24.937636 np0000001607 devstack@g-api.service[101988]: DEBUG glance.common.config [None req-1ad4979d-d2f3-4a7c-a4ce-2e454b0feb5d None None] profiler.enabled = False {{(pid=101988) log_opt_values /opt/stack/data/venv/lib/python3.12/site-packages/oslo_config/cfg.py:3256}}
May 28 08:28:24.937789 np0000001607 devstack@g-api.service[101988]: DEBUG glance.common.config [None req-1ad4979d-d2f3-4a7c-a4ce-2e454b0feb5d None None] profiler.es_doc_type = notification {{(pid=101988) log_opt_values /opt/stack/data/venv/lib/python3.12/site-packages/oslo_config/cfg.py:3256}}
May 28 08:28:24.937927 np0000001607 devstack@g-api.service[101988]: DEBUG glance.common.config [None req-1ad4979d-d2f3-4a7c-a4ce-2e454b0feb5d None None] profiler.es_scroll_size = 10000 {{(pid=101988) log_opt_values /opt/stack/data/venv/lib/python3.12/site-packages/oslo_config/cfg.py:3256}}
May 28 08:28:24.938069 np0000001607 devstack@g-api.service[101988]: DEBUG glance.common.config [None req-1ad4979d-d2f3-4a7c-a4ce-2e454b0feb5d None None] profiler.es_scroll_time = 2m {{(pid=101988) log_opt_values /opt/stack/data/venv/lib/python3.12/site-packages/oslo_config/cfg.py:3256}}
May 28 08:28:24.938208 np0000001607 devstack@g-api.service[101988]: DEBUG glance.common.config [None req-1ad4979d-d2f3-4a7c-a4ce-2e454b0feb5d None None] profiler.filter_error_trace = False {{(pid=101988) log_opt_values /opt/stack/data/venv/lib/python3.12/site-packages/oslo_config/cfg.py:3256}}
May 28 08:28:24.938352 np0000001607 devstack@g-api.service[101988]: DEBUG glance.common.config [None req-1ad4979d-d2f3-4a7c-a4ce-2e454b0feb5d None None] profiler.hmac_keys = **** {{(pid=101988) log_opt_values /opt/stack/data/venv/lib/python3.12/site-packages/oslo_config/cfg.py:3256}}
