Jun 08 11:51:20.422667 np0000002300 devstack@g-api.service[102066]: DEBUG glance.api.middleware.version_negotiation [None req-d26e856c-9b10-43f0-8b0c-8467bd85f8ec tempest-ServerActionsTestOtherA-539530709 tempest-ServerActionsTestOtherA-539530709-project-member] Matched version: v2 {{(pid=102066) process_request /opt/stack/glance/glance/api/middleware/version_negotiation.py:69}}
Jun 08 11:51:20.422765 np0000002300 devstack@g-api.service[102066]: DEBUG glance.api.middleware.version_negotiation [None req-d26e856c-9b10-43f0-8b0c-8467bd85f8ec tempest-ServerActionsTestOtherA-539530709 tempest-ServerActionsTestOtherA-539530709-project-member] new path /v2/images/2cc61d1a-792b-42e6-8a6a-02742ad62e12/locations {{(pid=102066) process_request /opt/stack/glance/glance/api/middleware/version_negotiation.py:70}}
Jun 08 11:51:20.454496 np0000002300 devstack@g-api.service[102066]: [pid: 102066|app: 0|req: 136/389] 127.0.0.1 () {44 vars in 1135 bytes} [Mon Jun 8 11:51:20 2026] GET /v2/images/2cc61d1a-792b-42e6-8a6a-02742ad62e12/locations => generated 92 bytes in 32 msecs (HTTP/1.1 200) 4 headers in 156 bytes (1 switches on core 0)
Jun 08 11:51:20.461743 np0000002300 devstack@g-api.service[102065]: DEBUG glance.api.middleware.version_negotiation [None req-d26e856c-9b10-43f0-8b0c-8467bd85f8ec tempest-ServerActionsTestOtherA-539530709 tempest-ServerActionsTestOtherA-539530709-project-member] Determining version of request: GET /v2/images/2cc61d1a-792b-42e6-8a6a-02742ad62e12 Accept: */* {{(pid=102065) process_request /opt/stack/glance/glance/api/middleware/version_negotiation.py:44}}
Jun 08 11:51:20.461886 np0000002300 devstack@g-api.service[102065]: DEBUG glance.api.middleware.version_negotiation [None req-d26e856c-9b10-43f0-8b0c-8467bd85f8ec tempest-ServerActionsTestOtherA-539530709 tempest-ServerActionsTestOtherA-539530709-project-member] Using url versioning {{(pid=102065) process_request /opt/stack/glance/glance/api/middleware/version_negotiation.py:57}}
Jun 08 11:51:20.462010 np0000002300 devstack@g-api.service[102065]: DEBUG glance.api.middleware.version_negotiation [None req-d26e856c-9b10-43f0-8b0c-8467bd85f8ec tempest-ServerActionsTestOtherA-539530709 tempest-ServerActionsTestOtherA-539530709-project-member] Matched version: v2 {{(pid=102065) process_request /opt/stack/glance/glance/api/middleware/version_negotiation.py:69}}
Jun 08 11:51:20.462121 np0000002300 devstack@g-api.service[102065]: DEBUG glance.api.middleware.version_negotiation [None req-d26e856c-9b10-43f0-8b0c-8467bd85f8ec tempest-ServerActionsTestOtherA-539530709 tempest-ServerActionsTestOtherA-539530709-project-member] new path /v2/images/2cc61d1a-792b-42e6-8a6a-02742ad62e12 {{(pid=102065) process_request /opt/stack/glance/glance/api/middleware/version_negotiation.py:70}}
Jun 08 11:51:20.471423 np0000002300 devstack@g-api.service[102065]: [pid: 102065|app: 0|req: 130/390] 127.0.0.1 () {44 vars in 1115 bytes} [Mon Jun 8 11:51:20 2026] GET /v2/images/2cc61d1a-792b-42e6-8a6a-02742ad62e12 => generated 1044 bytes in 10 msecs (HTTP/1.1 200) 4 headers in 158 bytes (1 switches on core 0)
Jun 08 11:51:20.477448 np0000002300 devstack@g-api.service[102067]: DEBUG glance.api.middleware.version_negotiation [None req-d26e856c-9b10-43f0-8b0c-8467bd85f8ec tempest-ServerActionsTestOtherA-539530709 tempest-ServerActionsTestOtherA-539530709-project-member] Determining version of request: GET /v2/schemas/image Accept: */* {{(pid=102067) process_request /opt/stack/glance/glance/api/middleware/version_negotiation.py:44}}
Jun 08 11:51:20.477636 np0000002300 devstack@g-api.service[102067]: DEBUG glance.api.middleware.version_negotiation [None req-d26e856c-9b10-43f0-8b0c-8467bd85f8ec tempest-ServerActionsTestOtherA-539530709 tempest-ServerActionsTestOtherA-539530709-project-member] Using url versioning {{(pid=102067) process_request /opt/stack/glance/glance/api/middleware/version_negotiation.py:57}}
Jun 08 11:51:20.477809 np0000002300 devstack@g-api.service[102067]: DEBUG glance.api.middleware.version_negotiation [None req-d26e856c-9b10-43f0-8b0c-8467bd85f8ec tempest-ServerActionsTestOtherA-539530709 tempest-ServerActionsTestOtherA-539530709-project-member] Matched version: v2 {{(pid=102067) process_request /opt/stack/glance/glance/api/middleware/version_negotiation.py:69}}
Jun 08 11:51:20.477948 np0000002300 devstack@g-api.service[102067]: DEBUG glance.api.middleware.version_negotiation [None req-d26e856c-9b10-43f0-8b0c-8467bd85f8ec tempest-ServerActionsTestOtherA-539530709 tempest-ServerActionsTestOtherA-539530709-project-member] new path /v2/schemas/image {{(pid=102067) process_request /opt/stack/glance/glance/api/middleware/version_negotiation.py:70}}
Jun 08 11:51:20.480072 np0000002300 devstack@g-api.service[102067]: [pid: 102067|app: 0|req: 125/391] 127.0.0.1 () {44 vars in 1055 bytes} [Mon Jun 8 11:51:20 2026] GET /v2/schemas/image => generated 6083 bytes in 3 msecs (HTTP/1.1 200) 4 headers in 158 bytes (1 switches on core 0)
Jun 08 11:51:20.487883 np0000002300 devstack@g-api.service[102066]: DEBUG glance.api.middleware.version_negotiation [None req-d26e856c-9b10-43f0-8b0c-8467bd85f8ec service glance] Determining version of request: GET /v2/schemas/image Accept: */* {{(pid=102066) process_request /opt/stack/glance/glance/api/middleware/version_negotiation.py:44}}
Jun 08 11:51:20.488051 np0000002300 devstack@g-api.service[102066]: DEBUG glance.api.middleware.version_negotiation [None req-d26e856c-9b10-43f0-8b0c-8467bd85f8ec service glance] Using url versioning {{(pid=102066) process_request /opt/stack/glance/glance/api/middleware/version_negotiation.py:57}}
Jun 08 11:51:20.488195 np0000002300 devstack@g-api.service[102066]: DEBUG glance.api.middleware.version_negotiation [None req-d26e856c-9b10-43f0-8b0c-8467bd85f8ec service glance] Matched version: v2 {{(pid=102066) process_request /opt/stack/glance/glance/api/middleware/version_negotiation.py:69}}
Jun 08 11:51:20.488298 np0000002300 devstack@g-api.service[102066]: DEBUG glance.api.middleware.version_negotiation [None req-d26e856c-9b10-43f0-8b0c-8467bd85f8ec service glance] new path /v2/schemas/image {{(pid=102066) process_request /opt/stack/glance/glance/api/middleware/version_negotiation.py:70}}
Jun 08 11:51:20.490536 np0000002300 devstack@g-api.service[102066]: [pid: 102066|app: 0|req: 137/392] 127.0.0.1 () {44 vars in 1055 bytes} [Mon Jun 8 11:51:20 2026] GET /v2/schemas/image => generated 6083 bytes in 3 msecs (HTTP/1.1 200) 4 headers in 158 bytes (1 switches on core 0)
Jun 08 11:51:20.894641 np0000002300 devstack@g-api.service[102065]: DEBUG glance.api.middleware.version_negotiation [None req-d26e856c-9b10-43f0-8b0c-8467bd85f8ec tempest-ServerActionsTestOtherA-539530709 tempest-ServerActionsTestOtherA-539530709-project-member] Determining version of request: GET /v2/images/70edef85-c1a5-4e1f-8530-b940211602d8 Accept: application/json {{(pid=102065) process_request /opt/stack/glance/glance/api/middleware/version_negotiation.py:44}}
Jun 08 11:51:20.894761 np0000002300 devstack@g-api.service[102065]: DEBUG glance.api.middleware.version_negotiation [None req-d26e856c-9b10-43f0-8b0c-8467bd85f8ec tempest-ServerActionsTestOtherA-539530709 tempest-ServerActionsTestOtherA-539530709-project-member] Using url versioning {{(pid=102065) process_request /opt/stack/glance/glance/api/middleware/version_negotiation.py:57}}
Jun 08 11:51:20.894859 np0000002300 devstack@g-api.service[102065]: DEBUG glance.api.middleware.version_negotiation [None req-d26e856c-9b10-43f0-8b0c-8467bd85f8ec tempest-ServerActionsTestOtherA-539530709 tempest-ServerActionsTestOtherA-539530709-project-member] Matched version: v2 {{(pid=102065) process_request /opt/stack/glance/glance/api/middleware/version_negotiation.py:69}}
Jun 08 11:51:20.894948 np0000002300 devstack@g-api.service[102065]: DEBUG glance.api.middleware.version_negotiation [None req-d26e856c-9b10-43f0-8b0c-8467bd85f8ec tempest-ServerActionsTestOtherA-539530709 tempest-ServerActionsTestOtherA-539530709-project-member] new path /v2/images/70edef85-c1a5-4e1f-8530-b940211602d8 {{(pid=102065) process_request /opt/stack/glance/glance/api/middleware/version_negotiation.py:70}}
Jun 08 11:51:20.901523 np0000002300 devstack@g-api.service[102065]: [pid: 102065|app: 0|req: 131/393] 127.0.0.1 () {40 vars in 838 bytes} [Mon Jun 8 11:51:20 2026] GET /v2/images/70edef85-c1a5-4e1f-8530-b940211602d8 => generated 650 bytes in 7 msecs (HTTP/1.1 200) 4 headers in 157 bytes (1 switches on core 0)
Jun 08 11:51:21.907801 np0000002300 devstack@g-api.service[102067]: DEBUG glance.api.middleware.version_negotiation [None req-d26e856c-9b10-43f0-8b0c-8467bd85f8ec tempest-ServerActionsTestOtherA-539530709 tempest-ServerActionsTestOtherA-539530709-project-member] Determining version of request: GET /v2/images/70edef85-c1a5-4e1f-8530-b940211602d8 Accept: application/json {{(pid=102067) process_request /opt/stack/glance/glance/api/middleware/version_negotiation.py:44}}
Jun 08 11:51:21.908123 np0000002300 devstack@g-api.service[102067]: DEBUG glance.api.middleware.version_negotiation [None req-d26e856c-9b10-43f0-8b0c-8467bd85f8ec tempest-ServerActionsTestOtherA-539530709 tempest-ServerActionsTestOtherA-539530709-project-member] Using url versioning {{(pid=102067) process_request /opt/stack/glance/glance/api/middleware/version_negotiation.py:57}}
Jun 08 11:51:21.908123 np0000002300 devstack@g-api.service[102067]: DEBUG glance.api.middleware.version_negotiation [None req-d26e856c-9b10-43f0-8b0c-8467bd85f8ec tempest-ServerActionsTestOtherA-539530709 tempest-ServerActionsTestOtherA-539530709-project-member] Matched version: v2 {{(pid=102067) process_request /opt/stack/glance/glance/api/middleware/version_negotiation.py:69}}
Jun 08 11:51:21.908123 np0000002300 devstack@g-api.service[102067]: DEBUG glance.api.middleware.version_negotiation [None req-d26e856c-9b10-43f0-8b0c-8467bd85f8ec tempest-ServerActionsTestOtherA-539530709 tempest-ServerActionsTestOtherA-539530709-project-member] new path /v2/images/70edef85-c1a5-4e1f-8530-b940211602d8 {{(pid=102067) process_request /opt/stack/glance/glance/api/middleware/version_negotiation.py:70}}
Jun 08 11:51:21.915483 np0000002300 devstack@g-api.service[102067]: [pid: 102067|app: 0|req: 126/394] 127.0.0.1 () {40 vars in 838 bytes} [Mon Jun 8 11:51:21 2026] GET /v2/images/70edef85-c1a5-4e1f-8530-b940211602d8 => generated 650 bytes in 8 msecs (HTTP/1.1 200) 4 headers in 157 bytes (1 switches on core 0)
Jun 08 11:51:22.320524 np0000002300 devstack@g-api.service[102066]: DEBUG glance.api.middleware.version_negotiation [None req-d26e856c-9b10-43f0-8b0c-8467bd85f8ec tempest-ServerActionsTestOtherA-539530709 tempest-ServerActionsTestOtherA-539530709-project-member] Determining version of request: PUT /v2/images/70edef85-c1a5-4e1f-8530-b940211602d8/file Accept: */* {{(pid=102066) process_request /opt/stack/glance/glance/api/middleware/version_negotiation.py:44}}
Jun 08 11:51:22.320924 np0000002300 devstack@g-api.service[102066]: DEBUG glance.api.middleware.version_negotiation [None req-d26e856c-9b10-43f0-8b0c-8467bd85f8ec tempest-ServerActionsTestOtherA-539530709 tempest-ServerActionsTestOtherA-539530709-project-member] Using url versioning {{(pid=102066) process_request /opt/stack/glance/glance/api/middleware/version_negotiation.py:57}}
Jun 08 11:51:22.320924 np0000002300 devstack@g-api.service[102066]: DEBUG glance.api.middleware.version_negotiation [None req-d26e856c-9b10-43f0-8b0c-8467bd85f8ec tempest-ServerActionsTestOtherA-539530709 tempest-ServerActionsTestOtherA-539530709-project-member] Matched version: v2 {{(pid=102066) process_request /opt/stack/glance/glance/api/middleware/version_negotiation.py:69}}
Jun 08 11:51:22.321055 np0000002300 devstack@g-api.service[102066]: DEBUG glance.api.middleware.version_negotiation [None req-d26e856c-9b10-43f0-8b0c-8467bd85f8ec tempest-ServerActionsTestOtherA-539530709 tempest-ServerActionsTestOtherA-539530709-project-member] new path /v2/images/70edef85-c1a5-4e1f-8530-b940211602d8/file {{(pid=102066) process_request /opt/stack/glance/glance/api/middleware/version_negotiation.py:70}}
Jun 08 11:51:22.702382 np0000002300 devstack@g-api.service[102066]: INFO glance.api.v2.image_data [None req-af2218fe-e251-45d4-bdf4-4f8a673ed5fc tempest-VolumesActionsTest-962223019 tempest-VolumesActionsTest-962223019-project-member] Unable to create trust: no such option collect_timing in group [keystone_authtoken] Use the existing user token.
Jun 08 11:51:22.925930 np0000002300 devstack@g-api.service[102065]: DEBUG glance.api.middleware.version_negotiation [None req-2c627141-789d-4936-8c81-74401aa9f4fe tempest-VolumesActionsTest-962223019 tempest-VolumesActionsTest-962223019-project-member] Determining version of request: GET /v2/images/70edef85-c1a5-4e1f-8530-b940211602d8 Accept: application/json {{(pid=102065) process_request /opt/stack/glance/glance/api/middleware/version_negotiation.py:44}}
Jun 08 11:51:22.927783 np0000002300 devstack@g-api.service[102065]: DEBUG glance.api.middleware.version_negotiation [None req-2c627141-789d-4936-8c81-74401aa9f4fe tempest-VolumesActionsTest-962223019 tempest-VolumesActionsTest-962223019-project-member] Using url versioning {{(pid=102065) process_request /opt/stack/glance/glance/api/middleware/version_negotiation.py:57}}
Jun 08 11:51:22.927979 np0000002300 devstack@g-api.service[102065]: DEBUG glance.api.middleware.version_negotiation [None req-2c627141-789d-4936-8c81-74401aa9f4fe tempest-VolumesActionsTest-962223019 tempest-VolumesActionsTest-962223019-project-member] Matched version: v2 {{(pid=102065) process_request /opt/stack/glance/glance/api/middleware/version_negotiation.py:69}}
Jun 08 11:51:22.928191 np0000002300 devstack@g-api.service[102065]: DEBUG glance.api.middleware.version_negotiation [None req-2c627141-789d-4936-8c81-74401aa9f4fe tempest-VolumesActionsTest-962223019 tempest-VolumesActionsTest-962223019-project-member] new path /v2/images/70edef85-c1a5-4e1f-8530-b940211602d8 {{(pid=102065) process_request /opt/stack/glance/glance/api/middleware/version_negotiation.py:70}}
Jun 08 11:51:22.937504 np0000002300 devstack@g-api.service[102065]: [pid: 102065|app: 0|req: 132/395] 127.0.0.1 () {40 vars in 838 bytes} [Mon Jun 8 11:51:22 2026] GET /v2/images/70edef85-c1a5-4e1f-8530-b940211602d8 => generated 650 bytes in 12 msecs (HTTP/1.1 200) 4 headers in 157 bytes (1 switches on core 0)
Jun 08 11:51:23.090954 np0000002300 devstack@g-api.service[102066]: DEBUG glance.location [None req-af2218fe-e251-45d4-bdf4-4f8a673ed5fc tempest-VolumesActionsTest-962223019 tempest-VolumesActionsTest-962223019-project-member] Enabling in-flight format inspection for raw {{(pid=102066) set_data /opt/stack/glance/glance/location.py:616}}
Jun 08 11:51:23.091330 np0000002300 devstack@g-api.service[102066]: DEBUG glance_store.backend [None req-af2218fe-e251-45d4-bdf4-4f8a673ed5fc tempest-VolumesActionsTest-962223019 tempest-VolumesActionsTest-962223019-project-member] Attempting to import store swift {{(pid=102066) _load_store /opt/stack/data/venv/lib/python3.12/site-packages/glance_store/backend.py:215}}
Jun 08 11:51:23.092616 np0000002300 devstack@g-api.service[102066]: DEBUG glance_store.capabilities [None req-af2218fe-e251-45d4-bdf4-4f8a673ed5fc tempest-VolumesActionsTest-962223019 tempest-VolumesActionsTest-962223019-project-member] Store glance_store._drivers.swift.store.SingleTenantStore doesn't support updating dynamic storage capabilities. Please overwrite 'update_capabilities' method of the store to implement updating logics if needed. {{(pid=102066) update_capabilities /opt/stack/data/venv/lib/python3.12/site-packages/glance_store/capabilities.py:91}}
Jun 08 11:51:23.092705 np0000002300 devstack@g-api.service[102066]: DEBUG glance_store.driver [None req-af2218fe-e251-45d4-bdf4-4f8a673ed5fc tempest-VolumesActionsTest-962223019 tempest-VolumesActionsTest-962223019-project-member] Late loading location class glance_store._drivers.swift.store.StoreLocation {{(pid=102066) get_store_location_class /opt/stack/data/venv/lib/python3.12/site-packages/glance_store/driver.py:134}}
Jun 08 11:51:23.092804 np0000002300 devstack@g-api.service[102066]: DEBUG glance_store.location [None req-af2218fe-e251-45d4-bdf4-4f8a673ed5fc tempest-VolumesActionsTest-962223019 tempest-VolumesActionsTest-962223019-project-member] Registering scheme swift+https with {'store': , 'location_class': , 'store_entry': 'swift'} {{(pid=102066) register_scheme_map /opt/stack/data/venv/lib/python3.12/site-packages/glance_store/location.py:146}}
Jun 08 11:51:23.092880 np0000002300 devstack@g-api.service[102066]: DEBUG glance_store.location [None req-af2218fe-e251-45d4-bdf4-4f8a673ed5fc tempest-VolumesActionsTest-962223019 tempest-VolumesActionsTest-962223019-project-member] Registering scheme swift+https with {'store': , 'location_class': , 'store_entry': 'swift'} {{(pid=102066) register_scheme_map /opt/stack/data/venv/lib/python3.12/site-packages/glance_store/location.py:146}}
Jun 08 11:51:23.092957 np0000002300 devstack@g-api.service[102066]: DEBUG glance_store.location [None req-af2218fe-e251-45d4-bdf4-4f8a673ed5fc tempest-VolumesActionsTest-962223019 tempest-VolumesActionsTest-962223019-project-member] Registering scheme swift with {'store': , 'location_class': , 'store_entry': 'swift'} {{(pid=102066) register_scheme_map /opt/stack/data/venv/lib/python3.12/site-packages/glance_store/location.py:146}}
Jun 08 11:51:23.093052 np0000002300 devstack@g-api.service[102066]: DEBUG glance_store.location [None req-af2218fe-e251-45d4-bdf4-4f8a673ed5fc tempest-VolumesActionsTest-962223019 tempest-VolumesActionsTest-962223019-project-member] Registering scheme swift+https with {'store': , 'location_class': , 'store_entry': 'swift'} {{(pid=102066) register_scheme_map /opt/stack/data/venv/lib/python3.12/site-packages/glance_store/location.py:146}}
Jun 08 11:51:23.093126 np0000002300 devstack@g-api.service[102066]: DEBUG glance_store.location [None req-af2218fe-e251-45d4-bdf4-4f8a673ed5fc tempest-VolumesActionsTest-962223019 tempest-VolumesActionsTest-962223019-project-member] Registering scheme swift with {'store': , 'location_class': , 'store_entry': 'swift'} {{(pid=102066) register_scheme_map /opt/stack/data/venv/lib/python3.12/site-packages/glance_store/location.py:146}}
Jun 08 11:51:23.093169 np0000002300 devstack@g-api.service[102066]: DEBUG glance_store.location [None req-af2218fe-e251-45d4-bdf4-4f8a673ed5fc tempest-VolumesActionsTest-962223019 tempest-VolumesActionsTest-962223019-project-member] Registering scheme swift+http with {'store': , 'location_class': , 'store_entry': 'swift'} {{(pid=102066) register_scheme_map /opt/stack/data/venv/lib/python3.12/site-packages/glance_store/location.py:146}}
Jun 08 11:51:23.093243 np0000002300 devstack@g-api.service[102066]: DEBUG glance_store.location [None req-af2218fe-e251-45d4-bdf4-4f8a673ed5fc tempest-VolumesActionsTest-962223019 tempest-VolumesActionsTest-962223019-project-member] Registering scheme swift+https with {'store': , 'location_class': , 'store_entry': 'swift'} {{(pid=102066) register_scheme_map /opt/stack/data/venv/lib/python3.12/site-packages/glance_store/location.py:146}}
Jun 08 11:51:23.093324 np0000002300 devstack@g-api.service[102066]: DEBUG glance_store.location [None req-af2218fe-e251-45d4-bdf4-4f8a673ed5fc tempest-VolumesActionsTest-962223019 tempest-VolumesActionsTest-962223019-project-member] Registering scheme swift with {'store': , 'location_class': , 'store_entry': 'swift'} {{(pid=102066) register_scheme_map /opt/stack/data/venv/lib/python3.12/site-packages/glance_store/location.py:146}}
Jun 08 11:51:23.093419 np0000002300 devstack@g-api.service[102066]: DEBUG glance_store.location [None req-af2218fe-e251-45d4-bdf4-4f8a673ed5fc tempest-VolumesActionsTest-962223019 tempest-VolumesActionsTest-962223019-project-member] Registering scheme swift+http with {'store': , 'location_class': , 'store_entry': 'swift'} {{(pid=102066) register_scheme_map /opt/stack/data/venv/lib/python3.12/site-packages/glance_store/location.py:146}}
Jun 08 11:51:23.093488 np0000002300 devstack@g-api.service[102066]: DEBUG glance_store.location [None req-af2218fe-e251-45d4-bdf4-4f8a673ed5fc tempest-VolumesActionsTest-962223019 tempest-VolumesActionsTest-962223019-project-member] Registering scheme swift+config with {'store': , 'location_class': , 'store_entry': 'swift'} {{(pid=102066) register_scheme_map /opt/stack/data/venv/lib/python3.12/site-packages/glance_store/location.py:146}}
Jun 08 11:51:23.231958 np0000002300 devstack@g-api.service[102066]: DEBUG swiftclient [None req-af2218fe-e251-45d4-bdf4-4f8a673ed5fc tempest-VolumesActionsTest-962223019 tempest-VolumesActionsTest-962223019-project-member] REQ: curl -i https://10.4.3.153:8080/v1/AUTH_49874da9bced4bdfb45dad6f25343404/glance -I -H "X-Auth-Token: gAAAAABqJqy7gjYT..." {{(pid=102066) http_log /opt/stack/data/venv/lib/python3.12/site-packages/swiftclient/client.py:160}}
Jun 08 11:51:23.232342 np0000002300 devstack@g-api.service[102066]: DEBUG swiftclient [None req-af2218fe-e251-45d4-bdf4-4f8a673ed5fc tempest-VolumesActionsTest-962223019 tempest-VolumesActionsTest-962223019-project-member] RESP STATUS: 204 No Content {{(pid=102066) http_log /opt/stack/data/venv/lib/python3.12/site-packages/swiftclient/client.py:161}}
Jun 08 11:51:23.232342 np0000002300 devstack@g-api.service[102066]: DEBUG swiftclient [None req-af2218fe-e251-45d4-bdf4-4f8a673ed5fc tempest-VolumesActionsTest-962223019 tempest-VolumesActionsTest-962223019-project-member] RESP HEADERS: {'Date': 'Mon, 08 Jun 2026 11:51:23 GMT', 'Server': 'Apache/2.4.58 (Ubuntu)', 'Content-Type': 'text/plain; charset=utf-8', 'X-Container-Object-Count': '4', 'X-Container-Bytes-Used': '64356352', 'X-Timestamp': '1780918923.45533', 'Last-Modified': 'Mon, 08 Jun 2026 11:42:04 GMT', 'Accept-Ranges': 'bytes', 'X-Storage-Policy': 'Policy-0', 'X-Container-Sharding': 'False', 'Vary': 'Accept', 'X-Trans-Id': 'tx0ee168769a6a4d30b6632-006a26acbb', 'X-Openstack-Request-Id': 'tx0ee168769a6a4d30b6632-006a26acbb', 'Connection': 'close'} {{(pid=102066) http_log /opt/stack/data/venv/lib/python3.12/site-packages/swiftclient/client.py:162}}
Jun 08 11:51:23.232342 np0000002300 devstack@g-api.service[102066]: DEBUG glance_store._drivers.swift.store [None req-af2218fe-e251-45d4-bdf4-4f8a673ed5fc tempest-VolumesActionsTest-962223019 tempest-VolumesActionsTest-962223019-project-member] Adding image object '70edef85-c1a5-4e1f-8530-b940211602d8' to Swift {{(pid=102066) add /opt/stack/data/venv/lib/python3.12/site-packages/glance_store/_drivers/swift/store.py:970}}
Jun 08 11:51:23.232342 np0000002300 devstack@g-api.service[102066]: DEBUG glance_store._drivers.swift.store [None req-af2218fe-e251-45d4-bdf4-4f8a673ed5fc tempest-VolumesActionsTest-962223019 tempest-VolumesActionsTest-962223019-project-member] Cannot determine image size because it is either not provided in the request or chunked-transfer encoding is used. Adding image as a segmented object to Swift. {{(pid=102066) add /opt/stack/data/venv/lib/python3.12/site-packages/glance_store/_drivers/swift/store.py:994}}
Jun 08 11:51:23.236504 np0000002300 devstack@g-api.service[102066]: DEBUG oslo_utils.imageutils.format_inspector [None req-af2218fe-e251-45d4-bdf4-4f8a673ed5fc tempest-VolumesActionsTest-962223019 tempest-VolumesActionsTest-962223019-project-member] Format inspector for vmdk does not match, excluding from consideration (Signature KDMV not found: b'\x00\x00\x00\x00') {{(pid=102066) _process_chunk /opt/stack/data/venv/lib/python3.12/site-packages/oslo_utils/imageutils/format_inspector.py:1758}}
Jun 08 11:51:23.238648 np0000002300 devstack@g-api.service[102066]: DEBUG oslo_utils.imageutils.format_inspector [None req-af2218fe-e251-45d4-bdf4-4f8a673ed5fc tempest-VolumesActionsTest-962223019 tempest-VolumesActionsTest-962223019-project-member] Format inspector for vhdx does not match, excluding from consideration (Region signature not found at 30000) {{(pid=102066) _process_chunk /opt/stack/data/venv/lib/python3.12/site-packages/oslo_utils/imageutils/format_inspector.py:1758}}
Jun 08 11:51:23.945073 np0000002300 devstack@g-api.service[102067]: DEBUG glance.api.middleware.version_negotiation [None req-ddd687e6-cd69-4576-943a-84c88f13ea94 tempest-VolumesActionsTest-962223019 tempest-VolumesActionsTest-962223019-project-member] Determining version of request: GET /v2/images/70edef85-c1a5-4e1f-8530-b940211602d8 Accept: application/json {{(pid=102067) process_request /opt/stack/glance/glance/api/middleware/version_negotiation.py:44}}
Jun 08 11:51:23.946060 np0000002300 devstack@g-api.service[102067]: DEBUG glance.api.middleware.version_negotiation [None req-ddd687e6-cd69-4576-943a-84c88f13ea94 tempest-VolumesActionsTest-962223019 tempest-VolumesActionsTest-962223019-project-member] Using url versioning {{(pid=102067) process_request /opt/stack/glance/glance/api/middleware/version_negotiation.py:57}}
Jun 08 11:51:23.946060 np0000002300 devstack@g-api.service[102067]: DEBUG glance.api.middleware.version_negotiation [None req-ddd687e6-cd69-4576-943a-84c88f13ea94 tempest-VolumesActionsTest-962223019 tempest-VolumesActionsTest-962223019-project-member] Matched version: v2 {{(pid=102067) process_request /opt/stack/glance/glance/api/middleware/version_negotiation.py:69}}
Jun 08 11:51:23.946060 np0000002300 devstack@g-api.service[102067]: DEBUG glance.api.middleware.version_negotiation [None req-ddd687e6-cd69-4576-943a-84c88f13ea94 tempest-VolumesActionsTest-962223019 tempest-VolumesActionsTest-962223019-project-member] new path /v2/images/70edef85-c1a5-4e1f-8530-b940211602d8 {{(pid=102067) process_request /opt/stack/glance/glance/api/middleware/version_negotiation.py:70}}
Jun 08 11:51:23.953954 np0000002300 devstack@g-api.service[102067]: [pid: 102067|app: 0|req: 127/396] 127.0.0.1 () {40 vars in 838 bytes} [Mon Jun 8 11:51:23 2026] GET /v2/images/70edef85-c1a5-4e1f-8530-b940211602d8 => generated 650 bytes in 9 msecs (HTTP/1.1 200) 4 headers in 157 bytes (1 switches on core 0)
Jun 08 11:51:24.962215 np0000002300 devstack@g-api.service[102065]: DEBUG glance.api.middleware.version_negotiation [None req-b0a3626a-4a41-4209-b51a-67699722eb65 tempest-VolumesActionsTest-962223019 tempest-VolumesActionsTest-962223019-project-member] Determining version of request: GET /v2/images/70edef85-c1a5-4e1f-8530-b940211602d8 Accept: application/json {{(pid=102065) process_request /opt/stack/glance/glance/api/middleware/version_negotiation.py:44}}
Jun 08 11:51:24.962524 np0000002300 devstack@g-api.service[102065]: DEBUG glance.api.middleware.version_negotiation [None req-b0a3626a-4a41-4209-b51a-67699722eb65 tempest-VolumesActionsTest-962223019 tempest-VolumesActionsTest-962223019-project-member] Using url versioning {{(pid=102065) process_request /opt/stack/glance/glance/api/middleware/version_negotiation.py:57}}
Jun 08 11:51:24.962524 np0000002300 devstack@g-api.service[102065]: DEBUG glance.api.middleware.version_negotiation [None req-b0a3626a-4a41-4209-b51a-67699722eb65 tempest-VolumesActionsTest-962223019 tempest-VolumesActionsTest-962223019-project-member] Matched version: v2 {{(pid=102065) process_request /opt/stack/glance/glance/api/middleware/version_negotiation.py:69}}
Jun 08 11:51:24.962619 np0000002300 devstack@g-api.service[102065]: DEBUG glance.api.middleware.version_negotiation [None req-b0a3626a-4a41-4209-b51a-67699722eb65 tempest-VolumesActionsTest-962223019 tempest-VolumesActionsTest-962223019-project-member] new path /v2/images/70edef85-c1a5-4e1f-8530-b940211602d8 {{(pid=102065) process_request /opt/stack/glance/glance/api/middleware/version_negotiation.py:70}}
Jun 08 11:51:24.975208 np0000002300 devstack@g-api.service[102065]: [pid: 102065|app: 0|req: 133/397] 127.0.0.1 () {40 vars in 838 bytes} [Mon Jun 8 11:51:24 2026] GET /v2/images/70edef85-c1a5-4e1f-8530-b940211602d8 => generated 650 bytes in 13 msecs (HTTP/1.1 200) 4 headers in 157 bytes (1 switches on core 0)
Jun 08 11:51:25.083702 np0000002300 devstack@g-api.service[102066]: DEBUG swiftclient [None req-af2218fe-e251-45d4-bdf4-4f8a673ed5fc tempest-VolumesActionsTest-962223019 tempest-VolumesActionsTest-962223019-project-member] REQ: curl -i https://10.4.3.153:8080/v1/AUTH_49874da9bced4bdfb45dad6f25343404/glance/70edef85-c1a5-4e1f-8530-b940211602d8-00001 -X PUT -H "X-Auth-Token: gAAAAABqJqy7gjYT..." {{(pid=102066) http_log /opt/stack/data/venv/lib/python3.12/site-packages/swiftclient/client.py:160}}
Jun 08 11:51:25.083967 np0000002300 devstack@g-api.service[102066]: DEBUG swiftclient [None req-af2218fe-e251-45d4-bdf4-4f8a673ed5fc tempest-VolumesActionsTest-962223019 tempest-VolumesActionsTest-962223019-project-member] RESP STATUS: 201 Created {{(pid=102066) http_log /opt/stack/data/venv/lib/python3.12/site-packages/swiftclient/client.py:161}}
Jun 08 11:51:25.083967 np0000002300 devstack@g-api.service[102066]: DEBUG swiftclient [None req-af2218fe-e251-45d4-bdf4-4f8a673ed5fc tempest-VolumesActionsTest-962223019 tempest-VolumesActionsTest-962223019-project-member] RESP HEADERS: {'Date': 'Mon, 08 Jun 2026 11:51:25 GMT', 'Server': 'Apache/2.4.58 (Ubuntu)', 'Content-Type': 'text/html; charset=UTF-8', 'Content-Length': '0', 'Etag': 'eda9a9889837ac4bc81d6387d92c1bec', 'Last-Modified': 'Mon, 08 Jun 2026 11:51:24 GMT', 'X-Trans-Id': 'txebcc769522e047288eb62-006a26acbb', 'X-Openstack-Request-Id': 'txebcc769522e047288eb62-006a26acbb', 'Connection': 'close'} {{(pid=102066) http_log /opt/stack/data/venv/lib/python3.12/site-packages/swiftclient/client.py:162}}
Jun 08 11:51:25.084069 np0000002300 devstack@g-api.service[102066]: DEBUG glance_store._drivers.swift.store [None req-af2218fe-e251-45d4-bdf4-4f8a673ed5fc tempest-VolumesActionsTest-962223019 tempest-VolumesActionsTest-962223019-project-member] Wrote chunk 70edef85-c1a5-4e1f-8530-b940211602d8-00001 (1/?) of length 204800000 to Swift returning MD5 of content: eda9a9889837ac4bc81d6387d92c1bec {{(pid=102066) add /opt/stack/data/venv/lib/python3.12/site-packages/glance_store/_drivers/swift/store.py:1059}}
Jun 08 11:51:25.987681 np0000002300 devstack@g-api.service[102067]: DEBUG glance.api.middleware.version_negotiation [None req-2098b438-9dd7-4c4a-aceb-5d34836c7b18 tempest-VolumesActionsTest-962223019 tempest-VolumesActionsTest-962223019-project-member] Determining version of request: GET /v2/images/70edef85-c1a5-4e1f-8530-b940211602d8 Accept: application/json {{(pid=102067) process_request /opt/stack/glance/glance/api/middleware/version_negotiation.py:44}}
Jun 08 11:51:25.988063 np0000002300 devstack@g-api.service[102067]: DEBUG glance.api.middleware.version_negotiation [None req-2098b438-9dd7-4c4a-aceb-5d34836c7b18 tempest-VolumesActionsTest-962223019 tempest-VolumesActionsTest-962223019-project-member] Using url versioning {{(pid=102067) process_request /opt/stack/glance/glance/api/middleware/version_negotiation.py:57}}
Jun 08 11:51:25.988063 np0000002300 devstack@g-api.service[102067]: DEBUG glance.api.middleware.version_negotiation [None req-2098b438-9dd7-4c4a-aceb-5d34836c7b18 tempest-VolumesActionsTest-962223019 tempest-VolumesActionsTest-962223019-project-member] Matched version: v2 {{(pid=102067) process_request /opt/stack/glance/glance/api/middleware/version_negotiation.py:69}}
Jun 08 11:51:25.988215 np0000002300 devstack@g-api.service[102067]: DEBUG glance.api.middleware.version_negotiation [None req-2098b438-9dd7-4c4a-aceb-5d34836c7b18 tempest-VolumesActionsTest-962223019 tempest-VolumesActionsTest-962223019-project-member] new path /v2/images/70edef85-c1a5-4e1f-8530-b940211602d8 {{(pid=102067) process_request /opt/stack/glance/glance/api/middleware/version_negotiation.py:70}}
Jun 08 11:51:26.007323 np0000002300 devstack@g-api.service[102067]: [pid: 102067|app: 0|req: 128/398] 127.0.0.1 () {40 vars in 838 bytes} [Mon Jun 8 11:51:25 2026] GET /v2/images/70edef85-c1a5-4e1f-8530-b940211602d8 => generated 650 bytes in 17 msecs (HTTP/1.1 200) 4 headers in 157 bytes (1 switches on core 0)
Jun 08 11:51:27.014665 np0000002300 devstack@g-api.service[102065]: DEBUG glance.api.middleware.version_negotiation [None req-a5fa67dd-60e6-4dd9-bd7c-efbae363a58e tempest-VolumesActionsTest-962223019 tempest-VolumesActionsTest-962223019-project-member] Determining version of request: GET /v2/images/70edef85-c1a5-4e1f-8530-b940211602d8 Accept: application/json {{(pid=102065) process_request /opt/stack/glance/glance/api/middleware/version_negotiation.py:44}}
Jun 08 11:51:27.014665 np0000002300 devstack@g-api.service[102065]: DEBUG glance.api.middleware.version_negotiation [None req-a5fa67dd-60e6-4dd9-bd7c-efbae363a58e tempest-VolumesActionsTest-962223019 tempest-VolumesActionsTest-962223019-project-member] Using url versioning {{(pid=102065) process_request /opt/stack/glance/glance/api/middleware/version_negotiation.py:57}}
Jun 08 11:51:27.014665 np0000002300 devstack@g-api.service[102065]: DEBUG glance.api.middleware.version_negotiation [None req-a5fa67dd-60e6-4dd9-bd7c-efbae363a58e tempest-VolumesActionsTest-962223019 tempest-VolumesActionsTest-962223019-project-member] Matched version: v2 {{(pid=102065) process_request /opt/stack/glance/glance/api/middleware/version_negotiation.py:69}}
Jun 08 11:51:27.015093 np0000002300 devstack@g-api.service[102065]: DEBUG glance.api.middleware.version_negotiation [None req-a5fa67dd-60e6-4dd9-bd7c-efbae363a58e tempest-VolumesActionsTest-962223019 tempest-VolumesActionsTest-962223019-project-member] new path /v2/images/70edef85-c1a5-4e1f-8530-b940211602d8 {{(pid=102065) process_request /opt/stack/glance/glance/api/middleware/version_negotiation.py:70}}
Jun 08 11:51:27.029407 np0000002300 devstack@g-api.service[102065]: [pid: 102065|app: 0|req: 134/399] 127.0.0.1 () {40 vars in 838 bytes} [Mon Jun 8 11:51:27 2026] GET /v2/images/70edef85-c1a5-4e1f-8530-b940211602d8 => generated 650 bytes in 15 msecs (HTTP/1.1 200) 4 headers in 157 bytes (1 switches on core 0)
Jun 08 11:51:27.086005 np0000002300 devstack@g-api.service[102066]: DEBUG swiftclient [None req-af2218fe-e251-45d4-bdf4-4f8a673ed5fc tempest-VolumesActionsTest-962223019 tempest-VolumesActionsTest-962223019-project-member] REQ: curl -i https://10.4.3.153:8080/v1/AUTH_49874da9bced4bdfb45dad6f25343404/glance/70edef85-c1a5-4e1f-8530-b940211602d8-00002 -X PUT -H "X-Auth-Token: gAAAAABqJqy7gjYT..." {{(pid=102066) http_log /opt/stack/data/venv/lib/python3.12/site-packages/swiftclient/client.py:160}}
Jun 08 11:51:27.086353 np0000002300 devstack@g-api.service[102066]: DEBUG swiftclient [None req-af2218fe-e251-45d4-bdf4-4f8a673ed5fc tempest-VolumesActionsTest-962223019 tempest-VolumesActionsTest-962223019-project-member] RESP STATUS: 201 Created {{(pid=102066) http_log /opt/stack/data/venv/lib/python3.12/site-packages/swiftclient/client.py:161}}
Jun 08 11:51:27.086353 np0000002300 devstack@g-api.service[102066]: DEBUG swiftclient [None req-af2218fe-e251-45d4-bdf4-4f8a673ed5fc tempest-VolumesActionsTest-962223019 tempest-VolumesActionsTest-962223019-project-member] RESP HEADERS: {'Date': 'Mon, 08 Jun 2026 11:51:27 GMT', 'Server': 'Apache/2.4.58 (Ubuntu)', 'Content-Type': 'text/html; charset=UTF-8', 'Content-Length': '0', 'Etag': 'eda9a9889837ac4bc81d6387d92c1bec', 'Last-Modified': 'Mon, 08 Jun 2026 11:51:26 GMT', 'X-Trans-Id': 'txc8ee6203f3994f4ab2627-006a26acbd', 'X-Openstack-Request-Id': 'txc8ee6203f3994f4ab2627-006a26acbd', 'Connection': 'close'} {{(pid=102066) http_log /opt/stack/data/venv/lib/python3.12/site-packages/swiftclient/client.py:162}}
Jun 08 11:51:27.086353 np0000002300 devstack@g-api.service[102066]: DEBUG glance_store._drivers.swift.store [None req-af2218fe-e251-45d4-bdf4-4f8a673ed5fc tempest-VolumesActionsTest-962223019 tempest-VolumesActionsTest-962223019-project-member] Wrote chunk 70edef85-c1a5-4e1f-8530-b940211602d8-00002 (2/?) of length 204800000 to Swift returning MD5 of content: eda9a9889837ac4bc81d6387d92c1bec {{(pid=102066) add /opt/stack/data/venv/lib/python3.12/site-packages/glance_store/_drivers/swift/store.py:1059}}
Jun 08 11:51:28.048364 np0000002300 devstack@g-api.service[102067]: DEBUG glance.api.middleware.version_negotiation [None req-6e7646de-a8ea-4cb6-8a8a-e8529209c93d tempest-VolumesActionsTest-962223019 tempest-VolumesActionsTest-962223019-project-member] Determining version of request: GET /v2/images/70edef85-c1a5-4e1f-8530-b940211602d8 Accept: application/json {{(pid=102067) process_request /opt/stack/glance/glance/api/middleware/version_negotiation.py:44}}
Jun 08 11:51:28.048761 np0000002300 devstack@g-api.service[102067]: DEBUG glance.api.middleware.version_negotiation [None req-6e7646de-a8ea-4cb6-8a8a-e8529209c93d tempest-VolumesActionsTest-962223019 tempest-VolumesActionsTest-962223019-project-member] Using url versioning {{(pid=102067) process_request /opt/stack/glance/glance/api/middleware/version_negotiation.py:57}}
Jun 08 11:51:28.048761 np0000002300 devstack@g-api.service[102067]: DEBUG glance.api.middleware.version_negotiation [None req-6e7646de-a8ea-4cb6-8a8a-e8529209c93d tempest-VolumesActionsTest-962223019 tempest-VolumesActionsTest-962223019-project-member] Matched version: v2 {{(pid=102067) process_request /opt/stack/glance/glance/api/middleware/version_negotiation.py:69}}
Jun 08 11:51:28.048761 np0000002300 devstack@g-api.service[102067]: DEBUG glance.api.middleware.version_negotiation [None req-6e7646de-a8ea-4cb6-8a8a-e8529209c93d tempest-VolumesActionsTest-962223019 tempest-VolumesActionsTest-962223019-project-member] new path /v2/images/70edef85-c1a5-4e1f-8530-b940211602d8 {{(pid=102067) process_request /opt/stack/glance/glance/api/middleware/version_negotiation.py:70}}
Jun 08 11:51:28.069899 np0000002300 devstack@g-api.service[102067]: [pid: 102067|app: 0|req: 129/400] 127.0.0.1 () {40 vars in 838 bytes} [Mon Jun 8 11:51:28 2026] GET /v2/images/70edef85-c1a5-4e1f-8530-b940211602d8 => generated 650 bytes in 22 msecs (HTTP/1.1 200) 4 headers in 157 bytes (1 switches on core 0)
Jun 08 11:51:29.028127 np0000002300 devstack@g-api.service[102066]: DEBUG swiftclient [None req-af2218fe-e251-45d4-bdf4-4f8a673ed5fc tempest-VolumesActionsTest-962223019 tempest-VolumesActionsTest-962223019-project-member] REQ: curl -i https://10.4.3.153:8080/v1/AUTH_49874da9bced4bdfb45dad6f25343404/glance/70edef85-c1a5-4e1f-8530-b940211602d8-00003 -X PUT -H "X-Auth-Token: gAAAAABqJqy7gjYT..." {{(pid=102066) http_log /opt/stack/data/venv/lib/python3.12/site-packages/swiftclient/client.py:160}}
Jun 08 11:51:29.028418 np0000002300 devstack@g-api.service[102066]: DEBUG swiftclient [None req-af2218fe-e251-45d4-bdf4-4f8a673ed5fc tempest-VolumesActionsTest-962223019 tempest-VolumesActionsTest-962223019-project-member] RESP STATUS: 201 Created {{(pid=102066) http_log /opt/stack/data/venv/lib/python3.12/site-packages/swiftclient/client.py:161}}
Jun 08 11:51:29.028418 np0000002300 devstack@g-api.service[102066]: DEBUG swiftclient [None req-af2218fe-e251-45d4-bdf4-4f8a673ed5fc tempest-VolumesActionsTest-962223019 tempest-VolumesActionsTest-962223019-project-member] RESP HEADERS: {'Date': 'Mon, 08 Jun 2026 11:51:29 GMT', 'Server': 'Apache/2.4.58 (Ubuntu)', 'Content-Type': 'text/html; charset=UTF-8', 'Content-Length': '0', 'Etag': 'eda9a9889837ac4bc81d6387d92c1bec', 'Last-Modified': 'Mon, 08 Jun 2026 11:51:28 GMT', 'X-Trans-Id': 'txc76590df34f74606b2c6c-006a26acbf', 'X-Openstack-Request-Id': 'txc76590df34f74606b2c6c-006a26acbf', 'Connection': 'close'} {{(pid=102066) http_log /opt/stack/data/venv/lib/python3.12/site-packages/swiftclient/client.py:162}}
Jun 08 11:51:29.028537 np0000002300 devstack@g-api.service[102066]: DEBUG glance_store._drivers.swift.store [None req-af2218fe-e251-45d4-bdf4-4f8a673ed5fc tempest-VolumesActionsTest-962223019 tempest-VolumesActionsTest-962223019-project-member] Wrote chunk 70edef85-c1a5-4e1f-8530-b940211602d8-00003 (3/?) of length 204800000 to Swift returning MD5 of content: eda9a9889837ac4bc81d6387d92c1bec {{(pid=102066) add /opt/stack/data/venv/lib/python3.12/site-packages/glance_store/_drivers/swift/store.py:1059}}
Jun 08 11:51:29.087650 np0000002300 devstack@g-api.service[102065]: DEBUG glance.api.middleware.version_negotiation [None req-41608fe9-194a-43c1-b14e-e042c139adb3 tempest-VolumesActionsTest-962223019 tempest-VolumesActionsTest-962223019-project-member] Determining version of request: GET /v2/images/70edef85-c1a5-4e1f-8530-b940211602d8 Accept: application/json {{(pid=102065) process_request /opt/stack/glance/glance/api/middleware/version_negotiation.py:44}}
Jun 08 11:51:29.087991 np0000002300 devstack@g-api.service[102065]: DEBUG glance.api.middleware.version_negotiation [None req-41608fe9-194a-43c1-b14e-e042c139adb3 tempest-VolumesActionsTest-962223019 tempest-VolumesActionsTest-962223019-project-member] Using url versioning {{(pid=102065) process_request /opt/stack/glance/glance/api/middleware/version_negotiation.py:57}}
Jun 08 11:51:29.088043 np0000002300 devstack@g-api.service[102065]: DEBUG glance.api.middleware.version_negotiation [None req-41608fe9-194a-43c1-b14e-e042c139adb3 tempest-VolumesActionsTest-962223019 tempest-VolumesActionsTest-962223019-project-member] Matched version: v2 {{(pid=102065) process_request /opt/stack/glance/glance/api/middleware/version_negotiation.py:69}}
Jun 08 11:51:29.088849 np0000002300 devstack@g-api.service[102065]: DEBUG glance.api.middleware.version_negotiation [None req-41608fe9-194a-43c1-b14e-e042c139adb3 tempest-VolumesActionsTest-962223019 tempest-VolumesActionsTest-962223019-project-member] new path /v2/images/70edef85-c1a5-4e1f-8530-b940211602d8 {{(pid=102065) process_request /opt/stack/glance/glance/api/middleware/version_negotiation.py:70}}
Jun 08 11:51:29.107489 np0000002300 devstack@g-api.service[102065]: [pid: 102065|app: 0|req: 135/401] 127.0.0.1 () {40 vars in 838 bytes} [Mon Jun 8 11:51:29 2026] GET /v2/images/70edef85-c1a5-4e1f-8530-b940211602d8 => generated 650 bytes in 19 msecs (HTTP/1.1 200) 4 headers in 157 bytes (1 switches on core 0)
Jun 08 11:51:30.117863 np0000002300 devstack@g-api.service[102067]: DEBUG glance.api.middleware.version_negotiation [None req-beb2a3c6-62b1-45e2-bbc3-89665e1ef9a4 tempest-VolumesActionsTest-962223019 tempest-VolumesActionsTest-962223019-project-member] Determining version of request: GET /v2/images/70edef85-c1a5-4e1f-8530-b940211602d8 Accept: application/json {{(pid=102067) process_request /opt/stack/glance/glance/api/middleware/version_negotiation.py:44}}
Jun 08 11:51:30.117863 np0000002300 devstack@g-api.service[102067]: DEBUG glance.api.middleware.version_negotiation [None req-beb2a3c6-62b1-45e2-bbc3-89665e1ef9a4 tempest-VolumesActionsTest-962223019 tempest-VolumesActionsTest-962223019-project-member] Using url versioning {{(pid=102067) process_request /opt/stack/glance/glance/api/middleware/version_negotiation.py:57}}
Jun 08 11:51:30.117863 np0000002300 devstack@g-api.service[102067]: DEBUG glance.api.middleware.version_negotiation [None req-beb2a3c6-62b1-45e2-bbc3-89665e1ef9a4 tempest-VolumesActionsTest-962223019 tempest-VolumesActionsTest-962223019-project-member] Matched version: v2 {{(pid=102067) process_request /opt/stack/glance/glance/api/middleware/version_negotiation.py:69}}
Jun 08 11:51:30.118363 np0000002300 devstack@g-api.service[102067]: DEBUG glance.api.middleware.version_negotiation [None req-beb2a3c6-62b1-45e2-bbc3-89665e1ef9a4 tempest-VolumesActionsTest-962223019 tempest-VolumesActionsTest-962223019-project-member] new path /v2/images/70edef85-c1a5-4e1f-8530-b940211602d8 {{(pid=102067) process_request /opt/stack/glance/glance/api/middleware/version_negotiation.py:70}}
Jun 08 11:51:30.132350 np0000002300 devstack@g-api.service[102067]: [pid: 102067|app: 0|req: 130/402] 127.0.0.1 () {40 vars in 838 bytes} [Mon Jun 8 11:51:30 2026] GET /v2/images/70edef85-c1a5-4e1f-8530-b940211602d8 => generated 650 bytes in 15 msecs (HTTP/1.1 200) 4 headers in 157 bytes (1 switches on core 0)
Jun 08 11:51:31.018498 np0000002300 devstack@g-api.service[102066]: DEBUG swiftclient [None req-af2218fe-e251-45d4-bdf4-4f8a673ed5fc tempest-VolumesActionsTest-962223019 tempest-VolumesActionsTest-962223019-project-member] REQ: curl -i https://10.4.3.153:8080/v1/AUTH_49874da9bced4bdfb45dad6f25343404/glance/70edef85-c1a5-4e1f-8530-b940211602d8-00004 -X PUT -H "X-Auth-Token: gAAAAABqJqy7gjYT..." {{(pid=102066) http_log /opt/stack/data/venv/lib/python3.12/site-packages/swiftclient/client.py:160}}
Jun 08 11:51:31.018990 np0000002300 devstack@g-api.service[102066]: DEBUG swiftclient [None req-af2218fe-e251-45d4-bdf4-4f8a673ed5fc tempest-VolumesActionsTest-962223019 tempest-VolumesActionsTest-962223019-project-member] RESP STATUS: 201 Created {{(pid=102066) http_log /opt/stack/data/venv/lib/python3.12/site-packages/swiftclient/client.py:161}}
Jun 08 11:51:31.018990 np0000002300 devstack@g-api.service[102066]: DEBUG swiftclient [None req-af2218fe-e251-45d4-bdf4-4f8a673ed5fc tempest-VolumesActionsTest-962223019 tempest-VolumesActionsTest-962223019-project-member] RESP HEADERS: {'Date': 'Mon, 08 Jun 2026 11:51:31 GMT', 'Server': 'Apache/2.4.58 (Ubuntu)', 'Content-Type': 'text/html; charset=UTF-8', 'Content-Length': '0', 'Etag': 'eda9a9889837ac4bc81d6387d92c1bec', 'Last-Modified': 'Mon, 08 Jun 2026 11:51:30 GMT', 'X-Trans-Id': 'tx8f766dda73f94af1a2b19-006a26acc1', 'X-Openstack-Request-Id': 'tx8f766dda73f94af1a2b19-006a26acc1', 'Connection': 'close'} {{(pid=102066) http_log /opt/stack/data/venv/lib/python3.12/site-packages/swiftclient/client.py:162}}
Jun 08 11:51:31.019261 np0000002300 devstack@g-api.service[102066]: DEBUG glance_store._drivers.swift.store [None req-af2218fe-e251-45d4-bdf4-4f8a673ed5fc tempest-VolumesActionsTest-962223019 tempest-VolumesActionsTest-962223019-project-member] Wrote chunk 70edef85-c1a5-4e1f-8530-b940211602d8-00004 (4/?) of length 204800000 to Swift returning MD5 of content: eda9a9889837ac4bc81d6387d92c1bec {{(pid=102066) add /opt/stack/data/venv/lib/python3.12/site-packages/glance_store/_drivers/swift/store.py:1059}}
Jun 08 11:51:31.141999 np0000002300 devstack@g-api.service[102065]: DEBUG glance.api.middleware.version_negotiation [None req-ef0399da-be3d-4243-bd54-83b235f4ad11 tempest-VolumesActionsTest-962223019 tempest-VolumesActionsTest-962223019-project-member] Determining version of request: GET /v2/images/70edef85-c1a5-4e1f-8530-b940211602d8 Accept: application/json {{(pid=102065) process_request /opt/stack/glance/glance/api/middleware/version_negotiation.py:44}}
Jun 08 11:51:31.141999 np0000002300 devstack@g-api.service[102065]: DEBUG glance.api.middleware.version_negotiation [None req-ef0399da-be3d-4243-bd54-83b235f4ad11 tempest-VolumesActionsTest-962223019 tempest-VolumesActionsTest-962223019-project-member] Using url versioning {{(pid=102065) process_request /opt/stack/glance/glance/api/middleware/version_negotiation.py:57}}
Jun 08 11:51:31.142636 np0000002300 devstack@g-api.service[102065]: DEBUG glance.api.middleware.version_negotiation [None req-ef0399da-be3d-4243-bd54-83b235f4ad11 tempest-VolumesActionsTest-962223019 tempest-VolumesActionsTest-962223019-project-member] Matched version: v2 {{(pid=102065) process_request /opt/stack/glance/glance/api/middleware/version_negotiation.py:69}}
Jun 08 11:51:31.142636 np0000002300 devstack@g-api.service[102065]: DEBUG glance.api.middleware.version_negotiation [None req-ef0399da-be3d-4243-bd54-83b235f4ad11 tempest-VolumesActionsTest-962223019 tempest-VolumesActionsTest-962223019-project-member] new path /v2/images/70edef85-c1a5-4e1f-8530-b940211602d8 {{(pid=102065) process_request /opt/stack/glance/glance/api/middleware/version_negotiation.py:70}}
Jun 08 11:51:31.157535 np0000002300 devstack@g-api.service[102065]: [pid: 102065|app: 0|req: 136/403] 127.0.0.1 () {40 vars in 838 bytes} [Mon Jun 8 11:51:31 2026] GET /v2/images/70edef85-c1a5-4e1f-8530-b940211602d8 => generated 650 bytes in 16 msecs (HTTP/1.1 200) 4 headers in 157 bytes (1 switches on core 0)
Jun 08 11:51:32.170353 np0000002300 devstack@g-api.service[102067]: DEBUG glance.api.middleware.version_negotiation [None req-f9f133f1-319c-4d6a-aa12-75e74c5330e8 tempest-VolumesActionsTest-962223019 tempest-VolumesActionsTest-962223019-project-member] Determining version of request: GET /v2/images/70edef85-c1a5-4e1f-8530-b940211602d8 Accept: application/json {{(pid=102067) process_request /opt/stack/glance/glance/api/middleware/version_negotiation.py:44}}
Jun 08 11:51:32.170873 np0000002300 devstack@g-api.service[102067]: DEBUG glance.api.middleware.version_negotiation [None req-f9f133f1-319c-4d6a-aa12-75e74c5330e8 tempest-VolumesActionsTest-962223019 tempest-VolumesActionsTest-962223019-project-member] Using url versioning {{(pid=102067) process_request /opt/stack/glance/glance/api/middleware/version_negotiation.py:57}}
Jun 08 11:51:32.170873 np0000002300 devstack@g-api.service[102067]: DEBUG glance.api.middleware.version_negotiation [None req-f9f133f1-319c-4d6a-aa12-75e74c5330e8 tempest-VolumesActionsTest-962223019 tempest-VolumesActionsTest-962223019-project-member] Matched version: v2 {{(pid=102067) process_request /opt/stack/glance/glance/api/middleware/version_negotiation.py:69}}
Jun 08 11:51:32.170873 np0000002300 devstack@g-api.service[102067]: DEBUG glance.api.middleware.version_negotiation [None req-f9f133f1-319c-4d6a-aa12-75e74c5330e8 tempest-VolumesActionsTest-962223019 tempest-VolumesActionsTest-962223019-project-member] new path /v2/images/70edef85-c1a5-4e1f-8530-b940211602d8 {{(pid=102067) process_request /opt/stack/glance/glance/api/middleware/version_negotiation.py:70}}
Jun 08 11:51:32.187512 np0000002300 devstack@g-api.service[102067]: [pid: 102067|app: 0|req: 131/404] 127.0.0.1 () {40 vars in 838 bytes} [Mon Jun 8 11:51:32 2026] GET /v2/images/70edef85-c1a5-4e1f-8530-b940211602d8 => generated 650 bytes in 17 msecs (HTTP/1.1 200) 4 headers in 157 bytes (1 switches on core 0)
