Aug 09 07:33:12.494387 np0000006821 nova-scheduler[96611]: DEBUG cotyledon.oslo_config_glue [-] workarounds.handle_virt_lifecycle_events = True {{(pid=96611) log_opt_values /opt/stack/data/venv/lib/python3.12/site-packages/oslo_config/cfg.py:3545}}
Aug 09 07:33:12.494387 np0000006821 nova-scheduler[96611]: DEBUG cotyledon.oslo_config_glue [-] workarounds.libvirt_disable_apic = False {{(pid=96611) log_opt_values /opt/stack/data/venv/lib/python3.12/site-packages/oslo_config/cfg.py:3545}}
Aug 09 07:33:12.494387 np0000006821 nova-scheduler[96611]: DEBUG cotyledon.oslo_config_glue [-] workarounds.never_download_image_if_on_rbd = False {{(pid=96611) log_opt_values /opt/stack/data/venv/lib/python3.12/site-packages/oslo_config/cfg.py:3545}}
Aug 09 07:33:12.494387 np0000006821 nova-scheduler[96611]: DEBUG cotyledon.oslo_config_glue [-] workarounds.qemu_monitor_announce_self_count = 3 {{(pid=96611) log_opt_values /opt/stack/data/venv/lib/python3.12/site-packages/oslo_config/cfg.py:3545}}
Aug 09 07:33:12.494635 np0000006821 nova-scheduler[96611]: DEBUG cotyledon.oslo_config_glue [-] workarounds.qemu_monitor_announce_self_interval = 1 {{(pid=96611) log_opt_values /opt/stack/data/venv/lib/python3.12/site-packages/oslo_config/cfg.py:3545}}
Aug 09 07:33:12.494635 np0000006821 nova-scheduler[96611]: DEBUG cotyledon.oslo_config_glue [-] workarounds.reserve_disk_resource_for_image_cache = False {{(pid=96611) log_opt_values /opt/stack/data/venv/lib/python3.12/site-packages/oslo_config/cfg.py:3545}}
Aug 09 07:33:12.494635 np0000006821 nova-scheduler[96611]: DEBUG cotyledon.oslo_config_glue [-] workarounds.skip_cpu_compare_at_startup = False {{(pid=96611) log_opt_values /opt/stack/data/venv/lib/python3.12/site-packages/oslo_config/cfg.py:3545}}
Aug 09 07:33:12.494635 np0000006821 nova-scheduler[96611]: DEBUG cotyledon.oslo_config_glue [-] workarounds.skip_cpu_compare_on_dest = False {{(pid=96611) log_opt_values /opt/stack/data/venv/lib/python3.12/site-packages/oslo_config/cfg.py:3545}}
Aug 09 07:33:12.494635 np0000006821 nova-scheduler[96611]: DEBUG cotyledon.oslo_config_glue [-] workarounds.skip_hypervisor_version_check_on_lm = False {{(pid=96611) log_opt_values /opt/stack/data/venv/lib/python3.12/site-packages/oslo_config/cfg.py:3545}}
Aug 09 07:33:12.494635 np0000006821 nova-scheduler[96611]: DEBUG cotyledon.oslo_config_glue [-] workarounds.skip_reserve_in_use_ironic_nodes = False {{(pid=96611) log_opt_values /opt/stack/data/venv/lib/python3.12/site-packages/oslo_config/cfg.py:3545}}
Aug 09 07:33:12.494635 np0000006821 nova-scheduler[96611]: DEBUG cotyledon.oslo_config_glue [-] workarounds.unified_limits_count_pcpu_as_vcpu = False {{(pid=96611) log_opt_values /opt/stack/data/venv/lib/python3.12/site-packages/oslo_config/cfg.py:3545}}
Aug 09 07:33:12.494635 np0000006821 nova-scheduler[96611]: DEBUG cotyledon.oslo_config_glue [-] workarounds.wait_for_vif_plugged_event_during_hard_reboot = [] {{(pid=96611) log_opt_values /opt/stack/data/venv/lib/python3.12/site-packages/oslo_config/cfg.py:3545}}
Aug 09 07:33:12.494851 np0000006821 nova-scheduler[96611]: DEBUG cotyledon.oslo_config_glue [-] wsgi.api_paste_config = /etc/nova/api-paste.ini {{(pid=96611) log_opt_values /opt/stack/data/venv/lib/python3.12/site-packages/oslo_config/cfg.py:3545}}
Aug 09 07:33:12.494851 np0000006821 nova-scheduler[96611]: DEBUG cotyledon.oslo_config_glue [-] wsgi.secure_proxy_ssl_header = None {{(pid=96611) log_opt_values /opt/stack/data/venv/lib/python3.12/site-packages/oslo_config/cfg.py:3545}}
Aug 09 07:33:12.494851 np0000006821 nova-scheduler[96611]: DEBUG cotyledon.oslo_config_glue [-] zvm.ca_file = None {{(pid=96611) log_opt_values /opt/stack/data/venv/lib/python3.12/site-packages/oslo_config/cfg.py:3545}}
Aug 09 07:33:12.494851 np0000006821 nova-scheduler[96611]: DEBUG cotyledon.oslo_config_glue [-] zvm.cloud_connector_url = None {{(pid=96611) log_opt_values /opt/stack/data/venv/lib/python3.12/site-packages/oslo_config/cfg.py:3545}}
Aug 09 07:33:12.494851 np0000006821 nova-scheduler[96611]: DEBUG cotyledon.oslo_config_glue [-] zvm.image_tmp_path = /opt/stack/data/nova/images {{(pid=96611) log_opt_values /opt/stack/data/venv/lib/python3.12/site-packages/oslo_config/cfg.py:3545}}
Aug 09 07:33:12.494851 np0000006821 nova-scheduler[96611]: DEBUG cotyledon.oslo_config_glue [-] zvm.reachable_timeout = 300 {{(pid=96611) log_opt_values /opt/stack/data/venv/lib/python3.12/site-packages/oslo_config/cfg.py:3545}}
Aug 09 07:33:12.494851 np0000006821 nova-scheduler[96611]: DEBUG cotyledon.oslo_config_glue [-] oslo_versionedobjects.fatal_exception_format_errors = False {{(pid=96611) log_opt_values /opt/stack/data/venv/lib/python3.12/site-packages/oslo_config/cfg.py:3545}}
Aug 09 07:33:12.494851 np0000006821 nova-scheduler[96611]: DEBUG cotyledon.oslo_config_glue [-] oslo_middleware.http_basic_auth_user_file = /etc/htpasswd {{(pid=96611) log_opt_values /opt/stack/data/venv/lib/python3.12/site-packages/oslo_config/cfg.py:3545}}
Aug 09 07:33:12.494851 np0000006821 nova-scheduler[96611]: DEBUG cotyledon.oslo_config_glue [-] oslo_messaging_metrics.metrics_buffer_size = 1000 {{(pid=96611) log_opt_values /opt/stack/data/venv/lib/python3.12/site-packages/oslo_config/cfg.py:3545}}
Aug 09 07:33:12.495198 np0000006821 nova-scheduler[96611]: DEBUG cotyledon.oslo_config_glue [-] oslo_messaging_metrics.metrics_enabled = False {{(pid=96611) log_opt_values /opt/stack/data/venv/lib/python3.12/site-packages/oslo_config/cfg.py:3545}}
Aug 09 07:33:12.495198 np0000006821 nova-scheduler[96611]: DEBUG cotyledon.oslo_config_glue [-] oslo_messaging_metrics.metrics_process_name = {{(pid=96611) log_opt_values /opt/stack/data/venv/lib/python3.12/site-packages/oslo_config/cfg.py:3545}}
Aug 09 07:33:12.495198 np0000006821 nova-scheduler[96611]: DEBUG cotyledon.oslo_config_glue [-] oslo_messaging_metrics.metrics_socket_file = /var/tmp/metrics_collector.sock {{(pid=96611) log_opt_values /opt/stack/data/venv/lib/python3.12/site-packages/oslo_config/cfg.py:3545}}
Aug 09 07:33:12.495198 np0000006821 nova-scheduler[96611]: DEBUG cotyledon.oslo_config_glue [-] oslo_messaging_metrics.metrics_thread_stop_timeout = 10 {{(pid=96611) log_opt_values /opt/stack/data/venv/lib/python3.12/site-packages/oslo_config/cfg.py:3545}}
Aug 09 07:33:12.495198 np0000006821 nova-scheduler[96611]: DEBUG cotyledon.oslo_config_glue [-] profiler.connection_string = messaging:// {{(pid=96611) log_opt_values /opt/stack/data/venv/lib/python3.12/site-packages/oslo_config/cfg.py:3545}}
Aug 09 07:33:12.495198 np0000006821 nova-scheduler[96611]: DEBUG cotyledon.oslo_config_glue [-] profiler.enabled = False {{(pid=96611) log_opt_values /opt/stack/data/venv/lib/python3.12/site-packages/oslo_config/cfg.py:3545}}
Aug 09 07:33:12.495198 np0000006821 nova-scheduler[96611]: DEBUG cotyledon.oslo_config_glue [-] profiler.es_doc_type = notification {{(pid=96611) log_opt_values /opt/stack/data/venv/lib/python3.12/site-packages/oslo_config/cfg.py:3545}}
Aug 09 07:33:12.495198 np0000006821 nova-scheduler[96611]: DEBUG cotyledon.oslo_config_glue [-] profiler.es_scroll_size = 10000 {{(pid=96611) log_opt_values /opt/stack/data/venv/lib/python3.12/site-packages/oslo_config/cfg.py:3545}}
Aug 09 07:33:12.495198 np0000006821 nova-scheduler[96611]: DEBUG cotyledon.oslo_config_glue [-] profiler.es_scroll_time = 2m {{(pid=96611) log_opt_values /opt/stack/data/venv/lib/python3.12/site-packages/oslo_config/cfg.py:3545}}
Aug 09 07:33:12.495485 np0000006821 nova-scheduler[96611]: DEBUG cotyledon.oslo_config_glue [-] profiler.filter_error_trace = False {{(pid=96611) log_opt_values /opt/stack/data/venv/lib/python3.12/site-packages/oslo_config/cfg.py:3545}}
Aug 09 07:33:12.495485 np0000006821 nova-scheduler[96611]: DEBUG cotyledon.oslo_config_glue [-] profiler.hmac_keys = **** {{(pid=96611) log_opt_values /opt/stack/data/venv/lib/python3.12/site-packages/oslo_config/cfg.py:3545}}
Aug 09 07:33:12.495485 np0000006821 nova-scheduler[96611]: DEBUG cotyledon.oslo_config_glue [-] profiler.sentinel_service_name = mymaster {{(pid=96611) log_opt_values /opt/stack/data/venv/lib/python3.12/site-packages/oslo_config/cfg.py:3545}}
Aug 09 07:33:12.495485 np0000006821 nova-scheduler[96611]: DEBUG cotyledon.oslo_config_glue [-] profiler.socket_timeout = 0.1 {{(pid=96611) log_opt_values /opt/stack/data/venv/lib/python3.12/site-packages/oslo_config/cfg.py:3545}}
Aug 09 07:33:12.495485 np0000006821 nova-scheduler[96611]: DEBUG cotyledon.oslo_config_glue [-] profiler.trace_requests = False {{(pid=96611) log_opt_values /opt/stack/data/venv/lib/python3.12/site-packages/oslo_config/cfg.py:3545}}
Aug 09 07:33:12.495485 np0000006821 nova-scheduler[96611]: DEBUG cotyledon.oslo_config_glue [-] profiler.trace_sqlalchemy = False {{(pid=96611) log_opt_values /opt/stack/data/venv/lib/python3.12/site-packages/oslo_config/cfg.py:3545}}
Aug 09 07:33:12.495485 np0000006821 nova-scheduler[96611]: DEBUG cotyledon.oslo_config_glue [-] profiler_jaeger.process_tags = {} {{(pid=96611) log_opt_values /opt/stack/data/venv/lib/python3.12/site-packages/oslo_config/cfg.py:3545}}
Aug 09 07:33:12.495485 np0000006821 nova-scheduler[96611]: DEBUG cotyledon.oslo_config_glue [-] profiler_jaeger.service_name_prefix = None {{(pid=96611) log_opt_values /opt/stack/data/venv/lib/python3.12/site-packages/oslo_config/cfg.py:3545}}
Aug 09 07:33:12.495485 np0000006821 nova-scheduler[96611]: DEBUG cotyledon.oslo_config_glue [-] profiler_otlp.service_name_prefix = None {{(pid=96611) log_opt_values /opt/stack/data/venv/lib/python3.12/site-packages/oslo_config/cfg.py:3545}}
Aug 09 07:33:12.495655 np0000006821 nova-scheduler[96611]: DEBUG cotyledon.oslo_config_glue [-] oslo_messaging_rabbit.amqp_auto_delete = False {{(pid=96611) log_opt_values /opt/stack/data/venv/lib/python3.12/site-packages/oslo_config/cfg.py:3545}}
Aug 09 07:33:12.495655 np0000006821 nova-scheduler[96611]: DEBUG cotyledon.oslo_config_glue [-] oslo_messaging_rabbit.amqp_durable_queues = False {{(pid=96611) log_opt_values /opt/stack/data/venv/lib/python3.12/site-packages/oslo_config/cfg.py:3545}}
Aug 09 07:33:12.495655 np0000006821 nova-scheduler[96611]: DEBUG cotyledon.oslo_config_glue [-] oslo_messaging_rabbit.conn_pool_min_size = 2 {{(pid=96611) log_opt_values /opt/stack/data/venv/lib/python3.12/site-packages/oslo_config/cfg.py:3545}}
Aug 09 07:33:12.495655 np0000006821 nova-scheduler[96611]: DEBUG cotyledon.oslo_config_glue [-] oslo_messaging_rabbit.conn_pool_ttl = 1200 {{(pid=96611) log_opt_values /opt/stack/data/venv/lib/python3.12/site-packages/oslo_config/cfg.py:3545}}
Aug 09 07:33:12.495655 np0000006821 nova-scheduler[96611]: DEBUG cotyledon.oslo_config_glue [-] oslo_messaging_rabbit.direct_mandatory_flag = True {{(pid=96611) log_opt_values /opt/stack/data/venv/lib/python3.12/site-packages/oslo_config/cfg.py:3545}}
Aug 09 07:33:12.495655 np0000006821 nova-scheduler[96611]: DEBUG cotyledon.oslo_config_glue [-] oslo_messaging_rabbit.enable_cancel_on_failover = False {{(pid=96611) log_opt_values /opt/stack/data/venv/lib/python3.12/site-packages/oslo_config/cfg.py:3545}}
Aug 09 07:33:12.495655 np0000006821 nova-scheduler[96611]: DEBUG cotyledon.oslo_config_glue [-] oslo_messaging_rabbit.heartbeat_rate = 3 {{(pid=96611) log_opt_values /opt/stack/data/venv/lib/python3.12/site-packages/oslo_config/cfg.py:3545}}
Aug 09 07:33:12.495655 np0000006821 nova-scheduler[96611]: DEBUG cotyledon.oslo_config_glue [-] oslo_messaging_rabbit.heartbeat_timeout_threshold = 60 {{(pid=96611) log_opt_values /opt/stack/data/venv/lib/python3.12/site-packages/oslo_config/cfg.py:3545}}
Aug 09 07:33:12.495655 np0000006821 nova-scheduler[96611]: DEBUG cotyledon.oslo_config_glue [-] oslo_messaging_rabbit.hostname = np0000006821 {{(pid=96611) log_opt_values /opt/stack/data/venv/lib/python3.12/site-packages/oslo_config/cfg.py:3545}}
Aug 09 07:33:12.495859 np0000006821 nova-scheduler[96611]: DEBUG cotyledon.oslo_config_glue [-] oslo_messaging_rabbit.kombu_compression = None {{(pid=96611) log_opt_values /opt/stack/data/venv/lib/python3.12/site-packages/oslo_config/cfg.py:3545}}
Aug 09 07:33:12.495859 np0000006821 nova-scheduler[96611]: DEBUG cotyledon.oslo_config_glue [-] oslo_messaging_rabbit.kombu_failover_strategy = round-robin {{(pid=96611) log_opt_values /opt/stack/data/venv/lib/python3.12/site-packages/oslo_config/cfg.py:3545}}
Aug 09 07:33:12.495859 np0000006821 nova-scheduler[96611]: DEBUG cotyledon.oslo_config_glue [-] oslo_messaging_rabbit.kombu_missing_consumer_retry_timeout = 60 {{(pid=96611) log_opt_values /opt/stack/data/venv/lib/python3.12/site-packages/oslo_config/cfg.py:3545}}
Aug 09 07:33:12.495859 np0000006821 nova-scheduler[96611]: DEBUG cotyledon.oslo_config_glue [-] oslo_messaging_rabbit.kombu_reconnect_delay = 1.0 {{(pid=96611) log_opt_values /opt/stack/data/venv/lib/python3.12/site-packages/oslo_config/cfg.py:3545}}
Aug 09 07:33:12.495859 np0000006821 nova-scheduler[96611]: DEBUG cotyledon.oslo_config_glue [-] oslo_messaging_rabbit.kombu_reconnect_splay = 0.0 {{(pid=96611) log_opt_values /opt/stack/data/venv/lib/python3.12/site-packages/oslo_config/cfg.py:3545}}
Aug 09 07:33:12.495859 np0000006821 nova-scheduler[96611]: DEBUG cotyledon.oslo_config_glue [-] oslo_messaging_rabbit.processname = nova-scheduler {{(pid=96611) log_opt_values /opt/stack/data/venv/lib/python3.12/site-packages/oslo_config/cfg.py:3545}}
Aug 09 07:33:12.495859 np0000006821 nova-scheduler[96611]: DEBUG cotyledon.oslo_config_glue [-] oslo_messaging_rabbit.rabbit_ha_queues = False {{(pid=96611) log_opt_values /opt/stack/data/venv/lib/python3.12/site-packages/oslo_config/cfg.py:3545}}
Aug 09 07:33:12.495859 np0000006821 nova-scheduler[96611]: DEBUG cotyledon.oslo_config_glue [-] oslo_messaging_rabbit.rabbit_interval_max = 30 {{(pid=96611) log_opt_values /opt/stack/data/venv/lib/python3.12/site-packages/oslo_config/cfg.py:3545}}
Aug 09 07:33:12.495859 np0000006821 nova-scheduler[96611]: DEBUG cotyledon.oslo_config_glue [-] oslo_messaging_rabbit.rabbit_login_method = AMQPLAIN {{(pid=96611) log_opt_values /opt/stack/data/venv/lib/python3.12/site-packages/oslo_config/cfg.py:3545}}
Aug 09 07:33:12.496234 np0000006821 nova-scheduler[96611]: DEBUG cotyledon.oslo_config_glue [-] oslo_messaging_rabbit.rabbit_qos_prefetch_count = 0 {{(pid=96611) log_opt_values /opt/stack/data/venv/lib/python3.12/site-packages/oslo_config/cfg.py:3545}}
Aug 09 07:33:12.496234 np0000006821 nova-scheduler[96611]: DEBUG cotyledon.oslo_config_glue [-] oslo_messaging_rabbit.rabbit_quorum_delivery_limit = 0 {{(pid=96611) log_opt_values /opt/stack/data/venv/lib/python3.12/site-packages/oslo_config/cfg.py:3545}}
Aug 09 07:33:12.496234 np0000006821 nova-scheduler[96611]: DEBUG cotyledon.oslo_config_glue [-] oslo_messaging_rabbit.rabbit_quorum_max_memory_bytes = 0 {{(pid=96611) log_opt_values /opt/stack/data/venv/lib/python3.12/site-packages/oslo_config/cfg.py:3545}}
Aug 09 07:33:12.496234 np0000006821 nova-scheduler[96611]: DEBUG cotyledon.oslo_config_glue [-] oslo_messaging_rabbit.rabbit_quorum_max_memory_length = 0 {{(pid=96611) log_opt_values /opt/stack/data/venv/lib/python3.12/site-packages/oslo_config/cfg.py:3545}}
Aug 09 07:33:12.496234 np0000006821 nova-scheduler[96611]: DEBUG cotyledon.oslo_config_glue [-] oslo_messaging_rabbit.rabbit_quorum_queue = False {{(pid=96611) log_opt_values /opt/stack/data/venv/lib/python3.12/site-packages/oslo_config/cfg.py:3545}}
Aug 09 07:33:12.496234 np0000006821 nova-scheduler[96611]: DEBUG cotyledon.oslo_config_glue [-] oslo_messaging_rabbit.rabbit_retry_backoff = 2 {{(pid=96611) log_opt_values /opt/stack/data/venv/lib/python3.12/site-packages/oslo_config/cfg.py:3545}}
Aug 09 07:33:12.496234 np0000006821 nova-scheduler[96611]: DEBUG cotyledon.oslo_config_glue [-] oslo_messaging_rabbit.rabbit_retry_interval = 1 {{(pid=96611) log_opt_values /opt/stack/data/venv/lib/python3.12/site-packages/oslo_config/cfg.py:3545}}
Aug 09 07:33:12.496234 np0000006821 nova-scheduler[96611]: DEBUG cotyledon.oslo_config_glue [-] oslo_messaging_rabbit.rabbit_stream_fanout = False {{(pid=96611) log_opt_values /opt/stack/data/venv/lib/python3.12/site-packages/oslo_config/cfg.py:3545}}
Aug 09 07:33:12.496469 np0000006821 nova-scheduler[96611]: DEBUG cotyledon.oslo_config_glue [-] oslo_messaging_rabbit.rabbit_transient_queues_ttl = 1800 {{(pid=96611) log_opt_values /opt/stack/data/venv/lib/python3.12/site-packages/oslo_config/cfg.py:3545}}
Aug 09 07:33:12.496469 np0000006821 nova-scheduler[96611]: DEBUG cotyledon.oslo_config_glue [-] oslo_messaging_rabbit.rabbit_transient_quorum_queue = False {{(pid=96611) log_opt_values /opt/stack/data/venv/lib/python3.12/site-packages/oslo_config/cfg.py:3545}}
Aug 09 07:33:12.496469 np0000006821 nova-scheduler[96611]: DEBUG cotyledon.oslo_config_glue [-] oslo_messaging_rabbit.rpc_conn_pool_size = 30 {{(pid=96611) log_opt_values /opt/stack/data/venv/lib/python3.12/site-packages/oslo_config/cfg.py:3545}}
Aug 09 07:33:12.496469 np0000006821 nova-scheduler[96611]: DEBUG cotyledon.oslo_config_glue [-] oslo_messaging_rabbit.ssl = False {{(pid=96611) log_opt_values /opt/stack/data/venv/lib/python3.12/site-packages/oslo_config/cfg.py:3545}}
Aug 09 07:33:12.496469 np0000006821 nova-scheduler[96611]: DEBUG cotyledon.oslo_config_glue [-] oslo_messaging_rabbit.ssl_ca_file = {{(pid=96611) log_opt_values /opt/stack/data/venv/lib/python3.12/site-packages/oslo_config/cfg.py:3545}}
Aug 09 07:33:12.496469 np0000006821 nova-scheduler[96611]: DEBUG cotyledon.oslo_config_glue [-] oslo_messaging_rabbit.ssl_cert_file = {{(pid=96611) log_opt_values /opt/stack/data/venv/lib/python3.12/site-packages/oslo_config/cfg.py:3545}}
Aug 09 07:33:12.496469 np0000006821 nova-scheduler[96611]: DEBUG cotyledon.oslo_config_glue [-] oslo_messaging_rabbit.ssl_enforce_fips_mode = False {{(pid=96611) log_opt_values /opt/stack/data/venv/lib/python3.12/site-packages/oslo_config/cfg.py:3545}}
Aug 09 07:33:12.496469 np0000006821 nova-scheduler[96611]: DEBUG cotyledon.oslo_config_glue [-] oslo_messaging_rabbit.ssl_enforce_hostname_verification = True {{(pid=96611) log_opt_values /opt/stack/data/venv/lib/python3.12/site-packages/oslo_config/cfg.py:3545}}
Aug 09 07:33:12.496469 np0000006821 nova-scheduler[96611]: DEBUG cotyledon.oslo_config_glue [-] oslo_messaging_rabbit.ssl_key_file = {{(pid=96611) log_opt_values /opt/stack/data/venv/lib/python3.12/site-packages/oslo_config/cfg.py:3545}}
Aug 09 07:33:12.496769 np0000006821 nova-scheduler[96611]: DEBUG cotyledon.oslo_config_glue [-] oslo_messaging_rabbit.ssl_version = {{(pid=96611) log_opt_values /opt/stack/data/venv/lib/python3.12/site-packages/oslo_config/cfg.py:3545}}
Aug 09 07:33:12.496769 np0000006821 nova-scheduler[96611]: DEBUG cotyledon.oslo_config_glue [-] oslo_messaging_rabbit.use_queue_manager = False {{(pid=96611) log_opt_values /opt/stack/data/venv/lib/python3.12/site-packages/oslo_config/cfg.py:3545}}
Aug 09 07:33:12.496769 np0000006821 nova-scheduler[96611]: DEBUG cotyledon.oslo_config_glue [-] oslo_messaging_notifications.driver = ['messagingv2'] {{(pid=96611) log_opt_values /opt/stack/data/venv/lib/python3.12/site-packages/oslo_config/cfg.py:3545}}
Aug 09 07:33:12.496769 np0000006821 nova-scheduler[96611]: DEBUG cotyledon.oslo_config_glue [-] oslo_messaging_notifications.retry = -1 {{(pid=96611) log_opt_values /opt/stack/data/venv/lib/python3.12/site-packages/oslo_config/cfg.py:3545}}
Aug 09 07:33:12.496769 np0000006821 nova-scheduler[96611]: DEBUG cotyledon.oslo_config_glue [-] oslo_messaging_notifications.topics = ['notifications'] {{(pid=96611) log_opt_values /opt/stack/data/venv/lib/python3.12/site-packages/oslo_config/cfg.py:3545}}
Aug 09 07:33:12.496769 np0000006821 nova-scheduler[96611]: DEBUG cotyledon.oslo_config_glue [-] oslo_messaging_notifications.transport_url = **** {{(pid=96611) log_opt_values /opt/stack/data/venv/lib/python3.12/site-packages/oslo_config/cfg.py:3545}}
Aug 09 07:33:12.496769 np0000006821 nova-scheduler[96611]: DEBUG cotyledon.oslo_config_glue [-] oslo_limit.auth_section = None {{(pid=96611) log_opt_values /opt/stack/data/venv/lib/python3.12/site-packages/oslo_config/cfg.py:3545}}
Aug 09 07:33:12.496769 np0000006821 nova-scheduler[96611]: DEBUG cotyledon.oslo_config_glue [-] oslo_limit.auth_type = None {{(pid=96611) log_opt_values /opt/stack/data/venv/lib/python3.12/site-packages/oslo_config/cfg.py:3545}}
Aug 09 07:33:12.496769 np0000006821 nova-scheduler[96611]: DEBUG cotyledon.oslo_config_glue [-] oslo_limit.cafile = None {{(pid=96611) log_opt_values /opt/stack/data/venv/lib/python3.12/site-packages/oslo_config/cfg.py:3545}}
Aug 09 07:33:12.497049 np0000006821 nova-scheduler[96611]: DEBUG cotyledon.oslo_config_glue [-] oslo_limit.certfile = None {{(pid=96611) log_opt_values /opt/stack/data/venv/lib/python3.12/site-packages/oslo_config/cfg.py:3545}}
Aug 09 07:33:12.497049 np0000006821 nova-scheduler[96611]: DEBUG cotyledon.oslo_config_glue [-] oslo_limit.collect_timing = False {{(pid=96611) log_opt_values /opt/stack/data/venv/lib/python3.12/site-packages/oslo_config/cfg.py:3545}}
Aug 09 07:33:12.497049 np0000006821 nova-scheduler[96611]: DEBUG cotyledon.oslo_config_glue [-] oslo_limit.connect_retries = None {{(pid=96611) log_opt_values /opt/stack/data/venv/lib/python3.12/site-packages/oslo_config/cfg.py:3545}}
Aug 09 07:33:12.497049 np0000006821 nova-scheduler[96611]: DEBUG cotyledon.oslo_config_glue [-] oslo_limit.connect_retry_delay = None {{(pid=96611) log_opt_values /opt/stack/data/venv/lib/python3.12/site-packages/oslo_config/cfg.py:3545}}
Aug 09 07:33:12.497049 np0000006821 nova-scheduler[96611]: DEBUG cotyledon.oslo_config_glue [-] oslo_limit.endpoint_id = None {{(pid=96611) log_opt_values /opt/stack/data/venv/lib/python3.12/site-packages/oslo_config/cfg.py:3545}}
Aug 09 07:33:12.497049 np0000006821 nova-scheduler[96611]: DEBUG cotyledon.oslo_config_glue [-] oslo_limit.endpoint_interface = public {{(pid=96611) log_opt_values /opt/stack/data/venv/lib/python3.12/site-packages/oslo_config/cfg.py:3545}}
Aug 09 07:33:12.497049 np0000006821 nova-scheduler[96611]: DEBUG cotyledon.oslo_config_glue [-] oslo_limit.endpoint_override = None {{(pid=96611) log_opt_values /opt/stack/data/venv/lib/python3.12/site-packages/oslo_config/cfg.py:3545}}
Aug 09 07:33:12.497049 np0000006821 nova-scheduler[96611]: DEBUG cotyledon.oslo_config_glue [-] oslo_limit.endpoint_region_name = None {{(pid=96611) log_opt_values /opt/stack/data/venv/lib/python3.12/site-packages/oslo_config/cfg.py:3545}}
Aug 09 07:33:12.497049 np0000006821 nova-scheduler[96611]: DEBUG cotyledon.oslo_config_glue [-] oslo_limit.endpoint_service_name = None {{(pid=96611) log_opt_values /opt/stack/data/venv/lib/python3.12/site-packages/oslo_config/cfg.py:3545}}
Aug 09 07:33:12.497305 np0000006821 nova-scheduler[96611]: DEBUG cotyledon.oslo_config_glue [-] oslo_limit.endpoint_service_type = None {{(pid=96611) log_opt_values /opt/stack/data/venv/lib/python3.12/site-packages/oslo_config/cfg.py:3545}}
Aug 09 07:33:12.497305 np0000006821 nova-scheduler[96611]: DEBUG cotyledon.oslo_config_glue [-] oslo_limit.insecure = False {{(pid=96611) log_opt_values /opt/stack/data/venv/lib/python3.12/site-packages/oslo_config/cfg.py:3545}}
Aug 09 07:33:12.497305 np0000006821 nova-scheduler[96611]: DEBUG cotyledon.oslo_config_glue [-] oslo_limit.keyfile = None {{(pid=96611) log_opt_values /opt/stack/data/venv/lib/python3.12/site-packages/oslo_config/cfg.py:3545}}
Aug 09 07:33:12.497305 np0000006821 nova-scheduler[96611]: DEBUG cotyledon.oslo_config_glue [-] oslo_limit.max_version = None {{(pid=96611) log_opt_values /opt/stack/data/venv/lib/python3.12/site-packages/oslo_config/cfg.py:3545}}
Aug 09 07:33:12.497305 np0000006821 nova-scheduler[96611]: DEBUG cotyledon.oslo_config_glue [-] oslo_limit.min_version = None {{(pid=96611) log_opt_values /opt/stack/data/venv/lib/python3.12/site-packages/oslo_config/cfg.py:3545}}
Aug 09 07:33:12.497305 np0000006821 nova-scheduler[96611]: DEBUG cotyledon.oslo_config_glue [-] oslo_limit.region_name = None {{(pid=96611) log_opt_values /opt/stack/data/venv/lib/python3.12/site-packages/oslo_config/cfg.py:3545}}
Aug 09 07:33:12.497305 np0000006821 nova-scheduler[96611]: DEBUG cotyledon.oslo_config_glue [-] oslo_limit.retriable_status_codes = None {{(pid=96611) log_opt_values /opt/stack/data/venv/lib/python3.12/site-packages/oslo_config/cfg.py:3545}}
Aug 09 07:33:12.497305 np0000006821 nova-scheduler[96611]: DEBUG cotyledon.oslo_config_glue [-] oslo_limit.service_name = None {{(pid=96611) log_opt_values /opt/stack/data/venv/lib/python3.12/site-packages/oslo_config/cfg.py:3545}}
Aug 09 07:33:12.497305 np0000006821 nova-scheduler[96611]: DEBUG cotyledon.oslo_config_glue [-] oslo_limit.service_type = None {{(pid=96611) log_opt_values /opt/stack/data/venv/lib/python3.12/site-packages/oslo_config/cfg.py:3545}}
Aug 09 07:33:12.497545 np0000006821 nova-scheduler[96611]: DEBUG cotyledon.oslo_config_glue [-] oslo_limit.split_loggers = False {{(pid=96611) log_opt_values /opt/stack/data/venv/lib/python3.12/site-packages/oslo_config/cfg.py:3545}}
Aug 09 07:33:12.497545 np0000006821 nova-scheduler[96611]: DEBUG cotyledon.oslo_config_glue [-] oslo_limit.status_code_retries = None {{(pid=96611) log_opt_values /opt/stack/data/venv/lib/python3.12/site-packages/oslo_config/cfg.py:3545}}
Aug 09 07:33:12.497545 np0000006821 nova-scheduler[96611]: DEBUG cotyledon.oslo_config_glue [-] oslo_limit.status_code_retry_delay = None {{(pid=96611) log_opt_values /opt/stack/data/venv/lib/python3.12/site-packages/oslo_config/cfg.py:3545}}
Aug 09 07:33:12.497545 np0000006821 nova-scheduler[96611]: DEBUG cotyledon.oslo_config_glue [-] oslo_limit.timeout = None {{(pid=96611) log_opt_values /opt/stack/data/venv/lib/python3.12/site-packages/oslo_config/cfg.py:3545}}
Aug 09 07:33:12.497545 np0000006821 nova-scheduler[96611]: DEBUG cotyledon.oslo_config_glue [-] oslo_limit.valid_interfaces = None {{(pid=96611) log_opt_values /opt/stack/data/venv/lib/python3.12/site-packages/oslo_config/cfg.py:3545}}
Aug 09 07:33:12.497545 np0000006821 nova-scheduler[96611]: DEBUG cotyledon.oslo_config_glue [-] oslo_limit.version = None {{(pid=96611) log_opt_values /opt/stack/data/venv/lib/python3.12/site-packages/oslo_config/cfg.py:3545}}
Aug 09 07:33:12.497545 np0000006821 nova-scheduler[96611]: DEBUG cotyledon.oslo_config_glue [-] oslo_reports.file_event_handler = None {{(pid=96611) log_opt_values /opt/stack/data/venv/lib/python3.12/site-packages/oslo_config/cfg.py:3545}}
Aug 09 07:33:12.497545 np0000006821 nova-scheduler[96611]: DEBUG cotyledon.oslo_config_glue [-] oslo_reports.file_event_handler_interval = 1 {{(pid=96611) log_opt_values /opt/stack/data/venv/lib/python3.12/site-packages/oslo_config/cfg.py:3545}}
Aug 09 07:33:12.497545 np0000006821 nova-scheduler[96611]: DEBUG cotyledon.oslo_config_glue [-] oslo_reports.log_dir = None {{(pid=96611) log_opt_values /opt/stack/data/venv/lib/python3.12/site-packages/oslo_config/cfg.py:3545}}
Aug 09 07:33:12.497838 np0000006821 nova-scheduler[96611]: DEBUG cotyledon.oslo_config_glue [-] ******************************************************************************** {{(pid=96611) log_opt_values /opt/stack/data/venv/lib/python3.12/site-packages/oslo_config/cfg.py:3552}}
Aug 09 07:33:12.497838 np0000006821 nova-scheduler[96611]: DEBUG cotyledon._service_worker [-] Run service ServiceWrapper(3) [96611] {{(pid=96611) wait_forever /opt/stack/data/venv/lib/python3.12/site-packages/cotyledon/_service_worker.py:218}}
Aug 09 07:33:12.497838 np0000006821 nova-scheduler[96611]: INFO nova.service [-] Starting scheduler node (version 33.1.0)
Aug 09 07:33:12.497838 np0000006821 nova-scheduler[96611]: INFO dbcounter [None req-3e48e848-ebeb-4ce0-a1ff-c8b1bfc8f54d None None] Registered counter for database nova_cell0
Aug 09 07:33:12.497987 np0000006821 nova-scheduler[96578]: DEBUG oslo_db.sqlalchemy.engines [None req-8f310a42-4ad9-410c-af1f-3ec441c5daa0 None None] MySQL server mode set to STRICT_TRANS_TABLES,STRICT_ALL_TABLES,NO_ZERO_IN_DATE,NO_ZERO_DATE,ERROR_FOR_DIVISION_BY_ZERO,TRADITIONAL,NO_ENGINE_SUBSTITUTION {{(pid=96578) _check_effective_sql_mode /opt/stack/data/venv/lib/python3.12/site-packages/oslo_db/sqlalchemy/engines.py:325}}
Aug 09 07:33:12.497987 np0000006821 nova-scheduler[96578]: DEBUG dbcounter [-] [96578] Writer thread running {{(pid=96578) stat_writer /opt/stack/data/venv/lib/python3.12/site-packages/dbcounter.py:102}}
Aug 09 07:33:12.498062 np0000006821 nova-scheduler[96599]: DEBUG oslo_db.sqlalchemy.engines [None req-b8fcf04c-4cff-45ce-a0f1-89be66940256 None None] MySQL server mode set to STRICT_TRANS_TABLES,STRICT_ALL_TABLES,NO_ZERO_IN_DATE,NO_ZERO_DATE,ERROR_FOR_DIVISION_BY_ZERO,TRADITIONAL,NO_ENGINE_SUBSTITUTION {{(pid=96599) _check_effective_sql_mode /opt/stack/data/venv/lib/python3.12/site-packages/oslo_db/sqlalchemy/engines.py:325}}
Aug 09 07:33:12.498106 np0000006821 nova-scheduler[96578]: DEBUG nova.service [None req-8f310a42-4ad9-410c-af1f-3ec441c5daa0 None None] Creating RPC server for service: nova-scheduler on topic: scheduler {{(pid=96578) start /opt/stack/nova/nova/service.py:196}}
Aug 09 07:33:12.498329 np0000006821 nova-scheduler[96609]: DEBUG oslo_db.sqlalchemy.engines [None req-dfeeab6c-6cd8-418e-ac6c-1f6a1efd59a9 None None] MySQL server mode set to STRICT_TRANS_TABLES,STRICT_ALL_TABLES,NO_ZERO_IN_DATE,NO_ZERO_DATE,ERROR_FOR_DIVISION_BY_ZERO,TRADITIONAL,NO_ENGINE_SUBSTITUTION {{(pid=96609) _check_effective_sql_mode /opt/stack/data/venv/lib/python3.12/site-packages/oslo_db/sqlalchemy/engines.py:325}}
Aug 09 07:33:12.507675 np0000006821 nova-scheduler[96611]: DEBUG oslo_db.sqlalchemy.engines [None req-3e48e848-ebeb-4ce0-a1ff-c8b1bfc8f54d None None] MySQL server mode set to STRICT_TRANS_TABLES,STRICT_ALL_TABLES,NO_ZERO_IN_DATE,NO_ZERO_DATE,ERROR_FOR_DIVISION_BY_ZERO,TRADITIONAL,NO_ENGINE_SUBSTITUTION {{(pid=96611) _check_effective_sql_mode /opt/stack/data/venv/lib/python3.12/site-packages/oslo_db/sqlalchemy/engines.py:325}}
Aug 09 07:33:12.510974 np0000006821 nova-scheduler[96599]: DEBUG dbcounter [-] [96599] Writer thread running {{(pid=96599) stat_writer /opt/stack/data/venv/lib/python3.12/site-packages/dbcounter.py:102}}
Aug 09 07:33:12.515515 np0000006821 nova-scheduler[96609]: DEBUG dbcounter [-] [96609] Writer thread running {{(pid=96609) stat_writer /opt/stack/data/venv/lib/python3.12/site-packages/dbcounter.py:102}}
Aug 09 07:33:12.515665 np0000006821 nova-scheduler[96599]: DEBUG nova.service [None req-b8fcf04c-4cff-45ce-a0f1-89be66940256 None None] Creating RPC server for service: nova-scheduler on topic: scheduler {{(pid=96599) start /opt/stack/nova/nova/service.py:196}}
Aug 09 07:33:12.521586 np0000006821 nova-scheduler[96611]: DEBUG dbcounter [-] [96611] Writer thread running {{(pid=96611) stat_writer /opt/stack/data/venv/lib/python3.12/site-packages/dbcounter.py:102}}
Aug 09 07:33:12.522848 np0000006821 nova-scheduler[96609]: DEBUG nova.service [None req-dfeeab6c-6cd8-418e-ac6c-1f6a1efd59a9 None None] Creating RPC server for service: nova-scheduler on topic: scheduler {{(pid=96609) start /opt/stack/nova/nova/service.py:196}}
Aug 09 07:33:12.525823 np0000006821 nova-scheduler[96611]: DEBUG nova.service [None req-3e48e848-ebeb-4ce0-a1ff-c8b1bfc8f54d None None] Creating RPC server for service: nova-scheduler on topic: scheduler {{(pid=96611) start /opt/stack/nova/nova/service.py:196}}
Aug 09 07:33:12.544035 np0000006821 nova-scheduler[96578]: DEBUG nova.service [None req-8f310a42-4ad9-410c-af1f-3ec441c5daa0 None None] Join ServiceGroup membership for this service scheduler {{(pid=96578) start /opt/stack/nova/nova/service.py:222}}
Aug 09 07:33:12.544248 np0000006821 nova-scheduler[96599]: DEBUG nova.service [None req-b8fcf04c-4cff-45ce-a0f1-89be66940256 None None] Join ServiceGroup membership for this service scheduler {{(pid=96599) start /opt/stack/nova/nova/service.py:222}}
Aug 09 07:33:12.544301 np0000006821 nova-scheduler[96578]: DEBUG nova.servicegroup.drivers.db [None req-8f310a42-4ad9-410c-af1f-3ec441c5daa0 None None] DB_Driver: join new ServiceGroup member np0000006821 to the scheduler group, service = {{(pid=96578) join /opt/stack/nova/nova/servicegroup/drivers/db.py:44}}
Aug 09 07:33:12.544361 np0000006821 nova-scheduler[96599]: DEBUG nova.servicegroup.drivers.db [None req-b8fcf04c-4cff-45ce-a0f1-89be66940256 None None] DB_Driver: join new ServiceGroup member np0000006821 to the scheduler group, service = {{(pid=96599) join /opt/stack/nova/nova/servicegroup/drivers/db.py:44}}
Aug 09 07:33:12.547681 np0000006821 nova-scheduler[96611]: DEBUG nova.service [None req-3e48e848-ebeb-4ce0-a1ff-c8b1bfc8f54d None None] Join ServiceGroup membership for this service scheduler {{(pid=96611) start /opt/stack/nova/nova/service.py:222}}
Aug 09 07:33:12.547966 np0000006821 nova-scheduler[96611]: DEBUG nova.servicegroup.drivers.db [None req-3e48e848-ebeb-4ce0-a1ff-c8b1bfc8f54d None None] DB_Driver: join new ServiceGroup member np0000006821 to the scheduler group, service = {{(pid=96611) join /opt/stack/nova/nova/servicegroup/drivers/db.py:44}}
Aug 09 07:33:12.550639 np0000006821 nova-scheduler[96609]: DEBUG nova.service [None req-dfeeab6c-6cd8-418e-ac6c-1f6a1efd59a9 None None] Join ServiceGroup membership for this service scheduler {{(pid=96609) start /opt/stack/nova/nova/service.py:222}}
Aug 09 07:33:12.551555 np0000006821 nova-scheduler[96609]: DEBUG nova.servicegroup.drivers.db [None req-dfeeab6c-6cd8-418e-ac6c-1f6a1efd59a9 None None] DB_Driver: join new ServiceGroup member np0000006821 to the scheduler group, service = {{(pid=96609) join /opt/stack/nova/nova/servicegroup/drivers/db.py:44}}
Aug 09 07:33:17.563176 np0000006821 nova-scheduler[96578]: DEBUG oslo.service.backend._threading.loopingcall [-] Fixed interval looping call 'nova.servicegroup.drivers.db.DbDriver._report_state' sleeping for 119.98 seconds {{(pid=96578) _run_loop /opt/stack/data/venv/lib/python3.12/site-packages/oslo_service/backend/_threading/loopingcall.py:125}}
Aug 09 07:33:17.564489 np0000006821 nova-scheduler[96599]: DEBUG oslo.service.backend._threading.loopingcall [-] Fixed interval looping call 'nova.servicegroup.drivers.db.DbDriver._report_state' sleeping for 119.98 seconds {{(pid=96599) _run_loop /opt/stack/data/venv/lib/python3.12/site-packages/oslo_service/backend/_threading/loopingcall.py:125}}
Aug 09 07:33:17.565197 np0000006821 nova-scheduler[96611]: DEBUG oslo.service.backend._threading.loopingcall [-] Fixed interval looping call 'nova.servicegroup.drivers.db.DbDriver._report_state' sleeping for 119.98 seconds {{(pid=96611) _run_loop /opt/stack/data/venv/lib/python3.12/site-packages/oslo_service/backend/_threading/loopingcall.py:125}}
Aug 09 07:33:17.566540 np0000006821 nova-scheduler[96609]: DEBUG oslo.service.backend._threading.loopingcall [-] Fixed interval looping call 'nova.servicegroup.drivers.db.DbDriver._report_state' sleeping for 119.99 seconds {{(pid=96609) _run_loop /opt/stack/data/venv/lib/python3.12/site-packages/oslo_service/backend/_threading/loopingcall.py:125}}
Aug 09 07:33:21.009991 np0000006821 nova-scheduler[95407]: DEBUG dbcounter [-] [95407] Writing DB stats nova_api:SELECT=3 {{(pid=95407) stat_writer /opt/stack/data/venv/lib/python3.12/site-packages/dbcounter.py:115}}
Aug 09 07:33:21.159373 np0000006821 nova-scheduler[95407]: DEBUG dbcounter [-] [95407] Writing DB stats nova_cell1:SELECT=1 {{(pid=95407) stat_writer /opt/stack/data/venv/lib/python3.12/site-packages/dbcounter.py:115}}
Aug 09 07:33:21.165280 np0000006821 nova-scheduler[95407]: DEBUG dbcounter [-] [95407] Writing DB stats nova_cell0:SELECT=1 {{(pid=95407) stat_writer /opt/stack/data/venv/lib/python3.12/site-packages/dbcounter.py:115}}
Aug 09 07:33:24.550533 np0000006821 nova-scheduler[96611]: DEBUG oslo.service.backend._threading.loopingcall [None req-b3bce6a3-b02e-4a36-af6f-ad9d220ba590 None None] Dynamic interval looping call 'nova.service.Service.periodic_tasks' sleeping for 60.00 seconds {{(pid=96611) _run_loop /opt/stack/data/venv/lib/python3.12/site-packages/oslo_service/backend/_threading/loopingcall.py:125}}
Aug 09 07:33:24.553604 np0000006821 nova-scheduler[96609]: DEBUG oslo.service.backend._threading.loopingcall [None req-889c6eeb-4c75-40b0-ba10-5b07cfe6bac5 None None] Dynamic interval looping call 'nova.service.Service.periodic_tasks' sleeping for 60.00 seconds {{(pid=96609) _run_loop /opt/stack/data/venv/lib/python3.12/site-packages/oslo_service/backend/_threading/loopingcall.py:125}}
Aug 09 07:33:27.556985 np0000006821 nova-scheduler[96578]: DEBUG dbcounter [-] [96578] Writing DB stats nova_cell0:SELECT=4,nova_cell0:INSERT=1,nova_cell0:UPDATE=1 {{(pid=96578) stat_writer /opt/stack/data/venv/lib/python3.12/site-packages/dbcounter.py:115}}
Aug 09 07:33:27.559463 np0000006821 nova-scheduler[96599]: DEBUG dbcounter [-] [96599] Writing DB stats nova_cell0:SELECT=3,nova_cell0:UPDATE=1 {{(pid=96599) stat_writer /opt/stack/data/venv/lib/python3.12/site-packages/dbcounter.py:115}}
Aug 09 07:33:27.563644 np0000006821 nova-scheduler[96611]: DEBUG dbcounter [-] [96611] Writing DB stats nova_cell0:SELECT=3,nova_cell0:UPDATE=1 {{(pid=96611) stat_writer /opt/stack/data/venv/lib/python3.12/site-packages/dbcounter.py:115}}
Aug 09 07:33:27.565110 np0000006821 nova-scheduler[96609]: DEBUG dbcounter [-] [96609] Writing DB stats nova_cell0:SELECT=3,nova_cell0:UPDATE=1 {{(pid=96609) stat_writer /opt/stack/data/venv/lib/python3.12/site-packages/dbcounter.py:115}}
Aug 09 07:33:40.547659 np0000006821 nova-scheduler[96578]: DEBUG oslo.service.backend._threading.loopingcall [None req-475b3ead-234f-488c-9fab-e192cbd00579 None None] Dynamic interval looping call 'nova.service.Service.periodic_tasks' sleeping for 60.00 seconds {{(pid=96578) _run_loop /opt/stack/data/venv/lib/python3.12/site-packages/oslo_service/backend/_threading/loopingcall.py:125}}
Aug 09 07:33:53.547278 np0000006821 nova-scheduler[96599]: DEBUG oslo.service.backend._threading.loopingcall [None req-92866e4e-1f90-4d91-866f-9ef4703d8e55 None None] Dynamic interval looping call 'nova.service.Service.periodic_tasks' sleeping for 60.00 seconds {{(pid=96599) _run_loop /opt/stack/data/venv/lib/python3.12/site-packages/oslo_service/backend/_threading/loopingcall.py:125}}
Aug 09 07:34:24.551069 np0000006821 nova-scheduler[96611]: DEBUG oslo.service.backend._threading.loopingcall [None req-b3bce6a3-b02e-4a36-af6f-ad9d220ba590 None None] Dynamic interval looping call 'nova.service.Service.periodic_tasks' sleeping for 60.00 seconds {{(pid=96611) _run_loop /opt/stack/data/venv/lib/python3.12/site-packages/oslo_service/backend/_threading/loopingcall.py:125}}
Aug 09 07:34:24.554063 np0000006821 nova-scheduler[96609]: DEBUG oslo.service.backend._threading.loopingcall [None req-889c6eeb-4c75-40b0-ba10-5b07cfe6bac5 None None] Dynamic interval looping call 'nova.service.Service.periodic_tasks' sleeping for 60.00 seconds {{(pid=96609) _run_loop /opt/stack/data/venv/lib/python3.12/site-packages/oslo_service/backend/_threading/loopingcall.py:125}}
Aug 09 07:34:40.548236 np0000006821 nova-scheduler[96578]: DEBUG oslo.service.backend._threading.loopingcall [None req-475b3ead-234f-488c-9fab-e192cbd00579 None None] Dynamic interval looping call 'nova.service.Service.periodic_tasks' sleeping for 60.00 seconds {{(pid=96578) _run_loop /opt/stack/data/venv/lib/python3.12/site-packages/oslo_service/backend/_threading/loopingcall.py:125}}
Aug 09 07:34:53.547720 np0000006821 nova-scheduler[96599]: DEBUG oslo.service.backend._threading.loopingcall [None req-92866e4e-1f90-4d91-866f-9ef4703d8e55 None None] Dynamic interval looping call 'nova.service.Service.periodic_tasks' sleeping for 60.00 seconds {{(pid=96599) _run_loop /opt/stack/data/venv/lib/python3.12/site-packages/oslo_service/backend/_threading/loopingcall.py:125}}
Aug 09 07:35:17.554431 np0000006821 nova-scheduler[96578]: DEBUG oslo.service.backend._threading.loopingcall [-] Fixed interval looping call 'nova.servicegroup.drivers.db.DbDriver._report_state' sleeping for 119.99 seconds {{(pid=96578) _run_loop /opt/stack/data/venv/lib/python3.12/site-packages/oslo_service/backend/_threading/loopingcall.py:125}}
Aug 09 07:35:17.554991 np0000006821 nova-scheduler[96599]: DEBUG oslo.service.backend._threading.loopingcall [-] Fixed interval looping call 'nova.servicegroup.drivers.db.DbDriver._report_state' sleeping for 119.99 seconds {{(pid=96599) _run_loop /opt/stack/data/venv/lib/python3.12/site-packages/oslo_service/backend/_threading/loopingcall.py:125}}
Aug 09 07:35:17.556650 np0000006821 nova-scheduler[96611]: DEBUG oslo.service.backend._threading.loopingcall [-] Fixed interval looping call 'nova.servicegroup.drivers.db.DbDriver._report_state' sleeping for 119.99 seconds {{(pid=96611) _run_loop /opt/stack/data/venv/lib/python3.12/site-packages/oslo_service/backend/_threading/loopingcall.py:125}}
Aug 09 07:35:17.561382 np0000006821 nova-scheduler[96609]: DEBUG oslo.service.backend._threading.loopingcall [-] Fixed interval looping call 'nova.servicegroup.drivers.db.DbDriver._report_state' sleeping for 120.00 seconds {{(pid=96609) _run_loop /opt/stack/data/venv/lib/python3.12/site-packages/oslo_service/backend/_threading/loopingcall.py:125}}
Aug 09 07:35:24.551720 np0000006821 nova-scheduler[96611]: DEBUG oslo.service.backend._threading.loopingcall [None req-b3bce6a3-b02e-4a36-af6f-ad9d220ba590 None None] Dynamic interval looping call 'nova.service.Service.periodic_tasks' sleeping for 60.00 seconds {{(pid=96611) _run_loop /opt/stack/data/venv/lib/python3.12/site-packages/oslo_service/backend/_threading/loopingcall.py:125}}
Aug 09 07:35:24.554576 np0000006821 nova-scheduler[96609]: DEBUG oslo.service.backend._threading.loopingcall [None req-889c6eeb-4c75-40b0-ba10-5b07cfe6bac5 None None] Dynamic interval looping call 'nova.service.Service.periodic_tasks' sleeping for 60.00 seconds {{(pid=96609) _run_loop /opt/stack/data/venv/lib/python3.12/site-packages/oslo_service/backend/_threading/loopingcall.py:125}}
Aug 09 07:35:27.547984 np0000006821 nova-scheduler[96578]: DEBUG dbcounter [-] [96578] Writing DB stats nova_cell0:SELECT=1,nova_cell0:UPDATE=1 {{(pid=96578) stat_writer /opt/stack/data/venv/lib/python3.12/site-packages/dbcounter.py:115}}
Aug 09 07:35:27.549371 np0000006821 nova-scheduler[96599]: DEBUG dbcounter [-] [96599] Writing DB stats nova_cell0:SELECT=1,nova_cell0:UPDATE=1 {{(pid=96599) stat_writer /opt/stack/data/venv/lib/python3.12/site-packages/dbcounter.py:115}}
Aug 09 07:35:27.551091 np0000006821 nova-scheduler[96611]: DEBUG dbcounter [-] [96611] Writing DB stats nova_cell0:SELECT=1,nova_cell0:UPDATE=1 {{(pid=96611) stat_writer /opt/stack/data/venv/lib/python3.12/site-packages/dbcounter.py:115}}
Aug 09 07:35:27.559425 np0000006821 nova-scheduler[96609]: DEBUG dbcounter [-] [96609] Writing DB stats nova_cell0:SELECT=1 {{(pid=96609) stat_writer /opt/stack/data/venv/lib/python3.12/site-packages/dbcounter.py:115}}
Aug 09 07:35:40.549368 np0000006821 nova-scheduler[96578]: DEBUG oslo.service.backend._threading.loopingcall [None req-475b3ead-234f-488c-9fab-e192cbd00579 None None] Dynamic interval looping call 'nova.service.Service.periodic_tasks' sleeping for 60.00 seconds {{(pid=96578) _run_loop /opt/stack/data/venv/lib/python3.12/site-packages/oslo_service/backend/_threading/loopingcall.py:125}}
Aug 09 07:35:50.998950 np0000006821 nova-scheduler[96578]: DEBUG nova.scheduler.manager [None req-c5e4c41b-1868-4d26-ada9-eafc503755f5 tempest-ServerActionsTestOtherB-1179233009 tempest-ServerActionsTestOtherB-1179233009-project-member] Starting to schedule for instances: ['4814a79b-a1c8-4a12-9ebb-0b3ac60fbc3f'] {{(pid=96578) select_destinations /opt/stack/nova/nova/scheduler/manager.py:209}}
Aug 09 07:35:51.000381 np0000006821 nova-scheduler[96578]: DEBUG nova.scheduler.request_filter [None req-c5e4c41b-1868-4d26-ada9-eafc503755f5 tempest-ServerActionsTestOtherB-1179233009 tempest-ServerActionsTestOtherB-1179233009-project-member] compute_status_filter request filter added forbidden trait COMPUTE_STATUS_DISABLED {{(pid=96578) compute_status_filter /opt/stack/nova/nova/scheduler/request_filter.py:253}}
Aug 09 07:35:51.000381 np0000006821 nova-scheduler[96578]: DEBUG nova.scheduler.request_filter [None req-c5e4c41b-1868-4d26-ada9-eafc503755f5 tempest-ServerActionsTestOtherB-1179233009 tempest-ServerActionsTestOtherB-1179233009-project-member] Request filter 'compute_status_filter' took 0.0 seconds {{(pid=96578) wrapper /opt/stack/nova/nova/scheduler/request_filter.py:46}}
Aug 09 07:35:51.000801 np0000006821 nova-scheduler[96578]: DEBUG nova.scheduler.request_filter [None req-c5e4c41b-1868-4d26-ada9-eafc503755f5 tempest-ServerActionsTestOtherB-1179233009 tempest-ServerActionsTestOtherB-1179233009-project-member] Request filter 'accelerators_filter' took 0.0 seconds {{(pid=96578) wrapper /opt/stack/nova/nova/scheduler/request_filter.py:46}}
Aug 09 07:35:51.001157 np0000006821 nova-scheduler[96578]: DEBUG nova.scheduler.request_filter [None req-c5e4c41b-1868-4d26-ada9-eafc503755f5 tempest-ServerActionsTestOtherB-1179233009 tempest-ServerActionsTestOtherB-1179233009-project-member] Request filter 'packed_virtqueue_filter' took 0.0 seconds {{(pid=96578) wrapper /opt/stack/nova/nova/scheduler/request_filter.py:46}}
Aug 09 07:35:51.001899 np0000006821 nova-scheduler[96578]: DEBUG nova.scheduler.request_filter [None req-c5e4c41b-1868-4d26-ada9-eafc503755f5 tempest-ServerActionsTestOtherB-1179233009 tempest-ServerActionsTestOtherB-1179233009-project-member] Request filter 'remote_managed_ports_filter' took 0.0 seconds {{(pid=96578) wrapper /opt/stack/nova/nova/scheduler/request_filter.py:46}}
Aug 09 07:35:51.002771 np0000006821 nova-scheduler[96578]: DEBUG nova.scheduler.request_filter [None req-c5e4c41b-1868-4d26-ada9-eafc503755f5 tempest-ServerActionsTestOtherB-1179233009 tempest-ServerActionsTestOtherB-1179233009-project-member] ephemeral_encryption_filter skipped {{(pid=96578) ephemeral_encryption_filter /opt/stack/nova/nova/scheduler/request_filter.py:426}}
Aug 09 07:35:51.002771 np0000006821 nova-scheduler[96578]: DEBUG nova.scheduler.request_filter [None req-c5e4c41b-1868-4d26-ada9-eafc503755f5 tempest-ServerActionsTestOtherB-1179233009 tempest-ServerActionsTestOtherB-1179233009-project-member] virtio_sound_filter skipped {{(pid=96578) virtio_sound_filter /opt/stack/nova/nova/scheduler/request_filter.py:460}}
Aug 09 07:35:51.003992 np0000006821 nova-scheduler[96578]: DEBUG nova.scheduler.request_filter [None req-c5e4c41b-1868-4d26-ada9-eafc503755f5 tempest-ServerActionsTestOtherB-1179233009 tempest-ServerActionsTestOtherB-1179233009-project-member] tpm_secret_security_filter skipped {{(pid=96578) tpm_secret_security_filter /opt/stack/nova/nova/scheduler/request_filter.py:477}}
Aug 09 07:35:51.894957 np0000006821 nova-scheduler[96578]: INFO nova.utils [None req-c5e4c41b-1868-4d26-ada9-eafc503755f5 tempest-ServerActionsTestOtherB-1179233009 tempest-ServerActionsTestOtherB-1179233009-project-member] The cell worker thread pool ForkProcess-1.cell_worker is initialized
Aug 09 07:35:51.895485 np0000006821 nova-scheduler[96578]: DEBUG oslo_concurrency.lockutils [None req-c5e4c41b-1868-4d26-ada9-eafc503755f5 tempest-ServerActionsTestOtherB-1179233009 tempest-ServerActionsTestOtherB-1179233009-project-member] Acquiring lock "9c6fa8e9-ce70-49c9-a28c-6a05d38f82bb" by "nova.context.set_target_cell..get_or_set_cached_cell_and_set_connections" {{(pid=96578) inner /opt/stack/data/venv/lib/python3.12/site-packages/oslo_concurrency/lockutils.py:512}}
Aug 09 07:35:51.895733 np0000006821 nova-scheduler[96578]: DEBUG oslo_concurrency.lockutils [None req-c5e4c41b-1868-4d26-ada9-eafc503755f5 tempest-ServerActionsTestOtherB-1179233009 tempest-ServerActionsTestOtherB-1179233009-project-member] Lock "9c6fa8e9-ce70-49c9-a28c-6a05d38f82bb" acquired by "nova.context.set_target_cell..get_or_set_cached_cell_and_set_connections" :: waited 0.000s {{(pid=96578) inner /opt/stack/data/venv/lib/python3.12/site-packages/oslo_concurrency/lockutils.py:525}}
Aug 09 07:35:51.897847 np0000006821 nova-scheduler[96578]: DEBUG oslo_concurrency.lockutils [None req-c5e4c41b-1868-4d26-ada9-eafc503755f5 tempest-ServerActionsTestOtherB-1179233009 tempest-ServerActionsTestOtherB-1179233009-project-member] Lock "9c6fa8e9-ce70-49c9-a28c-6a05d38f82bb" "released" by "nova.context.set_target_cell..get_or_set_cached_cell_and_set_connections" :: held 0.002s {{(pid=96578) inner /opt/stack/data/venv/lib/python3.12/site-packages/oslo_concurrency/lockutils.py:544}}
Aug 09 07:35:51.900596 np0000006821 nova-scheduler[96578]: INFO dbcounter [None req-c5e4c41b-1868-4d26-ada9-eafc503755f5 tempest-ServerActionsTestOtherB-1179233009 tempest-ServerActionsTestOtherB-1179233009-project-member] Registered counter for database nova_cell1
Aug 09 07:35:51.958992 np0000006821 nova-scheduler[96578]: DEBUG oslo_db.sqlalchemy.engines [None req-c5e4c41b-1868-4d26-ada9-eafc503755f5 tempest-ServerActionsTestOtherB-1179233009 tempest-ServerActionsTestOtherB-1179233009-project-member] MySQL server mode set to STRICT_TRANS_TABLES,STRICT_ALL_TABLES,NO_ZERO_IN_DATE,NO_ZERO_DATE,ERROR_FOR_DIVISION_BY_ZERO,TRADITIONAL,NO_ENGINE_SUBSTITUTION {{(pid=96578) _check_effective_sql_mode /opt/stack/data/venv/lib/python3.12/site-packages/oslo_db/sqlalchemy/engines.py:325}}
Aug 09 07:35:51.967027 np0000006821 nova-scheduler[96578]: DEBUG dbcounter [-] [96578] Writer thread running {{(pid=96578) stat_writer /opt/stack/data/venv/lib/python3.12/site-packages/dbcounter.py:102}}
Aug 09 07:35:51.980928 np0000006821 nova-scheduler[96578]: DEBUG oslo_db.sqlalchemy.engines [None req-c5e4c41b-1868-4d26-ada9-eafc503755f5 tempest-ServerActionsTestOtherB-1179233009 tempest-ServerActionsTestOtherB-1179233009-project-member] Parent process 95407 forked (96578) with an open database connection, which is being discarded and recreated. {{(pid=96578) checkout /opt/stack/data/venv/lib/python3.12/site-packages/oslo_db/sqlalchemy/engines.py:402}}
Aug 09 07:35:52.024323 np0000006821 nova-scheduler[96578]: DEBUG dbcounter [-] [96578] Writer thread running {{(pid=96578) stat_writer /opt/stack/data/venv/lib/python3.12/site-packages/dbcounter.py:102}}
