Aug 09 07:33:18.779156 np0000006821 nova-conductor[99029]: DEBUG cotyledon.oslo_config_glue [-] workarounds.disable_libvirt_livesnapshot = False {{(pid=99029) log_opt_values /opt/stack/data/venv/lib/python3.12/site-packages/oslo_config/cfg.py:3545}}
Aug 09 07:33:18.779156 np0000006821 nova-conductor[99029]: DEBUG cotyledon.oslo_config_glue [-] workarounds.disable_rootwrap = False {{(pid=99029) log_opt_values /opt/stack/data/venv/lib/python3.12/site-packages/oslo_config/cfg.py:3545}}
Aug 09 07:33:18.779156 np0000006821 nova-conductor[99029]: DEBUG cotyledon.oslo_config_glue [-] workarounds.enable_numa_live_migration = False {{(pid=99029) log_opt_values /opt/stack/data/venv/lib/python3.12/site-packages/oslo_config/cfg.py:3545}}
Aug 09 07:33:18.779156 np0000006821 nova-conductor[99029]: DEBUG cotyledon.oslo_config_glue [-] workarounds.enable_qemu_monitor_announce_self = False {{(pid=99029) log_opt_values /opt/stack/data/venv/lib/python3.12/site-packages/oslo_config/cfg.py:3545}}
Aug 09 07:33:18.779156 np0000006821 nova-conductor[99029]: DEBUG cotyledon.oslo_config_glue [-] workarounds.ensure_libvirt_rbd_instance_dir_cleanup = False {{(pid=99029) log_opt_values /opt/stack/data/venv/lib/python3.12/site-packages/oslo_config/cfg.py:3545}}
Aug 09 07:33:18.779156 np0000006821 nova-conductor[99029]: DEBUG cotyledon.oslo_config_glue [-] workarounds.handle_virt_lifecycle_events = True {{(pid=99029) log_opt_values /opt/stack/data/venv/lib/python3.12/site-packages/oslo_config/cfg.py:3545}}
Aug 09 07:33:18.779156 np0000006821 nova-conductor[99029]: DEBUG cotyledon.oslo_config_glue [-] workarounds.libvirt_disable_apic = False {{(pid=99029) log_opt_values /opt/stack/data/venv/lib/python3.12/site-packages/oslo_config/cfg.py:3545}}
Aug 09 07:33:18.779507 np0000006821 nova-conductor[99029]: DEBUG cotyledon.oslo_config_glue [-] workarounds.never_download_image_if_on_rbd = False {{(pid=99029) log_opt_values /opt/stack/data/venv/lib/python3.12/site-packages/oslo_config/cfg.py:3545}}
Aug 09 07:33:18.779507 np0000006821 nova-conductor[99029]: DEBUG cotyledon.oslo_config_glue [-] workarounds.qemu_monitor_announce_self_count = 3 {{(pid=99029) log_opt_values /opt/stack/data/venv/lib/python3.12/site-packages/oslo_config/cfg.py:3545}}
Aug 09 07:33:18.779507 np0000006821 nova-conductor[99029]: DEBUG cotyledon.oslo_config_glue [-] workarounds.qemu_monitor_announce_self_interval = 1 {{(pid=99029) log_opt_values /opt/stack/data/venv/lib/python3.12/site-packages/oslo_config/cfg.py:3545}}
Aug 09 07:33:18.779507 np0000006821 nova-conductor[99029]: DEBUG cotyledon.oslo_config_glue [-] workarounds.reserve_disk_resource_for_image_cache = False {{(pid=99029) log_opt_values /opt/stack/data/venv/lib/python3.12/site-packages/oslo_config/cfg.py:3545}}
Aug 09 07:33:18.779507 np0000006821 nova-conductor[99029]: DEBUG cotyledon.oslo_config_glue [-] workarounds.skip_cpu_compare_at_startup = False {{(pid=99029) log_opt_values /opt/stack/data/venv/lib/python3.12/site-packages/oslo_config/cfg.py:3545}}
Aug 09 07:33:18.779507 np0000006821 nova-conductor[99029]: DEBUG cotyledon.oslo_config_glue [-] workarounds.skip_cpu_compare_on_dest = False {{(pid=99029) log_opt_values /opt/stack/data/venv/lib/python3.12/site-packages/oslo_config/cfg.py:3545}}
Aug 09 07:33:18.779507 np0000006821 nova-conductor[99029]: DEBUG cotyledon.oslo_config_glue [-] workarounds.skip_hypervisor_version_check_on_lm = False {{(pid=99029) log_opt_values /opt/stack/data/venv/lib/python3.12/site-packages/oslo_config/cfg.py:3545}}
Aug 09 07:33:18.779507 np0000006821 nova-conductor[99029]: DEBUG cotyledon.oslo_config_glue [-] workarounds.skip_reserve_in_use_ironic_nodes = False {{(pid=99029) log_opt_values /opt/stack/data/venv/lib/python3.12/site-packages/oslo_config/cfg.py:3545}}
Aug 09 07:33:18.779773 np0000006821 nova-conductor[99022]: INFO nova.service [-] Starting conductor node (version 33.1.0)
Aug 09 07:33:18.779818 np0000006821 nova-conductor[99029]: DEBUG cotyledon.oslo_config_glue [-] workarounds.unified_limits_count_pcpu_as_vcpu = False {{(pid=99029) log_opt_values /opt/stack/data/venv/lib/python3.12/site-packages/oslo_config/cfg.py:3545}}
Aug 09 07:33:18.779818 np0000006821 nova-conductor[99029]: DEBUG cotyledon.oslo_config_glue [-] workarounds.wait_for_vif_plugged_event_during_hard_reboot = [] {{(pid=99029) log_opt_values /opt/stack/data/venv/lib/python3.12/site-packages/oslo_config/cfg.py:3545}}
Aug 09 07:33:18.779818 np0000006821 nova-conductor[99029]: DEBUG cotyledon.oslo_config_glue [-] wsgi.api_paste_config = /etc/nova/api-paste.ini {{(pid=99029) log_opt_values /opt/stack/data/venv/lib/python3.12/site-packages/oslo_config/cfg.py:3545}}
Aug 09 07:33:18.779818 np0000006821 nova-conductor[99029]: DEBUG cotyledon.oslo_config_glue [-] wsgi.secure_proxy_ssl_header = None {{(pid=99029) log_opt_values /opt/stack/data/venv/lib/python3.12/site-packages/oslo_config/cfg.py:3545}}
Aug 09 07:33:18.779818 np0000006821 nova-conductor[99029]: DEBUG cotyledon.oslo_config_glue [-] zvm.ca_file = None {{(pid=99029) log_opt_values /opt/stack/data/venv/lib/python3.12/site-packages/oslo_config/cfg.py:3545}}
Aug 09 07:33:18.779818 np0000006821 nova-conductor[99029]: DEBUG cotyledon.oslo_config_glue [-] zvm.cloud_connector_url = None {{(pid=99029) log_opt_values /opt/stack/data/venv/lib/python3.12/site-packages/oslo_config/cfg.py:3545}}
Aug 09 07:33:18.779818 np0000006821 nova-conductor[99029]: DEBUG cotyledon.oslo_config_glue [-] zvm.image_tmp_path = /opt/stack/data/nova/images {{(pid=99029) log_opt_values /opt/stack/data/venv/lib/python3.12/site-packages/oslo_config/cfg.py:3545}}
Aug 09 07:33:18.779818 np0000006821 nova-conductor[99029]: DEBUG cotyledon.oslo_config_glue [-] zvm.reachable_timeout = 300 {{(pid=99029) log_opt_values /opt/stack/data/venv/lib/python3.12/site-packages/oslo_config/cfg.py:3545}}
Aug 09 07:33:18.779818 np0000006821 nova-conductor[99029]: DEBUG cotyledon.oslo_config_glue [-] oslo_versionedobjects.fatal_exception_format_errors = False {{(pid=99029) log_opt_values /opt/stack/data/venv/lib/python3.12/site-packages/oslo_config/cfg.py:3545}}
Aug 09 07:33:18.780160 np0000006821 nova-conductor[99029]: DEBUG cotyledon.oslo_config_glue [-] oslo_middleware.http_basic_auth_user_file = /etc/htpasswd {{(pid=99029) log_opt_values /opt/stack/data/venv/lib/python3.12/site-packages/oslo_config/cfg.py:3545}}
Aug 09 07:33:18.780160 np0000006821 nova-conductor[99029]: DEBUG cotyledon.oslo_config_glue [-] profiler.connection_string = messaging:// {{(pid=99029) log_opt_values /opt/stack/data/venv/lib/python3.12/site-packages/oslo_config/cfg.py:3545}}
Aug 09 07:33:18.780160 np0000006821 nova-conductor[99029]: DEBUG cotyledon.oslo_config_glue [-] profiler.enabled = False {{(pid=99029) log_opt_values /opt/stack/data/venv/lib/python3.12/site-packages/oslo_config/cfg.py:3545}}
Aug 09 07:33:18.780160 np0000006821 nova-conductor[99029]: DEBUG cotyledon.oslo_config_glue [-] profiler.es_doc_type = notification {{(pid=99029) log_opt_values /opt/stack/data/venv/lib/python3.12/site-packages/oslo_config/cfg.py:3545}}
Aug 09 07:33:18.780160 np0000006821 nova-conductor[99029]: DEBUG cotyledon.oslo_config_glue [-] profiler.es_scroll_size = 10000 {{(pid=99029) log_opt_values /opt/stack/data/venv/lib/python3.12/site-packages/oslo_config/cfg.py:3545}}
Aug 09 07:33:18.780160 np0000006821 nova-conductor[99029]: DEBUG cotyledon.oslo_config_glue [-] profiler.es_scroll_time = 2m {{(pid=99029) log_opt_values /opt/stack/data/venv/lib/python3.12/site-packages/oslo_config/cfg.py:3545}}
Aug 09 07:33:18.780160 np0000006821 nova-conductor[99029]: DEBUG cotyledon.oslo_config_glue [-] profiler.filter_error_trace = False {{(pid=99029) log_opt_values /opt/stack/data/venv/lib/python3.12/site-packages/oslo_config/cfg.py:3545}}
Aug 09 07:33:18.780160 np0000006821 nova-conductor[99029]: DEBUG cotyledon.oslo_config_glue [-] profiler.hmac_keys = **** {{(pid=99029) log_opt_values /opt/stack/data/venv/lib/python3.12/site-packages/oslo_config/cfg.py:3545}}
Aug 09 07:33:18.780160 np0000006821 nova-conductor[99029]: DEBUG cotyledon.oslo_config_glue [-] profiler.sentinel_service_name = mymaster {{(pid=99029) log_opt_values /opt/stack/data/venv/lib/python3.12/site-packages/oslo_config/cfg.py:3545}}
Aug 09 07:33:18.780494 np0000006821 nova-conductor[99029]: DEBUG cotyledon.oslo_config_glue [-] profiler.socket_timeout = 0.1 {{(pid=99029) log_opt_values /opt/stack/data/venv/lib/python3.12/site-packages/oslo_config/cfg.py:3545}}
Aug 09 07:33:18.780494 np0000006821 nova-conductor[99029]: DEBUG cotyledon.oslo_config_glue [-] profiler.trace_requests = False {{(pid=99029) log_opt_values /opt/stack/data/venv/lib/python3.12/site-packages/oslo_config/cfg.py:3545}}
Aug 09 07:33:18.780494 np0000006821 nova-conductor[99029]: DEBUG cotyledon.oslo_config_glue [-] profiler.trace_sqlalchemy = False {{(pid=99029) log_opt_values /opt/stack/data/venv/lib/python3.12/site-packages/oslo_config/cfg.py:3545}}
Aug 09 07:33:18.780494 np0000006821 nova-conductor[99029]: DEBUG cotyledon.oslo_config_glue [-] profiler_jaeger.process_tags = {} {{(pid=99029) log_opt_values /opt/stack/data/venv/lib/python3.12/site-packages/oslo_config/cfg.py:3545}}
Aug 09 07:33:18.780494 np0000006821 nova-conductor[99029]: DEBUG cotyledon.oslo_config_glue [-] profiler_jaeger.service_name_prefix = None {{(pid=99029) log_opt_values /opt/stack/data/venv/lib/python3.12/site-packages/oslo_config/cfg.py:3545}}
Aug 09 07:33:18.780494 np0000006821 nova-conductor[99029]: DEBUG cotyledon.oslo_config_glue [-] profiler_otlp.service_name_prefix = None {{(pid=99029) log_opt_values /opt/stack/data/venv/lib/python3.12/site-packages/oslo_config/cfg.py:3545}}
Aug 09 07:33:18.780494 np0000006821 nova-conductor[99029]: DEBUG cotyledon.oslo_config_glue [-] oslo_messaging_rabbit.amqp_auto_delete = False {{(pid=99029) log_opt_values /opt/stack/data/venv/lib/python3.12/site-packages/oslo_config/cfg.py:3545}}
Aug 09 07:33:18.780494 np0000006821 nova-conductor[99029]: DEBUG cotyledon.oslo_config_glue [-] oslo_messaging_rabbit.amqp_durable_queues = False {{(pid=99029) log_opt_values /opt/stack/data/venv/lib/python3.12/site-packages/oslo_config/cfg.py:3545}}
Aug 09 07:33:18.780494 np0000006821 nova-conductor[99029]: DEBUG cotyledon.oslo_config_glue [-] oslo_messaging_rabbit.conn_pool_min_size = 2 {{(pid=99029) log_opt_values /opt/stack/data/venv/lib/python3.12/site-packages/oslo_config/cfg.py:3545}}
Aug 09 07:33:18.780802 np0000006821 nova-conductor[99029]: DEBUG cotyledon.oslo_config_glue [-] oslo_messaging_rabbit.conn_pool_ttl = 1200 {{(pid=99029) log_opt_values /opt/stack/data/venv/lib/python3.12/site-packages/oslo_config/cfg.py:3545}}
Aug 09 07:33:18.780802 np0000006821 nova-conductor[99029]: DEBUG cotyledon.oslo_config_glue [-] oslo_messaging_rabbit.direct_mandatory_flag = True {{(pid=99029) log_opt_values /opt/stack/data/venv/lib/python3.12/site-packages/oslo_config/cfg.py:3545}}
Aug 09 07:33:18.780802 np0000006821 nova-conductor[99029]: DEBUG cotyledon.oslo_config_glue [-] oslo_messaging_rabbit.enable_cancel_on_failover = False {{(pid=99029) log_opt_values /opt/stack/data/venv/lib/python3.12/site-packages/oslo_config/cfg.py:3545}}
Aug 09 07:33:18.780802 np0000006821 nova-conductor[99029]: DEBUG cotyledon.oslo_config_glue [-] oslo_messaging_rabbit.heartbeat_rate = 3 {{(pid=99029) log_opt_values /opt/stack/data/venv/lib/python3.12/site-packages/oslo_config/cfg.py:3545}}
Aug 09 07:33:18.780802 np0000006821 nova-conductor[99029]: DEBUG cotyledon.oslo_config_glue [-] oslo_messaging_rabbit.heartbeat_timeout_threshold = 60 {{(pid=99029) log_opt_values /opt/stack/data/venv/lib/python3.12/site-packages/oslo_config/cfg.py:3545}}
Aug 09 07:33:18.780802 np0000006821 nova-conductor[99029]: DEBUG cotyledon.oslo_config_glue [-] oslo_messaging_rabbit.hostname = np0000006821 {{(pid=99029) log_opt_values /opt/stack/data/venv/lib/python3.12/site-packages/oslo_config/cfg.py:3545}}
Aug 09 07:33:18.780802 np0000006821 nova-conductor[99029]: DEBUG cotyledon.oslo_config_glue [-] oslo_messaging_rabbit.kombu_compression = None {{(pid=99029) log_opt_values /opt/stack/data/venv/lib/python3.12/site-packages/oslo_config/cfg.py:3545}}
Aug 09 07:33:18.780802 np0000006821 nova-conductor[99029]: DEBUG cotyledon.oslo_config_glue [-] oslo_messaging_rabbit.kombu_failover_strategy = round-robin {{(pid=99029) log_opt_values /opt/stack/data/venv/lib/python3.12/site-packages/oslo_config/cfg.py:3545}}
Aug 09 07:33:18.780802 np0000006821 nova-conductor[99029]: DEBUG cotyledon.oslo_config_glue [-] oslo_messaging_rabbit.kombu_missing_consumer_retry_timeout = 60 {{(pid=99029) log_opt_values /opt/stack/data/venv/lib/python3.12/site-packages/oslo_config/cfg.py:3545}}
Aug 09 07:33:18.781125 np0000006821 nova-conductor[99029]: DEBUG cotyledon.oslo_config_glue [-] oslo_messaging_rabbit.kombu_reconnect_delay = 1.0 {{(pid=99029) log_opt_values /opt/stack/data/venv/lib/python3.12/site-packages/oslo_config/cfg.py:3545}}
Aug 09 07:33:18.781125 np0000006821 nova-conductor[99029]: DEBUG cotyledon.oslo_config_glue [-] oslo_messaging_rabbit.kombu_reconnect_splay = 0.0 {{(pid=99029) log_opt_values /opt/stack/data/venv/lib/python3.12/site-packages/oslo_config/cfg.py:3545}}
Aug 09 07:33:18.781125 np0000006821 nova-conductor[99029]: DEBUG cotyledon.oslo_config_glue [-] oslo_messaging_rabbit.processname = nova-conductor {{(pid=99029) log_opt_values /opt/stack/data/venv/lib/python3.12/site-packages/oslo_config/cfg.py:3545}}
Aug 09 07:33:18.781125 np0000006821 nova-conductor[99029]: DEBUG cotyledon.oslo_config_glue [-] oslo_messaging_rabbit.rabbit_ha_queues = False {{(pid=99029) log_opt_values /opt/stack/data/venv/lib/python3.12/site-packages/oslo_config/cfg.py:3545}}
Aug 09 07:33:18.781125 np0000006821 nova-conductor[99029]: DEBUG cotyledon.oslo_config_glue [-] oslo_messaging_rabbit.rabbit_interval_max = 30 {{(pid=99029) log_opt_values /opt/stack/data/venv/lib/python3.12/site-packages/oslo_config/cfg.py:3545}}
Aug 09 07:33:18.781125 np0000006821 nova-conductor[99029]: DEBUG cotyledon.oslo_config_glue [-] oslo_messaging_rabbit.rabbit_login_method = AMQPLAIN {{(pid=99029) log_opt_values /opt/stack/data/venv/lib/python3.12/site-packages/oslo_config/cfg.py:3545}}
Aug 09 07:33:18.781125 np0000006821 nova-conductor[99029]: DEBUG cotyledon.oslo_config_glue [-] oslo_messaging_rabbit.rabbit_qos_prefetch_count = 0 {{(pid=99029) log_opt_values /opt/stack/data/venv/lib/python3.12/site-packages/oslo_config/cfg.py:3545}}
Aug 09 07:33:18.781125 np0000006821 nova-conductor[99029]: DEBUG cotyledon.oslo_config_glue [-] oslo_messaging_rabbit.rabbit_quorum_delivery_limit = 0 {{(pid=99029) log_opt_values /opt/stack/data/venv/lib/python3.12/site-packages/oslo_config/cfg.py:3545}}
Aug 09 07:33:18.781125 np0000006821 nova-conductor[99029]: DEBUG cotyledon.oslo_config_glue [-] oslo_messaging_rabbit.rabbit_quorum_max_memory_bytes = 0 {{(pid=99029) log_opt_values /opt/stack/data/venv/lib/python3.12/site-packages/oslo_config/cfg.py:3545}}
Aug 09 07:33:18.781465 np0000006821 nova-conductor[99029]: DEBUG cotyledon.oslo_config_glue [-] oslo_messaging_rabbit.rabbit_quorum_max_memory_length = 0 {{(pid=99029) log_opt_values /opt/stack/data/venv/lib/python3.12/site-packages/oslo_config/cfg.py:3545}}
Aug 09 07:33:18.781465 np0000006821 nova-conductor[99029]: DEBUG cotyledon.oslo_config_glue [-] oslo_messaging_rabbit.rabbit_quorum_queue = False {{(pid=99029) log_opt_values /opt/stack/data/venv/lib/python3.12/site-packages/oslo_config/cfg.py:3545}}
Aug 09 07:33:18.781465 np0000006821 nova-conductor[99029]: DEBUG cotyledon.oslo_config_glue [-] oslo_messaging_rabbit.rabbit_retry_backoff = 2 {{(pid=99029) log_opt_values /opt/stack/data/venv/lib/python3.12/site-packages/oslo_config/cfg.py:3545}}
Aug 09 07:33:18.781465 np0000006821 nova-conductor[99029]: DEBUG cotyledon.oslo_config_glue [-] oslo_messaging_rabbit.rabbit_retry_interval = 1 {{(pid=99029) log_opt_values /opt/stack/data/venv/lib/python3.12/site-packages/oslo_config/cfg.py:3545}}
Aug 09 07:33:18.781465 np0000006821 nova-conductor[99029]: DEBUG cotyledon.oslo_config_glue [-] oslo_messaging_rabbit.rabbit_stream_fanout = False {{(pid=99029) log_opt_values /opt/stack/data/venv/lib/python3.12/site-packages/oslo_config/cfg.py:3545}}
Aug 09 07:33:18.781465 np0000006821 nova-conductor[99029]: DEBUG cotyledon.oslo_config_glue [-] oslo_messaging_rabbit.rabbit_transient_queues_ttl = 1800 {{(pid=99029) log_opt_values /opt/stack/data/venv/lib/python3.12/site-packages/oslo_config/cfg.py:3545}}
Aug 09 07:33:18.781465 np0000006821 nova-conductor[99029]: DEBUG cotyledon.oslo_config_glue [-] oslo_messaging_rabbit.rabbit_transient_quorum_queue = False {{(pid=99029) log_opt_values /opt/stack/data/venv/lib/python3.12/site-packages/oslo_config/cfg.py:3545}}
Aug 09 07:33:18.781465 np0000006821 nova-conductor[99029]: DEBUG cotyledon.oslo_config_glue [-] oslo_messaging_rabbit.rpc_conn_pool_size = 30 {{(pid=99029) log_opt_values /opt/stack/data/venv/lib/python3.12/site-packages/oslo_config/cfg.py:3545}}
Aug 09 07:33:18.781465 np0000006821 nova-conductor[99029]: DEBUG cotyledon.oslo_config_glue [-] oslo_messaging_rabbit.ssl = False {{(pid=99029) log_opt_values /opt/stack/data/venv/lib/python3.12/site-packages/oslo_config/cfg.py:3545}}
Aug 09 07:33:18.781774 np0000006821 nova-conductor[99029]: DEBUG cotyledon.oslo_config_glue [-] oslo_messaging_rabbit.ssl_ca_file = {{(pid=99029) log_opt_values /opt/stack/data/venv/lib/python3.12/site-packages/oslo_config/cfg.py:3545}}
Aug 09 07:33:18.781774 np0000006821 nova-conductor[99029]: DEBUG cotyledon.oslo_config_glue [-] oslo_messaging_rabbit.ssl_cert_file = {{(pid=99029) log_opt_values /opt/stack/data/venv/lib/python3.12/site-packages/oslo_config/cfg.py:3545}}
Aug 09 07:33:18.781774 np0000006821 nova-conductor[99029]: DEBUG cotyledon.oslo_config_glue [-] oslo_messaging_rabbit.ssl_enforce_fips_mode = False {{(pid=99029) log_opt_values /opt/stack/data/venv/lib/python3.12/site-packages/oslo_config/cfg.py:3545}}
Aug 09 07:33:18.781774 np0000006821 nova-conductor[99029]: DEBUG cotyledon.oslo_config_glue [-] oslo_messaging_rabbit.ssl_enforce_hostname_verification = True {{(pid=99029) log_opt_values /opt/stack/data/venv/lib/python3.12/site-packages/oslo_config/cfg.py:3545}}
Aug 09 07:33:18.781774 np0000006821 nova-conductor[99029]: DEBUG cotyledon.oslo_config_glue [-] oslo_messaging_rabbit.ssl_key_file = {{(pid=99029) log_opt_values /opt/stack/data/venv/lib/python3.12/site-packages/oslo_config/cfg.py:3545}}
Aug 09 07:33:18.781774 np0000006821 nova-conductor[99029]: DEBUG cotyledon.oslo_config_glue [-] oslo_messaging_rabbit.ssl_version = {{(pid=99029) log_opt_values /opt/stack/data/venv/lib/python3.12/site-packages/oslo_config/cfg.py:3545}}
Aug 09 07:33:18.781774 np0000006821 nova-conductor[99029]: DEBUG cotyledon.oslo_config_glue [-] oslo_messaging_rabbit.use_queue_manager = False {{(pid=99029) log_opt_values /opt/stack/data/venv/lib/python3.12/site-packages/oslo_config/cfg.py:3545}}
Aug 09 07:33:18.781774 np0000006821 nova-conductor[99029]: DEBUG cotyledon.oslo_config_glue [-] oslo_messaging_notifications.driver = ['messagingv2'] {{(pid=99029) log_opt_values /opt/stack/data/venv/lib/python3.12/site-packages/oslo_config/cfg.py:3545}}
Aug 09 07:33:18.781774 np0000006821 nova-conductor[99029]: DEBUG cotyledon.oslo_config_glue [-] oslo_messaging_notifications.retry = -1 {{(pid=99029) log_opt_values /opt/stack/data/venv/lib/python3.12/site-packages/oslo_config/cfg.py:3545}}
Aug 09 07:33:18.782187 np0000006821 nova-conductor[99029]: DEBUG cotyledon.oslo_config_glue [-] oslo_messaging_notifications.topics = ['notifications'] {{(pid=99029) log_opt_values /opt/stack/data/venv/lib/python3.12/site-packages/oslo_config/cfg.py:3545}}
Aug 09 07:33:18.782187 np0000006821 nova-conductor[99029]: DEBUG cotyledon.oslo_config_glue [-] oslo_messaging_notifications.transport_url = **** {{(pid=99029) log_opt_values /opt/stack/data/venv/lib/python3.12/site-packages/oslo_config/cfg.py:3545}}
Aug 09 07:33:18.782187 np0000006821 nova-conductor[99029]: DEBUG cotyledon.oslo_config_glue [-] oslo_limit.auth_section = None {{(pid=99029) log_opt_values /opt/stack/data/venv/lib/python3.12/site-packages/oslo_config/cfg.py:3545}}
Aug 09 07:33:18.782187 np0000006821 nova-conductor[99029]: DEBUG cotyledon.oslo_config_glue [-] oslo_limit.auth_type = None {{(pid=99029) log_opt_values /opt/stack/data/venv/lib/python3.12/site-packages/oslo_config/cfg.py:3545}}
Aug 09 07:33:18.782187 np0000006821 nova-conductor[99029]: DEBUG cotyledon.oslo_config_glue [-] oslo_limit.cafile = None {{(pid=99029) log_opt_values /opt/stack/data/venv/lib/python3.12/site-packages/oslo_config/cfg.py:3545}}
Aug 09 07:33:18.782187 np0000006821 nova-conductor[99029]: DEBUG cotyledon.oslo_config_glue [-] oslo_limit.certfile = None {{(pid=99029) log_opt_values /opt/stack/data/venv/lib/python3.12/site-packages/oslo_config/cfg.py:3545}}
Aug 09 07:33:18.782187 np0000006821 nova-conductor[99029]: DEBUG cotyledon.oslo_config_glue [-] oslo_limit.collect_timing = False {{(pid=99029) log_opt_values /opt/stack/data/venv/lib/python3.12/site-packages/oslo_config/cfg.py:3545}}
Aug 09 07:33:18.782187 np0000006821 nova-conductor[99029]: DEBUG cotyledon.oslo_config_glue [-] oslo_limit.connect_retries = None {{(pid=99029) log_opt_values /opt/stack/data/venv/lib/python3.12/site-packages/oslo_config/cfg.py:3545}}
Aug 09 07:33:18.782187 np0000006821 nova-conductor[99029]: DEBUG cotyledon.oslo_config_glue [-] oslo_limit.connect_retry_delay = None {{(pid=99029) log_opt_values /opt/stack/data/venv/lib/python3.12/site-packages/oslo_config/cfg.py:3545}}
Aug 09 07:33:18.782475 np0000006821 nova-conductor[99029]: DEBUG cotyledon.oslo_config_glue [-] oslo_limit.endpoint_id = None {{(pid=99029) log_opt_values /opt/stack/data/venv/lib/python3.12/site-packages/oslo_config/cfg.py:3545}}
Aug 09 07:33:18.782475 np0000006821 nova-conductor[99029]: DEBUG cotyledon.oslo_config_glue [-] oslo_limit.endpoint_interface = public {{(pid=99029) log_opt_values /opt/stack/data/venv/lib/python3.12/site-packages/oslo_config/cfg.py:3545}}
Aug 09 07:33:18.782475 np0000006821 nova-conductor[99029]: DEBUG cotyledon.oslo_config_glue [-] oslo_limit.endpoint_override = None {{(pid=99029) log_opt_values /opt/stack/data/venv/lib/python3.12/site-packages/oslo_config/cfg.py:3545}}
Aug 09 07:33:18.782475 np0000006821 nova-conductor[99029]: DEBUG cotyledon.oslo_config_glue [-] oslo_limit.endpoint_region_name = None {{(pid=99029) log_opt_values /opt/stack/data/venv/lib/python3.12/site-packages/oslo_config/cfg.py:3545}}
Aug 09 07:33:18.782475 np0000006821 nova-conductor[99029]: DEBUG cotyledon.oslo_config_glue [-] oslo_limit.endpoint_service_name = None {{(pid=99029) log_opt_values /opt/stack/data/venv/lib/python3.12/site-packages/oslo_config/cfg.py:3545}}
Aug 09 07:33:18.782475 np0000006821 nova-conductor[99029]: DEBUG cotyledon.oslo_config_glue [-] oslo_limit.endpoint_service_type = None {{(pid=99029) log_opt_values /opt/stack/data/venv/lib/python3.12/site-packages/oslo_config/cfg.py:3545}}
Aug 09 07:33:18.782475 np0000006821 nova-conductor[99029]: DEBUG cotyledon.oslo_config_glue [-] oslo_limit.insecure = False {{(pid=99029) log_opt_values /opt/stack/data/venv/lib/python3.12/site-packages/oslo_config/cfg.py:3545}}
Aug 09 07:33:18.782475 np0000006821 nova-conductor[99029]: DEBUG cotyledon.oslo_config_glue [-] oslo_limit.keyfile = None {{(pid=99029) log_opt_values /opt/stack/data/venv/lib/python3.12/site-packages/oslo_config/cfg.py:3545}}
Aug 09 07:33:18.782475 np0000006821 nova-conductor[99029]: DEBUG cotyledon.oslo_config_glue [-] oslo_limit.max_version = None {{(pid=99029) log_opt_values /opt/stack/data/venv/lib/python3.12/site-packages/oslo_config/cfg.py:3545}}
Aug 09 07:33:18.782784 np0000006821 nova-conductor[99029]: DEBUG cotyledon.oslo_config_glue [-] oslo_limit.min_version = None {{(pid=99029) log_opt_values /opt/stack/data/venv/lib/python3.12/site-packages/oslo_config/cfg.py:3545}}
Aug 09 07:33:18.782784 np0000006821 nova-conductor[99029]: DEBUG cotyledon.oslo_config_glue [-] oslo_limit.region_name = None {{(pid=99029) log_opt_values /opt/stack/data/venv/lib/python3.12/site-packages/oslo_config/cfg.py:3545}}
Aug 09 07:33:18.782784 np0000006821 nova-conductor[99029]: DEBUG cotyledon.oslo_config_glue [-] oslo_limit.retriable_status_codes = None {{(pid=99029) log_opt_values /opt/stack/data/venv/lib/python3.12/site-packages/oslo_config/cfg.py:3545}}
Aug 09 07:33:18.782784 np0000006821 nova-conductor[99029]: DEBUG cotyledon.oslo_config_glue [-] oslo_limit.service_name = None {{(pid=99029) log_opt_values /opt/stack/data/venv/lib/python3.12/site-packages/oslo_config/cfg.py:3545}}
Aug 09 07:33:18.782784 np0000006821 nova-conductor[99029]: DEBUG cotyledon.oslo_config_glue [-] oslo_limit.service_type = None {{(pid=99029) log_opt_values /opt/stack/data/venv/lib/python3.12/site-packages/oslo_config/cfg.py:3545}}
Aug 09 07:33:18.782784 np0000006821 nova-conductor[99029]: DEBUG cotyledon.oslo_config_glue [-] oslo_limit.split_loggers = False {{(pid=99029) log_opt_values /opt/stack/data/venv/lib/python3.12/site-packages/oslo_config/cfg.py:3545}}
Aug 09 07:33:18.782784 np0000006821 nova-conductor[99029]: DEBUG cotyledon.oslo_config_glue [-] oslo_limit.status_code_retries = None {{(pid=99029) log_opt_values /opt/stack/data/venv/lib/python3.12/site-packages/oslo_config/cfg.py:3545}}
Aug 09 07:33:18.782784 np0000006821 nova-conductor[99029]: DEBUG cotyledon.oslo_config_glue [-] oslo_limit.status_code_retry_delay = None {{(pid=99029) log_opt_values /opt/stack/data/venv/lib/python3.12/site-packages/oslo_config/cfg.py:3545}}
Aug 09 07:33:18.782784 np0000006821 nova-conductor[99029]: DEBUG cotyledon.oslo_config_glue [-] oslo_limit.timeout = None {{(pid=99029) log_opt_values /opt/stack/data/venv/lib/python3.12/site-packages/oslo_config/cfg.py:3545}}
Aug 09 07:33:18.783114 np0000006821 nova-conductor[99029]: DEBUG cotyledon.oslo_config_glue [-] oslo_limit.valid_interfaces = None {{(pid=99029) log_opt_values /opt/stack/data/venv/lib/python3.12/site-packages/oslo_config/cfg.py:3545}}
Aug 09 07:33:18.783114 np0000006821 nova-conductor[99029]: DEBUG cotyledon.oslo_config_glue [-] oslo_limit.version = None {{(pid=99029) log_opt_values /opt/stack/data/venv/lib/python3.12/site-packages/oslo_config/cfg.py:3545}}
Aug 09 07:33:18.783114 np0000006821 nova-conductor[99029]: DEBUG cotyledon.oslo_config_glue [-] oslo_reports.file_event_handler = None {{(pid=99029) log_opt_values /opt/stack/data/venv/lib/python3.12/site-packages/oslo_config/cfg.py:3545}}
Aug 09 07:33:18.783114 np0000006821 nova-conductor[99029]: DEBUG cotyledon.oslo_config_glue [-] oslo_reports.file_event_handler_interval = 1 {{(pid=99029) log_opt_values /opt/stack/data/venv/lib/python3.12/site-packages/oslo_config/cfg.py:3545}}
Aug 09 07:33:18.783114 np0000006821 nova-conductor[99029]: DEBUG cotyledon.oslo_config_glue [-] oslo_reports.log_dir = None {{(pid=99029) log_opt_values /opt/stack/data/venv/lib/python3.12/site-packages/oslo_config/cfg.py:3545}}
Aug 09 07:33:18.783114 np0000006821 nova-conductor[99029]: DEBUG cotyledon.oslo_config_glue [-] ******************************************************************************** {{(pid=99029) log_opt_values /opt/stack/data/venv/lib/python3.12/site-packages/oslo_config/cfg.py:3552}}
Aug 09 07:33:18.783114 np0000006821 nova-conductor[99029]: DEBUG cotyledon._service_worker [-] Run service ServiceWrapper(3) [99029] {{(pid=99029) wait_forever /opt/stack/data/venv/lib/python3.12/site-packages/cotyledon/_service_worker.py:218}}
Aug 09 07:33:18.783114 np0000006821 nova-conductor[99029]: INFO nova.service [-] Starting conductor node (version 33.1.0)
Aug 09 07:33:18.783392 np0000006821 nova-conductor[99022]: INFO dbcounter [None req-31b18bc9-afb0-4385-8de0-d560ec28bace None None] Registered counter for database nova_cell0
Aug 09 07:33:18.783442 np0000006821 nova-conductor[99029]: INFO dbcounter [None req-dd421d50-7bdd-4cf8-a7f4-03f3672ef0c4 None None] Registered counter for database nova_cell0
Aug 09 07:33:18.783487 np0000006821 nova-conductor[99009]: DEBUG oslo_db.sqlalchemy.engines [None req-71f29fdf-ff10-4113-9919-808748fe0237 None None] MySQL server mode set to STRICT_TRANS_TABLES,STRICT_ALL_TABLES,NO_ZERO_IN_DATE,NO_ZERO_DATE,ERROR_FOR_DIVISION_BY_ZERO,TRADITIONAL,NO_ENGINE_SUBSTITUTION {{(pid=99009) _check_effective_sql_mode /opt/stack/data/venv/lib/python3.12/site-packages/oslo_db/sqlalchemy/engines.py:325}}
Aug 09 07:33:18.783537 np0000006821 nova-conductor[98999]: DEBUG oslo_db.sqlalchemy.engines [None req-bca22aa1-979d-4630-af10-5cba94ec7814 None None] MySQL server mode set to STRICT_TRANS_TABLES,STRICT_ALL_TABLES,NO_ZERO_IN_DATE,NO_ZERO_DATE,ERROR_FOR_DIVISION_BY_ZERO,TRADITIONAL,NO_ENGINE_SUBSTITUTION {{(pid=98999) _check_effective_sql_mode /opt/stack/data/venv/lib/python3.12/site-packages/oslo_db/sqlalchemy/engines.py:325}}
Aug 09 07:33:18.783593 np0000006821 nova-conductor[99009]: DEBUG dbcounter [-] [99009] Writer thread running {{(pid=99009) stat_writer /opt/stack/data/venv/lib/python3.12/site-packages/dbcounter.py:102}}
Aug 09 07:33:18.783653 np0000006821 nova-conductor[98999]: DEBUG dbcounter [-] [98999] Writer thread running {{(pid=98999) stat_writer /opt/stack/data/venv/lib/python3.12/site-packages/dbcounter.py:102}}
Aug 09 07:33:18.783698 np0000006821 nova-conductor[99022]: DEBUG oslo_db.sqlalchemy.engines [None req-31b18bc9-afb0-4385-8de0-d560ec28bace None None] MySQL server mode set to STRICT_TRANS_TABLES,STRICT_ALL_TABLES,NO_ZERO_IN_DATE,NO_ZERO_DATE,ERROR_FOR_DIVISION_BY_ZERO,TRADITIONAL,NO_ENGINE_SUBSTITUTION {{(pid=99022) _check_effective_sql_mode /opt/stack/data/venv/lib/python3.12/site-packages/oslo_db/sqlalchemy/engines.py:325}}
Aug 09 07:33:18.783759 np0000006821 nova-conductor[99009]: DEBUG nova.service [None req-71f29fdf-ff10-4113-9919-808748fe0237 None None] Creating RPC server for service: nova-conductor on topic: conductor {{(pid=99009) start /opt/stack/nova/nova/service.py:196}}
Aug 09 07:33:18.783809 np0000006821 nova-conductor[99029]: DEBUG oslo_db.sqlalchemy.engines [None req-dd421d50-7bdd-4cf8-a7f4-03f3672ef0c4 None None] MySQL server mode set to STRICT_TRANS_TABLES,STRICT_ALL_TABLES,NO_ZERO_IN_DATE,NO_ZERO_DATE,ERROR_FOR_DIVISION_BY_ZERO,TRADITIONAL,NO_ENGINE_SUBSTITUTION {{(pid=99029) _check_effective_sql_mode /opt/stack/data/venv/lib/python3.12/site-packages/oslo_db/sqlalchemy/engines.py:325}}
Aug 09 07:33:18.783859 np0000006821 nova-conductor[98999]: DEBUG nova.service [None req-bca22aa1-979d-4630-af10-5cba94ec7814 None None] Creating RPC server for service: nova-conductor on topic: conductor {{(pid=98999) start /opt/stack/nova/nova/service.py:196}}
Aug 09 07:33:18.783900 np0000006821 nova-conductor[99022]: DEBUG dbcounter [-] [99022] Writer thread running {{(pid=99022) stat_writer /opt/stack/data/venv/lib/python3.12/site-packages/dbcounter.py:102}}
Aug 09 07:33:18.783900 np0000006821 nova-conductor[99022]: DEBUG nova.service [None req-31b18bc9-afb0-4385-8de0-d560ec28bace None None] Creating RPC server for service: nova-conductor on topic: conductor {{(pid=99022) start /opt/stack/nova/nova/service.py:196}}
Aug 09 07:33:18.784019 np0000006821 nova-conductor[99029]: DEBUG dbcounter [-] [99029] Writer thread running {{(pid=99029) stat_writer /opt/stack/data/venv/lib/python3.12/site-packages/dbcounter.py:102}}
Aug 09 07:33:18.784019 np0000006821 nova-conductor[99029]: DEBUG nova.service [None req-dd421d50-7bdd-4cf8-a7f4-03f3672ef0c4 None None] Creating RPC server for service: nova-conductor on topic: conductor {{(pid=99029) start /opt/stack/nova/nova/service.py:196}}
Aug 09 07:33:18.788154 np0000006821 nova-conductor[98999]: DEBUG nova.service [None req-bca22aa1-979d-4630-af10-5cba94ec7814 None None] Join ServiceGroup membership for this service conductor {{(pid=98999) start /opt/stack/nova/nova/service.py:222}}
Aug 09 07:33:18.788533 np0000006821 nova-conductor[98999]: DEBUG nova.servicegroup.drivers.db [None req-bca22aa1-979d-4630-af10-5cba94ec7814 None None] DB_Driver: join new ServiceGroup member np0000006821 to the conductor group, service = {{(pid=98999) join /opt/stack/nova/nova/servicegroup/drivers/db.py:44}}
Aug 09 07:33:18.790705 np0000006821 nova-conductor[99022]: DEBUG nova.service [None req-31b18bc9-afb0-4385-8de0-d560ec28bace None None] Join ServiceGroup membership for this service conductor {{(pid=99022) start /opt/stack/nova/nova/service.py:222}}
Aug 09 07:33:18.793290 np0000006821 nova-conductor[99022]: DEBUG nova.servicegroup.drivers.db [None req-31b18bc9-afb0-4385-8de0-d560ec28bace None None] DB_Driver: join new ServiceGroup member np0000006821 to the conductor group, service = {{(pid=99022) join /opt/stack/nova/nova/servicegroup/drivers/db.py:44}}
Aug 09 07:33:18.799479 np0000006821 nova-conductor[99009]: DEBUG nova.service [None req-71f29fdf-ff10-4113-9919-808748fe0237 None None] Join ServiceGroup membership for this service conductor {{(pid=99009) start /opt/stack/nova/nova/service.py:222}}
Aug 09 07:33:18.799479 np0000006821 nova-conductor[99009]: DEBUG nova.servicegroup.drivers.db [None req-71f29fdf-ff10-4113-9919-808748fe0237 None None] DB_Driver: join new ServiceGroup member np0000006821 to the conductor group, service = {{(pid=99009) join /opt/stack/nova/nova/servicegroup/drivers/db.py:44}}
Aug 09 07:33:18.800857 np0000006821 nova-conductor[99029]: DEBUG nova.service [None req-dd421d50-7bdd-4cf8-a7f4-03f3672ef0c4 None None] Join ServiceGroup membership for this service conductor {{(pid=99029) start /opt/stack/nova/nova/service.py:222}}
Aug 09 07:33:18.801127 np0000006821 nova-conductor[99029]: DEBUG nova.servicegroup.drivers.db [None req-dd421d50-7bdd-4cf8-a7f4-03f3672ef0c4 None None] DB_Driver: join new ServiceGroup member np0000006821 to the conductor group, service = {{(pid=99029) join /opt/stack/nova/nova/servicegroup/drivers/db.py:44}}
Aug 09 07:33:23.801605 np0000006821 nova-conductor[98999]: DEBUG oslo.service.backend._threading.loopingcall [-] Fixed interval looping call 'nova.servicegroup.drivers.db.DbDriver._report_state' sleeping for 119.99 seconds {{(pid=98999) _run_loop /opt/stack/data/venv/lib/python3.12/site-packages/oslo_service/backend/_threading/loopingcall.py:125}}
Aug 09 07:33:23.804559 np0000006821 nova-conductor[99022]: DEBUG oslo.service.backend._threading.loopingcall [-] Fixed interval looping call 'nova.servicegroup.drivers.db.DbDriver._report_state' sleeping for 119.99 seconds {{(pid=99022) _run_loop /opt/stack/data/venv/lib/python3.12/site-packages/oslo_service/backend/_threading/loopingcall.py:125}}
Aug 09 07:33:23.808392 np0000006821 nova-conductor[99009]: DEBUG oslo.service.backend._threading.loopingcall [-] Fixed interval looping call 'nova.servicegroup.drivers.db.DbDriver._report_state' sleeping for 119.99 seconds {{(pid=99009) _run_loop /opt/stack/data/venv/lib/python3.12/site-packages/oslo_service/backend/_threading/loopingcall.py:125}}
Aug 09 07:33:23.813127 np0000006821 nova-conductor[99029]: DEBUG oslo.service.backend._threading.loopingcall [-] Fixed interval looping call 'nova.servicegroup.drivers.db.DbDriver._report_state' sleeping for 119.99 seconds {{(pid=99029) _run_loop /opt/stack/data/venv/lib/python3.12/site-packages/oslo_service/backend/_threading/loopingcall.py:125}}
Aug 09 07:33:27.302782 np0000006821 nova-conductor[97554]: DEBUG dbcounter [-] [97554] Writing DB stats nova_api:SELECT=1 {{(pid=97554) stat_writer /opt/stack/data/venv/lib/python3.12/site-packages/dbcounter.py:115}}
Aug 09 07:33:27.453557 np0000006821 nova-conductor[97554]: DEBUG dbcounter [-] [97554] Writing DB stats nova_cell0:SELECT=1 {{(pid=97554) stat_writer /opt/stack/data/venv/lib/python3.12/site-packages/dbcounter.py:115}}
Aug 09 07:33:27.463678 np0000006821 nova-conductor[97554]: DEBUG dbcounter [-] [97554] Writing DB stats nova_cell1:SELECT=1 {{(pid=97554) stat_writer /opt/stack/data/venv/lib/python3.12/site-packages/dbcounter.py:115}}
Aug 09 07:33:27.791044 np0000006821 nova-conductor[98999]: DEBUG oslo.service.backend._threading.loopingcall [None req-02fb56bd-78a4-44f9-85c4-ed53932d3836 None None] Dynamic interval looping call 'nova.service.Service.periodic_tasks' sleeping for 60.00 seconds {{(pid=98999) _run_loop /opt/stack/data/venv/lib/python3.12/site-packages/oslo_service/backend/_threading/loopingcall.py:125}}
Aug 09 07:33:30.800949 np0000006821 nova-conductor[99009]: DEBUG oslo.service.backend._threading.loopingcall [None req-e1723284-36c6-482b-9186-91232ffc84a7 None None] Dynamic interval looping call 'nova.service.Service.periodic_tasks' sleeping for 60.00 seconds {{(pid=99009) _run_loop /opt/stack/data/venv/lib/python3.12/site-packages/oslo_service/backend/_threading/loopingcall.py:125}}
Aug 09 07:33:33.798202 np0000006821 nova-conductor[98999]: DEBUG dbcounter [-] [98999] Writing DB stats nova_cell0:SELECT=5,nova_cell0:INSERT=1,nova_cell0:UPDATE=1 {{(pid=98999) stat_writer /opt/stack/data/venv/lib/python3.12/site-packages/dbcounter.py:115}}
Aug 09 07:33:33.803445 np0000006821 nova-conductor[99022]: DEBUG dbcounter [-] [99022] Writing DB stats nova_cell0:SELECT=3,nova_cell0:UPDATE=1 {{(pid=99022) stat_writer /opt/stack/data/venv/lib/python3.12/site-packages/dbcounter.py:115}}
Aug 09 07:33:33.807178 np0000006821 nova-conductor[99009]: DEBUG dbcounter [-] [99009] Writing DB stats nova_cell0:SELECT=4,nova_cell0:INSERT=1 {{(pid=99009) stat_writer /opt/stack/data/venv/lib/python3.12/site-packages/dbcounter.py:115}}
Aug 09 07:33:33.809846 np0000006821 nova-conductor[99029]: DEBUG dbcounter [-] [99029] Writing DB stats nova_cell0:SELECT=3 {{(pid=99029) stat_writer /opt/stack/data/venv/lib/python3.12/site-packages/dbcounter.py:115}}
Aug 09 07:33:42.803936 np0000006821 nova-conductor[99029]: DEBUG oslo.service.backend._threading.loopingcall [None req-f4d1b0ef-3250-4523-a356-02b83f0b3832 None None] Dynamic interval looping call 'nova.service.Service.periodic_tasks' sleeping for 60.00 seconds {{(pid=99029) _run_loop /opt/stack/data/venv/lib/python3.12/site-packages/oslo_service/backend/_threading/loopingcall.py:125}}
Aug 09 07:33:52.793863 np0000006821 nova-conductor[99022]: DEBUG oslo.service.backend._threading.loopingcall [None req-a78ac15c-767d-470d-9093-83ce731fdc9e None None] Dynamic interval looping call 'nova.service.Service.periodic_tasks' sleeping for 60.00 seconds {{(pid=99022) _run_loop /opt/stack/data/venv/lib/python3.12/site-packages/oslo_service/backend/_threading/loopingcall.py:125}}
Aug 09 07:34:27.791614 np0000006821 nova-conductor[98999]: DEBUG oslo.service.backend._threading.loopingcall [None req-02fb56bd-78a4-44f9-85c4-ed53932d3836 None None] Dynamic interval looping call 'nova.service.Service.periodic_tasks' sleeping for 60.00 seconds {{(pid=98999) _run_loop /opt/stack/data/venv/lib/python3.12/site-packages/oslo_service/backend/_threading/loopingcall.py:125}}
Aug 09 07:34:30.801771 np0000006821 nova-conductor[99009]: DEBUG oslo.service.backend._threading.loopingcall [None req-e1723284-36c6-482b-9186-91232ffc84a7 None None] Dynamic interval looping call 'nova.service.Service.periodic_tasks' sleeping for 60.00 seconds {{(pid=99009) _run_loop /opt/stack/data/venv/lib/python3.12/site-packages/oslo_service/backend/_threading/loopingcall.py:125}}
Aug 09 07:34:42.804521 np0000006821 nova-conductor[99029]: DEBUG oslo.service.backend._threading.loopingcall [None req-f4d1b0ef-3250-4523-a356-02b83f0b3832 None None] Dynamic interval looping call 'nova.service.Service.periodic_tasks' sleeping for 60.00 seconds {{(pid=99029) _run_loop /opt/stack/data/venv/lib/python3.12/site-packages/oslo_service/backend/_threading/loopingcall.py:125}}
Aug 09 07:34:52.794497 np0000006821 nova-conductor[99022]: DEBUG oslo.service.backend._threading.loopingcall [None req-a78ac15c-767d-470d-9093-83ce731fdc9e None None] Dynamic interval looping call 'nova.service.Service.periodic_tasks' sleeping for 60.00 seconds {{(pid=99022) _run_loop /opt/stack/data/venv/lib/python3.12/site-packages/oslo_service/backend/_threading/loopingcall.py:125}}
Aug 09 07:35:23.802750 np0000006821 nova-conductor[98999]: DEBUG oslo.service.backend._threading.loopingcall [-] Fixed interval looping call 'nova.servicegroup.drivers.db.DbDriver._report_state' sleeping for 119.99 seconds {{(pid=98999) _run_loop /opt/stack/data/venv/lib/python3.12/site-packages/oslo_service/backend/_threading/loopingcall.py:125}}
Aug 09 07:35:23.803356 np0000006821 nova-conductor[99022]: DEBUG oslo.service.backend._threading.loopingcall [-] Fixed interval looping call 'nova.servicegroup.drivers.db.DbDriver._report_state' sleeping for 119.99 seconds {{(pid=99022) _run_loop /opt/stack/data/venv/lib/python3.12/site-packages/oslo_service/backend/_threading/loopingcall.py:125}}
Aug 09 07:35:23.803810 np0000006821 nova-conductor[99009]: DEBUG oslo.service.backend._threading.loopingcall [-] Fixed interval looping call 'nova.servicegroup.drivers.db.DbDriver._report_state' sleeping for 119.99 seconds {{(pid=99009) _run_loop /opt/stack/data/venv/lib/python3.12/site-packages/oslo_service/backend/_threading/loopingcall.py:125}}
Aug 09 07:35:23.807673 np0000006821 nova-conductor[99029]: DEBUG oslo.service.backend._threading.loopingcall [-] Fixed interval looping call 'nova.servicegroup.drivers.db.DbDriver._report_state' sleeping for 120.00 seconds {{(pid=99029) _run_loop /opt/stack/data/venv/lib/python3.12/site-packages/oslo_service/backend/_threading/loopingcall.py:125}}
Aug 09 07:35:27.792501 np0000006821 nova-conductor[98999]: DEBUG oslo.service.backend._threading.loopingcall [None req-02fb56bd-78a4-44f9-85c4-ed53932d3836 None None] Dynamic interval looping call 'nova.service.Service.periodic_tasks' sleeping for 60.00 seconds {{(pid=98999) _run_loop /opt/stack/data/venv/lib/python3.12/site-packages/oslo_service/backend/_threading/loopingcall.py:125}}
Aug 09 07:35:30.802373 np0000006821 nova-conductor[99009]: DEBUG oslo.service.backend._threading.loopingcall [None req-e1723284-36c6-482b-9186-91232ffc84a7 None None] Dynamic interval looping call 'nova.service.Service.periodic_tasks' sleeping for 60.00 seconds {{(pid=99009) _run_loop /opt/stack/data/venv/lib/python3.12/site-packages/oslo_service/backend/_threading/loopingcall.py:125}}
Aug 09 07:35:33.796599 np0000006821 nova-conductor[98999]: DEBUG dbcounter [-] [98999] Writing DB stats nova_cell0:SELECT=1,nova_cell0:UPDATE=1 {{(pid=98999) stat_writer /opt/stack/data/venv/lib/python3.12/site-packages/dbcounter.py:115}}
Aug 09 07:35:33.798170 np0000006821 nova-conductor[99022]: DEBUG dbcounter [-] [99022] Writing DB stats nova_cell0:SELECT=1,nova_cell0:UPDATE=1 {{(pid=99022) stat_writer /opt/stack/data/venv/lib/python3.12/site-packages/dbcounter.py:115}}
Aug 09 07:35:33.803342 np0000006821 nova-conductor[99009]: DEBUG dbcounter [-] [99009] Writing DB stats nova_cell0:SELECT=1,nova_cell0:UPDATE=1 {{(pid=99009) stat_writer /opt/stack/data/venv/lib/python3.12/site-packages/dbcounter.py:115}}
Aug 09 07:35:33.806356 np0000006821 nova-conductor[99029]: DEBUG dbcounter [-] [99029] Writing DB stats nova_cell0:SELECT=1 {{(pid=99029) stat_writer /opt/stack/data/venv/lib/python3.12/site-packages/dbcounter.py:115}}
Aug 09 07:35:42.805011 np0000006821 nova-conductor[99029]: DEBUG oslo.service.backend._threading.loopingcall [None req-f4d1b0ef-3250-4523-a356-02b83f0b3832 None None] Dynamic interval looping call 'nova.service.Service.periodic_tasks' sleeping for 60.00 seconds {{(pid=99029) _run_loop /opt/stack/data/venv/lib/python3.12/site-packages/oslo_service/backend/_threading/loopingcall.py:125}}
Aug 09 07:35:50.891490 np0000006821 nova-conductor[98999]: DEBUG oslo_db.sqlalchemy.engines [None req-c5e4c41b-1868-4d26-ada9-eafc503755f5 tempest-ServerActionsTestOtherB-1179233009 tempest-ServerActionsTestOtherB-1179233009-project-member] Parent process 97554 forked (98999) with an open database connection, which is being discarded and recreated. {{(pid=98999) checkout /opt/stack/data/venv/lib/python3.12/site-packages/oslo_db/sqlalchemy/engines.py:402}}
Aug 09 07:35:50.934971 np0000006821 nova-conductor[98999]: DEBUG dbcounter [-] [98999] Writer thread running {{(pid=98999) stat_writer /opt/stack/data/venv/lib/python3.12/site-packages/dbcounter.py:102}}
Aug 09 07:35:52.231209 np0000006821 nova-conductor[98999]: DEBUG nova.conductor.manager [None req-c5e4c41b-1868-4d26-ada9-eafc503755f5 tempest-ServerActionsTestOtherB-1179233009 tempest-ServerActionsTestOtherB-1179233009-project-member] Took 1.29 seconds to select destinations for 1 instance(s). {{(pid=98999) _schedule_instances /opt/stack/nova/nova/conductor/manager.py:968}}
Aug 09 07:35:52.267965 np0000006821 nova-conductor[98999]: DEBUG oslo_concurrency.lockutils [None req-c5e4c41b-1868-4d26-ada9-eafc503755f5 tempest-ServerActionsTestOtherB-1179233009 tempest-ServerActionsTestOtherB-1179233009-project-member] Acquiring lock "9c6fa8e9-ce70-49c9-a28c-6a05d38f82bb" by "nova.context.set_target_cell..get_or_set_cached_cell_and_set_connections" {{(pid=98999) inner /opt/stack/data/venv/lib/python3.12/site-packages/oslo_concurrency/lockutils.py:512}}
Aug 09 07:35:52.268215 np0000006821 nova-conductor[98999]: DEBUG oslo_concurrency.lockutils [None req-c5e4c41b-1868-4d26-ada9-eafc503755f5 tempest-ServerActionsTestOtherB-1179233009 tempest-ServerActionsTestOtherB-1179233009-project-member] Lock "9c6fa8e9-ce70-49c9-a28c-6a05d38f82bb" acquired by "nova.context.set_target_cell..get_or_set_cached_cell_and_set_connections" :: waited 0.000s {{(pid=98999) inner /opt/stack/data/venv/lib/python3.12/site-packages/oslo_concurrency/lockutils.py:525}}
Aug 09 07:35:52.269447 np0000006821 nova-conductor[98999]: DEBUG oslo_concurrency.lockutils [None req-c5e4c41b-1868-4d26-ada9-eafc503755f5 tempest-ServerActionsTestOtherB-1179233009 tempest-ServerActionsTestOtherB-1179233009-project-member] Lock "9c6fa8e9-ce70-49c9-a28c-6a05d38f82bb" "released" by "nova.context.set_target_cell..get_or_set_cached_cell_and_set_connections" :: held 0.001s {{(pid=98999) inner /opt/stack/data/venv/lib/python3.12/site-packages/oslo_concurrency/lockutils.py:544}}
Aug 09 07:35:52.271228 np0000006821 nova-conductor[98999]: INFO dbcounter [None req-c5e4c41b-1868-4d26-ada9-eafc503755f5 tempest-ServerActionsTestOtherB-1179233009 tempest-ServerActionsTestOtherB-1179233009-project-member] Registered counter for database nova_cell1
Aug 09 07:35:52.311706 np0000006821 nova-conductor[98999]: DEBUG oslo_db.sqlalchemy.engines [None req-c5e4c41b-1868-4d26-ada9-eafc503755f5 tempest-ServerActionsTestOtherB-1179233009 tempest-ServerActionsTestOtherB-1179233009-project-member] MySQL server mode set to STRICT_TRANS_TABLES,STRICT_ALL_TABLES,NO_ZERO_IN_DATE,NO_ZERO_DATE,ERROR_FOR_DIVISION_BY_ZERO,TRADITIONAL,NO_ENGINE_SUBSTITUTION {{(pid=98999) _check_effective_sql_mode /opt/stack/data/venv/lib/python3.12/site-packages/oslo_db/sqlalchemy/engines.py:325}}
Aug 09 07:35:52.318344 np0000006821 nova-conductor[98999]: DEBUG dbcounter [-] [98999] Writer thread running {{(pid=98999) stat_writer /opt/stack/data/venv/lib/python3.12/site-packages/dbcounter.py:102}}
Aug 09 07:35:52.384589 np0000006821 nova-conductor[98999]: INFO nova.utils [None req-c5e4c41b-1868-4d26-ada9-eafc503755f5 tempest-ServerActionsTestOtherB-1179233009 tempest-ServerActionsTestOtherB-1179233009-project-member] The cell worker thread pool ForkProcess-1.cell_worker is initialized
Aug 09 07:35:52.384981 np0000006821 nova-conductor[98999]: DEBUG oslo_concurrency.lockutils [None req-c5e4c41b-1868-4d26-ada9-eafc503755f5 tempest-ServerActionsTestOtherB-1179233009 tempest-ServerActionsTestOtherB-1179233009-project-member] Acquiring lock "00000000-0000-0000-0000-000000000000" by "nova.context.set_target_cell..get_or_set_cached_cell_and_set_connections" {{(pid=98999) inner /opt/stack/data/venv/lib/python3.12/site-packages/oslo_concurrency/lockutils.py:512}}
Aug 09 07:35:52.385220 np0000006821 nova-conductor[98999]: DEBUG oslo_concurrency.lockutils [None req-c5e4c41b-1868-4d26-ada9-eafc503755f5 tempest-ServerActionsTestOtherB-1179233009 tempest-ServerActionsTestOtherB-1179233009-project-member] Lock "00000000-0000-0000-0000-000000000000" acquired by "nova.context.set_target_cell..get_or_set_cached_cell_and_set_connections" :: waited 0.000s {{(pid=98999) inner /opt/stack/data/venv/lib/python3.12/site-packages/oslo_concurrency/lockutils.py:525}}
Aug 09 07:35:52.385868 np0000006821 nova-conductor[98999]: DEBUG oslo_concurrency.lockutils [None req-c5e4c41b-1868-4d26-ada9-eafc503755f5 tempest-ServerActionsTestOtherB-1179233009 tempest-ServerActionsTestOtherB-1179233009-project-member] Lock "00000000-0000-0000-0000-000000000000" "released" by "nova.context.set_target_cell..get_or_set_cached_cell_and_set_connections" :: held 0.001s {{(pid=98999) inner /opt/stack/data/venv/lib/python3.12/site-packages/oslo_concurrency/lockutils.py:544}}
Aug 09 07:35:52.386729 np0000006821 nova-conductor[98999]: DEBUG oslo_concurrency.lockutils [None req-c5e4c41b-1868-4d26-ada9-eafc503755f5 tempest-ServerActionsTestOtherB-1179233009 tempest-ServerActionsTestOtherB-1179233009-project-member] Acquiring lock "9c6fa8e9-ce70-49c9-a28c-6a05d38f82bb" by "nova.context.set_target_cell..get_or_set_cached_cell_and_set_connections" {{(pid=98999) inner /opt/stack/data/venv/lib/python3.12/site-packages/oslo_concurrency/lockutils.py:512}}
Aug 09 07:35:52.386928 np0000006821 nova-conductor[98999]: DEBUG oslo_concurrency.lockutils [None req-c5e4c41b-1868-4d26-ada9-eafc503755f5 tempest-ServerActionsTestOtherB-1179233009 tempest-ServerActionsTestOtherB-1179233009-project-member] Lock "9c6fa8e9-ce70-49c9-a28c-6a05d38f82bb" acquired by "nova.context.set_target_cell..get_or_set_cached_cell_and_set_connections" :: waited 0.000s {{(pid=98999) inner /opt/stack/data/venv/lib/python3.12/site-packages/oslo_concurrency/lockutils.py:525}}
