Aug 09 07:32:42.438362 np0000006821 devstack@neutron-api.service[90758]: DEBUG oslo_concurrency.lockutils [None req-1b3e408e-00e8-4058-ac73-ddf9c806e109 None None] Releasing lock "singleton_lock" {{(pid=90758) lock /opt/stack/data/venv/lib/python3.12/site-packages/oslo_concurrency/lockutils.py:419}}
Aug 09 07:32:42.440551 np0000006821 devstack@neutron-api.service[90756]: DEBUG neutron.plugins.ml2.drivers.ovn.mech_driver.mech_driver [None req-78cdea44-7bf8-4e6e-8b4c-ff61932859e4 None None] Hash Ring setup using WSGI start time 2026-08-09 07:32:35+00:00 {{(pid=90756) _init_hash_ring /opt/stack/neutron/neutron/plugins/ml2/drivers/ovn/mech_driver/mech_driver.py:404}}
Aug 09 07:32:42.445197 np0000006821 devstack@neutron-api.service[90758]: DEBUG neutron.plugins.ml2.drivers.ovn.mech_driver.mech_driver [None req-1b3e408e-00e8-4058-ac73-ddf9c806e109 None None] Hash Ring setup using WSGI start time 2026-08-09 07:32:35+00:00 {{(pid=90758) _init_hash_ring /opt/stack/neutron/neutron/plugins/ml2/drivers/ovn/mech_driver/mech_driver.py:404}}
Aug 09 07:32:42.452436 np0000006821 devstack@neutron-api.service[90756]: INFO neutron.db.ovn_hash_ring_db [None req-78cdea44-7bf8-4e6e-8b4c-ff61932859e4 None None] Nodes from host "np0000006821" and group "mechanism_driver" removed from the Hash Ring created at 2026-08-09 07:32:35+00:00
Aug 09 07:32:42.457806 np0000006821 devstack@neutron-api.service[90756]: INFO neutron.db.ovn_hash_ring_db [None req-78cdea44-7bf8-4e6e-8b4c-ff61932859e4 None None] Node 6a4247ce9ec554f08aedf126003f17bf from host "np0000006821" and group "mechanism_driver" added to the Hash Ring
Aug 09 07:32:42.459695 np0000006821 devstack@neutron-api.service[90758]: DEBUG neutron_lib.db.api [None req-1b3e408e-00e8-4058-ac73-ddf9c806e109 None None] Retry wrapper got retriable exception: (pymysql.err.OperationalError) (1213, 'Deadlock found when trying to get lock; try restarting transaction')
Aug 09 07:32:42.459695 np0000006821 devstack@neutron-api.service[90758]: [SQL: DELETE FROM ovn_hash_ring WHERE ovn_hash_ring.hostname = %(hostname_1)s AND ovn_hash_ring.group_name = %(group_name_1)s AND ovn_hash_ring.created_at != %(created_at_1)s]
Aug 09 07:32:42.459695 np0000006821 devstack@neutron-api.service[90758]: [parameters: {'hostname_1': 'np0000006821', 'group_name_1': 'mechanism_driver', 'created_at_1': datetime.datetime(2026, 8, 9, 7, 32, 35, tzinfo=datetime.timezone.utc)}]
Aug 09 07:32:42.459695 np0000006821 devstack@neutron-api.service[90758]: (Background on this error at: https://sqlalche.me/e/20/e3q8) {{(pid=90758) wrapped /opt/stack/data/venv/lib/python3.12/site-packages/neutron_lib/db/api.py:185}}
Aug 09 07:32:42.463062 np0000006821 devstack@neutron-api.service[90756]: DEBUG neutron.plugins.ml2.drivers.ovn.mech_driver.mech_driver [None req-78cdea44-7bf8-4e6e-8b4c-ff61932859e4 None None] Hash Ring setup, this worker has detected 3 OVN hash ring registers in the database {{(pid=90756) _init_hash_ring /opt/stack/neutron/neutron/plugins/ml2/drivers/ovn/mech_driver/mech_driver.py:414}}
Aug 09 07:32:42.463720 np0000006821 devstack@neutron-api.service[90758]: DEBUG oslo_db.api [None req-1b3e408e-00e8-4058-ac73-ddf9c806e109 None None] Performing DB retry for function neutron.db.ovn_hash_ring_db.remove_nodes_from_host {{(pid=90758) wrapper /opt/stack/data/venv/lib/python3.12/site-packages/oslo_db/api.py:155}}
Aug 09 07:32:42.469504 np0000006821 devstack@neutron-api.service[90756]: DEBUG neutron.plugins.ml2.drivers.ovn.mech_driver.ovsdb.maintenance [None req-78cdea44-7bf8-4e6e-8b4c-ff61932859e4 None None] Periodic task found: HashRingHealthCheckPeriodics.touch_hash_ring_node {{(pid=90756) add_periodics /opt/stack/neutron/neutron/plugins/ml2/drivers/ovn/mech_driver/ovsdb/maintenance.py:148}}
Aug 09 07:32:42.470580 np0000006821 devstack@neutron-api.service[90756]: INFO neutron.plugins.ml2.drivers.ovn.mech_driver.mech_driver [None req-78cdea44-7bf8-4e6e-8b4c-ff61932859e4 None None] Hash Ring probing thread for node 6a4247ce9ec554f08aedf126003f17bf has started
Aug 09 07:32:42.472354 np0000006821 devstack@neutron-api.service[90756]: INFO neutron.plugins.ml2.drivers.ovn.mech_driver.ovsdb.impl_idl_ovn [None req-78cdea44-7bf8-4e6e-8b4c-ff61932859e4 None None] Getting OvsdbNbOvnIdl for WorkerService with retry
Aug 09 07:32:42.473494 np0000006821 devstack@neutron-api.service[90755]: DEBUG ovsdbapp.backend.ovs_idl [None req-52541dab-7401-4bdc-8e86-a94edb107d8b None None] Created lookup_table index Logical_Switch.name {{(pid=90755) autocreate_indices /opt/stack/data/venv/lib/python3.12/site-packages/ovsdbapp/backend/ovs_idl/__init__.py:87}}
Aug 09 07:32:42.473686 np0000006821 devstack@neutron-api.service[90755]: DEBUG ovsdbapp.backend.ovs_idl [None req-52541dab-7401-4bdc-8e86-a94edb107d8b None None] Created lookup_table index Logical_Router.name {{(pid=90755) autocreate_indices /opt/stack/data/venv/lib/python3.12/site-packages/ovsdbapp/backend/ovs_idl/__init__.py:87}}
Aug 09 07:32:42.473854 np0000006821 devstack@neutron-api.service[90755]: DEBUG ovsdbapp.backend.ovs_idl [None req-52541dab-7401-4bdc-8e86-a94edb107d8b None None] Created lookup_table index Load_Balancer.name {{(pid=90755) autocreate_indices /opt/stack/data/venv/lib/python3.12/site-packages/ovsdbapp/backend/ovs_idl/__init__.py:87}}
Aug 09 07:32:42.474249 np0000006821 devstack@neutron-api.service[90755]: DEBUG ovsdbapp.backend.ovs_idl [None req-52541dab-7401-4bdc-8e86-a94edb107d8b None None] Created schema index Copp.name {{(pid=90755) autocreate_indices /opt/stack/data/venv/lib/python3.12/site-packages/ovsdbapp/backend/ovs_idl/__init__.py:106}}
Aug 09 07:32:42.474249 np0000006821 devstack@neutron-api.service[90755]: DEBUG ovsdbapp.backend.ovs_idl [None req-52541dab-7401-4bdc-8e86-a94edb107d8b None None] Created schema index Meter.name {{(pid=90755) autocreate_indices /opt/stack/data/venv/lib/python3.12/site-packages/ovsdbapp/backend/ovs_idl/__init__.py:106}}
Aug 09 07:32:42.474676 np0000006821 devstack@neutron-api.service[90755]: DEBUG ovsdbapp.backend.ovs_idl [None req-52541dab-7401-4bdc-8e86-a94edb107d8b None None] Created schema index Load_Balancer_Group.name {{(pid=90755) autocreate_indices /opt/stack/data/venv/lib/python3.12/site-packages/ovsdbapp/backend/ovs_idl/__init__.py:106}}
Aug 09 07:32:42.474676 np0000006821 devstack@neutron-api.service[90755]: DEBUG ovsdbapp.backend.ovs_idl [None req-52541dab-7401-4bdc-8e86-a94edb107d8b None None] Created schema index HA_Chassis_Group.name {{(pid=90755) autocreate_indices /opt/stack/data/venv/lib/python3.12/site-packages/ovsdbapp/backend/ovs_idl/__init__.py:106}}
Aug 09 07:32:42.474676 np0000006821 devstack@neutron-api.service[90755]: DEBUG ovsdbapp.backend.ovs_idl [None req-52541dab-7401-4bdc-8e86-a94edb107d8b None None] Created schema index Address_Set.name {{(pid=90755) autocreate_indices /opt/stack/data/venv/lib/python3.12/site-packages/ovsdbapp/backend/ovs_idl/__init__.py:106}}
Aug 09 07:32:42.474994 np0000006821 devstack@neutron-api.service[90755]: DEBUG ovsdbapp.backend.ovs_idl [None req-52541dab-7401-4bdc-8e86-a94edb107d8b None None] Created schema index Connection.target {{(pid=90755) autocreate_indices /opt/stack/data/venv/lib/python3.12/site-packages/ovsdbapp/backend/ovs_idl/__init__.py:106}}
Aug 09 07:32:42.475110 np0000006821 devstack@neutron-api.service[90755]: DEBUG ovsdbapp.backend.ovs_idl [None req-52541dab-7401-4bdc-8e86-a94edb107d8b None None] Created schema index Gateway_Chassis.name {{(pid=90755) autocreate_indices /opt/stack/data/venv/lib/python3.12/site-packages/ovsdbapp/backend/ovs_idl/__init__.py:106}}
Aug 09 07:32:42.475264 np0000006821 devstack@neutron-api.service[90755]: DEBUG ovsdbapp.backend.ovs_idl [None req-52541dab-7401-4bdc-8e86-a94edb107d8b None None] Created schema index Mirror.name {{(pid=90755) autocreate_indices /opt/stack/data/venv/lib/python3.12/site-packages/ovsdbapp/backend/ovs_idl/__init__.py:106}}
Aug 09 07:32:42.475384 np0000006821 devstack@neutron-api.service[90755]: DEBUG ovsdbapp.backend.ovs_idl [None req-52541dab-7401-4bdc-8e86-a94edb107d8b None None] Created schema index Chassis_Template_Var.chassis {{(pid=90755) autocreate_indices /opt/stack/data/venv/lib/python3.12/site-packages/ovsdbapp/backend/ovs_idl/__init__.py:106}}
Aug 09 07:32:42.475496 np0000006821 devstack@neutron-api.service[90755]: DEBUG ovsdbapp.backend.ovs_idl [None req-52541dab-7401-4bdc-8e86-a94edb107d8b None None] Created schema index Logical_Router_Port.name {{(pid=90755) autocreate_indices /opt/stack/data/venv/lib/python3.12/site-packages/ovsdbapp/backend/ovs_idl/__init__.py:106}}
Aug 09 07:32:42.475625 np0000006821 devstack@neutron-api.service[90755]: DEBUG ovsdbapp.backend.ovs_idl [None req-52541dab-7401-4bdc-8e86-a94edb107d8b None None] Created schema index Port_Group.name {{(pid=90755) autocreate_indices /opt/stack/data/venv/lib/python3.12/site-packages/ovsdbapp/backend/ovs_idl/__init__.py:106}}
Aug 09 07:32:42.475810 np0000006821 devstack@neutron-api.service[90755]: DEBUG ovsdbapp.backend.ovs_idl [None req-52541dab-7401-4bdc-8e86-a94edb107d8b None None] Created schema index Logical_Switch_Port.name {{(pid=90755) autocreate_indices /opt/stack/data/venv/lib/python3.12/site-packages/ovsdbapp/backend/ovs_idl/__init__.py:106}}
Aug 09 07:32:42.479634 np0000006821 devstack@neutron-api.service[90755]: INFO ovsdbapp.backend.ovs_idl.vlog [None req-52541dab-7401-4bdc-8e86-a94edb107d8b None None] ssl:10.4.3.41:6641: connecting...
Aug 09 07:32:42.487394 np0000006821 devstack@neutron-api.service[90755]: INFO ovsdbapp.backend.ovs_idl.vlog [None req-52541dab-7401-4bdc-8e86-a94edb107d8b None None] ssl:10.4.3.41:6641: connected
Aug 09 07:32:42.532266 np0000006821 devstack@neutron-api.service[90756]: DEBUG ovsdbapp.backend.ovs_idl [None req-78cdea44-7bf8-4e6e-8b4c-ff61932859e4 None None] Created lookup_table index Logical_Switch.name {{(pid=90756) autocreate_indices /opt/stack/data/venv/lib/python3.12/site-packages/ovsdbapp/backend/ovs_idl/__init__.py:87}}
Aug 09 07:32:42.532448 np0000006821 devstack@neutron-api.service[90756]: DEBUG ovsdbapp.backend.ovs_idl [None req-78cdea44-7bf8-4e6e-8b4c-ff61932859e4 None None] Created lookup_table index Logical_Router.name {{(pid=90756) autocreate_indices /opt/stack/data/venv/lib/python3.12/site-packages/ovsdbapp/backend/ovs_idl/__init__.py:87}}
Aug 09 07:32:42.532597 np0000006821 devstack@neutron-api.service[90756]: DEBUG ovsdbapp.backend.ovs_idl [None req-78cdea44-7bf8-4e6e-8b4c-ff61932859e4 None None] Created lookup_table index Load_Balancer.name {{(pid=90756) autocreate_indices /opt/stack/data/venv/lib/python3.12/site-packages/ovsdbapp/backend/ovs_idl/__init__.py:87}}
Aug 09 07:32:42.532765 np0000006821 devstack@neutron-api.service[90756]: DEBUG ovsdbapp.backend.ovs_idl [None req-78cdea44-7bf8-4e6e-8b4c-ff61932859e4 None None] Created schema index Copp.name {{(pid=90756) autocreate_indices /opt/stack/data/venv/lib/python3.12/site-packages/ovsdbapp/backend/ovs_idl/__init__.py:106}}
Aug 09 07:32:42.533006 np0000006821 devstack@neutron-api.service[90756]: DEBUG ovsdbapp.backend.ovs_idl [None req-78cdea44-7bf8-4e6e-8b4c-ff61932859e4 None None] Created schema index Meter.name {{(pid=90756) autocreate_indices /opt/stack/data/venv/lib/python3.12/site-packages/ovsdbapp/backend/ovs_idl/__init__.py:106}}
Aug 09 07:32:42.533073 np0000006821 devstack@neutron-api.service[90756]: DEBUG ovsdbapp.backend.ovs_idl [None req-78cdea44-7bf8-4e6e-8b4c-ff61932859e4 None None] Created schema index Load_Balancer_Group.name {{(pid=90756) autocreate_indices /opt/stack/data/venv/lib/python3.12/site-packages/ovsdbapp/backend/ovs_idl/__init__.py:106}}
Aug 09 07:32:42.533461 np0000006821 devstack@neutron-api.service[90756]: DEBUG ovsdbapp.backend.ovs_idl [None req-78cdea44-7bf8-4e6e-8b4c-ff61932859e4 None None] Created schema index HA_Chassis_Group.name {{(pid=90756) autocreate_indices /opt/stack/data/venv/lib/python3.12/site-packages/ovsdbapp/backend/ovs_idl/__init__.py:106}}
Aug 09 07:32:42.533461 np0000006821 devstack@neutron-api.service[90756]: DEBUG ovsdbapp.backend.ovs_idl [None req-78cdea44-7bf8-4e6e-8b4c-ff61932859e4 None None] Created schema index Address_Set.name {{(pid=90756) autocreate_indices /opt/stack/data/venv/lib/python3.12/site-packages/ovsdbapp/backend/ovs_idl/__init__.py:106}}
Aug 09 07:32:42.533593 np0000006821 devstack@neutron-api.service[90756]: DEBUG ovsdbapp.backend.ovs_idl [None req-78cdea44-7bf8-4e6e-8b4c-ff61932859e4 None None] Created schema index Connection.target {{(pid=90756) autocreate_indices /opt/stack/data/venv/lib/python3.12/site-packages/ovsdbapp/backend/ovs_idl/__init__.py:106}}
Aug 09 07:32:42.533685 np0000006821 devstack@neutron-api.service[90756]: DEBUG ovsdbapp.backend.ovs_idl [None req-78cdea44-7bf8-4e6e-8b4c-ff61932859e4 None None] Created schema index Gateway_Chassis.name {{(pid=90756) autocreate_indices /opt/stack/data/venv/lib/python3.12/site-packages/ovsdbapp/backend/ovs_idl/__init__.py:106}}
Aug 09 07:32:42.533870 np0000006821 devstack@neutron-api.service[90756]: DEBUG ovsdbapp.backend.ovs_idl [None req-78cdea44-7bf8-4e6e-8b4c-ff61932859e4 None None] Created schema index Mirror.name {{(pid=90756) autocreate_indices /opt/stack/data/venv/lib/python3.12/site-packages/ovsdbapp/backend/ovs_idl/__init__.py:106}}
Aug 09 07:32:42.533935 np0000006821 devstack@neutron-api.service[90756]: DEBUG ovsdbapp.backend.ovs_idl [None req-78cdea44-7bf8-4e6e-8b4c-ff61932859e4 None None] Created schema index Chassis_Template_Var.chassis {{(pid=90756) autocreate_indices /opt/stack/data/venv/lib/python3.12/site-packages/ovsdbapp/backend/ovs_idl/__init__.py:106}}
Aug 09 07:32:42.534607 np0000006821 devstack@neutron-api.service[90755]: DEBUG neutron.common.ovn.hash_ring_manager [None req-52541dab-7401-4bdc-8e86-a94edb107d8b None None] Disallow caching, nodes 3<4 {{(pid=90755) _wait_startup_before_caching /opt/stack/neutron/neutron/common/ovn/hash_ring_manager.py:79}}
Aug 09 07:32:42.534683 np0000006821 devstack@neutron-api.service[90756]: DEBUG ovsdbapp.backend.ovs_idl [None req-78cdea44-7bf8-4e6e-8b4c-ff61932859e4 None None] Created schema index Logical_Router_Port.name {{(pid=90756) autocreate_indices /opt/stack/data/venv/lib/python3.12/site-packages/ovsdbapp/backend/ovs_idl/__init__.py:106}}
Aug 09 07:32:42.534770 np0000006821 devstack@neutron-api.service[90756]: DEBUG ovsdbapp.backend.ovs_idl [None req-78cdea44-7bf8-4e6e-8b4c-ff61932859e4 None None] Created schema index Port_Group.name {{(pid=90756) autocreate_indices /opt/stack/data/venv/lib/python3.12/site-packages/ovsdbapp/backend/ovs_idl/__init__.py:106}}
Aug 09 07:32:42.535116 np0000006821 devstack@neutron-api.service[90756]: DEBUG ovsdbapp.backend.ovs_idl [None req-78cdea44-7bf8-4e6e-8b4c-ff61932859e4 None None] Created schema index Logical_Switch_Port.name {{(pid=90756) autocreate_indices /opt/stack/data/venv/lib/python3.12/site-packages/ovsdbapp/backend/ovs_idl/__init__.py:106}}
Aug 09 07:32:42.538205 np0000006821 devstack@neutron-api.service[90756]: INFO ovsdbapp.backend.ovs_idl.vlog [None req-78cdea44-7bf8-4e6e-8b4c-ff61932859e4 None None] ssl:10.4.3.41:6641: connecting...
Aug 09 07:32:42.542902 np0000006821 devstack@neutron-api.service[90755]: DEBUG neutron.common.ovn.hash_ring_manager [None req-52541dab-7401-4bdc-8e86-a94edb107d8b None None] Hash Ring loaded. 3 active nodes. 0 offline nodes {{(pid=90755) _load_hash_ring /opt/stack/neutron/neutron/common/ovn/hash_ring_manager.py:110}}
Aug 09 07:32:42.544614 np0000006821 devstack@neutron-api.service[90756]: INFO ovsdbapp.backend.ovs_idl.vlog [None req-78cdea44-7bf8-4e6e-8b4c-ff61932859e4 None None] ssl:10.4.3.41:6641: connected
Aug 09 07:32:42.553102 np0000006821 devstack@neutron-api.service[90755]: DEBUG neutron.common.ovn.hash_ring_manager [None req-52541dab-7401-4bdc-8e86-a94edb107d8b None None] Hash Ring loaded. 3 active nodes. 0 offline nodes {{(pid=90755) _load_hash_ring /opt/stack/neutron/neutron/common/ovn/hash_ring_manager.py:110}}
Aug 09 07:32:42.553306 np0000006821 devstack@neutron-api.service[90755]: DEBUG neutron.plugins.ml2.drivers.ovn.mech_driver.ovsdb.ovsdb_monitor [None req-52541dab-7401-4bdc-8e86-a94edb107d8b None None] Hash Ring: Node df0604f9f4f55c62941afd3f9157dd48 (host: np0000006821) handling event "create" for row 911f129b-fabb-4547-b5cc-bdab9845ec08 (table: ACL) {{(pid=90755) notify /opt/stack/neutron/neutron/plugins/ml2/drivers/ovn/mech_driver/ovsdb/ovsdb_monitor.py:1099}}
Aug 09 07:32:42.564078 np0000006821 devstack@neutron-api.service[90755]: DEBUG neutron.common.ovn.hash_ring_manager [None req-52541dab-7401-4bdc-8e86-a94edb107d8b None None] Hash Ring loaded. 3 active nodes. 0 offline nodes {{(pid=90755) _load_hash_ring /opt/stack/neutron/neutron/common/ovn/hash_ring_manager.py:110}}
Aug 09 07:32:42.564374 np0000006821 devstack@neutron-api.service[90755]: DEBUG neutron.plugins.ml2.drivers.ovn.mech_driver.ovsdb.ovsdb_monitor [None req-52541dab-7401-4bdc-8e86-a94edb107d8b None None] Hash Ring: Node df0604f9f4f55c62941afd3f9157dd48 (host: np0000006821) handling event "create" for row b7ef7a2e-db81-4e43-84e2-b634230c529a (table: ACL) {{(pid=90755) notify /opt/stack/neutron/neutron/plugins/ml2/drivers/ovn/mech_driver/ovsdb/ovsdb_monitor.py:1099}}
Aug 09 07:32:42.573148 np0000006821 devstack@neutron-api.service[90755]: DEBUG neutron.common.ovn.hash_ring_manager [None req-52541dab-7401-4bdc-8e86-a94edb107d8b None None] Hash Ring loaded. 3 active nodes. 0 offline nodes {{(pid=90755) _load_hash_ring /opt/stack/neutron/neutron/common/ovn/hash_ring_manager.py:110}}
Aug 09 07:32:42.581312 np0000006821 devstack@neutron-api.service[90755]: DEBUG neutron.common.ovn.hash_ring_manager [None req-52541dab-7401-4bdc-8e86-a94edb107d8b None None] Hash Ring loaded. 3 active nodes. 0 offline nodes {{(pid=90755) _load_hash_ring /opt/stack/neutron/neutron/common/ovn/hash_ring_manager.py:110}}
Aug 09 07:32:42.581445 np0000006821 devstack@neutron-api.service[90756]: DEBUG neutron.common.ovn.hash_ring_manager [None req-78cdea44-7bf8-4e6e-8b4c-ff61932859e4 None None] Disallow caching, nodes 3<4 {{(pid=90756) _wait_startup_before_caching /opt/stack/neutron/neutron/common/ovn/hash_ring_manager.py:79}}
Aug 09 07:32:42.581507 np0000006821 devstack@neutron-api.service[90755]: DEBUG neutron.plugins.ml2.drivers.ovn.mech_driver.ovsdb.ovsdb_monitor [None req-52541dab-7401-4bdc-8e86-a94edb107d8b None None] Hash Ring: Node df0604f9f4f55c62941afd3f9157dd48 (host: np0000006821) handling event "create" for row b6876cf5-2fab-4b90-89d4-7d13c3055adc (table: Connection) {{(pid=90755) notify /opt/stack/neutron/neutron/plugins/ml2/drivers/ovn/mech_driver/ovsdb/ovsdb_monitor.py:1099}}
Aug 09 07:32:42.587604 np0000006821 devstack@neutron-api.service[90755]: DEBUG neutron.common.ovn.hash_ring_manager [None req-52541dab-7401-4bdc-8e86-a94edb107d8b None None] Hash Ring loaded. 3 active nodes. 0 offline nodes {{(pid=90755) _load_hash_ring /opt/stack/neutron/neutron/common/ovn/hash_ring_manager.py:110}}
Aug 09 07:32:42.589600 np0000006821 devstack@neutron-api.service[90756]: DEBUG neutron.common.ovn.hash_ring_manager [None req-78cdea44-7bf8-4e6e-8b4c-ff61932859e4 None None] Hash Ring loaded. 3 active nodes. 0 offline nodes {{(pid=90756) _load_hash_ring /opt/stack/neutron/neutron/common/ovn/hash_ring_manager.py:110}}
Aug 09 07:32:42.589929 np0000006821 devstack@neutron-api.service[90756]: DEBUG neutron.plugins.ml2.drivers.ovn.mech_driver.ovsdb.ovsdb_monitor [None req-78cdea44-7bf8-4e6e-8b4c-ff61932859e4 None None] Hash Ring: Node 6a4247ce9ec554f08aedf126003f17bf (host: np0000006821) handling event "create" for row 22a800cd-a6e6-43a9-a1a3-99fceb280698 (table: ACL) {{(pid=90756) notify /opt/stack/neutron/neutron/plugins/ml2/drivers/ovn/mech_driver/ovsdb/ovsdb_monitor.py:1099}}
Aug 09 07:32:42.595478 np0000006821 devstack@neutron-api.service[90755]: DEBUG neutron.common.ovn.hash_ring_manager [None req-52541dab-7401-4bdc-8e86-a94edb107d8b None None] Hash Ring loaded. 3 active nodes. 0 offline nodes {{(pid=90755) _load_hash_ring /opt/stack/neutron/neutron/common/ovn/hash_ring_manager.py:110}}
Aug 09 07:32:42.595708 np0000006821 devstack@neutron-api.service[90755]: DEBUG neutron.plugins.ml2.drivers.ovn.mech_driver.ovsdb.ovsdb_monitor [None req-52541dab-7401-4bdc-8e86-a94edb107d8b None None] Hash Ring: Node df0604f9f4f55c62941afd3f9157dd48 (host: np0000006821) handling event "create" for row aafdaef4-226e-4ecd-94b8-ad54aed40454 (table: Port_Group) {{(pid=90755) notify /opt/stack/neutron/neutron/plugins/ml2/drivers/ovn/mech_driver/ovsdb/ovsdb_monitor.py:1099}}
Aug 09 07:32:42.597663 np0000006821 devstack@neutron-api.service[90756]: DEBUG neutron.common.ovn.hash_ring_manager [None req-78cdea44-7bf8-4e6e-8b4c-ff61932859e4 None None] Hash Ring loaded. 3 active nodes. 0 offline nodes {{(pid=90756) _load_hash_ring /opt/stack/neutron/neutron/common/ovn/hash_ring_manager.py:110}}
Aug 09 07:32:42.603244 np0000006821 devstack@neutron-api.service[90755]: DEBUG neutron.common.ovn.hash_ring_manager [None req-52541dab-7401-4bdc-8e86-a94edb107d8b None None] Hash Ring loaded. 3 active nodes. 0 offline nodes {{(pid=90755) _load_hash_ring /opt/stack/neutron/neutron/common/ovn/hash_ring_manager.py:110}}
Aug 09 07:32:42.606709 np0000006821 devstack@neutron-api.service[90756]: DEBUG neutron.common.ovn.hash_ring_manager [None req-78cdea44-7bf8-4e6e-8b4c-ff61932859e4 None None] Hash Ring loaded. 3 active nodes. 0 offline nodes {{(pid=90756) _load_hash_ring /opt/stack/neutron/neutron/common/ovn/hash_ring_manager.py:110}}
Aug 09 07:32:42.612733 np0000006821 devstack@neutron-api.service[90755]: DEBUG neutron.common.ovn.hash_ring_manager [None req-52541dab-7401-4bdc-8e86-a94edb107d8b None None] Hash Ring loaded. 3 active nodes. 0 offline nodes {{(pid=90755) _load_hash_ring /opt/stack/neutron/neutron/common/ovn/hash_ring_manager.py:110}}
Aug 09 07:32:42.613511 np0000006821 devstack@neutron-api.service[90755]: INFO neutron.plugins.ml2.drivers.ovn.mech_driver.ovsdb.impl_idl_ovn [None req-52541dab-7401-4bdc-8e86-a94edb107d8b None None] Getting OvsdbSbOvnIdl for WorkerService with retry
Aug 09 07:32:42.615865 np0000006821 devstack@neutron-api.service[90756]: DEBUG neutron.common.ovn.hash_ring_manager [None req-78cdea44-7bf8-4e6e-8b4c-ff61932859e4 None None] Hash Ring loaded. 3 active nodes. 0 offline nodes {{(pid=90756) _load_hash_ring /opt/stack/neutron/neutron/common/ovn/hash_ring_manager.py:110}}
Aug 09 07:32:42.616138 np0000006821 devstack@neutron-api.service[90756]: DEBUG neutron.plugins.ml2.drivers.ovn.mech_driver.ovsdb.ovsdb_monitor [None req-78cdea44-7bf8-4e6e-8b4c-ff61932859e4 None None] Hash Ring: Node 6a4247ce9ec554f08aedf126003f17bf (host: np0000006821) handling event "create" for row b97ab2c0-b7a0-4733-9408-69695ed44a62 (table: ACL) {{(pid=90756) notify /opt/stack/neutron/neutron/plugins/ml2/drivers/ovn/mech_driver/ovsdb/ovsdb_monitor.py:1099}}
Aug 09 07:32:42.624560 np0000006821 devstack@neutron-api.service[90756]: DEBUG neutron.common.ovn.hash_ring_manager [None req-78cdea44-7bf8-4e6e-8b4c-ff61932859e4 None None] Hash Ring loaded. 3 active nodes. 0 offline nodes {{(pid=90756) _load_hash_ring /opt/stack/neutron/neutron/common/ovn/hash_ring_manager.py:110}}
Aug 09 07:32:42.632091 np0000006821 devstack@neutron-api.service[90756]: DEBUG neutron.common.ovn.hash_ring_manager [None req-78cdea44-7bf8-4e6e-8b4c-ff61932859e4 None None] Hash Ring loaded. 3 active nodes. 0 offline nodes {{(pid=90756) _load_hash_ring /opt/stack/neutron/neutron/common/ovn/hash_ring_manager.py:110}}
Aug 09 07:32:42.632260 np0000006821 devstack@neutron-api.service[90756]: DEBUG neutron.plugins.ml2.drivers.ovn.mech_driver.ovsdb.ovsdb_monitor [None req-78cdea44-7bf8-4e6e-8b4c-ff61932859e4 None None] Hash Ring: Node 6a4247ce9ec554f08aedf126003f17bf (host: np0000006821) handling event "create" for row b514a803-d912-41b7-9fe2-f70e4a936e33 (table: NB_Global) {{(pid=90756) notify /opt/stack/neutron/neutron/plugins/ml2/drivers/ovn/mech_driver/ovsdb/ovsdb_monitor.py:1099}}
Aug 09 07:32:42.640551 np0000006821 devstack@neutron-api.service[90756]: DEBUG neutron.common.ovn.hash_ring_manager [None req-78cdea44-7bf8-4e6e-8b4c-ff61932859e4 None None] Hash Ring loaded. 3 active nodes. 0 offline nodes {{(pid=90756) _load_hash_ring /opt/stack/neutron/neutron/common/ovn/hash_ring_manager.py:110}}
Aug 09 07:32:42.647369 np0000006821 devstack@neutron-api.service[90756]: DEBUG neutron.common.ovn.hash_ring_manager [None req-78cdea44-7bf8-4e6e-8b4c-ff61932859e4 None None] Hash Ring loaded. 3 active nodes. 0 offline nodes {{(pid=90756) _load_hash_ring /opt/stack/neutron/neutron/common/ovn/hash_ring_manager.py:110}}
Aug 09 07:32:42.647516 np0000006821 devstack@neutron-api.service[90756]: DEBUG neutron.plugins.ml2.drivers.ovn.mech_driver.ovsdb.ovsdb_monitor [None req-78cdea44-7bf8-4e6e-8b4c-ff61932859e4 None None] Hash Ring: Node 6a4247ce9ec554f08aedf126003f17bf (host: np0000006821) handling event "create" for row e383d711-6c36-4fb5-b72b-2dd2cc0a76be (table: Port_Group) {{(pid=90756) notify /opt/stack/neutron/neutron/plugins/ml2/drivers/ovn/mech_driver/ovsdb/ovsdb_monitor.py:1099}}
Aug 09 07:32:42.648058 np0000006821 devstack@neutron-api.service[90755]: DEBUG ovsdbapp.backend.ovs_idl [None req-52541dab-7401-4bdc-8e86-a94edb107d8b None None] Created lookup_table index Chassis.name {{(pid=90755) autocreate_indices /opt/stack/data/venv/lib/python3.12/site-packages/ovsdbapp/backend/ovs_idl/__init__.py:87}}
Aug 09 07:32:42.648236 np0000006821 devstack@neutron-api.service[90755]: DEBUG ovsdbapp.backend.ovs_idl [None req-52541dab-7401-4bdc-8e86-a94edb107d8b None None] Created lookup_table index Port_Binding.logical_port {{(pid=90755) autocreate_indices /opt/stack/data/venv/lib/python3.12/site-packages/ovsdbapp/backend/ovs_idl/__init__.py:87}}
Aug 09 07:32:42.648383 np0000006821 devstack@neutron-api.service[90755]: DEBUG ovsdbapp.backend.ovs_idl [None req-52541dab-7401-4bdc-8e86-a94edb107d8b None None] Created schema index Chassis_Private.name {{(pid=90755) autocreate_indices /opt/stack/data/venv/lib/python3.12/site-packages/ovsdbapp/backend/ovs_idl/__init__.py:106}}
Aug 09 07:32:42.648522 np0000006821 devstack@neutron-api.service[90755]: DEBUG ovsdbapp.backend.ovs_idl [None req-52541dab-7401-4bdc-8e86-a94edb107d8b None None] Created schema index Datapath_Binding.tunnel_key {{(pid=90755) autocreate_indices /opt/stack/data/venv/lib/python3.12/site-packages/ovsdbapp/backend/ovs_idl/__init__.py:106}}
Aug 09 07:32:42.652082 np0000006821 devstack@neutron-api.service[90755]: INFO ovsdbapp.backend.ovs_idl.vlog [None req-52541dab-7401-4bdc-8e86-a94edb107d8b None None] ssl:10.4.3.41:6642: connecting...
Aug 09 07:32:42.657571 np0000006821 devstack@neutron-api.service[90755]: INFO ovsdbapp.backend.ovs_idl.vlog [None req-52541dab-7401-4bdc-8e86-a94edb107d8b None None] ssl:10.4.3.41:6642: connected
Aug 09 07:32:42.660734 np0000006821 devstack@neutron-api.service[90756]: DEBUG neutron.common.ovn.hash_ring_manager [None req-78cdea44-7bf8-4e6e-8b4c-ff61932859e4 None None] Hash Ring loaded. 3 active nodes. 0 offline nodes {{(pid=90756) _load_hash_ring /opt/stack/neutron/neutron/common/ovn/hash_ring_manager.py:110}}
Aug 09 07:32:42.662187 np0000006821 devstack@neutron-api.service[90756]: INFO neutron.plugins.ml2.drivers.ovn.mech_driver.ovsdb.impl_idl_ovn [None req-78cdea44-7bf8-4e6e-8b4c-ff61932859e4 None None] Getting OvsdbSbOvnIdl for WorkerService with retry
Aug 09 07:32:42.690415 np0000006821 devstack@neutron-api.service[90755]: DEBUG neutron.common.ovn.hash_ring_manager [None req-52541dab-7401-4bdc-8e86-a94edb107d8b None None] Disallow caching, nodes 3<4 {{(pid=90755) _wait_startup_before_caching /opt/stack/neutron/neutron/common/ovn/hash_ring_manager.py:79}}
Aug 09 07:32:42.695989 np0000006821 devstack@neutron-api.service[90755]: DEBUG neutron.common.ovn.hash_ring_manager [None req-52541dab-7401-4bdc-8e86-a94edb107d8b None None] Hash Ring loaded. 3 active nodes. 0 offline nodes {{(pid=90755) _load_hash_ring /opt/stack/neutron/neutron/common/ovn/hash_ring_manager.py:110}}
Aug 09 07:32:42.696551 np0000006821 devstack@neutron-api.service[90755]: DEBUG ovsdbapp.backend.ovs_idl.event [None req-52541dab-7401-4bdc-8e86-a94edb107d8b None None] Matched CREATE: ChassisAgentWriteEvent(events=('create', 'update'), table='Chassis_Private', conditions=None, old_conditions=None), priority=20 to row=Chassis_Private(uuid=b7a7e1d1-7afa-4647-925d-676bda214cc4, chassis=5f210a7c-3ffd-4b48-9de0-2aa079f12eb3, external_ids={'neutron:ovn-bridge': 'br-int', 'neutron:ovn-neutron-agent-id': 'fbe71fd9-33a8-590f-abc9-121fd251647a', 'neutron:ovn-neutron-agent-sb-cfg': '0'}, name='76602e9b-d93f-473e-a61d-cb7b2455eb65', nb_cfg=0, nb_cfg_timestamp=0) old= {{(pid=90755) matches /opt/stack/data/venv/lib/python3.12/site-packages/ovsdbapp/backend/ovs_idl/event.py:55}}
Aug 09 07:32:42.697045 np0000006821 devstack@neutron-api.service[90755]: DEBUG ovsdbapp.backend.ovs_idl.event [None req-52541dab-7401-4bdc-8e86-a94edb107d8b None None] Matched CREATE: ChassisOVNAgentWriteEvent(events=('create', 'update'), table='Chassis_Private', conditions=None, old_conditions=None), priority=20 to row=Chassis_Private(uuid=b7a7e1d1-7afa-4647-925d-676bda214cc4, chassis=5f210a7c-3ffd-4b48-9de0-2aa079f12eb3, external_ids={'neutron:ovn-bridge': 'br-int', 'neutron:ovn-neutron-agent-id': 'fbe71fd9-33a8-590f-abc9-121fd251647a', 'neutron:ovn-neutron-agent-sb-cfg': '0'}, name='76602e9b-d93f-473e-a61d-cb7b2455eb65', nb_cfg=0, nb_cfg_timestamp=0) old= {{(pid=90755) matches /opt/stack/data/venv/lib/python3.12/site-packages/ovsdbapp/backend/ovs_idl/event.py:55}}
Aug 09 07:32:42.697863 np0000006821 devstack@neutron-api.service[90756]: DEBUG ovsdbapp.backend.ovs_idl [None req-78cdea44-7bf8-4e6e-8b4c-ff61932859e4 None None] Created lookup_table index Chassis.name {{(pid=90756) autocreate_indices /opt/stack/data/venv/lib/python3.12/site-packages/ovsdbapp/backend/ovs_idl/__init__.py:87}}
Aug 09 07:32:42.698077 np0000006821 devstack@neutron-api.service[90756]: DEBUG ovsdbapp.backend.ovs_idl [None req-78cdea44-7bf8-4e6e-8b4c-ff61932859e4 None None] Created lookup_table index Port_Binding.logical_port {{(pid=90756) autocreate_indices /opt/stack/data/venv/lib/python3.12/site-packages/ovsdbapp/backend/ovs_idl/__init__.py:87}}
Aug 09 07:32:42.698243 np0000006821 devstack@neutron-api.service[90756]: DEBUG ovsdbapp.backend.ovs_idl [None req-78cdea44-7bf8-4e6e-8b4c-ff61932859e4 None None] Created schema index Chassis_Private.name {{(pid=90756) autocreate_indices /opt/stack/data/venv/lib/python3.12/site-packages/ovsdbapp/backend/ovs_idl/__init__.py:106}}
Aug 09 07:32:42.698403 np0000006821 devstack@neutron-api.service[90756]: DEBUG ovsdbapp.backend.ovs_idl [None req-78cdea44-7bf8-4e6e-8b4c-ff61932859e4 None None] Created schema index Datapath_Binding.tunnel_key {{(pid=90756) autocreate_indices /opt/stack/data/venv/lib/python3.12/site-packages/ovsdbapp/backend/ovs_idl/__init__.py:106}}
Aug 09 07:32:42.701682 np0000006821 devstack@neutron-api.service[90756]: INFO ovsdbapp.backend.ovs_idl.vlog [None req-78cdea44-7bf8-4e6e-8b4c-ff61932859e4 None None] ssl:10.4.3.41:6642: connecting...
Aug 09 07:32:42.705280 np0000006821 devstack@neutron-api.service[90755]: DEBUG neutron.common.ovn.hash_ring_manager [None req-52541dab-7401-4bdc-8e86-a94edb107d8b None None] Hash Ring loaded. 3 active nodes. 0 offline nodes {{(pid=90755) _load_hash_ring /opt/stack/neutron/neutron/common/ovn/hash_ring_manager.py:110}}
Aug 09 07:32:42.707930 np0000006821 devstack@neutron-api.service[90756]: INFO ovsdbapp.backend.ovs_idl.vlog [None req-78cdea44-7bf8-4e6e-8b4c-ff61932859e4 None None] ssl:10.4.3.41:6642: connected
Aug 09 07:32:42.711743 np0000006821 devstack@neutron-api.service[90755]: DEBUG neutron.common.ovn.hash_ring_manager [None req-52541dab-7401-4bdc-8e86-a94edb107d8b None None] Hash Ring loaded. 3 active nodes. 0 offline nodes {{(pid=90755) _load_hash_ring /opt/stack/neutron/neutron/common/ovn/hash_ring_manager.py:110}}
Aug 09 07:32:42.711975 np0000006821 devstack@neutron-api.service[90755]: DEBUG neutron.plugins.ml2.drivers.ovn.mech_driver.ovsdb.ovsdb_monitor [None req-52541dab-7401-4bdc-8e86-a94edb107d8b None None] Hash Ring: Node df0604f9f4f55c62941afd3f9157dd48 (host: np0000006821) handling event "create" for row 8e5bbbbb-2e62-439a-8c42-ebf6c939395d (table: Encap) {{(pid=90755) notify /opt/stack/neutron/neutron/plugins/ml2/drivers/ovn/mech_driver/ovsdb/ovsdb_monitor.py:1099}}
Aug 09 07:32:42.713398 np0000006821 devstack@neutron-api.service[90755]: INFO neutron.plugins.ml2.drivers.ovn.mech_driver.mech_driver [None req-52541dab-7401-4bdc-8e86-a94edb107d8b None None] WorkerService process has finished the post initialization
Aug 09 07:32:42.713710 np0000006821 devstack@neutron-api.service[90755]: DEBUG oslo_concurrency.processutils [None req-52541dab-7401-4bdc-8e86-a94edb107d8b None None] Running cmd (subprocess): ovsdb-client transact ssl:10.4.3.41:6641 --timeout 180 -p /opt/stack/data/CA/int-ca/private/devstack-cert.key -c /opt/stack/data/CA/int-ca/devstack-cert.crt -C /opt/stack/data/CA/int-ca/ca-chain.pem ["OVN_Northbound", {"op": "wait", "timeout": 0, "table": "Port_Group", "where": [["name", "==", "pvlan_pg_drop"]], "until": "==", "rows": []}, {"op": "insert", "table": "ACL", "row": {"action": "drop", "direction": "to-lport", "match": "outport == @pvlan_pg_drop && ip", "priority": 1010}, "uuid-name": "pvlandroptoport"}, {"op": "insert", "table": "ACL", "row": {"action": "drop", "direction": "from-lport", "match": "inport == @pvlan_pg_drop && ip", "priority": 1010}, "uuid-name": "pvlandropfromport"}, {"op": "insert", "table": "Port_Group", "row": {"name": "pvlan_pg_drop", "acls": ["set", [["named-uuid", "pvlandroptoport"], ["named-uuid", "pvlandropfromport"]]]}}] {{(pid=90755) execute /opt/stack/data/venv/lib/python3.12/site-packages/oslo_concurrency/processutils.py:440}}
Aug 09 07:32:42.739747 np0000006821 devstack@neutron-api.service[90755]: DEBUG oslo_concurrency.processutils [None req-52541dab-7401-4bdc-8e86-a94edb107d8b None None] CMD "ovsdb-client transact ssl:10.4.3.41:6641 --timeout 180 -p /opt/stack/data/CA/int-ca/private/devstack-cert.key -c /opt/stack/data/CA/int-ca/devstack-cert.crt -C /opt/stack/data/CA/int-ca/ca-chain.pem ["OVN_Northbound", {"op": "wait", "timeout": 0, "table": "Port_Group", "where": [["name", "==", "pvlan_pg_drop"]], "until": "==", "rows": []}, {"op": "insert", "table": "ACL", "row": {"action": "drop", "direction": "to-lport", "match": "outport == @pvlan_pg_drop && ip", "priority": 1010}, "uuid-name": "pvlandroptoport"}, {"op": "insert", "table": "ACL", "row": {"action": "drop", "direction": "from-lport", "match": "inport == @pvlan_pg_drop && ip", "priority": 1010}, "uuid-name": "pvlandropfromport"}, {"op": "insert", "table": "Port_Group", "row": {"name": "pvlan_pg_drop", "acls": ["set", [["named-uuid", "pvlandroptoport"], ["named-uuid", "pvlandropfromport"]]]}}]" returned: 0 in 0.025s {{(pid=90755) execute /opt/stack/data/venv/lib/python3.12/site-packages/oslo_concurrency/processutils.py:468}}
Aug 09 07:32:42.742430 np0000006821 devstack@neutron-api.service[90755]: WSGI app 0 (mountpoint='') ready in 7 seconds on interpreter 0x7ac21b6a4668 pid: 90755 (default app)
Aug 09 07:32:42.744167 np0000006821 devstack@neutron-api.service[90756]: DEBUG neutron.common.ovn.hash_ring_manager [None req-78cdea44-7bf8-4e6e-8b4c-ff61932859e4 None None] Disallow caching, nodes 3<4 {{(pid=90756) _wait_startup_before_caching /opt/stack/neutron/neutron/common/ovn/hash_ring_manager.py:79}}
Aug 09 07:32:42.749155 np0000006821 devstack@neutron-api.service[90756]: DEBUG neutron.common.ovn.hash_ring_manager [None req-78cdea44-7bf8-4e6e-8b4c-ff61932859e4 None None] Hash Ring loaded. 3 active nodes. 0 offline nodes {{(pid=90756) _load_hash_ring /opt/stack/neutron/neutron/common/ovn/hash_ring_manager.py:110}}
Aug 09 07:32:42.749357 np0000006821 devstack@neutron-api.service[90756]: DEBUG neutron.plugins.ml2.drivers.ovn.mech_driver.ovsdb.ovsdb_monitor [None req-78cdea44-7bf8-4e6e-8b4c-ff61932859e4 None None] Hash Ring: Node 6a4247ce9ec554f08aedf126003f17bf (host: np0000006821) handling event "create" for row 5f210a7c-3ffd-4b48-9de0-2aa079f12eb3 (table: Chassis) {{(pid=90756) notify /opt/stack/neutron/neutron/plugins/ml2/drivers/ovn/mech_driver/ovsdb/ovsdb_monitor.py:1099}}
Aug 09 07:32:42.750549 np0000006821 devstack@neutron-api.service[90756]: DEBUG ovsdbapp.backend.ovs_idl.event [None req-78cdea44-7bf8-4e6e-8b4c-ff61932859e4 None None] Matched CREATE: ChassisBandwidthConfigEvent(events=('create', 'update'), table='Chassis', conditions=None, old_conditions=None), priority=20 to row=Chassis(uuid=5f210a7c-3ffd-4b48-9de0-2aa079f12eb3, encaps=[8e5bbbbb-2e62-439a-8c42-ebf6c939395d], external_ids={}, hostname='np0000006821', name='76602e9b-d93f-473e-a61d-cb7b2455eb65', nb_cfg=0, other_config={'ct-commit-nat-v2': 'true', 'ct-commit-to-zone': 'true', 'ct-next-zone': 'true', 'ct-no-masked-label': 'true', 'ct-state-save': 'true', 'datapath-type': 'system', 'fdb-timestamp': 'true', 'iface-types': 'afxdp,afxdp-nonpmd,bareudp,erspan,geneve,gre,gtpu,internal,ip6erspan,ip6gre,lisp,patch,srv6,stt,system,tap,vxlan', 'is-interconn': 'false', 'ls-dpg-column': 'true', 'mac-binding-timestamp': 'true', 'ovn-bridge-mappings': 'public:br-ex', 'ovn-chassis-mac-mappings': '', 'ovn-cms-options': 'enable-chassis-as-gw', 'ovn-ct-lb-related': 'true', 'ovn-enable-lflow-cache': 'true', 'ovn-limit-lflow-cache': '', 'ovn-memlimit-lflow-cache-kb': '', 'ovn-monitor-all': 'false', 'ovn-trim-limit-lflow-cache': '', 'ovn-trim-timeout-ms': '', 'ovn-trim-wmark-perc-lflow-cache': '', 'port-up-notif': 'true'}, transport_zones=[], vtep_logical_switches=[]) old= {{(pid=90756) matches /opt/stack/data/venv/lib/python3.12/site-packages/ovsdbapp/backend/ovs_idl/event.py:55}}
Aug 09 07:32:42.751575 np0000006821 devstack@neutron-api.service[90756]: DEBUG ovsdbapp.backend.ovs_idl.event [None req-78cdea44-7bf8-4e6e-8b4c-ff61932859e4 None None] Matched CREATE: ChassisAgentWriteEvent(events=('create', 'update'), table='Chassis_Private', conditions=None, old_conditions=None), priority=20 to row=Chassis_Private(uuid=b7a7e1d1-7afa-4647-925d-676bda214cc4, chassis=5f210a7c-3ffd-4b48-9de0-2aa079f12eb3, external_ids={'neutron:ovn-bridge': 'br-int', 'neutron:ovn-neutron-agent-id': 'fbe71fd9-33a8-590f-abc9-121fd251647a', 'neutron:ovn-neutron-agent-sb-cfg': '0'}, name='76602e9b-d93f-473e-a61d-cb7b2455eb65', nb_cfg=0, nb_cfg_timestamp=0) old= {{(pid=90756) matches /opt/stack/data/venv/lib/python3.12/site-packages/ovsdbapp/backend/ovs_idl/event.py:55}}
Aug 09 07:32:42.752195 np0000006821 devstack@neutron-api.service[90756]: DEBUG ovsdbapp.backend.ovs_idl.event [None req-78cdea44-7bf8-4e6e-8b4c-ff61932859e4 None None] Matched CREATE: ChassisOVNAgentWriteEvent(events=('create', 'update'), table='Chassis_Private', conditions=None, old_conditions=None), priority=20 to row=Chassis_Private(uuid=b7a7e1d1-7afa-4647-925d-676bda214cc4, chassis=5f210a7c-3ffd-4b48-9de0-2aa079f12eb3, external_ids={'neutron:ovn-bridge': 'br-int', 'neutron:ovn-neutron-agent-id': 'fbe71fd9-33a8-590f-abc9-121fd251647a', 'neutron:ovn-neutron-agent-sb-cfg': '0'}, name='76602e9b-d93f-473e-a61d-cb7b2455eb65', nb_cfg=0, nb_cfg_timestamp=0) old= {{(pid=90756) matches /opt/stack/data/venv/lib/python3.12/site-packages/ovsdbapp/backend/ovs_idl/event.py:55}}
Aug 09 07:32:42.761027 np0000006821 devstack@neutron-api.service[90756]: DEBUG neutron.common.ovn.hash_ring_manager [None req-78cdea44-7bf8-4e6e-8b4c-ff61932859e4 None None] Hash Ring loaded. 3 active nodes. 0 offline nodes {{(pid=90756) _load_hash_ring /opt/stack/neutron/neutron/common/ovn/hash_ring_manager.py:110}}
Aug 09 07:32:42.768338 np0000006821 devstack@neutron-api.service[90756]: DEBUG neutron.common.ovn.hash_ring_manager [None req-78cdea44-7bf8-4e6e-8b4c-ff61932859e4 None None] Hash Ring loaded. 3 active nodes. 0 offline nodes {{(pid=90756) _load_hash_ring /opt/stack/neutron/neutron/common/ovn/hash_ring_manager.py:110}}
Aug 09 07:32:42.770167 np0000006821 devstack@neutron-api.service[90756]: INFO neutron.plugins.ml2.drivers.ovn.mech_driver.mech_driver [None req-78cdea44-7bf8-4e6e-8b4c-ff61932859e4 None None] WorkerService process has finished the post initialization
Aug 09 07:32:42.770659 np0000006821 devstack@neutron-api.service[90756]: DEBUG oslo_concurrency.processutils [None req-78cdea44-7bf8-4e6e-8b4c-ff61932859e4 None None] Running cmd (subprocess): ovsdb-client transact ssl:10.4.3.41:6641 --timeout 180 -p /opt/stack/data/CA/int-ca/private/devstack-cert.key -c /opt/stack/data/CA/int-ca/devstack-cert.crt -C /opt/stack/data/CA/int-ca/ca-chain.pem ["OVN_Northbound", {"op": "wait", "timeout": 0, "table": "Port_Group", "where": [["name", "==", "pvlan_pg_drop"]], "until": "==", "rows": []}, {"op": "insert", "table": "ACL", "row": {"action": "drop", "direction": "to-lport", "match": "outport == @pvlan_pg_drop && ip", "priority": 1010}, "uuid-name": "pvlandroptoport"}, {"op": "insert", "table": "ACL", "row": {"action": "drop", "direction": "from-lport", "match": "inport == @pvlan_pg_drop && ip", "priority": 1010}, "uuid-name": "pvlandropfromport"}, {"op": "insert", "table": "Port_Group", "row": {"name": "pvlan_pg_drop", "acls": ["set", [["named-uuid", "pvlandroptoport"], ["named-uuid", "pvlandropfromport"]]]}}] {{(pid=90756) execute /opt/stack/data/venv/lib/python3.12/site-packages/oslo_concurrency/processutils.py:440}}
Aug 09 07:32:42.771058 np0000006821 devstack@neutron-api.service[90756]: INFO neutron.plugins.ml2.drivers.ovn.mech_driver.ovsdb.extensions.qos [-] Starting OVNClientQosExtension
Aug 09 07:32:42.771292 np0000006821 devstack@neutron-api.service[90756]: INFO neutron.plugins.ml2.drivers.ovn.mech_driver.ovsdb.extensions.placement [-] Starting OVNClientPlacementExtension
Aug 09 07:32:42.811336 np0000006821 devstack@neutron-api.service[90756]: DEBUG oslo_concurrency.processutils [None req-78cdea44-7bf8-4e6e-8b4c-ff61932859e4 None None] CMD "ovsdb-client transact ssl:10.4.3.41:6641 --timeout 180 -p /opt/stack/data/CA/int-ca/private/devstack-cert.key -c /opt/stack/data/CA/int-ca/devstack-cert.crt -C /opt/stack/data/CA/int-ca/ca-chain.pem ["OVN_Northbound", {"op": "wait", "timeout": 0, "table": "Port_Group", "where": [["name", "==", "pvlan_pg_drop"]], "until": "==", "rows": []}, {"op": "insert", "table": "ACL", "row": {"action": "drop", "direction": "to-lport", "match": "outport == @pvlan_pg_drop && ip", "priority": 1010}, "uuid-name": "pvlandroptoport"}, {"op": "insert", "table": "ACL", "row": {"action": "drop", "direction": "from-lport", "match": "inport == @pvlan_pg_drop && ip", "priority": 1010}, "uuid-name": "pvlandropfromport"}, {"op": "insert", "table": "Port_Group", "row": {"name": "pvlan_pg_drop", "acls": ["set", [["named-uuid", "pvlandroptoport"], ["named-uuid", "pvlandropfromport"]]]}}]" returned: 0 in 0.040s {{(pid=90756) execute /opt/stack/data/venv/lib/python3.12/site-packages/oslo_concurrency/processutils.py:468}}
Aug 09 07:32:42.814047 np0000006821 devstack@neutron-api.service[90756]: WSGI app 0 (mountpoint='') ready in 7 seconds on interpreter 0x7ac21b6a4668 pid: 90756 (default app)
Aug 09 07:32:42.967867 np0000006821 devstack@neutron-api.service[90758]: WARNING neutron.objects.base [None req-1b3e408e-00e8-4058-ac73-ddf9c806e109 None None] ORM session: SQL execution without transaction in progress, traceback:
Aug 09 07:32:42.967867 np0000006821 devstack@neutron-api.service[90758]: File "", line 1360, in _find_and_load
Aug 09 07:32:42.967867 np0000006821 devstack@neutron-api.service[90758]: File "", line 1331, in _find_and_load_unlocked
Aug 09 07:32:42.967867 np0000006821 devstack@neutron-api.service[90758]: File "", line 935, in _load_unlocked
Aug 09 07:32:42.967867 np0000006821 devstack@neutron-api.service[90758]: File "", line 995, in exec_module
Aug 09 07:32:42.967867 np0000006821 devstack@neutron-api.service[90758]: File "", line 488, in _call_with_frames_removed
Aug 09 07:32:42.967867 np0000006821 devstack@neutron-api.service[90758]: File "/opt/stack/neutron/neutron/wsgi/api.py", line 23, in
Aug 09 07:32:42.967867 np0000006821 devstack@neutron-api.service[90758]: application = server.boot_server(api.api_server, prog='neutron-api')
Aug 09 07:32:42.967867 np0000006821 devstack@neutron-api.service[90758]: File "/opt/stack/neutron/neutron/server/__init__.py", line 78, in boot_server
Aug 09 07:32:42.967867 np0000006821 devstack@neutron-api.service[90758]: return server_func()
Aug 09 07:32:42.967867 np0000006821 devstack@neutron-api.service[90758]: File "/opt/stack/neutron/neutron/server/api.py", line 32, in api_server
Aug 09 07:32:42.967867 np0000006821 devstack@neutron-api.service[90758]: registry.publish(resources.PROCESS, events.AFTER_INIT,
Aug 09 07:32:42.967867 np0000006821 devstack@neutron-api.service[90758]: File "/opt/stack/data/venv/lib/python3.12/site-packages/neutron_lib/callbacks/registry.py", line 56, in publish
Aug 09 07:32:42.967867 np0000006821 devstack@neutron-api.service[90758]: _get_callback_manager().publish(resource, event, trigger, payload=payload)
Aug 09 07:32:42.967867 np0000006821 devstack@neutron-api.service[90758]: File "/opt/stack/data/venv/lib/python3.12/site-packages/neutron_lib/db/utils.py", line 110, in _wrapped
Aug 09 07:32:42.967867 np0000006821 devstack@neutron-api.service[90758]: return function(*args, **kwargs)
Aug 09 07:32:42.967867 np0000006821 devstack@neutron-api.service[90758]: File "/opt/stack/data/venv/lib/python3.12/site-packages/neutron_lib/callbacks/manager.py", line 157, in publish
Aug 09 07:32:42.967867 np0000006821 devstack@neutron-api.service[90758]: errors = self._notify_loop(resource, event, trigger, payload)
Aug 09 07:32:42.967867 np0000006821 devstack@neutron-api.service[90758]: File "/opt/stack/data/venv/lib/python3.12/site-packages/neutron_lib/callbacks/manager.py", line 189, in _notify_loop
Aug 09 07:32:42.967867 np0000006821 devstack@neutron-api.service[90758]: callback.method(resource, event, trigger, payload=payload)
Aug 09 07:32:42.967867 np0000006821 devstack@neutron-api.service[90758]: File "/opt/stack/neutron/neutron/plugins/ml2/drivers/ovn/mech_driver/mech_driver.py", line 430, in post_fork_initialize
Aug 09 07:32:42.967867 np0000006821 devstack@neutron-api.service[90758]: self._setup_hash_ring()
Aug 09 07:32:42.967867 np0000006821 devstack@neutron-api.service[90758]: File "/opt/stack/neutron/neutron/plugins/ml2/drivers/ovn/mech_driver/mech_driver.py", line 385, in _setup_hash_ring
Aug 09 07:32:42.967867 np0000006821 devstack@neutron-api.service[90758]: self._init_hash_ring(n_context.get_admin_context())
Aug 09 07:32:42.968493 np0000006821 devstack@neutron-api.service[90758]: File "/opt/stack/data/venv/lib/python3.12/site-packages/neutron_lib/db/api.py", line 222, in wrapped
Aug 09 07:32:42.968493 np0000006821 devstack@neutron-api.service[90758]: return f_with_retry(*args, **kwargs, _context_reference=context)
Aug 09 07:32:42.968493 np0000006821 devstack@neutron-api.service[90758]: File "/opt/stack/data/venv/lib/python3.12/site-packages/neutron_lib/db/api.py", line 135, in wrapped
Aug 09 07:32:42.968493 np0000006821 devstack@neutron-api.service[90758]: return f(*args, **kwargs)
Aug 09 07:32:42.968493 np0000006821 devstack@neutron-api.service[90758]: File "/opt/stack/data/venv/lib/python3.12/site-packages/oslo_db/api.py", line 142, in wrapper
Aug 09 07:32:42.968493 np0000006821 devstack@neutron-api.service[90758]: return f(*args, **kwargs)
Aug 09 07:32:42.968493 np0000006821 devstack@neutron-api.service[90758]: File "/opt/stack/data/venv/lib/python3.12/site-packages/neutron_lib/db/api.py", line 181, in wrapped
Aug 09 07:32:42.968493 np0000006821 devstack@neutron-api.service[90758]: return f(*dup_args, **dup_kwargs)
Aug 09 07:32:42.968493 np0000006821 devstack@neutron-api.service[90758]: File "/opt/stack/data/venv/lib/python3.12/site-packages/oslo_db/sqlalchemy/enginefacade.py", line 1159, in wrapper
Aug 09 07:32:42.968493 np0000006821 devstack@neutron-api.service[90758]: return fn(*args, **kwargs)
Aug 09 07:32:42.968493 np0000006821 devstack@neutron-api.service[90758]: File "/opt/stack/neutron/neutron/plugins/ml2/drivers/ovn/mech_driver/mech_driver.py", line 407, in _init_hash_ring
Aug 09 07:32:42.968493 np0000006821 devstack@neutron-api.service[90758]: ovn_hash_ring_db.remove_nodes_from_host(
Aug 09 07:32:42.968493 np0000006821 devstack@neutron-api.service[90758]: File "/opt/stack/data/venv/lib/python3.12/site-packages/neutron_lib/db/api.py", line 222, in wrapped
Aug 09 07:32:42.968493 np0000006821 devstack@neutron-api.service[90758]: return f_with_retry(*args, **kwargs, _context_reference=context)
Aug 09 07:32:42.968493 np0000006821 devstack@neutron-api.service[90758]: File "/opt/stack/data/venv/lib/python3.12/site-packages/neutron_lib/db/api.py", line 135, in wrapped
Aug 09 07:32:42.968493 np0000006821 devstack@neutron-api.service[90758]: return f(*args, **kwargs)
Aug 09 07:32:42.968493 np0000006821 devstack@neutron-api.service[90758]: File "/opt/stack/data/venv/lib/python3.12/site-packages/oslo_db/api.py", line 142, in wrapper
Aug 09 07:32:42.968493 np0000006821 devstack@neutron-api.service[90758]: return f(*args, **kwargs)
Aug 09 07:32:42.968493 np0000006821 devstack@neutron-api.service[90758]: File "/opt/stack/data/venv/lib/python3.12/site-packages/neutron_lib/db/api.py", line 181, in wrapped
Aug 09 07:32:42.968493 np0000006821 devstack@neutron-api.service[90758]: return f(*dup_args, **dup_kwargs)
Aug 09 07:32:42.968493 np0000006821 devstack@neutron-api.service[90758]: File "/opt/stack/neutron/neutron/db/ovn_hash_ring_db.py", line 86, in remove_nodes_from_host
Aug 09 07:32:42.968493 np0000006821 devstack@neutron-api.service[90758]: query.delete()
Aug 09 07:32:42.968493 np0000006821 devstack@neutron-api.service[90758]: File "/opt/stack/data/venv/lib/python3.12/site-packages/sqlalchemy/orm/query.py", line 3217, in delete
Aug 09 07:32:42.968493 np0000006821 devstack@neutron-api.service[90758]: self.session.execute(
