Jul 02 22:09:08.537337 np0000004325 devstack@g-api.service[99559]: DEBUG glance_store.location [-] Registering scheme filesystem with {'store': , 'location_class': , 'store_entry': 'file'} {{(pid=99559) register_scheme_map /opt/stack/data/venv/lib/python3.12/site-packages/glance_store/location.py:146}}
Jul 02 22:09:08.537394 np0000004325 devstack@g-api.service[99559]: DEBUG glance_store.backend [-] Attempting to import store swift {{(pid=99559) _load_store /opt/stack/data/venv/lib/python3.12/site-packages/glance_store/backend.py:215}}
Jul 02 22:09:08.537651 np0000004325 devstack@g-api.service[99559]: WARNING oslo_config.cfg [-] Deprecated: Option "default_store" from group "glance_store" is deprecated for removal (
Jul 02 22:09:08.537651 np0000004325 devstack@g-api.service[99559]: This option is deprecated against new config option
Jul 02 22:09:08.537651 np0000004325 devstack@g-api.service[99559]: ``default_backend`` which acts similar to ``default_store`` config
Jul 02 22:09:08.537651 np0000004325 devstack@g-api.service[99559]: option.
Jul 02 22:09:08.537651 np0000004325 devstack@g-api.service[99559]: This option is scheduled for removal in the U development
Jul 02 22:09:08.537651 np0000004325 devstack@g-api.service[99559]: cycle.
Jul 02 22:09:08.537651 np0000004325 devstack@g-api.service[99559]: ). Its value may be silently ignored in the future.
Jul 02 22:09:08.538844 np0000004325 devstack@g-api.service[99559]: DEBUG glance_store.capabilities [-] Store glance_store._drivers.swift.store.SingleTenantStore doesn't support updating dynamic storage capabilities. Please overwrite 'update_capabilities' method of the store to implement updating logics if needed. {{(pid=99559) update_capabilities /opt/stack/data/venv/lib/python3.12/site-packages/glance_store/capabilities.py:91}}
Jul 02 22:09:08.538890 np0000004325 devstack@g-api.service[99559]: DEBUG glance_store.backend [-] Registering store swift with schemes ('swift+https', 'swift', 'swift+http', 'swift+config') {{(pid=99559) create_stores /opt/stack/data/venv/lib/python3.12/site-packages/glance_store/backend.py:261}}
Jul 02 22:09:08.538939 np0000004325 devstack@g-api.service[99559]: DEBUG glance_store.driver [-] Late loading location class glance_store._drivers.swift.store.StoreLocation {{(pid=99559) get_store_location_class /opt/stack/data/venv/lib/python3.12/site-packages/glance_store/driver.py:134}}
Jul 02 22:09:08.539015 np0000004325 devstack@g-api.service[99559]: DEBUG glance_store.location [-] Registering scheme swift+https with {'store': , 'location_class': , 'store_entry': 'swift'} {{(pid=99559) register_scheme_map /opt/stack/data/venv/lib/python3.12/site-packages/glance_store/location.py:146}}
Jul 02 22:09:08.539050 np0000004325 devstack@g-api.service[99559]: DEBUG glance_store.location [-] Registering scheme swift with {'store': , 'location_class': , 'store_entry': 'swift'} {{(pid=99559) register_scheme_map /opt/stack/data/venv/lib/python3.12/site-packages/glance_store/location.py:146}}
Jul 02 22:09:08.539155 np0000004325 devstack@g-api.service[99559]: DEBUG glance_store.location [-] Registering scheme swift+http with {'store': , 'location_class': , 'store_entry': 'swift'} {{(pid=99559) register_scheme_map /opt/stack/data/venv/lib/python3.12/site-packages/glance_store/location.py:146}}
Jul 02 22:09:08.539275 np0000004325 devstack@g-api.service[99559]: DEBUG glance_store.location [-] Registering scheme swift+config with {'store': , 'location_class': , 'store_entry': 'swift'} {{(pid=99559) register_scheme_map /opt/stack/data/venv/lib/python3.12/site-packages/glance_store/location.py:146}}
Jul 02 22:09:08.539320 np0000004325 devstack@g-api.service[99559]: DEBUG glance_store.backend [-] Attempting to import store swift {{(pid=99559) _load_store /opt/stack/data/venv/lib/python3.12/site-packages/glance_store/backend.py:215}}
Jul 02 22:09:08.540286 np0000004325 devstack@g-api.service[99559]: DEBUG glance_store.capabilities [-] Store glance_store._drivers.swift.store.SingleTenantStore doesn't support updating dynamic storage capabilities. Please overwrite 'update_capabilities' method of the store to implement updating logics if needed. {{(pid=99559) update_capabilities /opt/stack/data/venv/lib/python3.12/site-packages/glance_store/capabilities.py:91}}
Jul 02 22:09:08.540332 np0000004325 devstack@g-api.service[99559]: DEBUG glance_store.driver [-] Late loading location class glance_store._drivers.swift.store.StoreLocation {{(pid=99559) get_store_location_class /opt/stack/data/venv/lib/python3.12/site-packages/glance_store/driver.py:134}}
Jul 02 22:09:08.540413 np0000004325 devstack@g-api.service[99559]: DEBUG glance_store.location [-] Registering scheme swift+https with {'store': , 'location_class': , 'store_entry': 'swift'} {{(pid=99559) register_scheme_map /opt/stack/data/venv/lib/python3.12/site-packages/glance_store/location.py:146}}
Jul 02 22:09:08.540452 np0000004325 devstack@g-api.service[99559]: DEBUG glance_store.location [-] Registering scheme swift+https with {'store': , 'location_class': , 'store_entry': 'swift'} {{(pid=99559) register_scheme_map /opt/stack/data/venv/lib/python3.12/site-packages/glance_store/location.py:146}}
Jul 02 22:09:08.540484 np0000004325 devstack@g-api.service[99559]: DEBUG glance_store.location [-] Registering scheme swift with {'store': , 'location_class': , 'store_entry': 'swift'} {{(pid=99559) register_scheme_map /opt/stack/data/venv/lib/python3.12/site-packages/glance_store/location.py:146}}
Jul 02 22:09:08.540551 np0000004325 devstack@g-api.service[99559]: DEBUG glance_store.location [-] Registering scheme swift+https with {'store': , 'location_class': , 'store_entry': 'swift'} {{(pid=99559) register_scheme_map /opt/stack/data/venv/lib/python3.12/site-packages/glance_store/location.py:146}}
Jul 02 22:09:08.540589 np0000004325 devstack@g-api.service[99559]: DEBUG glance_store.location [-] Registering scheme swift with {'store': , 'location_class': , 'store_entry': 'swift'} {{(pid=99559) register_scheme_map /opt/stack/data/venv/lib/python3.12/site-packages/glance_store/location.py:146}}
Jul 02 22:09:08.540649 np0000004325 devstack@g-api.service[99559]: DEBUG glance_store.location [-] Registering scheme swift+http with {'store': , 'location_class': , 'store_entry': 'swift'} {{(pid=99559) register_scheme_map /opt/stack/data/venv/lib/python3.12/site-packages/glance_store/location.py:146}}
Jul 02 22:09:08.540734 np0000004325 devstack@g-api.service[99559]: DEBUG glance_store.location [-] Registering scheme swift+https with {'store': , 'location_class': , 'store_entry': 'swift'} {{(pid=99559) register_scheme_map /opt/stack/data/venv/lib/python3.12/site-packages/glance_store/location.py:146}}
Jul 02 22:09:08.540734 np0000004325 devstack@g-api.service[99559]: DEBUG glance_store.location [-] Registering scheme swift with {'store': , 'location_class': , 'store_entry': 'swift'} {{(pid=99559) register_scheme_map /opt/stack/data/venv/lib/python3.12/site-packages/glance_store/location.py:146}}
Jul 02 22:09:08.540795 np0000004325 devstack@g-api.service[99559]: DEBUG glance_store.location [-] Registering scheme swift+http with {'store': , 'location_class': , 'store_entry': 'swift'} {{(pid=99559) register_scheme_map /opt/stack/data/venv/lib/python3.12/site-packages/glance_store/location.py:146}}
Jul 02 22:09:08.540795 np0000004325 devstack@g-api.service[99559]: DEBUG glance_store.location [-] Registering scheme swift+config with {'store': , 'location_class': , 'store_entry': 'swift'} {{(pid=99559) register_scheme_map /opt/stack/data/venv/lib/python3.12/site-packages/glance_store/location.py:146}}
Jul 02 22:09:08.541051 np0000004325 devstack@g-api.service[99559]: DEBUG glance.sqlite_migration [-] SQLite caching database not located, skipping migration {{(pid=99559) get_db_path /opt/stack/glance/glance/sqlite_migration.py:68}}
Jul 02 22:09:08.541284 np0000004325 devstack@g-api.service[99559]: WARNING glance.common.wsgi_app [-] Import methods are enabled but staging directory /tmp/staging/ does not exist; Imports will fail!
Jul 02 22:09:08.653632 np0000004325 devstack@g-api.service[99561]: DEBUG glance.common.config [None req-82dc443b-1147-4c02-a169-33a344af1da8 None None] Loading glance-api-keystone+cachemanagement from /etc/glance/glance-api-paste.ini {{(pid=99561) load_paste_app /opt/stack/glance/glance/common/config.py:765}}
Jul 02 22:09:08.657722 np0000004325 devstack@g-api.service[99560]: DEBUG glance.common.config [None req-25a89bd5-cd51-4eed-a08c-174dc3ddd989 None None] Loading glance-api-keystone+cachemanagement from /etc/glance/glance-api-paste.ini {{(pid=99560) load_paste_app /opt/stack/glance/glance/common/config.py:765}}
Jul 02 22:09:08.671306 np0000004325 devstack@g-api.service[99559]: DEBUG glance.common.config [None req-940e5fd1-bd14-4f2a-bd4d-5c171b774aeb None None] Loading glance-api-keystone+cachemanagement from /etc/glance/glance-api-paste.ini {{(pid=99559) load_paste_app /opt/stack/glance/glance/common/config.py:765}}
Jul 02 22:09:09.247866 np0000004325 devstack@g-api.service[99560]: INFO glance.image_cache [None req-25a89bd5-cd51-4eed-a08c-174dc3ddd989 None None] Image cache loaded driver 'centralized_db'.
Jul 02 22:09:09.261164 np0000004325 devstack@g-api.service[99559]: INFO glance.image_cache [None req-940e5fd1-bd14-4f2a-bd4d-5c171b774aeb None None] Image cache loaded driver 'centralized_db'.
Jul 02 22:09:09.265256 np0000004325 devstack@g-api.service[99561]: INFO glance.image_cache [None req-82dc443b-1147-4c02-a169-33a344af1da8 None None] Image cache loaded driver 'centralized_db'.
Jul 02 22:09:09.293407 np0000004325 devstack@g-api.service[99560]: INFO dbcounter [None req-25a89bd5-cd51-4eed-a08c-174dc3ddd989 None None] Registered counter for database glance
Jul 02 22:09:09.305982 np0000004325 devstack@g-api.service[99559]: INFO dbcounter [None req-940e5fd1-bd14-4f2a-bd4d-5c171b774aeb None None] Registered counter for database glance
Jul 02 22:09:09.306429 np0000004325 devstack@g-api.service[99561]: INFO dbcounter [None req-82dc443b-1147-4c02-a169-33a344af1da8 None None] Registered counter for database glance
Jul 02 22:09:09.334271 np0000004325 devstack@g-api.service[99560]: DEBUG oslo_db.sqlalchemy.engines [None req-25a89bd5-cd51-4eed-a08c-174dc3ddd989 None None] MySQL server mode set to STRICT_TRANS_TABLES,STRICT_ALL_TABLES,NO_ZERO_IN_DATE,NO_ZERO_DATE,ERROR_FOR_DIVISION_BY_ZERO,TRADITIONAL,NO_ENGINE_SUBSTITUTION {{(pid=99560) _check_effective_sql_mode /opt/stack/data/venv/lib/python3.12/site-packages/oslo_db/sqlalchemy/engines.py:325}}
Jul 02 22:09:09.343540 np0000004325 devstack@g-api.service[99561]: DEBUG oslo_db.sqlalchemy.engines [None req-82dc443b-1147-4c02-a169-33a344af1da8 None None] MySQL server mode set to STRICT_TRANS_TABLES,STRICT_ALL_TABLES,NO_ZERO_IN_DATE,NO_ZERO_DATE,ERROR_FOR_DIVISION_BY_ZERO,TRADITIONAL,NO_ENGINE_SUBSTITUTION {{(pid=99561) _check_effective_sql_mode /opt/stack/data/venv/lib/python3.12/site-packages/oslo_db/sqlalchemy/engines.py:325}}
Jul 02 22:09:09.346446 np0000004325 devstack@g-api.service[99559]: DEBUG oslo_db.sqlalchemy.engines [None req-940e5fd1-bd14-4f2a-bd4d-5c171b774aeb None None] MySQL server mode set to STRICT_TRANS_TABLES,STRICT_ALL_TABLES,NO_ZERO_IN_DATE,NO_ZERO_DATE,ERROR_FOR_DIVISION_BY_ZERO,TRADITIONAL,NO_ENGINE_SUBSTITUTION {{(pid=99559) _check_effective_sql_mode /opt/stack/data/venv/lib/python3.12/site-packages/oslo_db/sqlalchemy/engines.py:325}}
Jul 02 22:09:09.354570 np0000004325 devstack@g-api.service[99560]: DEBUG dbcounter [-] [99560] Writer thread running {{(pid=99560) stat_writer /opt/stack/data/venv/lib/python3.12/site-packages/dbcounter.py:102}}
Jul 02 22:09:09.363145 np0000004325 devstack@g-api.service[99561]: DEBUG dbcounter [-] [99561] Writer thread running {{(pid=99561) stat_writer /opt/stack/data/venv/lib/python3.12/site-packages/dbcounter.py:102}}
Jul 02 22:09:09.365573 np0000004325 devstack@g-api.service[99561]: DEBUG glance.image_cache.drivers.centralized_db [None req-82dc443b-1147-4c02-a169-33a344af1da8 None None] Node reference is already recorded, ignoring it {{(pid=99561) configure /opt/stack/glance/glance/image_cache/drivers/centralized_db.py:71}}
Jul 02 22:09:09.365930 np0000004325 devstack@g-api.service[99559]: DEBUG dbcounter [-] [99559] Writer thread running {{(pid=99559) stat_writer /opt/stack/data/venv/lib/python3.12/site-packages/dbcounter.py:102}}
Jul 02 22:09:09.366656 np0000004325 devstack@g-api.service[99560]: INFO glance.image_cache [None req-25a89bd5-cd51-4eed-a08c-174dc3ddd989 None None] Image cache loaded driver 'centralized_db'.
Jul 02 22:09:09.368452 np0000004325 devstack@g-api.service[99559]: DEBUG glance.image_cache.drivers.centralized_db [None req-940e5fd1-bd14-4f2a-bd4d-5c171b774aeb None None] Node reference is already recorded, ignoring it {{(pid=99559) configure /opt/stack/glance/glance/image_cache/drivers/centralized_db.py:71}}
Jul 02 22:09:09.371509 np0000004325 devstack@g-api.service[99561]: INFO glance.image_cache [None req-82dc443b-1147-4c02-a169-33a344af1da8 None None] Image cache loaded driver 'centralized_db'.
Jul 02 22:09:09.373064 np0000004325 devstack@g-api.service[99559]: INFO glance.image_cache [None req-940e5fd1-bd14-4f2a-bd4d-5c171b774aeb None None] Image cache loaded driver 'centralized_db'.
Jul 02 22:09:09.380526 np0000004325 devstack@g-api.service[99559]: DEBUG glance.image_cache.drivers.centralized_db [None req-940e5fd1-bd14-4f2a-bd4d-5c171b774aeb None None] Node reference is already recorded, ignoring it {{(pid=99559) configure /opt/stack/glance/glance/image_cache/drivers/centralized_db.py:71}}
Jul 02 22:09:09.456139 np0000004325 devstack@g-api.service[99560]: DEBUG glance.image_cache.drivers.centralized_db [None req-25a89bd5-cd51-4eed-a08c-174dc3ddd989 None None] Node reference is already recorded, ignoring it {{(pid=99560) configure /opt/stack/glance/glance/image_cache/drivers/centralized_db.py:71}}
Jul 02 22:09:09.460676 np0000004325 devstack@g-api.service[99560]: DEBUG glance.api.v2.cached_images [None req-25a89bd5-cd51-4eed-a08c-174dc3ddd989 None None] Started cache worker thread {{(pid=99560) __init__ /opt/stack/glance/glance/api/v2/cached_images.py:69}}
Jul 02 22:09:09.461371 np0000004325 devstack@g-api.service[99560]: INFO glance.image_cache [None req-25a89bd5-cd51-4eed-a08c-174dc3ddd989 None None] Image cache loaded driver 'centralized_db'.
Jul 02 22:09:09.467161 np0000004325 devstack@g-api.service[99561]: DEBUG glance.image_cache.drivers.centralized_db [None req-82dc443b-1147-4c02-a169-33a344af1da8 None None] Node reference is already recorded, ignoring it {{(pid=99561) configure /opt/stack/glance/glance/image_cache/drivers/centralized_db.py:71}}
Jul 02 22:09:09.467849 np0000004325 devstack@g-api.service[99560]: DEBUG glance.image_cache.drivers.centralized_db [None req-25a89bd5-cd51-4eed-a08c-174dc3ddd989 None None] Node reference is already recorded, ignoring it {{(pid=99560) configure /opt/stack/glance/glance/image_cache/drivers/centralized_db.py:71}}
Jul 02 22:09:09.471431 np0000004325 devstack@g-api.service[99561]: DEBUG glance.api.v2.cached_images [None req-82dc443b-1147-4c02-a169-33a344af1da8 None None] Started cache worker thread {{(pid=99561) __init__ /opt/stack/glance/glance/api/v2/cached_images.py:69}}
Jul 02 22:09:09.471911 np0000004325 devstack@g-api.service[99561]: INFO glance.image_cache [None req-82dc443b-1147-4c02-a169-33a344af1da8 None None] Image cache loaded driver 'centralized_db'.
Jul 02 22:09:09.472151 np0000004325 devstack@g-api.service[99560]: INFO glance.api.middleware.cache_manage [None req-25a89bd5-cd51-4eed-a08c-174dc3ddd989 None None] Initialized image cache management middleware
Jul 02 22:09:09.472312 np0000004325 devstack@g-api.service[99560]: INFO glance.image_cache [None req-25a89bd5-cd51-4eed-a08c-174dc3ddd989 None None] Image cache loaded driver 'centralized_db'.
Jul 02 22:09:09.476604 np0000004325 devstack@g-api.service[99559]: DEBUG glance.api.v2.cached_images [None req-940e5fd1-bd14-4f2a-bd4d-5c171b774aeb None None] Started cache worker thread {{(pid=99559) __init__ /opt/stack/glance/glance/api/v2/cached_images.py:69}}
Jul 02 22:09:09.477285 np0000004325 devstack@g-api.service[99559]: INFO glance.image_cache [None req-940e5fd1-bd14-4f2a-bd4d-5c171b774aeb None None] Image cache loaded driver 'centralized_db'.
Jul 02 22:09:09.480989 np0000004325 devstack@g-api.service[99561]: DEBUG glance.image_cache.drivers.centralized_db [None req-82dc443b-1147-4c02-a169-33a344af1da8 None None] Node reference is already recorded, ignoring it {{(pid=99561) configure /opt/stack/glance/glance/image_cache/drivers/centralized_db.py:71}}
Jul 02 22:09:09.482406 np0000004325 devstack@g-api.service[99560]: DEBUG glance.image_cache.drivers.centralized_db [None req-25a89bd5-cd51-4eed-a08c-174dc3ddd989 None None] Node reference is already recorded, ignoring it {{(pid=99560) configure /opt/stack/glance/glance/image_cache/drivers/centralized_db.py:71}}
Jul 02 22:09:09.484192 np0000004325 devstack@g-api.service[99559]: DEBUG glance.image_cache.drivers.centralized_db [None req-940e5fd1-bd14-4f2a-bd4d-5c171b774aeb None None] Node reference is already recorded, ignoring it {{(pid=99559) configure /opt/stack/glance/glance/image_cache/drivers/centralized_db.py:71}}
Jul 02 22:09:09.485611 np0000004325 devstack@g-api.service[99561]: INFO glance.api.middleware.cache_manage [None req-82dc443b-1147-4c02-a169-33a344af1da8 None None] Initialized image cache management middleware
Jul 02 22:09:09.485751 np0000004325 devstack@g-api.service[99561]: INFO glance.image_cache [None req-82dc443b-1147-4c02-a169-33a344af1da8 None None] Image cache loaded driver 'centralized_db'.
Jul 02 22:09:09.486006 np0000004325 devstack@g-api.service[99560]: INFO glance.api.middleware.cache [None req-25a89bd5-cd51-4eed-a08c-174dc3ddd989 None None] Initialized image cache middleware
Jul 02 22:09:09.488639 np0000004325 devstack@g-api.service[99559]: INFO glance.api.middleware.cache_manage [None req-940e5fd1-bd14-4f2a-bd4d-5c171b774aeb None None] Initialized image cache management middleware
Jul 02 22:09:09.488770 np0000004325 devstack@g-api.service[99559]: INFO glance.image_cache [None req-940e5fd1-bd14-4f2a-bd4d-5c171b774aeb None None] Image cache loaded driver 'centralized_db'.
Jul 02 22:09:09.494100 np0000004325 devstack@g-api.service[99561]: DEBUG glance.image_cache.drivers.centralized_db [None req-82dc443b-1147-4c02-a169-33a344af1da8 None None] Node reference is already recorded, ignoring it {{(pid=99561) configure /opt/stack/glance/glance/image_cache/drivers/centralized_db.py:71}}
Jul 02 22:09:09.497475 np0000004325 devstack@g-api.service[99559]: DEBUG glance.image_cache.drivers.centralized_db [None req-940e5fd1-bd14-4f2a-bd4d-5c171b774aeb None None] Node reference is already recorded, ignoring it {{(pid=99559) configure /opt/stack/glance/glance/image_cache/drivers/centralized_db.py:71}}
Jul 02 22:09:09.497531 np0000004325 devstack@g-api.service[99561]: INFO glance.api.middleware.cache [None req-82dc443b-1147-4c02-a169-33a344af1da8 None None] Initialized image cache middleware
Jul 02 22:09:09.497614 np0000004325 devstack@g-api.service[99560]: DEBUG glance.common.config [None req-25a89bd5-cd51-4eed-a08c-174dc3ddd989 None None] ******************************************************************************** {{(pid=99560) log_opt_values /opt/stack/data/venv/lib/python3.12/site-packages/oslo_config/cfg.py:3226}}
Jul 02 22:09:09.497694 np0000004325 devstack@g-api.service[99560]: DEBUG glance.common.config [None req-25a89bd5-cd51-4eed-a08c-174dc3ddd989 None None] Configuration options gathered from: {{(pid=99560) log_opt_values /opt/stack/data/venv/lib/python3.12/site-packages/oslo_config/cfg.py:3227}}
Jul 02 22:09:09.497959 np0000004325 devstack@g-api.service[99560]: DEBUG glance.common.config [None req-25a89bd5-cd51-4eed-a08c-174dc3ddd989 None None] command line args: [] {{(pid=99560) log_opt_values /opt/stack/data/venv/lib/python3.12/site-packages/oslo_config/cfg.py:3228}}
Jul 02 22:09:09.498182 np0000004325 devstack@g-api.service[99560]: DEBUG glance.common.config [None req-25a89bd5-cd51-4eed-a08c-174dc3ddd989 None None] config files: ['/etc/glance/glance-image-import.conf', '/etc/glance/glance-api.conf'] {{(pid=99560) log_opt_values /opt/stack/data/venv/lib/python3.12/site-packages/oslo_config/cfg.py:3229}}
Jul 02 22:09:09.498283 np0000004325 devstack@g-api.service[99560]: DEBUG glance.common.config [None req-25a89bd5-cd51-4eed-a08c-174dc3ddd989 None None] ================================================================================ {{(pid=99560) log_opt_values /opt/stack/data/venv/lib/python3.12/site-packages/oslo_config/cfg.py:3234}}
Jul 02 22:09:09.498404 np0000004325 devstack@g-api.service[99560]: DEBUG glance.common.config [None req-25a89bd5-cd51-4eed-a08c-174dc3ddd989 None None] allow_anonymous_access = False {{(pid=99560) log_opt_values /opt/stack/data/venv/lib/python3.12/site-packages/oslo_config/cfg.py:3242}}
Jul 02 22:09:09.498492 np0000004325 devstack@g-api.service[99560]: DEBUG glance.common.config [None req-25a89bd5-cd51-4eed-a08c-174dc3ddd989 None None] api_limit_max = 1000 {{(pid=99560) log_opt_values /opt/stack/data/venv/lib/python3.12/site-packages/oslo_config/cfg.py:3242}}
Jul 02 22:09:09.498584 np0000004325 devstack@g-api.service[99560]: DEBUG glance.common.config [None req-25a89bd5-cd51-4eed-a08c-174dc3ddd989 None None] backlog = 4096 {{(pid=99560) log_opt_values /opt/stack/data/venv/lib/python3.12/site-packages/oslo_config/cfg.py:3242}}
Jul 02 22:09:09.498713 np0000004325 devstack@g-api.service[99560]: DEBUG glance.common.config [None req-25a89bd5-cd51-4eed-a08c-174dc3ddd989 None None] bind_host = 0.0.0.0 {{(pid=99560) log_opt_values /opt/stack/data/venv/lib/python3.12/site-packages/oslo_config/cfg.py:3242}}
Jul 02 22:09:09.498831 np0000004325 devstack@g-api.service[99560]: DEBUG glance.common.config [None req-25a89bd5-cd51-4eed-a08c-174dc3ddd989 None None] bind_port = 19292 {{(pid=99560) log_opt_values /opt/stack/data/venv/lib/python3.12/site-packages/oslo_config/cfg.py:3242}}
Jul 02 22:09:09.498927 np0000004325 devstack@g-api.service[99560]: DEBUG glance.common.config [None req-25a89bd5-cd51-4eed-a08c-174dc3ddd989 None None] client_socket_timeout = 900 {{(pid=99560) log_opt_values /opt/stack/data/venv/lib/python3.12/site-packages/oslo_config/cfg.py:3242}}
Jul 02 22:09:09.499019 np0000004325 devstack@g-api.service[99560]: DEBUG glance.common.config [None req-25a89bd5-cd51-4eed-a08c-174dc3ddd989 None None] config_dir = [] {{(pid=99560) log_opt_values /opt/stack/data/venv/lib/python3.12/site-packages/oslo_config/cfg.py:3242}}
Jul 02 22:09:09.499085 np0000004325 devstack@g-api.service[99560]: DEBUG glance.common.config [None req-25a89bd5-cd51-4eed-a08c-174dc3ddd989 None None] config_file = ['/etc/glance/glance-image-import.conf', '/etc/glance/glance-api.conf'] {{(pid=99560) log_opt_values /opt/stack/data/venv/lib/python3.12/site-packages/oslo_config/cfg.py:3242}}
Jul 02 22:09:09.499172 np0000004325 devstack@g-api.service[99560]: DEBUG glance.common.config [None req-25a89bd5-cd51-4eed-a08c-174dc3ddd989 None None] config_source = [] {{(pid=99560) log_opt_values /opt/stack/data/venv/lib/python3.12/site-packages/oslo_config/cfg.py:3242}}
Jul 02 22:09:09.499337 np0000004325 devstack@g-api.service[99560]: DEBUG glance.common.config [None req-25a89bd5-cd51-4eed-a08c-174dc3ddd989 None None] control_exchange = glance {{(pid=99560) log_opt_values /opt/stack/data/venv/lib/python3.12/site-packages/oslo_config/cfg.py:3242}}
Jul 02 22:09:09.499409 np0000004325 devstack@g-api.service[99560]: DEBUG glance.common.config [None req-25a89bd5-cd51-4eed-a08c-174dc3ddd989 None None] debug = True {{(pid=99560) log_opt_values /opt/stack/data/venv/lib/python3.12/site-packages/oslo_config/cfg.py:3242}}
Jul 02 22:09:09.499565 np0000004325 devstack@g-api.service[99560]: DEBUG glance.common.config [None req-25a89bd5-cd51-4eed-a08c-174dc3ddd989 None None] default_log_levels = ['amqp=WARN', 'boto=WARN', 'sqlalchemy=WARN', 'suds=INFO', 'oslo.messaging=INFO', 'oslo_messaging=INFO', 'iso8601=WARN', 'requests.packages.urllib3.connectionpool=WARN', 'urllib3.connectionpool=WARN', 'websocket=WARN', 'requests.packages.urllib3.util.retry=WARN', 'urllib3.util.retry=WARN', 'keystonemiddleware=WARN', 'routes.middleware=WARN', 'stevedore=WARN', 'taskflow=WARN', 'keystoneauth=WARN', 'oslo.cache=INFO', 'oslo_policy=INFO', 'dogpile.core.dogpile=INFO'] {{(pid=99560) log_opt_values /opt/stack/data/venv/lib/python3.12/site-packages/oslo_config/cfg.py:3242}}
Jul 02 22:09:09.499651 np0000004325 devstack@g-api.service[99560]: DEBUG glance.common.config [None req-25a89bd5-cd51-4eed-a08c-174dc3ddd989 None None] default_publisher_id = image.localhost {{(pid=99560) log_opt_values /opt/stack/data/venv/lib/python3.12/site-packages/oslo_config/cfg.py:3242}}
Jul 02 22:09:09.499750 np0000004325 devstack@g-api.service[99560]: DEBUG glance.common.config [None req-25a89bd5-cd51-4eed-a08c-174dc3ddd989 None None] delayed_delete = False {{(pid=99560) log_opt_values /opt/stack/data/venv/lib/python3.12/site-packages/oslo_config/cfg.py:3242}}
Jul 02 22:09:09.499844 np0000004325 devstack@g-api.service[99560]: DEBUG glance.common.config [None req-25a89bd5-cd51-4eed-a08c-174dc3ddd989 None None] digest_algorithm = sha256 {{(pid=99560) log_opt_values /opt/stack/data/venv/lib/python3.12/site-packages/oslo_config/cfg.py:3242}}
Jul 02 22:09:09.499953 np0000004325 devstack@g-api.service[99560]: DEBUG glance.common.config [None req-25a89bd5-cd51-4eed-a08c-174dc3ddd989 None None] disabled_notifications = [] {{(pid=99560) log_opt_values /opt/stack/data/venv/lib/python3.12/site-packages/oslo_config/cfg.py:3242}}
Jul 02 22:09:09.500036 np0000004325 devstack@g-api.service[99560]: DEBUG glance.common.config [None req-25a89bd5-cd51-4eed-a08c-174dc3ddd989 None None] do_secure_hash = True {{(pid=99560) log_opt_values /opt/stack/data/venv/lib/python3.12/site-packages/oslo_config/cfg.py:3242}}
Jul 02 22:09:09.500154 np0000004325 devstack@g-api.service[99560]: DEBUG glance.common.config [None req-25a89bd5-cd51-4eed-a08c-174dc3ddd989 None None] enabled_backends = None {{(pid=99560) log_opt_values /opt/stack/data/venv/lib/python3.12/site-packages/oslo_config/cfg.py:3242}}
Jul 02 22:09:09.500325 np0000004325 devstack@g-api.service[99560]: DEBUG glance.common.config [None req-25a89bd5-cd51-4eed-a08c-174dc3ddd989 None None] enabled_import_methods = ['glance-direct', 'web-download', 'copy-image'] {{(pid=99560) log_opt_values /opt/stack/data/venv/lib/python3.12/site-packages/oslo_config/cfg.py:3242}}
Jul 02 22:09:09.500471 np0000004325 devstack@g-api.service[99560]: DEBUG glance.common.config [None req-25a89bd5-cd51-4eed-a08c-174dc3ddd989 None None] fatal_deprecations = False {{(pid=99560) log_opt_values /opt/stack/data/venv/lib/python3.12/site-packages/oslo_config/cfg.py:3242}}
Jul 02 22:09:09.500648 np0000004325 devstack@g-api.service[99560]: DEBUG glance.common.config [None req-25a89bd5-cd51-4eed-a08c-174dc3ddd989 None None] hashing_algorithm = sha512 {{(pid=99560) log_opt_values /opt/stack/data/venv/lib/python3.12/site-packages/oslo_config/cfg.py:3242}}
Jul 02 22:09:09.500777 np0000004325 devstack@g-api.service[99560]: DEBUG glance.common.config [None req-25a89bd5-cd51-4eed-a08c-174dc3ddd989 None None] http_keepalive = True {{(pid=99560) log_opt_values /opt/stack/data/venv/lib/python3.12/site-packages/oslo_config/cfg.py:3242}}
Jul 02 22:09:09.500877 np0000004325 devstack@g-api.service[99559]: INFO glance.api.middleware.cache [None req-940e5fd1-bd14-4f2a-bd4d-5c171b774aeb None None] Initialized image cache middleware
Jul 02 22:09:09.500933 np0000004325 devstack@g-api.service[99560]: DEBUG glance.common.config [None req-25a89bd5-cd51-4eed-a08c-174dc3ddd989 None None] http_retries = 3 {{(pid=99560) log_opt_values /opt/stack/data/venv/lib/python3.12/site-packages/oslo_config/cfg.py:3242}}
Jul 02 22:09:09.500998 np0000004325 devstack@g-api.service[99560]: DEBUG glance.common.config [None req-25a89bd5-cd51-4eed-a08c-174dc3ddd989 None None] image_cache_dir = /opt/stack/data/glance/cache/ {{(pid=99560) log_opt_values /opt/stack/data/venv/lib/python3.12/site-packages/oslo_config/cfg.py:3242}}
Jul 02 22:09:09.501105 np0000004325 devstack@g-api.service[99560]: DEBUG glance.common.config [None req-25a89bd5-cd51-4eed-a08c-174dc3ddd989 None None] image_cache_driver = centralized_db {{(pid=99560) log_opt_values /opt/stack/data/venv/lib/python3.12/site-packages/oslo_config/cfg.py:3242}}
Jul 02 22:09:09.501209 np0000004325 devstack@g-api.service[99560]: DEBUG glance.common.config [None req-25a89bd5-cd51-4eed-a08c-174dc3ddd989 None None] image_cache_max_size = 10737418240 {{(pid=99560) log_opt_values /opt/stack/data/venv/lib/python3.12/site-packages/oslo_config/cfg.py:3242}}
Jul 02 22:09:09.501343 np0000004325 devstack@g-api.service[99560]: DEBUG glance.common.config [None req-25a89bd5-cd51-4eed-a08c-174dc3ddd989 None None] image_cache_sqlite_db = cache.db {{(pid=99560) log_opt_values /opt/stack/data/venv/lib/python3.12/site-packages/oslo_config/cfg.py:3242}}
Jul 02 22:09:09.501433 np0000004325 devstack@g-api.service[99560]: DEBUG glance.common.config [None req-25a89bd5-cd51-4eed-a08c-174dc3ddd989 None None] image_cache_stall_time = 86400 {{(pid=99560) log_opt_values /opt/stack/data/venv/lib/python3.12/site-packages/oslo_config/cfg.py:3242}}
Jul 02 22:09:09.501519 np0000004325 devstack@g-api.service[99560]: DEBUG glance.common.config [None req-25a89bd5-cd51-4eed-a08c-174dc3ddd989 None None] image_location_quota = 10 {{(pid=99560) log_opt_values /opt/stack/data/venv/lib/python3.12/site-packages/oslo_config/cfg.py:3242}}
Jul 02 22:09:09.501602 np0000004325 devstack@g-api.service[99560]: DEBUG glance.common.config [None req-25a89bd5-cd51-4eed-a08c-174dc3ddd989 None None] image_member_quota = 128 {{(pid=99560) log_opt_values /opt/stack/data/venv/lib/python3.12/site-packages/oslo_config/cfg.py:3242}}
Jul 02 22:09:09.501686 np0000004325 devstack@g-api.service[99560]: DEBUG glance.common.config [None req-25a89bd5-cd51-4eed-a08c-174dc3ddd989 None None] image_property_quota = 128 {{(pid=99560) log_opt_values /opt/stack/data/venv/lib/python3.12/site-packages/oslo_config/cfg.py:3242}}
Jul 02 22:09:09.501784 np0000004325 devstack@g-api.service[99560]: DEBUG glance.common.config [None req-25a89bd5-cd51-4eed-a08c-174dc3ddd989 None None] image_size_cap = 1099511627776 {{(pid=99560) log_opt_values /opt/stack/data/venv/lib/python3.12/site-packages/oslo_config/cfg.py:3242}}
Jul 02 22:09:09.501870 np0000004325 devstack@g-api.service[99560]: DEBUG glance.common.config [None req-25a89bd5-cd51-4eed-a08c-174dc3ddd989 None None] image_tag_quota = 128 {{(pid=99560) log_opt_values /opt/stack/data/venv/lib/python3.12/site-packages/oslo_config/cfg.py:3242}}
Jul 02 22:09:09.501984 np0000004325 devstack@g-api.service[99560]: DEBUG glance.common.config [None req-25a89bd5-cd51-4eed-a08c-174dc3ddd989 None None] instance_format = [instance: %(uuid)s] {{(pid=99560) log_opt_values /opt/stack/data/venv/lib/python3.12/site-packages/oslo_config/cfg.py:3242}}
Jul 02 22:09:09.502088 np0000004325 devstack@g-api.service[99560]: DEBUG glance.common.config [None req-25a89bd5-cd51-4eed-a08c-174dc3ddd989 None None] instance_uuid_format = [instance: %(uuid)s] {{(pid=99560) log_opt_values /opt/stack/data/venv/lib/python3.12/site-packages/oslo_config/cfg.py:3242}}
Jul 02 22:09:09.502233 np0000004325 devstack@g-api.service[99560]: DEBUG glance.common.config [None req-25a89bd5-cd51-4eed-a08c-174dc3ddd989 None None] limit_param_default = 25 {{(pid=99560) log_opt_values /opt/stack/data/venv/lib/python3.12/site-packages/oslo_config/cfg.py:3242}}
Jul 02 22:09:09.502354 np0000004325 devstack@g-api.service[99560]: DEBUG glance.common.config [None req-25a89bd5-cd51-4eed-a08c-174dc3ddd989 None None] log_color = False {{(pid=99560) log_opt_values /opt/stack/data/venv/lib/python3.12/site-packages/oslo_config/cfg.py:3242}}
Jul 02 22:09:09.502465 np0000004325 devstack@g-api.service[99560]: DEBUG glance.common.config [None req-25a89bd5-cd51-4eed-a08c-174dc3ddd989 None None] log_config_append = None {{(pid=99560) log_opt_values /opt/stack/data/venv/lib/python3.12/site-packages/oslo_config/cfg.py:3242}}
Jul 02 22:09:09.502570 np0000004325 devstack@g-api.service[99560]: DEBUG glance.common.config [None req-25a89bd5-cd51-4eed-a08c-174dc3ddd989 None None] log_date_format = %Y-%m-%d %H:%M:%S {{(pid=99560) log_opt_values /opt/stack/data/venv/lib/python3.12/site-packages/oslo_config/cfg.py:3242}}
Jul 02 22:09:09.502659 np0000004325 devstack@g-api.service[99560]: DEBUG glance.common.config [None req-25a89bd5-cd51-4eed-a08c-174dc3ddd989 None None] log_dir = None {{(pid=99560) log_opt_values /opt/stack/data/venv/lib/python3.12/site-packages/oslo_config/cfg.py:3242}}
Jul 02 22:09:09.502753 np0000004325 devstack@g-api.service[99560]: DEBUG glance.common.config [None req-25a89bd5-cd51-4eed-a08c-174dc3ddd989 None None] log_file = None {{(pid=99560) log_opt_values /opt/stack/data/venv/lib/python3.12/site-packages/oslo_config/cfg.py:3242}}
Jul 02 22:09:09.502846 np0000004325 devstack@g-api.service[99560]: DEBUG glance.common.config [None req-25a89bd5-cd51-4eed-a08c-174dc3ddd989 None None] log_rotate_interval = 1 {{(pid=99560) log_opt_values /opt/stack/data/venv/lib/python3.12/site-packages/oslo_config/cfg.py:3242}}
Jul 02 22:09:09.502942 np0000004325 devstack@g-api.service[99560]: DEBUG glance.common.config [None req-25a89bd5-cd51-4eed-a08c-174dc3ddd989 None None] log_rotate_interval_type = days {{(pid=99560) log_opt_values /opt/stack/data/venv/lib/python3.12/site-packages/oslo_config/cfg.py:3242}}
Jul 02 22:09:09.503049 np0000004325 devstack@g-api.service[99560]: DEBUG glance.common.config [None req-25a89bd5-cd51-4eed-a08c-174dc3ddd989 None None] log_rotation_type = none {{(pid=99560) log_opt_values /opt/stack/data/venv/lib/python3.12/site-packages/oslo_config/cfg.py:3242}}
Jul 02 22:09:09.503124 np0000004325 devstack@g-api.service[99560]: DEBUG glance.common.config [None req-25a89bd5-cd51-4eed-a08c-174dc3ddd989 None None] logging_context_format_string = %(color)s%(levelname)s %(name)s [%(global_request_id)s %(request_id)s %(project_name)s %(user_name)s%(color)s] %(instance)s%(color)s%(message)s {{(pid=99560) log_opt_values /opt/stack/data/venv/lib/python3.12/site-packages/oslo_config/cfg.py:3242}}
Jul 02 22:09:09.503247 np0000004325 devstack@g-api.service[99560]: DEBUG glance.common.config [None req-25a89bd5-cd51-4eed-a08c-174dc3ddd989 None None] logging_debug_format_suffix = {{(pid=%(process)d) %(funcName)s %(pathname)s:%(lineno)d}} {{(pid=99560) log_opt_values /opt/stack/data/venv/lib/python3.12/site-packages/oslo_config/cfg.py:3242}}
Jul 02 22:09:09.503341 np0000004325 devstack@g-api.service[99560]: DEBUG glance.common.config [None req-25a89bd5-cd51-4eed-a08c-174dc3ddd989 None None] logging_default_format_string = %(color)s%(levelname)s %(name)s [-%(color)s] %(instance)s%(color)s%(message)s {{(pid=99560) log_opt_values /opt/stack/data/venv/lib/python3.12/site-packages/oslo_config/cfg.py:3242}}
Jul 02 22:09:09.503439 np0000004325 devstack@g-api.service[99560]: DEBUG glance.common.config [None req-25a89bd5-cd51-4eed-a08c-174dc3ddd989 None None] logging_exception_prefix = ERROR %(name)s %(instance)s {{(pid=99560) log_opt_values /opt/stack/data/venv/lib/python3.12/site-packages/oslo_config/cfg.py:3242}}
Jul 02 22:09:09.503502 np0000004325 devstack@g-api.service[99560]: DEBUG glance.common.config [None req-25a89bd5-cd51-4eed-a08c-174dc3ddd989 None None] logging_user_identity_format = %(user)s %(project)s %(domain)s %(system_scope)s %(user_domain)s %(project_domain)s {{(pid=99560) log_opt_values /opt/stack/data/venv/lib/python3.12/site-packages/oslo_config/cfg.py:3242}}
Jul 02 22:09:09.503587 np0000004325 devstack@g-api.service[99560]: DEBUG glance.common.config [None req-25a89bd5-cd51-4eed-a08c-174dc3ddd989 None None] max_header_line = 16384 {{(pid=99560) log_opt_values /opt/stack/data/venv/lib/python3.12/site-packages/oslo_config/cfg.py:3242}}
Jul 02 22:09:09.503669 np0000004325 devstack@g-api.service[99560]: DEBUG glance.common.config [None req-25a89bd5-cd51-4eed-a08c-174dc3ddd989 None None] max_logfile_count = 30 {{(pid=99560) log_opt_values /opt/stack/data/venv/lib/python3.12/site-packages/oslo_config/cfg.py:3242}}
Jul 02 22:09:09.503754 np0000004325 devstack@g-api.service[99560]: DEBUG glance.common.config [None req-25a89bd5-cd51-4eed-a08c-174dc3ddd989 None None] max_logfile_size_mb = 200 {{(pid=99560) log_opt_values /opt/stack/data/venv/lib/python3.12/site-packages/oslo_config/cfg.py:3242}}
Jul 02 22:09:09.503850 np0000004325 devstack@g-api.service[99560]: DEBUG glance.common.config [None req-25a89bd5-cd51-4eed-a08c-174dc3ddd989 None None] max_request_id_length = 64 {{(pid=99560) log_opt_values /opt/stack/data/venv/lib/python3.12/site-packages/oslo_config/cfg.py:3242}}
Jul 02 22:09:09.503938 np0000004325 devstack@g-api.service[99560]: DEBUG glance.common.config [None req-25a89bd5-cd51-4eed-a08c-174dc3ddd989 None None] metadata_encryption_key = **** {{(pid=99560) log_opt_values /opt/stack/data/venv/lib/python3.12/site-packages/oslo_config/cfg.py:3242}}
Jul 02 22:09:09.504044 np0000004325 devstack@g-api.service[99560]: DEBUG glance.common.config [None req-25a89bd5-cd51-4eed-a08c-174dc3ddd989 None None] node_staging_uri = file:///tmp/staging/ {{(pid=99560) log_opt_values /opt/stack/data/venv/lib/python3.12/site-packages/oslo_config/cfg.py:3242}}
Jul 02 22:09:09.504159 np0000004325 devstack@g-api.service[99560]: DEBUG glance.common.config [None req-25a89bd5-cd51-4eed-a08c-174dc3ddd989 None None] property_protection_file = None {{(pid=99560) log_opt_values /opt/stack/data/venv/lib/python3.12/site-packages/oslo_config/cfg.py:3242}}
Jul 02 22:09:09.504294 np0000004325 devstack@g-api.service[99560]: DEBUG glance.common.config [None req-25a89bd5-cd51-4eed-a08c-174dc3ddd989 None None] property_protection_rule_format = roles {{(pid=99560) log_opt_values /opt/stack/data/venv/lib/python3.12/site-packages/oslo_config/cfg.py:3242}}
Jul 02 22:09:09.504413 np0000004325 devstack@g-api.service[99560]: DEBUG glance.common.config [None req-25a89bd5-cd51-4eed-a08c-174dc3ddd989 None None] public_endpoint = https://10.4.3.109/image {{(pid=99560) log_opt_values /opt/stack/data/venv/lib/python3.12/site-packages/oslo_config/cfg.py:3242}}
Jul 02 22:09:09.504577 np0000004325 devstack@g-api.service[99560]: DEBUG glance.common.config [None req-25a89bd5-cd51-4eed-a08c-174dc3ddd989 None None] publish_errors = False {{(pid=99560) log_opt_values /opt/stack/data/venv/lib/python3.12/site-packages/oslo_config/cfg.py:3242}}
Jul 02 22:09:09.504675 np0000004325 devstack@g-api.service[99560]: DEBUG glance.common.config [None req-25a89bd5-cd51-4eed-a08c-174dc3ddd989 None None] pydev_worker_debug_host = None {{(pid=99560) log_opt_values /opt/stack/data/venv/lib/python3.12/site-packages/oslo_config/cfg.py:3242}}
Jul 02 22:09:09.504768 np0000004325 devstack@g-api.service[99560]: DEBUG glance.common.config [None req-25a89bd5-cd51-4eed-a08c-174dc3ddd989 None None] pydev_worker_debug_port = 5678 {{(pid=99560) log_opt_values /opt/stack/data/venv/lib/python3.12/site-packages/oslo_config/cfg.py:3242}}
Jul 02 22:09:09.504870 np0000004325 devstack@g-api.service[99560]: DEBUG glance.common.config [None req-25a89bd5-cd51-4eed-a08c-174dc3ddd989 None None] rate_limit_burst = 0 {{(pid=99560) log_opt_values /opt/stack/data/venv/lib/python3.12/site-packages/oslo_config/cfg.py:3242}}
Jul 02 22:09:09.504962 np0000004325 devstack@g-api.service[99560]: DEBUG glance.common.config [None req-25a89bd5-cd51-4eed-a08c-174dc3ddd989 None None] rate_limit_except_level = CRITICAL {{(pid=99560) log_opt_values /opt/stack/data/venv/lib/python3.12/site-packages/oslo_config/cfg.py:3242}}
Jul 02 22:09:09.505064 np0000004325 devstack@g-api.service[99560]: DEBUG glance.common.config [None req-25a89bd5-cd51-4eed-a08c-174dc3ddd989 None None] rate_limit_interval = 0 {{(pid=99560) log_opt_values /opt/stack/data/venv/lib/python3.12/site-packages/oslo_config/cfg.py:3242}}
Jul 02 22:09:09.505149 np0000004325 devstack@g-api.service[99560]: DEBUG glance.common.config [None req-25a89bd5-cd51-4eed-a08c-174dc3ddd989 None None] scrub_pool_size = 1 {{(pid=99560) log_opt_values /opt/stack/data/venv/lib/python3.12/site-packages/oslo_config/cfg.py:3242}}
Jul 02 22:09:09.505257 np0000004325 devstack@g-api.service[99560]: DEBUG glance.common.config [None req-25a89bd5-cd51-4eed-a08c-174dc3ddd989 None None] scrub_time = 0 {{(pid=99560) log_opt_values /opt/stack/data/venv/lib/python3.12/site-packages/oslo_config/cfg.py:3242}}
Jul 02 22:09:09.505369 np0000004325 devstack@g-api.service[99560]: DEBUG glance.common.config [None req-25a89bd5-cd51-4eed-a08c-174dc3ddd989 None None] shell_completion = None {{(pid=99560) log_opt_values /opt/stack/data/venv/lib/python3.12/site-packages/oslo_config/cfg.py:3242}}
Jul 02 22:09:09.505466 np0000004325 devstack@g-api.service[99560]: DEBUG glance.common.config [None req-25a89bd5-cd51-4eed-a08c-174dc3ddd989 None None] show_image_direct_url = False {{(pid=99560) log_opt_values /opt/stack/data/venv/lib/python3.12/site-packages/oslo_config/cfg.py:3242}}
Jul 02 22:09:09.505658 np0000004325 devstack@g-api.service[99560]: WARNING oslo_config.cfg [None req-25a89bd5-cd51-4eed-a08c-174dc3ddd989 None None] Deprecated: Option "show_multiple_locations" from group "DEFAULT" is deprecated for removal (Use of this option, deprecated since Newton, is a security risk and will be removed once we figure out a way to satisfy those use cases that currently require it. An earlier announcement that the same functionality can be achieved with greater granularity by using policies is incorrect. You cannot work around this option via policy configuration at the present time, though that is the direction we believe the fix will take. Please keep an eye on the Glance release notes to stay up to date on progress in addressing this issue.). Its value may be silently ignored in the future.
Jul 02 22:09:09.505759 np0000004325 devstack@g-api.service[99560]: DEBUG glance.common.config [None req-25a89bd5-cd51-4eed-a08c-174dc3ddd989 None None] show_multiple_locations = False {{(pid=99560) log_opt_values /opt/stack/data/venv/lib/python3.12/site-packages/oslo_config/cfg.py:3242}}
Jul 02 22:09:09.505867 np0000004325 devstack@g-api.service[99560]: DEBUG glance.common.config [None req-25a89bd5-cd51-4eed-a08c-174dc3ddd989 None None] syslog_log_facility = LOG_USER {{(pid=99560) log_opt_values /opt/stack/data/venv/lib/python3.12/site-packages/oslo_config/cfg.py:3242}}
Jul 02 22:09:09.505955 np0000004325 devstack@g-api.service[99560]: DEBUG glance.common.config [None req-25a89bd5-cd51-4eed-a08c-174dc3ddd989 None None] tcp_keepidle = 600 {{(pid=99560) log_opt_values /opt/stack/data/venv/lib/python3.12/site-packages/oslo_config/cfg.py:3242}}
Jul 02 22:09:09.506059 np0000004325 devstack@g-api.service[99560]: DEBUG glance.common.config [None req-25a89bd5-cd51-4eed-a08c-174dc3ddd989 None None] transport_url = **** {{(pid=99560) log_opt_values /opt/stack/data/venv/lib/python3.12/site-packages/oslo_config/cfg.py:3242}}
Jul 02 22:09:09.506184 np0000004325 devstack@g-api.service[99560]: DEBUG glance.common.config [None req-25a89bd5-cd51-4eed-a08c-174dc3ddd989 None None] use_journal = False {{(pid=99560) log_opt_values /opt/stack/data/venv/lib/python3.12/site-packages/oslo_config/cfg.py:3242}}
Jul 02 22:09:09.506300 np0000004325 devstack@g-api.service[99560]: DEBUG glance.common.config [None req-25a89bd5-cd51-4eed-a08c-174dc3ddd989 None None] use_json = False {{(pid=99560) log_opt_values /opt/stack/data/venv/lib/python3.12/site-packages/oslo_config/cfg.py:3242}}
Jul 02 22:09:09.506417 np0000004325 devstack@g-api.service[99560]: DEBUG glance.common.config [None req-25a89bd5-cd51-4eed-a08c-174dc3ddd989 None None] use_keystone_limits = True {{(pid=99560) log_opt_values /opt/stack/data/venv/lib/python3.12/site-packages/oslo_config/cfg.py:3242}}
Jul 02 22:09:09.506501 np0000004325 devstack@g-api.service[99560]: DEBUG glance.common.config [None req-25a89bd5-cd51-4eed-a08c-174dc3ddd989 None None] use_stderr = False {{(pid=99560) log_opt_values /opt/stack/data/venv/lib/python3.12/site-packages/oslo_config/cfg.py:3242}}
Jul 02 22:09:09.506588 np0000004325 devstack@g-api.service[99560]: DEBUG glance.common.config [None req-25a89bd5-cd51-4eed-a08c-174dc3ddd989 None None] use_syslog = False {{(pid=99560) log_opt_values /opt/stack/data/venv/lib/python3.12/site-packages/oslo_config/cfg.py:3242}}
Jul 02 22:09:09.506702 np0000004325 devstack@g-api.service[99560]: DEBUG glance.common.config [None req-25a89bd5-cd51-4eed-a08c-174dc3ddd989 None None] user_storage_quota = 0 {{(pid=99560) log_opt_values /opt/stack/data/venv/lib/python3.12/site-packages/oslo_config/cfg.py:3242}}
Jul 02 22:09:09.506765 np0000004325 devstack@g-api.service[99560]: DEBUG glance.common.config [None req-25a89bd5-cd51-4eed-a08c-174dc3ddd989 None None] worker_self_reference_url = http://127.0.0.1:60999 {{(pid=99560) log_opt_values /opt/stack/data/venv/lib/python3.12/site-packages/oslo_config/cfg.py:3242}}
Jul 02 22:09:09.506853 np0000004325 devstack@g-api.service[99560]: DEBUG glance.common.config [None req-25a89bd5-cd51-4eed-a08c-174dc3ddd989 None None] workers = None {{(pid=99560) log_opt_values /opt/stack/data/venv/lib/python3.12/site-packages/oslo_config/cfg.py:3242}}
Jul 02 22:09:09.506953 np0000004325 devstack@g-api.service[99560]: DEBUG glance.common.config [None req-25a89bd5-cd51-4eed-a08c-174dc3ddd989 None None] oslo_concurrency.disable_process_locking = False {{(pid=99560) log_opt_values /opt/stack/data/venv/lib/python3.12/site-packages/oslo_config/cfg.py:3253}}
Jul 02 22:09:09.507065 np0000004325 devstack@g-api.service[99560]: DEBUG glance.common.config [None req-25a89bd5-cd51-4eed-a08c-174dc3ddd989 None None] oslo_concurrency.lock_path = /opt/stack/data/glance/locks {{(pid=99560) log_opt_values /opt/stack/data/venv/lib/python3.12/site-packages/oslo_config/cfg.py:3253}}
Jul 02 22:09:09.507160 np0000004325 devstack@g-api.service[99560]: DEBUG glance.common.config [None req-25a89bd5-cd51-4eed-a08c-174dc3ddd989 None None] oslo_middleware.enable_proxy_headers_parsing = False {{(pid=99560) log_opt_values /opt/stack/data/venv/lib/python3.12/site-packages/oslo_config/cfg.py:3253}}
Jul 02 22:09:09.507283 np0000004325 devstack@g-api.service[99560]: DEBUG glance.common.config [None req-25a89bd5-cd51-4eed-a08c-174dc3ddd989 None None] oslo_middleware.http_basic_auth_user_file = /etc/htpasswd {{(pid=99560) log_opt_values /opt/stack/data/venv/lib/python3.12/site-packages/oslo_config/cfg.py:3253}}
Jul 02 22:09:09.507398 np0000004325 devstack@g-api.service[99560]: DEBUG glance.common.config [None req-25a89bd5-cd51-4eed-a08c-174dc3ddd989 None None] paste_deploy.config_file = None {{(pid=99560) log_opt_values /opt/stack/data/venv/lib/python3.12/site-packages/oslo_config/cfg.py:3253}}
Jul 02 22:09:09.507496 np0000004325 devstack@g-api.service[99560]: DEBUG glance.common.config [None req-25a89bd5-cd51-4eed-a08c-174dc3ddd989 None None] paste_deploy.flavor = keystone+cachemanagement {{(pid=99560) log_opt_values /opt/stack/data/venv/lib/python3.12/site-packages/oslo_config/cfg.py:3253}}
Jul 02 22:09:09.507616 np0000004325 devstack@g-api.service[99560]: DEBUG glance.common.config [None req-25a89bd5-cd51-4eed-a08c-174dc3ddd989 None None] image_format.container_formats = ['ami', 'ari', 'aki', 'bare', 'ovf', 'ova', 'docker', 'compressed'] {{(pid=99560) log_opt_values /opt/stack/data/venv/lib/python3.12/site-packages/oslo_config/cfg.py:3253}}
Jul 02 22:09:09.507737 np0000004325 devstack@g-api.service[99560]: DEBUG glance.common.config [None req-25a89bd5-cd51-4eed-a08c-174dc3ddd989 None None] image_format.disk_formats = ['ami', 'ari', 'aki', 'vhd', 'vhdx', 'vmdk', 'raw', 'qcow2', 'vdi', 'iso', 'ploop'] {{(pid=99560) log_opt_values /opt/stack/data/venv/lib/python3.12/site-packages/oslo_config/cfg.py:3253}}
Jul 02 22:09:09.507830 np0000004325 devstack@g-api.service[99560]: DEBUG glance.common.config [None req-25a89bd5-cd51-4eed-a08c-174dc3ddd989 None None] image_format.gpt_safety_checks_nonfatal = [] {{(pid=99560) log_opt_values /opt/stack/data/venv/lib/python3.12/site-packages/oslo_config/cfg.py:3253}}
Jul 02 22:09:09.507930 np0000004325 devstack@g-api.service[99560]: DEBUG glance.common.config [None req-25a89bd5-cd51-4eed-a08c-174dc3ddd989 None None] image_format.require_image_format_match = True {{(pid=99560) log_opt_values /opt/stack/data/venv/lib/python3.12/site-packages/oslo_config/cfg.py:3253}}
Jul 02 22:09:09.508028 np0000004325 devstack@g-api.service[99560]: DEBUG glance.common.config [None req-25a89bd5-cd51-4eed-a08c-174dc3ddd989 None None] image_format.vmdk_allowed_types = ['streamOptimized', 'monolithicSparse'] {{(pid=99560) log_opt_values /opt/stack/data/venv/lib/python3.12/site-packages/oslo_config/cfg.py:3253}}
Jul 02 22:09:09.508165 np0000004325 devstack@g-api.service[99560]: DEBUG glance.common.config [None req-25a89bd5-cd51-4eed-a08c-174dc3ddd989 None None] task.task_executor = taskflow {{(pid=99560) log_opt_values /opt/stack/data/venv/lib/python3.12/site-packages/oslo_config/cfg.py:3253}}
Jul 02 22:09:09.508290 np0000004325 devstack@g-api.service[99560]: DEBUG glance.common.config [None req-25a89bd5-cd51-4eed-a08c-174dc3ddd989 None None] task.task_time_to_live = 48 {{(pid=99560) log_opt_values /opt/stack/data/venv/lib/python3.12/site-packages/oslo_config/cfg.py:3253}}
Jul 02 22:09:09.508396 np0000004325 devstack@g-api.service[99560]: DEBUG glance.common.config [None req-25a89bd5-cd51-4eed-a08c-174dc3ddd989 None None] task.work_dir = None {{(pid=99560) log_opt_values /opt/stack/data/venv/lib/python3.12/site-packages/oslo_config/cfg.py:3253}}
Jul 02 22:09:09.508437 np0000004325 devstack@g-api.service[99561]: DEBUG glance.common.config [None req-82dc443b-1147-4c02-a169-33a344af1da8 None None] ******************************************************************************** {{(pid=99561) log_opt_values /opt/stack/data/venv/lib/python3.12/site-packages/oslo_config/cfg.py:3226}}
